Aug 16 18:23:11 devstack cinder-volume[94741]: DEBUG cinder.volume.manager [req-4ffe0b46-b7c9-4138-b475-83b0c8b6ddbd req-42044b48-7e91-436a-b708-72f6344ffd59 tempest-AttachVolumeShelveTestJSON-1723680143 None] Deleting attachment c570d92f-429e-44da-94c9-1507fd04e4c3. {{(pid=94741) attachment_delete /opt/stack/cinder/cinder/volume/manager.py:5055}}
Aug 16 18:23:11 devstack sudo[96680]: pam_unix(sudo:session): session closed for user root
Aug 16 18:23:11 devstack cinder-volume[94741]: DEBUG oslo_concurrency.processutils [req-56ebfbbb-e50f-4753-9462-cf99224f8724 req-dcf0cb63-7134-44e4-9a28-239cb96f5389 tempest-VolumesSnapshotsTestJSON-1862730979 None] CMD "sudo cinder-rootwrap /etc/cinder/rootwrap.conf qemu-img create -f qcow2 -o backing_file=/opt/stack/data/cinder/mnt/f2125c7f2b5b84443c877ddd4acef233/volume-137dfd21-d744-4c2b-90a5-84213ff739f0,backing_fmt=qcow2 /opt/stack/data/cinder/mnt/f2125c7f2b5b84443c877ddd4acef233/volume-137dfd21-d744-4c2b-90a5-84213ff739f0.cf67ea67-2c74-4c20-94e4-e294b3a2b656 1G" returned: 0 in 0.694s {{(pid=94741) execute /opt/stack/data/venv/lib/python3.12/site-packages/oslo_concurrency/processutils.py:468}}
Aug 16 18:23:11 devstack cinder-volume[94741]: DEBUG oslo_concurrency.processutils [req-56ebfbbb-e50f-4753-9462-cf99224f8724 req-dcf0cb63-7134-44e4-9a28-239cb96f5389 tempest-VolumesSnapshotsTestJSON-1862730979 None] Running cmd (subprocess): sudo cinder-rootwrap /etc/cinder/rootwrap.conf qemu-img rebase -u -b volume-137dfd21-d744-4c2b-90a5-84213ff739f0 -F qcow2 /opt/stack/data/cinder/mnt/f2125c7f2b5b84443c877ddd4acef233/volume-137dfd21-d744-4c2b-90a5-84213ff739f0.cf67ea67-2c74-4c20-94e4-e294b3a2b656 {{(pid=94741) execute /opt/stack/data/venv/lib/python3.12/site-packages/oslo_concurrency/processutils.py:440}}
Aug 16 18:23:11 devstack sudo[96687]: quobyte : PWD=/ ; USER=root ; COMMAND=/opt/stack/data/venv/bin/cinder-rootwrap /etc/cinder/rootwrap.conf qemu-img rebase -u -b volume-137dfd21-d744-4c2b-90a5-84213ff739f0 -F qcow2 /opt/stack/data/cinder/mnt/f2125c7f2b5b84443c877ddd4acef233/volume-137dfd21-d744-4c2b-90a5-84213ff739f0.cf67ea67-2c74-4c20-94e4-e294b3a2b656
Aug 16 18:23:11 devstack sudo[96687]: pam_unix(sudo:session): session opened for user root(uid=0) by (uid=1000)
Aug 16 18:23:11 devstack sudo[96686]: quobyte : PWD=/ ; USER=root ; COMMAND=/opt/stack/data/venv/bin/cinder-rootwrap /etc/cinder/rootwrap.conf env LC_ALL=C qemu-img info -f qcow2 --output=json --force-share /opt/stack/data/cinder/mnt/f2125c7f2b5b84443c877ddd4acef233/volume-c5ec6abf-8905-454f-9e7e-6fb87e5ba0b7
Aug 16 18:23:11 devstack sudo[96686]: pam_unix(sudo:session): session opened for user root(uid=0) by (uid=1000)
Aug 16 18:23:11 devstack sudo[96686]: pam_unix(sudo:session): session closed for user root
Aug 16 18:23:11 devstack cinder-volume[94741]: DEBUG oslo_concurrency.processutils [None req-584f3cef-d033-4901-81e9-4856fc252594 tempest-DeleteServersTestJSON-1714600088 None] CMD "/opt/stack/data/venv/bin/python3.12 -m oslo_concurrency.prlimit --as=1073741824 --cpu=60 -- sudo cinder-rootwrap /etc/cinder/rootwrap.conf env LC_ALL=C qemu-img info -f qcow2 --output=json --force-share /opt/stack/data/cinder/mnt/f2125c7f2b5b84443c877ddd4acef233/volume-c5ec6abf-8905-454f-9e7e-6fb87e5ba0b7" returned: 0 in 0.519s {{(pid=94741) execute /opt/stack/data/venv/lib/python3.12/site-packages/oslo_concurrency/processutils.py:468}}
Aug 16 18:23:11 devstack cinder-volume[94741]: DEBUG oslo_concurrency.processutils [None req-584f3cef-d033-4901-81e9-4856fc252594 tempest-DeleteServersTestJSON-1714600088 None] Running cmd (subprocess): sudo cinder-rootwrap /etc/cinder/rootwrap.conf rm -f /opt/stack/data/cinder/mnt/f2125c7f2b5b84443c877ddd4acef233/volume-c5ec6abf-8905-454f-9e7e-6fb87e5ba0b7 {{(pid=94741) execute /opt/stack/data/venv/lib/python3.12/site-packages/oslo_concurrency/processutils.py:440}}
Aug 16 18:23:11 devstack sudo[96687]: pam_unix(sudo:session): session closed for user root
Aug 16 18:23:11 devstack cinder-volume[94741]: DEBUG oslo_concurrency.processutils [req-56ebfbbb-e50f-4753-9462-cf99224f8724 req-dcf0cb63-7134-44e4-9a28-239cb96f5389 tempest-VolumesSnapshotsTestJSON-1862730979 None] CMD "sudo cinder-rootwrap /etc/cinder/rootwrap.conf qemu-img rebase -u -b volume-137dfd21-d744-4c2b-90a5-84213ff739f0 -F qcow2 /opt/stack/data/cinder/mnt/f2125c7f2b5b84443c877ddd4acef233/volume-137dfd21-d744-4c2b-90a5-84213ff739f0.cf67ea67-2c74-4c20-94e4-e294b3a2b656" returned: 0 in 0.439s {{(pid=94741) execute /opt/stack/data/venv/lib/python3.12/site-packages/oslo_concurrency/processutils.py:468}}
Aug 16 18:23:11 devstack cinder-volume[94741]: WARNING cinder.volume.drivers.remotefs [req-56ebfbbb-e50f-4753-9462-cf99224f8724 req-dcf0cb63-7134-44e4-9a28-239cb96f5389 tempest-VolumesSnapshotsTestJSON-1862730979 None] /opt/stack/data/cinder/mnt/f2125c7f2b5b84443c877ddd4acef233/volume-137dfd21-d744-4c2b-90a5-84213ff739f0.cf67ea67-2c74-4c20-94e4-e294b3a2b656 is being set with open permissions: ugo+rw
Aug 16 18:23:11 devstack cinder-volume[94741]: DEBUG oslo_concurrency.processutils [req-56ebfbbb-e50f-4753-9462-cf99224f8724 req-dcf0cb63-7134-44e4-9a28-239cb96f5389 tempest-VolumesSnapshotsTestJSON-1862730979 None] Running cmd (subprocess): sudo cinder-rootwrap /etc/cinder/rootwrap.conf chmod ugo+rw /opt/stack/data/cinder/mnt/f2125c7f2b5b84443c877ddd4acef233/volume-137dfd21-d744-4c2b-90a5-84213ff739f0.cf67ea67-2c74-4c20-94e4-e294b3a2b656 {{(pid=94741) execute /opt/stack/data/venv/lib/python3.12/site-packages/oslo_concurrency/processutils.py:440}}
Aug 16 18:23:11 devstack sudo[96696]: quobyte : PWD=/ ; USER=root ; COMMAND=/opt/stack/data/venv/bin/cinder-rootwrap /etc/cinder/rootwrap.conf rm -f /opt/stack/data/cinder/mnt/f2125c7f2b5b84443c877ddd4acef233/volume-c5ec6abf-8905-454f-9e7e-6fb87e5ba0b7
Aug 16 18:23:11 devstack sudo[96696]: pam_unix(sudo:session): session opened for user root(uid=0) by (uid=1000)
Aug 16 18:23:11 devstack sudo[96697]: quobyte : PWD=/ ; USER=root ; COMMAND=/opt/stack/data/venv/bin/cinder-rootwrap /etc/cinder/rootwrap.conf chmod ugo+rw /opt/stack/data/cinder/mnt/f2125c7f2b5b84443c877ddd4acef233/volume-137dfd21-d744-4c2b-90a5-84213ff739f0.cf67ea67-2c74-4c20-94e4-e294b3a2b656
Aug 16 18:23:11 devstack sudo[96697]: pam_unix(sudo:session): session opened for user root(uid=0) by (uid=1000)
Aug 16 18:23:11 devstack sudo[96697]: pam_unix(sudo:session): session closed for user root
Aug 16 18:23:11 devstack cinder-volume[94741]: DEBUG oslo_concurrency.processutils [req-56ebfbbb-e50f-4753-9462-cf99224f8724 req-dcf0cb63-7134-44e4-9a28-239cb96f5389 tempest-VolumesSnapshotsTestJSON-1862730979 None] CMD "sudo cinder-rootwrap /etc/cinder/rootwrap.conf chmod ugo+rw /opt/stack/data/cinder/mnt/f2125c7f2b5b84443c877ddd4acef233/volume-137dfd21-d744-4c2b-90a5-84213ff739f0.cf67ea67-2c74-4c20-94e4-e294b3a2b656" returned: 0 in 0.327s {{(pid=94741) execute /opt/stack/data/venv/lib/python3.12/site-packages/oslo_concurrency/processutils.py:468}}
Aug 16 18:23:11 devstack cinder-volume[94741]: DEBUG oslo_concurrency.processutils [req-56ebfbbb-e50f-4753-9462-cf99224f8724 req-dcf0cb63-7134-44e4-9a28-239cb96f5389 tempest-VolumesSnapshotsTestJSON-1862730979 None] Running cmd (subprocess): sudo cinder-rootwrap /etc/cinder/rootwrap.conf truncate -s0 /opt/stack/data/cinder/mnt/f2125c7f2b5b84443c877ddd4acef233/volume-137dfd21-d744-4c2b-90a5-84213ff739f0.info {{(pid=94741) execute /opt/stack/data/venv/lib/python3.12/site-packages/oslo_concurrency/processutils.py:440}}
Aug 16 18:23:11 devstack sudo[96696]: pam_unix(sudo:session): session closed for user root
Aug 16 18:23:11 devstack cinder-volume[94741]: DEBUG oslo_concurrency.processutils [None req-584f3cef-d033-4901-81e9-4856fc252594 tempest-DeleteServersTestJSON-1714600088 None] CMD "sudo cinder-rootwrap /etc/cinder/rootwrap.conf rm -f /opt/stack/data/cinder/mnt/f2125c7f2b5b84443c877ddd4acef233/volume-c5ec6abf-8905-454f-9e7e-6fb87e5ba0b7" returned: 0 in 0.430s {{(pid=94741) execute /opt/stack/data/venv/lib/python3.12/site-packages/oslo_concurrency/processutils.py:468}}
Aug 16 18:23:11 devstack cinder-volume[94741]: DEBUG cinder.coordination [None req-584f3cef-d033-4901-81e9-4856fc252594 tempest-DeleteServersTestJSON-1714600088 None] Lock "cinder-quobyte-c5ec6abf-8905-454f-9e7e-6fb87e5ba0b7" released by "delete_volume" :: held 1.022s {{(pid=94741) __release /opt/stack/cinder/cinder/coordination.py:152}}
Aug 16 18:23:11 devstack sudo[96704]: quobyte : PWD=/ ; USER=root ; COMMAND=/opt/stack/data/venv/bin/cinder-rootwrap /etc/cinder/rootwrap.conf truncate -s0 /opt/stack/data/cinder/mnt/f2125c7f2b5b84443c877ddd4acef233/volume-137dfd21-d744-4c2b-90a5-84213ff739f0.info
Aug 16 18:23:11 devstack sudo[96704]: pam_unix(sudo:session): session opened for user root(uid=0) by (uid=1000)
Aug 16 18:23:12 devstack cinder-volume[94741]: DEBUG cinder.quota [None req-584f3cef-d033-4901-81e9-4856fc252594 tempest-DeleteServersTestJSON-1714600088 None] Created reservations ['5fb52a61-bd66-429e-8fca-bed0c372ce29', 'e3423941-2aa9-4675-95df-cb2758d23157', 'bdc0f761-6d09-4a62-827f-6fff7c6a58a1', '0817973a-2241-4de7-86d2-5e660be3fe18'] {{(pid=94741) reserve /opt/stack/cinder/cinder/quota.py:752}}
Aug 16 18:23:12 devstack cinder-volume[94741]: DEBUG oslo_concurrency.lockutils [None req-584f3cef-d033-4901-81e9-4856fc252594 tempest-DeleteServersTestJSON-1714600088 None] Acquiring lock "quobyte_ensure" by "cinder.volume.drivers.quobyte.QuobyteDriver._ensure_shares_mounted" {{(pid=94741) inner /opt/stack/data/venv/lib/python3.12/site-packages/oslo_concurrency/lockutils.py:512}}
Aug 16 18:23:12 devstack cinder-volume[94741]: DEBUG oslo_concurrency.lockutils [None req-584f3cef-d033-4901-81e9-4856fc252594 tempest-DeleteServersTestJSON-1714600088 None] Lock "quobyte_ensure" acquired by "cinder.volume.drivers.quobyte.QuobyteDriver._ensure_shares_mounted" :: waited 0.001s {{(pid=94741) inner /opt/stack/data/venv/lib/python3.12/site-packages/oslo_concurrency/lockutils.py:525}}
Aug 16 18:23:12 devstack cinder-volume[94741]: DEBUG cinder.volume.drivers.quobyte [None req-584f3cef-d033-4901-81e9-4856fc252594 tempest-DeleteServersTestJSON-1714600088 None] Quobyte Volume URL set to: {'osci02.corp.quobyte.com/cinder-vol-9ab73094-4c7a-454f-9d80-7adae53c1e40': None} {{(pid=94741) _load_shares_config /opt/stack/cinder/cinder/volume/drivers/quobyte.py:651}}
Aug 16 18:23:12 devstack cinder-volume[94741]: DEBUG cinder.volume.drivers.quobyte [None req-584f3cef-d033-4901-81e9-4856fc252594 tempest-DeleteServersTestJSON-1714600088 None] Available shares ['osci02.corp.quobyte.com/cinder-vol-9ab73094-4c7a-454f-9d80-7adae53c1e40'] {{(pid=94741) _ensure_shares_mounted /opt/stack/cinder/cinder/volume/drivers/quobyte.py:681}}
Aug 16 18:23:12 devstack cinder-volume[94741]: DEBUG oslo_concurrency.lockutils [None req-584f3cef-d033-4901-81e9-4856fc252594 tempest-DeleteServersTestJSON-1714600088 None] Lock "quobyte_ensure" "released" by "cinder.volume.drivers.quobyte.QuobyteDriver._ensure_shares_mounted" :: held 0.008s {{(pid=94741) inner /opt/stack/data/venv/lib/python3.12/site-packages/oslo_concurrency/lockutils.py:544}}
Aug 16 18:23:12 devstack cinder-volume[94741]: DEBUG oslo_concurrency.processutils [None req-584f3cef-d033-4901-81e9-4856fc252594 tempest-DeleteServersTestJSON-1714600088 None] Running cmd (subprocess): sudo cinder-rootwrap /etc/cinder/rootwrap.conf df --portability --block-size 1 /opt/stack/data/cinder/mnt/f2125c7f2b5b84443c877ddd4acef233 {{(pid=94741) execute /opt/stack/data/venv/lib/python3.12/site-packages/oslo_concurrency/processutils.py:440}}
Aug 16 18:23:12 devstack sudo[96706]: quobyte : PWD=/ ; USER=root ; COMMAND=/opt/stack/data/venv/bin/cinder-rootwrap /etc/cinder/rootwrap.conf df --portability --block-size 1 /opt/stack/data/cinder/mnt/f2125c7f2b5b84443c877ddd4acef233
Aug 16 18:23:12 devstack sudo[96706]: pam_unix(sudo:session): session opened for user root(uid=0) by (uid=1000)
Aug 16 18:23:12 devstack sudo[96704]: pam_unix(sudo:session): session closed for user root
Aug 16 18:23:12 devstack cinder-volume[94741]: DEBUG oslo_concurrency.processutils [req-56ebfbbb-e50f-4753-9462-cf99224f8724 req-dcf0cb63-7134-44e4-9a28-239cb96f5389 tempest-VolumesSnapshotsTestJSON-1862730979 None] CMD "sudo cinder-rootwrap /etc/cinder/rootwrap.conf truncate -s0 /opt/stack/data/cinder/mnt/f2125c7f2b5b84443c877ddd4acef233/volume-137dfd21-d744-4c2b-90a5-84213ff739f0.info" returned: 0 in 0.363s {{(pid=94741) execute /opt/stack/data/venv/lib/python3.12/site-packages/oslo_concurrency/processutils.py:468}}
Aug 16 18:23:12 devstack cinder-volume[94741]: WARNING cinder.volume.drivers.remotefs [req-56ebfbbb-e50f-4753-9462-cf99224f8724 req-dcf0cb63-7134-44e4-9a28-239cb96f5389 tempest-VolumesSnapshotsTestJSON-1862730979 None] /opt/stack/data/cinder/mnt/f2125c7f2b5b84443c877ddd4acef233/volume-137dfd21-d744-4c2b-90a5-84213ff739f0.info is being set with open permissions: ugo+rw
Aug 16 18:23:12 devstack cinder-volume[94741]: DEBUG oslo_concurrency.processutils [req-56ebfbbb-e50f-4753-9462-cf99224f8724 req-dcf0cb63-7134-44e4-9a28-239cb96f5389 tempest-VolumesSnapshotsTestJSON-1862730979 None] Running cmd (subprocess): sudo cinder-rootwrap /etc/cinder/rootwrap.conf chmod ugo+rw /opt/stack/data/cinder/mnt/f2125c7f2b5b84443c877ddd4acef233/volume-137dfd21-d744-4c2b-90a5-84213ff739f0.info {{(pid=94741) execute /opt/stack/data/venv/lib/python3.12/site-packages/oslo_concurrency/processutils.py:440}}
Aug 16 18:23:12 devstack sudo[96712]: quobyte : PWD=/ ; USER=root ; COMMAND=/opt/stack/data/venv/bin/cinder-rootwrap /etc/cinder/rootwrap.conf chmod ugo+rw /opt/stack/data/cinder/mnt/f2125c7f2b5b84443c877ddd4acef233/volume-137dfd21-d744-4c2b-90a5-84213ff739f0.info
Aug 16 18:23:12 devstack sudo[96712]: pam_unix(sudo:session): session opened for user root(uid=0) by (uid=1000)
Aug 16 18:23:12 devstack sudo[96706]: pam_unix(sudo:session): session closed for user root
Aug 16 18:23:12 devstack cinder-volume[94741]: DEBUG oslo_concurrency.processutils [None req-584f3cef-d033-4901-81e9-4856fc252594 tempest-DeleteServersTestJSON-1714600088 None] CMD "sudo cinder-rootwrap /etc/cinder/rootwrap.conf df --portability --block-size 1 /opt/stack/data/cinder/mnt/f2125c7f2b5b84443c877ddd4acef233" returned: 0 in 0.317s {{(pid=94741) execute /opt/stack/data/venv/lib/python3.12/site-packages/oslo_concurrency/processutils.py:468}}
Aug 16 18:23:12 devstack cinder-volume[94741]: DEBUG cinder.manager [None req-584f3cef-d033-4901-81e9-4856fc252594 tempest-DeleteServersTestJSON-1714600088 None] Notifying Schedulers of capabilities ... {{(pid=94741) _publish_service_capabilities /opt/stack/cinder/cinder/manager.py:219}}
Aug 16 18:23:12 devstack cinder-volume[94741]: INFO cinder.volume.manager [None req-584f3cef-d033-4901-81e9-4856fc252594 tempest-DeleteServersTestJSON-1714600088 None] Deleted volume successfully.
Aug 16 18:23:12 devstack cinder-volume[94741]: DEBUG cinder.coordination [None req-584f3cef-d033-4901-81e9-4856fc252594 tempest-DeleteServersTestJSON-1714600088 None] Lock "cinder-c5ec6abf-8905-454f-9e7e-6fb87e5ba0b7-delete_volume" released by "delete_volume" :: held 1.626s {{(pid=94741) __release /opt/stack/cinder/cinder/coordination.py:152}}
Aug 16 18:23:12 devstack sudo[96712]: pam_unix(sudo:session): session closed for user root
Aug 16 18:23:12 devstack cinder-volume[94741]: DEBUG oslo_concurrency.processutils [req-56ebfbbb-e50f-4753-9462-cf99224f8724 req-dcf0cb63-7134-44e4-9a28-239cb96f5389 tempest-VolumesSnapshotsTestJSON-1862730979 None] CMD "sudo cinder-rootwrap /etc/cinder/rootwrap.conf chmod ugo+rw /opt/stack/data/cinder/mnt/f2125c7f2b5b84443c877ddd4acef233/volume-137dfd21-d744-4c2b-90a5-84213ff739f0.info" returned: 0 in 0.298s {{(pid=94741) execute /opt/stack/data/venv/lib/python3.12/site-packages/oslo_concurrency/processutils.py:468}}
Aug 16 18:23:12 devstack cinder-volume[94741]: DEBUG oslo_concurrency.lockutils [req-56ebfbbb-e50f-4753-9462-cf99224f8724 req-dcf0cb63-7134-44e4-9a28-239cb96f5389 tempest-VolumesSnapshotsTestJSON-1862730979 None] Lock "quobyte" "released" by "cinder.volume.drivers.quobyte.QuobyteDriver.create_snapshot" :: held 3.003s {{(pid=94741) inner /opt/stack/data/venv/lib/python3.12/site-packages/oslo_concurrency/lockutils.py:544}}
Aug 16 18:23:12 devstack cinder-volume[94741]: INFO cinder.volume.manager [req-56ebfbbb-e50f-4753-9462-cf99224f8724 req-dcf0cb63-7134-44e4-9a28-239cb96f5389 tempest-VolumesSnapshotsTestJSON-1862730979 None] Create snapshot completed successfully
Aug 16 18:23:13 devstack cinder-volume[94741]: DEBUG cinder.coordination [req-641a6b25-6641-49e8-88dc-f1ac3e89c168 req-427554c1-71f9-4729-b4e9-5548aad730e3 tempest-VolumesSnapshotsTestJSON-1862730979 None] Acquiring lock "cinder-cf67ea67-2c74-4c20-94e4-e294b3a2b656-delete_snapshot" by "delete_snapshot" {{(pid=94741) __acquire /opt/stack/cinder/cinder/coordination.py:138}}
Aug 16 18:23:13 devstack cinder-volume[94741]: DEBUG cinder.coordination [req-641a6b25-6641-49e8-88dc-f1ac3e89c168 req-427554c1-71f9-4729-b4e9-5548aad730e3 tempest-VolumesSnapshotsTestJSON-1862730979 None] Lock "cinder-cf67ea67-2c74-4c20-94e4-e294b3a2b656-delete_snapshot" acquired by "delete_snapshot" :: waited 0.025s {{(pid=94741) __acquire /opt/stack/cinder/cinder/coordination.py:141}}
Aug 16 18:23:13 devstack cinder-volume[94741]: DEBUG cinder.coordination [req-641a6b25-6641-49e8-88dc-f1ac3e89c168 req-427554c1-71f9-4729-b4e9-5548aad730e3 tempest-VolumesSnapshotsTestJSON-1862730979 None] Acquiring lock "cinder-quobyte-137dfd21-d744-4c2b-90a5-84213ff739f0" by "delete_snapshot" {{(pid=94741) __acquire /opt/stack/cinder/cinder/coordination.py:138}}
Aug 16 18:23:13 devstack cinder-volume[94741]: DEBUG cinder.coordination [req-641a6b25-6641-49e8-88dc-f1ac3e89c168 req-427554c1-71f9-4729-b4e9-5548aad730e3 tempest-VolumesSnapshotsTestJSON-1862730979 None] Lock "cinder-quobyte-137dfd21-d744-4c2b-90a5-84213ff739f0" acquired by "delete_snapshot" :: waited 0.029s {{(pid=94741) __acquire /opt/stack/cinder/cinder/coordination.py:141}}
Aug 16 18:23:13 devstack cinder-volume[94741]: DEBUG cinder.coordination [req-641a6b25-6641-49e8-88dc-f1ac3e89c168 req-427554c1-71f9-4729-b4e9-5548aad730e3 tempest-VolumesSnapshotsTestJSON-1862730979 None] Acquiring lock "cinder-quobyte-cf67ea67-2c74-4c20-94e4-e294b3a2b656" by "_delete_snapshot" {{(pid=94741) __acquire /opt/stack/cinder/cinder/coordination.py:138}}
Aug 16 18:23:13 devstack cinder-volume[94741]: DEBUG cinder.coordination [req-641a6b25-6641-49e8-88dc-f1ac3e89c168 req-427554c1-71f9-4729-b4e9-5548aad730e3 tempest-VolumesSnapshotsTestJSON-1862730979 None] Lock "cinder-quobyte-cf67ea67-2c74-4c20-94e4-e294b3a2b656" acquired by "_delete_snapshot" :: waited 0.015s {{(pid=94741) __acquire /opt/stack/cinder/cinder/coordination.py:141}}
Aug 16 18:23:13 devstack cinder-volume[94741]: DEBUG cinder.volume.drivers.remotefs [req-641a6b25-6641-49e8-88dc-f1ac3e89c168 req-427554c1-71f9-4729-b4e9-5548aad730e3 tempest-VolumesSnapshotsTestJSON-1862730979 None] Deleting offline snapshot cf67ea67-2c74-4c20-94e4-e294b3a2b656 of volume 137dfd21-d744-4c2b-90a5-84213ff739f0 {{(pid=94741) _delete_snapshot /opt/stack/cinder/cinder/volume/drivers/remotefs.py:1288}}
Aug 16 18:23:13 devstack cinder-volume[94741]: DEBUG cinder.volume.drivers.remotefs [req-641a6b25-6641-49e8-88dc-f1ac3e89c168 req-427554c1-71f9-4729-b4e9-5548aad730e3 tempest-VolumesSnapshotsTestJSON-1862730979 None] snapshot_file for this snap is: volume-137dfd21-d744-4c2b-90a5-84213ff739f0.cf67ea67-2c74-4c20-94e4-e294b3a2b656 {{(pid=94741) _delete_snapshot /opt/stack/cinder/cinder/volume/drivers/remotefs.py:1317}}
Aug 16 18:23:13 devstack cinder-volume[94741]: DEBUG oslo.privsep.daemon [-] privsep: reply[380954bd-d83c-47a2-b0d8-824681118673]: (4, 'qcow2') {{(pid=95782) _call_back /opt/stack/data/venv/lib/python3.12/site-packages/oslo_privsep/daemon.py:580}}
Aug 16 18:23:13 devstack cinder-volume[94741]: DEBUG oslo_concurrency.processutils [req-641a6b25-6641-49e8-88dc-f1ac3e89c168 req-427554c1-71f9-4729-b4e9-5548aad730e3 tempest-VolumesSnapshotsTestJSON-1862730979 None] Running cmd (subprocess): /opt/stack/data/venv/bin/python3.12 -m oslo_concurrency.prlimit --as=1073741824 --cpu=60 -- sudo cinder-rootwrap /etc/cinder/rootwrap.conf env LC_ALL=C qemu-img info -f qcow2 --output=json --force-share /opt/stack/data/cinder/mnt/f2125c7f2b5b84443c877ddd4acef233/volume-137dfd21-d744-4c2b-90a5-84213ff739f0.cf67ea67-2c74-4c20-94e4-e294b3a2b656 {{(pid=94741) execute /opt/stack/data/venv/lib/python3.12/site-packages/oslo_concurrency/processutils.py:440}}
Aug 16 18:23:14 devstack sudo[96744]: quobyte : PWD=/ ; USER=root ; COMMAND=/opt/stack/data/venv/bin/cinder-rootwrap /etc/cinder/rootwrap.conf env LC_ALL=C qemu-img info -f qcow2 --output=json --force-share /opt/stack/data/cinder/mnt/f2125c7f2b5b84443c877ddd4acef233/volume-137dfd21-d744-4c2b-90a5-84213ff739f0.cf67ea67-2c74-4c20-94e4-e294b3a2b656
Aug 16 18:23:14 devstack sudo[96744]: pam_unix(sudo:session): session opened for user root(uid=0) by (uid=1000)
Aug 16 18:23:14 devstack sudo[96744]: pam_unix(sudo:session): session closed for user root
Aug 16 18:23:14 devstack cinder-volume[94741]: DEBUG oslo_concurrency.processutils [req-641a6b25-6641-49e8-88dc-f1ac3e89c168 req-427554c1-71f9-4729-b4e9-5548aad730e3 tempest-VolumesSnapshotsTestJSON-1862730979 None] CMD "/opt/stack/data/venv/bin/python3.12 -m oslo_concurrency.prlimit --as=1073741824 --cpu=60 -- sudo cinder-rootwrap /etc/cinder/rootwrap.conf env LC_ALL=C qemu-img info -f qcow2 --output=json --force-share /opt/stack/data/cinder/mnt/f2125c7f2b5b84443c877ddd4acef233/volume-137dfd21-d744-4c2b-90a5-84213ff739f0.cf67ea67-2c74-4c20-94e4-e294b3a2b656" returned: 0 in 0.544s {{(pid=94741) execute /opt/stack/data/venv/lib/python3.12/site-packages/oslo_concurrency/processutils.py:468}}
Aug 16 18:23:14 devstack cinder-volume[94741]: DEBUG cinder.volume.drivers.remotefs [req-641a6b25-6641-49e8-88dc-f1ac3e89c168 req-427554c1-71f9-4729-b4e9-5548aad730e3 tempest-VolumesSnapshotsTestJSON-1862730979 None] Fetching qemu-img info with special backing_file_template: (/opt/stack/data/cinder/mnt/[0-9a-f]+/)?(volume-137dfd21-d744-4c2b-90a5-84213ff739f0(.(tmp-snap-)?[0-9a-f-]+)?|volume_from_snapshot_cache/(tmp-snap-)?[0-9a-f-]+(.(child-|parent-)[0-9a-f-]+)?)$ {{(pid=94741) _qemu_img_info_base /opt/stack/cinder/cinder/volume/drivers/remotefs.py:896}}
Aug 16 18:23:14 devstack cinder-volume[94741]: DEBUG oslo.privsep.daemon [-] privsep: reply[80448de8-3465-4547-a74d-5b63a06a7214]: (4, 'qcow2') {{(pid=95782) _call_back /opt/stack/data/venv/lib/python3.12/site-packages/oslo_privsep/daemon.py:580}}
Aug 16 18:23:14 devstack cinder-volume[94741]: DEBUG oslo_concurrency.processutils [req-641a6b25-6641-49e8-88dc-f1ac3e89c168 req-427554c1-71f9-4729-b4e9-5548aad730e3 tempest-VolumesSnapshotsTestJSON-1862730979 None] Running cmd (subprocess): /opt/stack/data/venv/bin/python3.12 -m oslo_concurrency.prlimit --as=1073741824 --cpu=60 -- sudo cinder-rootwrap /etc/cinder/rootwrap.conf env LC_ALL=C qemu-img info -f qcow2 --output=json --force-share /opt/stack/data/cinder/mnt/f2125c7f2b5b84443c877ddd4acef233/volume-137dfd21-d744-4c2b-90a5-84213ff739f0 {{(pid=94741) execute /opt/stack/data/venv/lib/python3.12/site-packages/oslo_concurrency/processutils.py:440}}
Aug 16 18:23:14 devstack sudo[96751]: quobyte : PWD=/ ; USER=root ; COMMAND=/opt/stack/data/venv/bin/cinder-rootwrap /etc/cinder/rootwrap.conf env LC_ALL=C qemu-img info -f qcow2 --output=json --force-share /opt/stack/data/cinder/mnt/f2125c7f2b5b84443c877ddd4acef233/volume-137dfd21-d744-4c2b-90a5-84213ff739f0
Aug 16 18:23:14 devstack sudo[96751]: pam_unix(sudo:session): session opened for user root(uid=0) by (uid=1000)
Aug 16 18:23:15 devstack sudo[96751]: pam_unix(sudo:session): session closed for user root
Aug 16 18:23:15 devstack cinder-volume[94741]: DEBUG oslo_concurrency.processutils [req-641a6b25-6641-49e8-88dc-f1ac3e89c168 req-427554c1-71f9-4729-b4e9-5548aad730e3 tempest-VolumesSnapshotsTestJSON-1862730979 None] CMD "/opt/stack/data/venv/bin/python3.12 -m oslo_concurrency.prlimit --as=1073741824 --cpu=60 -- sudo cinder-rootwrap /etc/cinder/rootwrap.conf env LC_ALL=C qemu-img info -f qcow2 --output=json --force-share /opt/stack/data/cinder/mnt/f2125c7f2b5b84443c877ddd4acef233/volume-137dfd21-d744-4c2b-90a5-84213ff739f0" returned: 0 in 0.449s {{(pid=94741) execute /opt/stack/data/venv/lib/python3.12/site-packages/oslo_concurrency/processutils.py:468}}
Aug 16 18:23:15 devstack cinder-volume[94741]: DEBUG oslo_concurrency.processutils [req-641a6b25-6641-49e8-88dc-f1ac3e89c168 req-427554c1-71f9-4729-b4e9-5548aad730e3 tempest-VolumesSnapshotsTestJSON-1862730979 None] Running cmd (subprocess): sudo cinder-rootwrap /etc/cinder/rootwrap.conf qemu-img commit -d /opt/stack/data/cinder/mnt/f2125c7f2b5b84443c877ddd4acef233/volume-137dfd21-d744-4c2b-90a5-84213ff739f0.cf67ea67-2c74-4c20-94e4-e294b3a2b656 {{(pid=94741) execute /opt/stack/data/venv/lib/python3.12/site-packages/oslo_concurrency/processutils.py:440}}
Aug 16 18:23:15 devstack sudo[96758]: quobyte : PWD=/ ; USER=root ; COMMAND=/opt/stack/data/venv/bin/cinder-rootwrap /etc/cinder/rootwrap.conf qemu-img commit -d /opt/stack/data/cinder/mnt/f2125c7f2b5b84443c877ddd4acef233/volume-137dfd21-d744-4c2b-90a5-84213ff739f0.cf67ea67-2c74-4c20-94e4-e294b3a2b656
Aug 16 18:23:15 devstack sudo[96758]: pam_unix(sudo:session): session opened for user root(uid=0) by (uid=1000)
Aug 16 18:23:15 devstack sudo[96758]: pam_unix(sudo:session): session closed for user root
Aug 16 18:23:15 devstack cinder-volume[94741]: DEBUG oslo_concurrency.processutils [req-641a6b25-6641-49e8-88dc-f1ac3e89c168 req-427554c1-71f9-4729-b4e9-5548aad730e3 tempest-VolumesSnapshotsTestJSON-1862730979 None] CMD "sudo cinder-rootwrap /etc/cinder/rootwrap.conf qemu-img commit -d /opt/stack/data/cinder/mnt/f2125c7f2b5b84443c877ddd4acef233/volume-137dfd21-d744-4c2b-90a5-84213ff739f0.cf67ea67-2c74-4c20-94e4-e294b3a2b656" returned: 0 in 0.600s {{(pid=94741) execute /opt/stack/data/venv/lib/python3.12/site-packages/oslo_concurrency/processutils.py:468}}
Aug 16 18:23:15 devstack cinder-volume[94741]: DEBUG oslo_concurrency.processutils [req-641a6b25-6641-49e8-88dc-f1ac3e89c168 req-427554c1-71f9-4729-b4e9-5548aad730e3 tempest-VolumesSnapshotsTestJSON-1862730979 None] Running cmd (subprocess): sudo cinder-rootwrap /etc/cinder/rootwrap.conf rm -f /opt/stack/data/cinder/mnt/f2125c7f2b5b84443c877ddd4acef233/volume-137dfd21-d744-4c2b-90a5-84213ff739f0.cf67ea67-2c74-4c20-94e4-e294b3a2b656 {{(pid=94741) execute /opt/stack/data/venv/lib/python3.12/site-packages/oslo_concurrency/processutils.py:440}}
Aug 16 18:23:15 devstack sudo[96766]: quobyte : PWD=/ ; USER=root ; COMMAND=/opt/stack/data/venv/bin/cinder-rootwrap /etc/cinder/rootwrap.conf rm -f /opt/stack/data/cinder/mnt/f2125c7f2b5b84443c877ddd4acef233/volume-137dfd21-d744-4c2b-90a5-84213ff739f0.cf67ea67-2c74-4c20-94e4-e294b3a2b656
Aug 16 18:23:15 devstack sudo[96766]: pam_unix(sudo:session): session opened for user root(uid=0) by (uid=1000)
Aug 16 18:23:16 devstack sudo[96766]: pam_unix(sudo:session): session closed for user root
Aug 16 18:23:16 devstack cinder-volume[94741]: DEBUG oslo_concurrency.processutils [req-641a6b25-6641-49e8-88dc-f1ac3e89c168 req-427554c1-71f9-4729-b4e9-5548aad730e3 tempest-VolumesSnapshotsTestJSON-1862730979 None] CMD "sudo cinder-rootwrap /etc/cinder/rootwrap.conf rm -f /opt/stack/data/cinder/mnt/f2125c7f2b5b84443c877ddd4acef233/volume-137dfd21-d744-4c2b-90a5-84213ff739f0.cf67ea67-2c74-4c20-94e4-e294b3a2b656" returned: 0 in 0.414s {{(pid=94741) execute /opt/stack/data/venv/lib/python3.12/site-packages/oslo_concurrency/processutils.py:468}}
Aug 16 18:23:16 devstack cinder-volume[94741]: DEBUG cinder.coordination [req-641a6b25-6641-49e8-88dc-f1ac3e89c168 req-427554c1-71f9-4729-b4e9-5548aad730e3 tempest-VolumesSnapshotsTestJSON-1862730979 None] Lock "cinder-quobyte-cf67ea67-2c74-4c20-94e4-e294b3a2b656" released by "_delete_snapshot" :: held 2.175s {{(pid=94741) __release /opt/stack/cinder/cinder/coordination.py:152}}
Aug 16 18:23:16 devstack cinder-volume[94741]: DEBUG cinder.coordination [req-641a6b25-6641-49e8-88dc-f1ac3e89c168 req-427554c1-71f9-4729-b4e9-5548aad730e3 tempest-VolumesSnapshotsTestJSON-1862730979 None] Lock "cinder-quobyte-137dfd21-d744-4c2b-90a5-84213ff739f0" released by "delete_snapshot" :: held 2.204s {{(pid=94741) __release /opt/stack/cinder/cinder/coordination.py:152}}
Aug 16 18:23:16 devstack cinder-volume[94741]: WARNING cinder.quota [req-641a6b25-6641-49e8-88dc-f1ac3e89c168 req-427554c1-71f9-4729-b4e9-5548aad730e3 tempest-VolumesSnapshotsTestJSON-1862730979 None] Deprecated: Default quota for resource: snapshots_QuobyteHD is set by the default quota flag: quota_snapshots_QuobyteHD, it is now deprecated. Please use the default quota class for default quota.
Aug 16 18:23:16 devstack cinder-volume[94741]: DEBUG cinder.quota [req-641a6b25-6641-49e8-88dc-f1ac3e89c168 req-427554c1-71f9-4729-b4e9-5548aad730e3 tempest-VolumesSnapshotsTestJSON-1862730979 None] Created reservations ['a8af557b-48dd-4627-9476-b1a1547d71c4', '6ebaafcd-160a-4a8b-8fa4-12ce74a7d084', '87e132f3-7297-413c-beb0-b52daa39cb51', 'a784764d-14fa-4d86-ad27-0c4dba324046'] {{(pid=94741) reserve /opt/stack/cinder/cinder/quota.py:752}}
Aug 16 18:23:16 devstack cinder-volume[94741]: INFO cinder.volume.manager [req-641a6b25-6641-49e8-88dc-f1ac3e89c168 req-427554c1-71f9-4729-b4e9-5548aad730e3 tempest-VolumesSnapshotsTestJSON-1862730979 None] Delete snapshot completed successfully.
Aug 16 18:23:16 devstack cinder-volume[94741]: DEBUG cinder.coordination [req-641a6b25-6641-49e8-88dc-f1ac3e89c168 req-427554c1-71f9-4729-b4e9-5548aad730e3 tempest-VolumesSnapshotsTestJSON-1862730979 None] Lock "cinder-cf67ea67-2c74-4c20-94e4-e294b3a2b656-delete_snapshot" released by "delete_snapshot" :: held 2.400s {{(pid=94741) __release /opt/stack/cinder/cinder/coordination.py:152}}
Aug 16 18:23:16 devstack cinder-volume[94741]: DEBUG cinder.coordination [req-f5f729d1-f71f-4440-9599-042aad226bb6 req-7562bde5-ba43-482d-828b-107312410369 tempest-VolumesSnapshotsTestJSON-1862730979 None] Acquiring lock "cinder-137dfd21-d744-4c2b-90a5-84213ff739f0-delete_volume" by "delete_volume" {{(pid=94741) __acquire /opt/stack/cinder/cinder/coordination.py:138}}
Aug 16 18:23:16 devstack cinder-volume[94741]: DEBUG cinder.coordination [req-f5f729d1-f71f-4440-9599-042aad226bb6 req-7562bde5-ba43-482d-828b-107312410369 tempest-VolumesSnapshotsTestJSON-1862730979 None] Lock "cinder-137dfd21-d744-4c2b-90a5-84213ff739f0-delete_volume" acquired by "delete_volume" :: waited 0.028s {{(pid=94741) __acquire /opt/stack/cinder/cinder/coordination.py:141}}
Aug 16 18:23:17 devstack cinder-volume[94741]: DEBUG cinder.coordination [req-f5f729d1-f71f-4440-9599-042aad226bb6 req-7562bde5-ba43-482d-828b-107312410369 tempest-VolumesSnapshotsTestJSON-1862730979 None] Acquiring lock "cinder-quobyte-137dfd21-d744-4c2b-90a5-84213ff739f0" by "delete_volume" {{(pid=94741) __acquire /opt/stack/cinder/cinder/coordination.py:138}}
Aug 16 18:23:17 devstack cinder-volume[94741]: DEBUG cinder.coordination [req-f5f729d1-f71f-4440-9599-042aad226bb6 req-7562bde5-ba43-482d-828b-107312410369 tempest-VolumesSnapshotsTestJSON-1862730979 None] Lock "cinder-quobyte-137dfd21-d744-4c2b-90a5-84213ff739f0" acquired by "delete_volume" :: waited 0.020s {{(pid=94741) __acquire /opt/stack/cinder/cinder/coordination.py:141}}
Aug 16 18:23:17 devstack cinder-volume[94741]: DEBUG oslo.privsep.daemon [-] privsep: reply[c6738da4-c8e4-4c69-a53e-eb64223a208a]: (4, 'qcow2') {{(pid=95782) _call_back /opt/stack/data/venv/lib/python3.12/site-packages/oslo_privsep/daemon.py:580}}
Aug 16 18:23:17 devstack cinder-volume[94741]: DEBUG oslo_concurrency.processutils [req-f5f729d1-f71f-4440-9599-042aad226bb6 req-7562bde5-ba43-482d-828b-107312410369 tempest-VolumesSnapshotsTestJSON-1862730979 None] Running cmd (subprocess): /opt/stack/data/venv/bin/python3.12 -m oslo_concurrency.prlimit --as=1073741824 --cpu=60 -- sudo cinder-rootwrap /etc/cinder/rootwrap.conf env LC_ALL=C qemu-img info -f qcow2 --output=json --force-share /opt/stack/data/cinder/mnt/f2125c7f2b5b84443c877ddd4acef233/volume-137dfd21-d744-4c2b-90a5-84213ff739f0 {{(pid=94741) execute /opt/stack/data/venv/lib/python3.12/site-packages/oslo_concurrency/processutils.py:440}}
Aug 16 18:23:17 devstack sudo[96773]: quobyte : PWD=/ ; USER=root ; COMMAND=/opt/stack/data/venv/bin/cinder-rootwrap /etc/cinder/rootwrap.conf env LC_ALL=C qemu-img info -f qcow2 --output=json --force-share /opt/stack/data/cinder/mnt/f2125c7f2b5b84443c877ddd4acef233/volume-137dfd21-d744-4c2b-90a5-84213ff739f0
Aug 16 18:23:17 devstack sudo[96773]: pam_unix(sudo:session): session opened for user root(uid=0) by (uid=1000)
Aug 16 18:23:17 devstack sudo[96773]: pam_unix(sudo:session): session closed for user root
Aug 16 18:23:17 devstack cinder-volume[94741]: DEBUG oslo_concurrency.processutils [req-f5f729d1-f71f-4440-9599-042aad226bb6 req-7562bde5-ba43-482d-828b-107312410369 tempest-VolumesSnapshotsTestJSON-1862730979 None] CMD "/opt/stack/data/venv/bin/python3.12 -m oslo_concurrency.prlimit --as=1073741824 --cpu=60 -- sudo cinder-rootwrap /etc/cinder/rootwrap.conf env LC_ALL=C qemu-img info -f qcow2 --output=json --force-share /opt/stack/data/cinder/mnt/f2125c7f2b5b84443c877ddd4acef233/volume-137dfd21-d744-4c2b-90a5-84213ff739f0" returned: 0 in 0.406s {{(pid=94741) execute /opt/stack/data/venv/lib/python3.12/site-packages/oslo_concurrency/processutils.py:468}}
Aug 16 18:23:17 devstack cinder-volume[94741]: DEBUG oslo_concurrency.processutils [req-f5f729d1-f71f-4440-9599-042aad226bb6 req-7562bde5-ba43-482d-828b-107312410369 tempest-VolumesSnapshotsTestJSON-1862730979 None] Running cmd (subprocess): sudo cinder-rootwrap /etc/cinder/rootwrap.conf rm -f /opt/stack/data/cinder/mnt/f2125c7f2b5b84443c877ddd4acef233/volume-137dfd21-d744-4c2b-90a5-84213ff739f0 {{(pid=94741) execute /opt/stack/data/venv/lib/python3.12/site-packages/oslo_concurrency/processutils.py:440}}
Aug 16 18:23:17 devstack sudo[96778]: quobyte : PWD=/ ; USER=root ; COMMAND=/opt/stack/data/venv/bin/cinder-rootwrap /etc/cinder/rootwrap.conf rm -f /opt/stack/data/cinder/mnt/f2125c7f2b5b84443c877ddd4acef233/volume-137dfd21-d744-4c2b-90a5-84213ff739f0
Aug 16 18:23:17 devstack sudo[96778]: pam_unix(sudo:session): session opened for user root(uid=0) by (uid=1000)
Aug 16 18:23:17 devstack sudo[96778]: pam_unix(sudo:session): session closed for user root
Aug 16 18:23:17 devstack cinder-volume[94741]: DEBUG oslo_concurrency.processutils [req-f5f729d1-f71f-4440-9599-042aad226bb6 req-7562bde5-ba43-482d-828b-107312410369 tempest-VolumesSnapshotsTestJSON-1862730979 None] CMD "sudo cinder-rootwrap /etc/cinder/rootwrap.conf rm -f /opt/stack/data/cinder/mnt/f2125c7f2b5b84443c877ddd4acef233/volume-137dfd21-d744-4c2b-90a5-84213ff739f0" returned: 0 in 0.445s {{(pid=94741) execute /opt/stack/data/venv/lib/python3.12/site-packages/oslo_concurrency/processutils.py:468}}
Aug 16 18:23:18 devstack cinder-volume[94741]: DEBUG cinder.coordination [req-f5f729d1-f71f-4440-9599-042aad226bb6 req-7562bde5-ba43-482d-828b-107312410369 tempest-VolumesSnapshotsTestJSON-1862730979 None] Lock "cinder-quobyte-137dfd21-d744-4c2b-90a5-84213ff739f0" released by "delete_volume" :: held 0.954s {{(pid=94741) __release /opt/stack/cinder/cinder/coordination.py:152}}
Aug 16 18:23:18 devstack cinder-volume[94741]: DEBUG cinder.quota [req-f5f729d1-f71f-4440-9599-042aad226bb6 req-7562bde5-ba43-482d-828b-107312410369 tempest-VolumesSnapshotsTestJSON-1862730979 None] Created reservations ['b24b61d2-868b-4876-8b3e-599ac220e6e2', '3e73bd86-64a9-444c-9044-094a8e52a7ac', '04a25392-57fb-491c-9bd2-c7c84513104d', 'b7dcc8e5-0cd6-4045-aef9-05233bc72627'] {{(pid=94741) reserve /opt/stack/cinder/cinder/quota.py:752}}
Aug 16 18:23:18 devstack cinder-volume[94741]: DEBUG oslo_concurrency.lockutils [req-f5f729d1-f71f-4440-9599-042aad226bb6 req-7562bde5-ba43-482d-828b-107312410369 tempest-VolumesSnapshotsTestJSON-1862730979 None] Acquiring lock "quobyte_ensure" by "cinder.volume.drivers.quobyte.QuobyteDriver._ensure_shares_mounted" {{(pid=94741) inner /opt/stack/data/venv/lib/python3.12/site-packages/oslo_concurrency/lockutils.py:512}}
Aug 16 18:23:18 devstack cinder-volume[94741]: DEBUG oslo_concurrency.lockutils [req-f5f729d1-f71f-4440-9599-042aad226bb6 req-7562bde5-ba43-482d-828b-107312410369 tempest-VolumesSnapshotsTestJSON-1862730979 None] Lock "quobyte_ensure" acquired by "cinder.volume.drivers.quobyte.QuobyteDriver._ensure_shares_mounted" :: waited 0.003s {{(pid=94741) inner /opt/stack/data/venv/lib/python3.12/site-packages/oslo_concurrency/lockutils.py:525}}
Aug 16 18:23:18 devstack cinder-volume[94741]: DEBUG cinder.volume.drivers.quobyte [req-f5f729d1-f71f-4440-9599-042aad226bb6 req-7562bde5-ba43-482d-828b-107312410369 tempest-VolumesSnapshotsTestJSON-1862730979 None] Quobyte Volume URL set to: {'osci02.corp.quobyte.com/cinder-vol-9ab73094-4c7a-454f-9d80-7adae53c1e40': None} {{(pid=94741) _load_shares_config /opt/stack/cinder/cinder/volume/drivers/quobyte.py:651}}
Aug 16 18:23:18 devstack cinder-volume[94741]: DEBUG cinder.volume.drivers.quobyte [req-f5f729d1-f71f-4440-9599-042aad226bb6 req-7562bde5-ba43-482d-828b-107312410369 tempest-VolumesSnapshotsTestJSON-1862730979 None] Available shares ['osci02.corp.quobyte.com/cinder-vol-9ab73094-4c7a-454f-9d80-7adae53c1e40'] {{(pid=94741) _ensure_shares_mounted /opt/stack/cinder/cinder/volume/drivers/quobyte.py:681}}
Aug 16 18:23:18 devstack cinder-volume[94741]: DEBUG oslo_concurrency.lockutils [req-f5f729d1-f71f-4440-9599-042aad226bb6 req-7562bde5-ba43-482d-828b-107312410369 tempest-VolumesSnapshotsTestJSON-1862730979 None] Lock "quobyte_ensure" "released" by "cinder.volume.drivers.quobyte.QuobyteDriver._ensure_shares_mounted" :: held 0.011s {{(pid=94741) inner /opt/stack/data/venv/lib/python3.12/site-packages/oslo_concurrency/lockutils.py:544}}
Aug 16 18:23:18 devstack cinder-volume[94741]: DEBUG oslo_concurrency.processutils [req-f5f729d1-f71f-4440-9599-042aad226bb6 req-7562bde5-ba43-482d-828b-107312410369 tempest-VolumesSnapshotsTestJSON-1862730979 None] Running cmd (subprocess): sudo cinder-rootwrap /etc/cinder/rootwrap.conf df --portability --block-size 1 /opt/stack/data/cinder/mnt/f2125c7f2b5b84443c877ddd4acef233 {{(pid=94741) execute /opt/stack/data/venv/lib/python3.12/site-packages/oslo_concurrency/processutils.py:440}}
Aug 16 18:23:18 devstack sudo[96782]: quobyte : PWD=/ ; USER=root ; COMMAND=/opt/stack/data/venv/bin/cinder-rootwrap /etc/cinder/rootwrap.conf df --portability --block-size 1 /opt/stack/data/cinder/mnt/f2125c7f2b5b84443c877ddd4acef233
Aug 16 18:23:18 devstack sudo[96782]: pam_unix(sudo:session): session opened for user root(uid=0) by (uid=1000)
Aug 16 18:23:18 devstack sudo[96782]: pam_unix(sudo:session): session closed for user root
Aug 16 18:23:18 devstack cinder-volume[94741]: DEBUG oslo_concurrency.processutils [req-f5f729d1-f71f-4440-9599-042aad226bb6 req-7562bde5-ba43-482d-828b-107312410369 tempest-VolumesSnapshotsTestJSON-1862730979 None] CMD "sudo cinder-rootwrap /etc/cinder/rootwrap.conf df --portability --block-size 1 /opt/stack/data/cinder/mnt/f2125c7f2b5b84443c877ddd4acef233" returned: 0 in 0.475s {{(pid=94741) execute /opt/stack/data/venv/lib/python3.12/site-packages/oslo_concurrency/processutils.py:468}}
Aug 16 18:23:18 devstack cinder-volume[94741]: DEBUG cinder.manager [req-f5f729d1-f71f-4440-9599-042aad226bb6 req-7562bde5-ba43-482d-828b-107312410369 tempest-VolumesSnapshotsTestJSON-1862730979 None] Notifying Schedulers of capabilities ... {{(pid=94741) _publish_service_capabilities /opt/stack/cinder/cinder/manager.py:219}}
Aug 16 18:23:18 devstack cinder-volume[94741]: INFO cinder.volume.manager [req-f5f729d1-f71f-4440-9599-042aad226bb6 req-7562bde5-ba43-482d-828b-107312410369 tempest-VolumesSnapshotsTestJSON-1862730979 None] Deleted volume successfully.
Aug 16 18:23:18 devstack cinder-volume[94741]: DEBUG cinder.coordination [req-f5f729d1-f71f-4440-9599-042aad226bb6 req-7562bde5-ba43-482d-828b-107312410369 tempest-VolumesSnapshotsTestJSON-1862730979 None] Lock "cinder-137dfd21-d744-4c2b-90a5-84213ff739f0-delete_volume" released by "delete_volume" :: held 1.921s {{(pid=94741) __release /opt/stack/cinder/cinder/coordination.py:152}}
Aug 16 18:23:21 devstack cinder-volume[94741]: DEBUG cinder.coordination [None req-008a7d61-5fe7-40da-9191-f598caf17874 tempest-TaggedAttachmentsTest-752620683 None] Acquiring lock "cinder-3287cbc1-a941-4d8a-bd2b-d4d60437eda2-delete_volume" by "delete_volume" {{(pid=94741) __acquire /opt/stack/cinder/cinder/coordination.py:138}}
Aug 16 18:23:21 devstack cinder-volume[94741]: DEBUG cinder.coordination [None req-008a7d61-5fe7-40da-9191-f598caf17874 tempest-TaggedAttachmentsTest-752620683 None] Lock "cinder-3287cbc1-a941-4d8a-bd2b-d4d60437eda2-delete_volume" acquired by "delete_volume" :: waited 0.028s {{(pid=94741) __acquire /opt/stack/cinder/cinder/coordination.py:141}}
Aug 16 18:23:21 devstack cinder-volume[94741]: DEBUG cinder.coordination [None req-008a7d61-5fe7-40da-9191-f598caf17874 tempest-TaggedAttachmentsTest-752620683 None] Acquiring lock "cinder-quobyte-3287cbc1-a941-4d8a-bd2b-d4d60437eda2" by "delete_volume" {{(pid=94741) __acquire /opt/stack/cinder/cinder/coordination.py:138}}
Aug 16 18:23:21 devstack cinder-volume[94741]: DEBUG cinder.coordination [None req-008a7d61-5fe7-40da-9191-f598caf17874 tempest-TaggedAttachmentsTest-752620683 None] Lock "cinder-quobyte-3287cbc1-a941-4d8a-bd2b-d4d60437eda2" acquired by "delete_volume" :: waited 0.052s {{(pid=94741) __acquire /opt/stack/cinder/cinder/coordination.py:141}}
Aug 16 18:23:21 devstack cinder-volume[94741]: DEBUG oslo.privsep.daemon [-] privsep: reply[a8e6cd5e-9047-46ab-abdf-224584ac2e4d]: (4, 'qcow2') {{(pid=95782) _call_back /opt/stack/data/venv/lib/python3.12/site-packages/oslo_privsep/daemon.py:580}}
Aug 16 18:23:21 devstack cinder-volume[94741]: DEBUG oslo_concurrency.processutils [None req-008a7d61-5fe7-40da-9191-f598caf17874 tempest-TaggedAttachmentsTest-752620683 None] Running cmd (subprocess): /opt/stack/data/venv/bin/python3.12 -m oslo_concurrency.prlimit --as=1073741824 --cpu=60 -- sudo cinder-rootwrap /etc/cinder/rootwrap.conf env LC_ALL=C qemu-img info -f qcow2 --output=json --force-share /opt/stack/data/cinder/mnt/f2125c7f2b5b84443c877ddd4acef233/volume-3287cbc1-a941-4d8a-bd2b-d4d60437eda2 {{(pid=94741) execute /opt/stack/data/venv/lib/python3.12/site-packages/oslo_concurrency/processutils.py:440}}
Aug 16 18:23:22 devstack sudo[96819]: quobyte : PWD=/ ; USER=root ; COMMAND=/opt/stack/data/venv/bin/cinder-rootwrap /etc/cinder/rootwrap.conf env LC_ALL=C qemu-img info -f qcow2 --output=json --force-share /opt/stack/data/cinder/mnt/f2125c7f2b5b84443c877ddd4acef233/volume-3287cbc1-a941-4d8a-bd2b-d4d60437eda2
Aug 16 18:23:22 devstack sudo[96819]: pam_unix(sudo:session): session opened for user root(uid=0) by (uid=1000)
Aug 16 18:23:22 devstack sudo[96819]: pam_unix(sudo:session): session closed for user root
Aug 16 18:23:22 devstack cinder-volume[94741]: DEBUG oslo_concurrency.processutils [None req-008a7d61-5fe7-40da-9191-f598caf17874 tempest-TaggedAttachmentsTest-752620683 None] CMD "/opt/stack/data/venv/bin/python3.12 -m oslo_concurrency.prlimit --as=1073741824 --cpu=60 -- sudo cinder-rootwrap /etc/cinder/rootwrap.conf env LC_ALL=C qemu-img info -f qcow2 --output=json --force-share /opt/stack/data/cinder/mnt/f2125c7f2b5b84443c877ddd4acef233/volume-3287cbc1-a941-4d8a-bd2b-d4d60437eda2" returned: 0 in 0.773s {{(pid=94741) execute /opt/stack/data/venv/lib/python3.12/site-packages/oslo_concurrency/processutils.py:468}}
Aug 16 18:23:22 devstack cinder-volume[94741]: DEBUG oslo_concurrency.processutils [None req-008a7d61-5fe7-40da-9191-f598caf17874 tempest-TaggedAttachmentsTest-752620683 None] Running cmd (subprocess): sudo cinder-rootwrap /etc/cinder/rootwrap.conf rm -f /opt/stack/data/cinder/mnt/f2125c7f2b5b84443c877ddd4acef233/volume-3287cbc1-a941-4d8a-bd2b-d4d60437eda2 {{(pid=94741) execute /opt/stack/data/venv/lib/python3.12/site-packages/oslo_concurrency/processutils.py:440}}
Aug 16 18:23:22 devstack sudo[96829]: quobyte : PWD=/ ; USER=root ; COMMAND=/opt/stack/data/venv/bin/cinder-rootwrap /etc/cinder/rootwrap.conf rm -f /opt/stack/data/cinder/mnt/f2125c7f2b5b84443c877ddd4acef233/volume-3287cbc1-a941-4d8a-bd2b-d4d60437eda2
Aug 16 18:23:22 devstack sudo[96829]: pam_unix(sudo:session): session opened for user root(uid=0) by (uid=1000)
Aug 16 18:23:23 devstack sudo[96829]: pam_unix(sudo:session): session closed for user root
Aug 16 18:23:23 devstack cinder-volume[94741]: DEBUG oslo_concurrency.processutils [None req-008a7d61-5fe7-40da-9191-f598caf17874 tempest-TaggedAttachmentsTest-752620683 None] CMD "sudo cinder-rootwrap /etc/cinder/rootwrap.conf rm -f /opt/stack/data/cinder/mnt/f2125c7f2b5b84443c877ddd4acef233/volume-3287cbc1-a941-4d8a-bd2b-d4d60437eda2" returned: 0 in 0.409s {{(pid=94741) execute /opt/stack/data/venv/lib/python3.12/site-packages/oslo_concurrency/processutils.py:468}}
Aug 16 18:23:23 devstack cinder-volume[94741]: DEBUG cinder.coordination [None req-008a7d61-5fe7-40da-9191-f598caf17874 tempest-TaggedAttachmentsTest-752620683 None] Lock "cinder-quobyte-3287cbc1-a941-4d8a-bd2b-d4d60437eda2" released by "delete_volume" :: held 1.260s {{(pid=94741) __release /opt/stack/cinder/cinder/coordination.py:152}}
Aug 16 18:23:23 devstack cinder-volume[94741]: DEBUG cinder.quota [None req-008a7d61-5fe7-40da-9191-f598caf17874 tempest-TaggedAttachmentsTest-752620683 None] Created reservations ['26671935-9925-4e36-881d-ddd661d86e7b', '260bfd40-2e0b-4024-b834-3ebe802eb842', '6e9cf6eb-a159-45a4-b4fc-74234df60b40', 'c68e9231-eea5-4f8b-be41-163b84149667'] {{(pid=94741) reserve /opt/stack/cinder/cinder/quota.py:752}}
Aug 16 18:23:23 devstack cinder-volume[94741]: DEBUG oslo_concurrency.lockutils [None req-008a7d61-5fe7-40da-9191-f598caf17874 tempest-TaggedAttachmentsTest-752620683 None] Acquiring lock "quobyte_ensure" by "cinder.volume.drivers.quobyte.QuobyteDriver._ensure_shares_mounted" {{(pid=94741) inner /opt/stack/data/venv/lib/python3.12/site-packages/oslo_concurrency/lockutils.py:512}}
Aug 16 18:23:23 devstack cinder-volume[94741]: DEBUG oslo_concurrency.lockutils [None req-008a7d61-5fe7-40da-9191-f598caf17874 tempest-TaggedAttachmentsTest-752620683 None] Lock "quobyte_ensure" acquired by "cinder.volume.drivers.quobyte.QuobyteDriver._ensure_shares_mounted" :: waited 0.001s {{(pid=94741) inner /opt/stack/data/venv/lib/python3.12/site-packages/oslo_concurrency/lockutils.py:525}}
Aug 16 18:23:23 devstack cinder-volume[94741]: DEBUG cinder.volume.drivers.quobyte [None req-008a7d61-5fe7-40da-9191-f598caf17874 tempest-TaggedAttachmentsTest-752620683 None] Quobyte Volume URL set to: {'osci02.corp.quobyte.com/cinder-vol-9ab73094-4c7a-454f-9d80-7adae53c1e40': None} {{(pid=94741) _load_shares_config /opt/stack/cinder/cinder/volume/drivers/quobyte.py:651}}
Aug 16 18:23:23 devstack cinder-volume[94741]: DEBUG cinder.volume.drivers.quobyte [None req-008a7d61-5fe7-40da-9191-f598caf17874 tempest-TaggedAttachmentsTest-752620683 None] Available shares ['osci02.corp.quobyte.com/cinder-vol-9ab73094-4c7a-454f-9d80-7adae53c1e40'] {{(pid=94741) _ensure_shares_mounted /opt/stack/cinder/cinder/volume/drivers/quobyte.py:681}}
Aug 16 18:23:23 devstack cinder-volume[94741]: DEBUG oslo_concurrency.lockutils [None req-008a7d61-5fe7-40da-9191-f598caf17874 tempest-TaggedAttachmentsTest-752620683 None] Lock "quobyte_ensure" "released" by "cinder.volume.drivers.quobyte.QuobyteDriver._ensure_shares_mounted" :: held 0.043s {{(pid=94741) inner /opt/stack/data/venv/lib/python3.12/site-packages/oslo_concurrency/lockutils.py:544}}
Aug 16 18:23:23 devstack cinder-volume[94741]: DEBUG oslo_concurrency.processutils [None req-008a7d61-5fe7-40da-9191-f598caf17874 tempest-TaggedAttachmentsTest-752620683 None] Running cmd (subprocess): sudo cinder-rootwrap /etc/cinder/rootwrap.conf df --portability --block-size 1 /opt/stack/data/cinder/mnt/f2125c7f2b5b84443c877ddd4acef233 {{(pid=94741) execute /opt/stack/data/venv/lib/python3.12/site-packages/oslo_concurrency/processutils.py:440}}
Aug 16 18:23:23 devstack sudo[96845]: quobyte : PWD=/ ; USER=root ; COMMAND=/opt/stack/data/venv/bin/cinder-rootwrap /etc/cinder/rootwrap.conf df --portability --block-size 1 /opt/stack/data/cinder/mnt/f2125c7f2b5b84443c877ddd4acef233
Aug 16 18:23:23 devstack sudo[96845]: pam_unix(sudo:session): session opened for user root(uid=0) by (uid=1000)
Aug 16 18:23:24 devstack sudo[96845]: pam_unix(sudo:session): session closed for user root
Aug 16 18:23:24 devstack cinder-volume[94741]: DEBUG oslo_concurrency.processutils [None req-008a7d61-5fe7-40da-9191-f598caf17874 tempest-TaggedAttachmentsTest-752620683 None] CMD "sudo cinder-rootwrap /etc/cinder/rootwrap.conf df --portability --block-size 1 /opt/stack/data/cinder/mnt/f2125c7f2b5b84443c877ddd4acef233" returned: 0 in 0.619s {{(pid=94741) execute /opt/stack/data/venv/lib/python3.12/site-packages/oslo_concurrency/processutils.py:468}}
Aug 16 18:23:24 devstack cinder-volume[94741]: DEBUG cinder.manager [None req-008a7d61-5fe7-40da-9191-f598caf17874 tempest-TaggedAttachmentsTest-752620683 None] Notifying Schedulers of capabilities ... {{(pid=94741) _publish_service_capabilities /opt/stack/cinder/cinder/manager.py:219}}
Aug 16 18:23:24 devstack cinder-volume[94741]: INFO cinder.volume.manager [None req-008a7d61-5fe7-40da-9191-f598caf17874 tempest-TaggedAttachmentsTest-752620683 None] Deleted volume successfully.
Aug 16 18:23:24 devstack cinder-volume[94741]: DEBUG cinder.coordination [None req-008a7d61-5fe7-40da-9191-f598caf17874 tempest-TaggedAttachmentsTest-752620683 None] Lock "cinder-3287cbc1-a941-4d8a-bd2b-d4d60437eda2-delete_volume" released by "delete_volume" :: held 2.477s {{(pid=94741) __release /opt/stack/cinder/cinder/coordination.py:152}}
