Aug 16 18:24:47 devstack cinder-volume[94741]: DEBUG oslo_concurrency.processutils [None req-aaed9d9b-be62-4cce-9fbd-f1b69ffbd4ca tempest-GroupsV314Test-116790582 None] Running cmd (subprocess): sudo cinder-rootwrap /etc/cinder/rootwrap.conf qemu-img rebase -u -b volume-861348ec-05f6-47a0-ba5b-ee89cec8d445 -F qcow2 /opt/stack/data/cinder/mnt/f2125c7f2b5b84443c877ddd4acef233/volume-861348ec-05f6-47a0-ba5b-ee89cec8d445.5ca0c33f-c4ae-4712-9021-038b1cddcb52 {{(pid=94741) execute /opt/stack/data/venv/lib/python3.12/site-packages/oslo_concurrency/processutils.py:440}}
Aug 16 18:24:47 devstack sudo[97651]: quobyte : PWD=/ ; USER=root ; COMMAND=/opt/stack/data/venv/bin/cinder-rootwrap /etc/cinder/rootwrap.conf qemu-img rebase -u -b volume-861348ec-05f6-47a0-ba5b-ee89cec8d445 -F qcow2 /opt/stack/data/cinder/mnt/f2125c7f2b5b84443c877ddd4acef233/volume-861348ec-05f6-47a0-ba5b-ee89cec8d445.5ca0c33f-c4ae-4712-9021-038b1cddcb52
Aug 16 18:24:47 devstack sudo[97651]: pam_unix(sudo:session): session opened for user root(uid=0) by (uid=1000)
Aug 16 18:24:48 devstack sudo[97651]: pam_unix(sudo:session): session closed for user root
Aug 16 18:24:48 devstack cinder-volume[94741]: DEBUG oslo_concurrency.processutils [None req-aaed9d9b-be62-4cce-9fbd-f1b69ffbd4ca tempest-GroupsV314Test-116790582 None] CMD "sudo cinder-rootwrap /etc/cinder/rootwrap.conf qemu-img rebase -u -b volume-861348ec-05f6-47a0-ba5b-ee89cec8d445 -F qcow2 /opt/stack/data/cinder/mnt/f2125c7f2b5b84443c877ddd4acef233/volume-861348ec-05f6-47a0-ba5b-ee89cec8d445.5ca0c33f-c4ae-4712-9021-038b1cddcb52" returned: 0 in 0.727s {{(pid=94741) execute /opt/stack/data/venv/lib/python3.12/site-packages/oslo_concurrency/processutils.py:468}}
Aug 16 18:24:48 devstack cinder-volume[94741]: WARNING cinder.volume.drivers.remotefs [None req-aaed9d9b-be62-4cce-9fbd-f1b69ffbd4ca tempest-GroupsV314Test-116790582 None] /opt/stack/data/cinder/mnt/f2125c7f2b5b84443c877ddd4acef233/volume-861348ec-05f6-47a0-ba5b-ee89cec8d445.5ca0c33f-c4ae-4712-9021-038b1cddcb52 is being set with open permissions: ugo+rw: NotImplementedError
Aug 16 18:24:48 devstack cinder-volume[94741]: DEBUG oslo_concurrency.processutils [None req-aaed9d9b-be62-4cce-9fbd-f1b69ffbd4ca tempest-GroupsV314Test-116790582 None] Running cmd (subprocess): sudo cinder-rootwrap /etc/cinder/rootwrap.conf chmod ugo+rw /opt/stack/data/cinder/mnt/f2125c7f2b5b84443c877ddd4acef233/volume-861348ec-05f6-47a0-ba5b-ee89cec8d445.5ca0c33f-c4ae-4712-9021-038b1cddcb52 {{(pid=94741) execute /opt/stack/data/venv/lib/python3.12/site-packages/oslo_concurrency/processutils.py:440}}
Aug 16 18:24:48 devstack sudo[97660]: quobyte : PWD=/ ; USER=root ; COMMAND=/opt/stack/data/venv/bin/cinder-rootwrap /etc/cinder/rootwrap.conf chmod ugo+rw /opt/stack/data/cinder/mnt/f2125c7f2b5b84443c877ddd4acef233/volume-861348ec-05f6-47a0-ba5b-ee89cec8d445.5ca0c33f-c4ae-4712-9021-038b1cddcb52
Aug 16 18:24:48 devstack sudo[97660]: pam_unix(sudo:session): session opened for user root(uid=0) by (uid=1000)
Aug 16 18:24:48 devstack cinder-volume[94741]: DEBUG cinder.volume.flows.manager.create_volume [None req-7016591a-8740-40a6-bcd3-74cb42cb2e2c tempest-ServersNegativeTestJSON-919462324 None] Volume reschedule parameters: True retry: {'num_attempts': 1, 'backends': ['devstack@QuobyteHD#QuobyteHD'], 'hosts': ['devstack@QuobyteHD#QuobyteHD']} {{(pid=94741) get_flow /opt/stack/cinder/cinder/volume/flows/manager/create_volume.py:1397}}
Aug 16 18:24:48 devstack cinder-volume[94741]: DEBUG cinder.volume.manager [None req-7016591a-8740-40a6-bcd3-74cb42cb2e2c tempest-ServersNegativeTestJSON-919462324 None] Flow 'volume_create_manager' (aaf98461-ab66-40f9-a511-ce9a1ff04b1e) transitioned into state 'RUNNING' from state 'PENDING' {{(pid=94741) _flow_receiver /opt/stack/data/venv/lib/python3.12/site-packages/taskflow/listeners/logging.py:160}}
Aug 16 18:24:48 devstack cinder-volume[94741]: DEBUG cinder.volume.manager [None req-7016591a-8740-40a6-bcd3-74cb42cb2e2c tempest-ServersNegativeTestJSON-919462324 None] Task 'cinder.volume.flows.manager.create_volume.ExtractVolumeRefTask;volume:create' (c4851363-381e-4fbd-9380-ae7dfeb19b32) transitioned into state 'RUNNING' from state 'PENDING' {{(pid=94741) _task_receiver /opt/stack/data/venv/lib/python3.12/site-packages/taskflow/listeners/logging.py:242}}
Aug 16 18:24:48 devstack cinder-volume[94741]: DEBUG cinder.volume.manager [None req-7016591a-8740-40a6-bcd3-74cb42cb2e2c tempest-ServersNegativeTestJSON-919462324 None] Task 'cinder.volume.flows.manager.create_volume.ExtractVolumeRefTask;volume:create' (c4851363-381e-4fbd-9380-ae7dfeb19b32) transitioned into state 'SUCCESS' from state 'RUNNING' with result 'Volume(_name_id=None,admin_metadata=,attach_status='detached',availability_zone='nova',bootable=False,cluster=,cluster_name=None,consistencygroup=,consistencygroup_id=None,created_at=2026-08-16T16:24:48Z,deleted=False,deleted_at=None,display_description=None,display_name='tempest-ServersNegativeTestJSON-volume-1038474806',ec2_id=None,encryption_key_id=None,glance_metadata=,group=,group_id=None,host='devstack@QuobyteHD#QuobyteHD',id=aa9c1baf-5f78-4865-8fd8-0aec35b3de50,launched_at=None,metadata={},migration_status=None,multiattach=False,previous_status=None,project_id='ca772ad9dd884afeb0f93ba934f23970',provider_auth=None,provider_geometry=None,provider_id=None,provider_location=None,replication_driver_data=None,replication_extended_status=None,replication_status=None,scheduled_at=2026-08-16T16:24:48Z,service_uuid=None,shared_targets=True,size=1,snapshot_id=None,snapshots=,source_volid=None,status='creating',terminated_at=None,updated_at=2026-08-16T16:24:48Z,use_quota=True,user_id='28e02bbd05d54f65b30dee1e4c400a9a',volume_attachment=VolumeAttachmentList,volume_type=VolumeType(398369fa-b39c-49d4-9bc7-5095b37ef97a),volume_type_id=398369fa-b39c-49d4-9bc7-5095b37ef97a)' {{(pid=94741) _task_receiver /opt/stack/data/venv/lib/python3.12/site-packages/taskflow/listeners/logging.py:218}}
Aug 16 18:24:48 devstack cinder-volume[94741]: DEBUG cinder.volume.manager [None req-7016591a-8740-40a6-bcd3-74cb42cb2e2c tempest-ServersNegativeTestJSON-919462324 None] Task 'cinder.volume.flows.manager.create_volume.OnFailureRescheduleTask;volume:create' (21f5f229-7118-4463-ab29-c3d18f57c6a2) transitioned into state 'RUNNING' from state 'PENDING' {{(pid=94741) _task_receiver /opt/stack/data/venv/lib/python3.12/site-packages/taskflow/listeners/logging.py:242}}
Aug 16 18:24:48 devstack cinder-volume[94741]: DEBUG cinder.volume.manager [None req-7016591a-8740-40a6-bcd3-74cb42cb2e2c tempest-ServersNegativeTestJSON-919462324 None] Task 'cinder.volume.flows.manager.create_volume.OnFailureRescheduleTask;volume:create' (21f5f229-7118-4463-ab29-c3d18f57c6a2) transitioned into state 'SUCCESS' from state 'RUNNING' with result 'None' {{(pid=94741) _task_receiver /opt/stack/data/venv/lib/python3.12/site-packages/taskflow/listeners/logging.py:218}}
Aug 16 18:24:48 devstack cinder-volume[94741]: DEBUG cinder.volume.manager [None req-7016591a-8740-40a6-bcd3-74cb42cb2e2c tempest-ServersNegativeTestJSON-919462324 None] Task 'cinder.volume.flows.manager.create_volume.ExtractVolumeSpecTask;volume:create' (df3d74ff-497a-428c-b22f-48667a5df97a) transitioned into state 'RUNNING' from state 'PENDING' {{(pid=94741) _task_receiver /opt/stack/data/venv/lib/python3.12/site-packages/taskflow/listeners/logging.py:242}}
Aug 16 18:24:48 devstack cinder-volume[94741]: DEBUG cinder.volume.manager [None req-7016591a-8740-40a6-bcd3-74cb42cb2e2c tempest-ServersNegativeTestJSON-919462324 None] Task 'cinder.volume.flows.manager.create_volume.ExtractVolumeSpecTask;volume:create' (df3d74ff-497a-428c-b22f-48667a5df97a) transitioned into state 'SUCCESS' from state 'RUNNING' with result '{'status': 'creating', 'type': 'raw', 'volume_id': 'aa9c1baf-5f78-4865-8fd8-0aec35b3de50', 'volume_name': 'volume-aa9c1baf-5f78-4865-8fd8-0aec35b3de50', 'volume_size': 1}' {{(pid=94741) _task_receiver /opt/stack/data/venv/lib/python3.12/site-packages/taskflow/listeners/logging.py:218}}
Aug 16 18:24:48 devstack cinder-volume[94741]: DEBUG cinder.volume.manager [None req-7016591a-8740-40a6-bcd3-74cb42cb2e2c tempest-ServersNegativeTestJSON-919462324 None] Task 'cinder.volume.flows.manager.create_volume.NotifyVolumeActionTask;volume:create, create.start' (1aa74783-5ef0-47fa-8be2-3e6f4e0becb6) transitioned into state 'RUNNING' from state 'PENDING' {{(pid=94741) _task_receiver /opt/stack/data/venv/lib/python3.12/site-packages/taskflow/listeners/logging.py:242}}
Aug 16 18:24:48 devstack cinder-volume[94741]: DEBUG cinder.volume.manager [None req-7016591a-8740-40a6-bcd3-74cb42cb2e2c tempest-ServersNegativeTestJSON-919462324 None] Task 'cinder.volume.flows.manager.create_volume.NotifyVolumeActionTask;volume:create, create.start' (1aa74783-5ef0-47fa-8be2-3e6f4e0becb6) transitioned into state 'SUCCESS' from state 'RUNNING' with result 'None' {{(pid=94741) _task_receiver /opt/stack/data/venv/lib/python3.12/site-packages/taskflow/listeners/logging.py:218}}
Aug 16 18:24:48 devstack cinder-volume[94741]: DEBUG cinder.volume.manager [None req-7016591a-8740-40a6-bcd3-74cb42cb2e2c tempest-ServersNegativeTestJSON-919462324 None] Task 'cinder.volume.flows.manager.create_volume.CreateVolumeFromSpecTask;volume:create' (f2c2d579-e386-4c33-8bdb-83f7655bbc3e) transitioned into state 'RUNNING' from state 'PENDING' {{(pid=94741) _task_receiver /opt/stack/data/venv/lib/python3.12/site-packages/taskflow/listeners/logging.py:242}}
Aug 16 18:24:48 devstack cinder-volume[94741]: INFO cinder.volume.flows.manager.create_volume [None req-7016591a-8740-40a6-bcd3-74cb42cb2e2c tempest-ServersNegativeTestJSON-919462324 None] Volume aa9c1baf-5f78-4865-8fd8-0aec35b3de50: being created as raw with specification: {'status': 'creating', 'volume_name': 'volume-aa9c1baf-5f78-4865-8fd8-0aec35b3de50', 'volume_size': 1}
Aug 16 18:24:48 devstack cinder-volume[94741]: DEBUG oslo_concurrency.lockutils [None req-7016591a-8740-40a6-bcd3-74cb42cb2e2c tempest-ServersNegativeTestJSON-919462324 None] Acquiring lock "quobyte" by "cinder.volume.drivers.quobyte.QuobyteDriver.create_volume" {{(pid=94741) inner /opt/stack/data/venv/lib/python3.12/site-packages/oslo_concurrency/lockutils.py:512}}
Aug 16 18:24:48 devstack sudo[97660]: pam_unix(sudo:session): session closed for user root
Aug 16 18:24:48 devstack cinder-volume[94741]: DEBUG oslo_concurrency.processutils [None req-aaed9d9b-be62-4cce-9fbd-f1b69ffbd4ca tempest-GroupsV314Test-116790582 None] CMD "sudo cinder-rootwrap /etc/cinder/rootwrap.conf chmod ugo+rw /opt/stack/data/cinder/mnt/f2125c7f2b5b84443c877ddd4acef233/volume-861348ec-05f6-47a0-ba5b-ee89cec8d445.5ca0c33f-c4ae-4712-9021-038b1cddcb52" returned: 0 in 0.397s {{(pid=94741) execute /opt/stack/data/venv/lib/python3.12/site-packages/oslo_concurrency/processutils.py:468}}
Aug 16 18:24:48 devstack cinder-volume[94741]: DEBUG oslo_concurrency.processutils [None req-aaed9d9b-be62-4cce-9fbd-f1b69ffbd4ca tempest-GroupsV314Test-116790582 None] Running cmd (subprocess): sudo cinder-rootwrap /etc/cinder/rootwrap.conf truncate -s0 /opt/stack/data/cinder/mnt/f2125c7f2b5b84443c877ddd4acef233/volume-861348ec-05f6-47a0-ba5b-ee89cec8d445.info {{(pid=94741) execute /opt/stack/data/venv/lib/python3.12/site-packages/oslo_concurrency/processutils.py:440}}
Aug 16 18:24:48 devstack sudo[97670]: quobyte : PWD=/ ; USER=root ; COMMAND=/opt/stack/data/venv/bin/cinder-rootwrap /etc/cinder/rootwrap.conf truncate -s0 /opt/stack/data/cinder/mnt/f2125c7f2b5b84443c877ddd4acef233/volume-861348ec-05f6-47a0-ba5b-ee89cec8d445.info
Aug 16 18:24:48 devstack sudo[97670]: pam_unix(sudo:session): session opened for user root(uid=0) by (uid=1000)
Aug 16 18:24:49 devstack sudo[97670]: pam_unix(sudo:session): session closed for user root
Aug 16 18:24:49 devstack cinder-volume[94741]: DEBUG oslo_concurrency.processutils [None req-aaed9d9b-be62-4cce-9fbd-f1b69ffbd4ca tempest-GroupsV314Test-116790582 None] CMD "sudo cinder-rootwrap /etc/cinder/rootwrap.conf truncate -s0 /opt/stack/data/cinder/mnt/f2125c7f2b5b84443c877ddd4acef233/volume-861348ec-05f6-47a0-ba5b-ee89cec8d445.info" returned: 0 in 0.384s {{(pid=94741) execute /opt/stack/data/venv/lib/python3.12/site-packages/oslo_concurrency/processutils.py:468}}
Aug 16 18:24:49 devstack cinder-volume[94741]: WARNING cinder.volume.drivers.remotefs [None req-aaed9d9b-be62-4cce-9fbd-f1b69ffbd4ca tempest-GroupsV314Test-116790582 None] /opt/stack/data/cinder/mnt/f2125c7f2b5b84443c877ddd4acef233/volume-861348ec-05f6-47a0-ba5b-ee89cec8d445.info is being set with open permissions: ugo+rw: NotImplementedError
Aug 16 18:24:49 devstack cinder-volume[94741]: DEBUG oslo_concurrency.processutils [None req-aaed9d9b-be62-4cce-9fbd-f1b69ffbd4ca tempest-GroupsV314Test-116790582 None] Running cmd (subprocess): sudo cinder-rootwrap /etc/cinder/rootwrap.conf chmod ugo+rw /opt/stack/data/cinder/mnt/f2125c7f2b5b84443c877ddd4acef233/volume-861348ec-05f6-47a0-ba5b-ee89cec8d445.info {{(pid=94741) execute /opt/stack/data/venv/lib/python3.12/site-packages/oslo_concurrency/processutils.py:440}}
Aug 16 18:24:49 devstack sudo[97681]: quobyte : PWD=/ ; USER=root ; COMMAND=/opt/stack/data/venv/bin/cinder-rootwrap /etc/cinder/rootwrap.conf chmod ugo+rw /opt/stack/data/cinder/mnt/f2125c7f2b5b84443c877ddd4acef233/volume-861348ec-05f6-47a0-ba5b-ee89cec8d445.info
Aug 16 18:24:49 devstack sudo[97681]: pam_unix(sudo:session): session opened for user root(uid=0) by (uid=1000)
Aug 16 18:24:49 devstack sudo[97681]: pam_unix(sudo:session): session closed for user root
Aug 16 18:24:49 devstack cinder-volume[94741]: DEBUG oslo_concurrency.processutils [None req-aaed9d9b-be62-4cce-9fbd-f1b69ffbd4ca tempest-GroupsV314Test-116790582 None] CMD "sudo cinder-rootwrap /etc/cinder/rootwrap.conf chmod ugo+rw /opt/stack/data/cinder/mnt/f2125c7f2b5b84443c877ddd4acef233/volume-861348ec-05f6-47a0-ba5b-ee89cec8d445.info" returned: 0 in 0.471s {{(pid=94741) execute /opt/stack/data/venv/lib/python3.12/site-packages/oslo_concurrency/processutils.py:468}}
Aug 16 18:24:49 devstack cinder-volume[94741]: DEBUG cinder.coordination [None req-aaed9d9b-be62-4cce-9fbd-f1b69ffbd4ca tempest-GroupsV314Test-116790582 None] Acquiring lock "cinder-quobyte-d1780b00-bbd9-4ebe-9667-f2ec30f3682f" by "_copy_volume_from_snapshot" {{(pid=94741) __acquire /opt/stack/cinder/cinder/coordination.py:138}}
Aug 16 18:24:49 devstack cinder-volume[94741]: DEBUG cinder.coordination [None req-aaed9d9b-be62-4cce-9fbd-f1b69ffbd4ca tempest-GroupsV314Test-116790582 None] Lock "cinder-quobyte-d1780b00-bbd9-4ebe-9667-f2ec30f3682f" acquired by "_copy_volume_from_snapshot" :: waited 0.032s {{(pid=94741) __acquire /opt/stack/cinder/cinder/coordination.py:141}}
Aug 16 18:24:49 devstack cinder-volume[94741]: DEBUG cinder.volume.drivers.quobyte [None req-aaed9d9b-be62-4cce-9fbd-f1b69ffbd4ca tempest-GroupsV314Test-116790582 None] snapshot: 5ca0c33f-c4ae-4712-9021-038b1cddcb52, volume: d1780b00-bbd9-4ebe-9667-f2ec30f3682f, {{(pid=94741) _copy_volume_from_snapshot /opt/stack/cinder/cinder/volume/drivers/quobyte.py:403}}
Aug 16 18:24:49 devstack cinder-volume[94741]: DEBUG oslo_concurrency.lockutils [None req-aaed9d9b-be62-4cce-9fbd-f1b69ffbd4ca tempest-GroupsV314Test-116790582 None] Acquiring lock "quobyte_ensure" by "cinder.volume.drivers.quobyte.QuobyteDriver._ensure_shares_mounted" {{(pid=94741) inner /opt/stack/data/venv/lib/python3.12/site-packages/oslo_concurrency/lockutils.py:512}}
Aug 16 18:24:49 devstack cinder-volume[94741]: DEBUG oslo_concurrency.lockutils [None req-aaed9d9b-be62-4cce-9fbd-f1b69ffbd4ca tempest-GroupsV314Test-116790582 None] Lock "quobyte_ensure" acquired by "cinder.volume.drivers.quobyte.QuobyteDriver._ensure_shares_mounted" :: waited 0.005s {{(pid=94741) inner /opt/stack/data/venv/lib/python3.12/site-packages/oslo_concurrency/lockutils.py:525}}
Aug 16 18:24:49 devstack cinder-volume[94741]: DEBUG cinder.volume.drivers.quobyte [None req-aaed9d9b-be62-4cce-9fbd-f1b69ffbd4ca tempest-GroupsV314Test-116790582 None] Quobyte Volume URL set to: {'osci02.corp.quobyte.com/cinder-vol-9ab73094-4c7a-454f-9d80-7adae53c1e40': None} {{(pid=94741) _load_shares_config /opt/stack/cinder/cinder/volume/drivers/quobyte.py:651}}
Aug 16 18:24:49 devstack cinder-volume[94741]: DEBUG cinder.volume.drivers.quobyte [None req-aaed9d9b-be62-4cce-9fbd-f1b69ffbd4ca tempest-GroupsV314Test-116790582 None] Available shares ['osci02.corp.quobyte.com/cinder-vol-9ab73094-4c7a-454f-9d80-7adae53c1e40'] {{(pid=94741) _ensure_shares_mounted /opt/stack/cinder/cinder/volume/drivers/quobyte.py:681}}
Aug 16 18:24:49 devstack cinder-volume[94741]: DEBUG oslo_concurrency.lockutils [None req-aaed9d9b-be62-4cce-9fbd-f1b69ffbd4ca tempest-GroupsV314Test-116790582 None] Lock "quobyte_ensure" "released" by "cinder.volume.drivers.quobyte.QuobyteDriver._ensure_shares_mounted" :: held 0.017s {{(pid=94741) inner /opt/stack/data/venv/lib/python3.12/site-packages/oslo_concurrency/lockutils.py:544}}
Aug 16 18:24:49 devstack cinder-volume[94741]: DEBUG oslo.privsep.daemon [-] privsep: reply[0b7df619-e2f0-499b-a6e9-8be7ce76b1f7]: (4, 'qcow2') {{(pid=95782) _call_back /opt/stack/data/venv/lib/python3.12/site-packages/oslo_privsep/daemon.py:580}}
Aug 16 18:24:49 devstack cinder-volume[94741]: DEBUG oslo_concurrency.processutils [None req-aaed9d9b-be62-4cce-9fbd-f1b69ffbd4ca tempest-GroupsV314Test-116790582 None] Running cmd (subprocess): /opt/stack/data/venv/bin/python3.12 -m oslo_concurrency.prlimit --as=1073741824 --cpu=60 -- sudo cinder-rootwrap /etc/cinder/rootwrap.conf env LC_ALL=C qemu-img info -f qcow2 --output=json --force-share /opt/stack/data/cinder/mnt/f2125c7f2b5b84443c877ddd4acef233/volume-861348ec-05f6-47a0-ba5b-ee89cec8d445.5ca0c33f-c4ae-4712-9021-038b1cddcb52 {{(pid=94741) execute /opt/stack/data/venv/lib/python3.12/site-packages/oslo_concurrency/processutils.py:440}}
Aug 16 18:24:49 devstack sudo[97707]: quobyte : PWD=/ ; USER=root ; COMMAND=/opt/stack/data/venv/bin/cinder-rootwrap /etc/cinder/rootwrap.conf env LC_ALL=C qemu-img info -f qcow2 --output=json --force-share /opt/stack/data/cinder/mnt/f2125c7f2b5b84443c877ddd4acef233/volume-861348ec-05f6-47a0-ba5b-ee89cec8d445.5ca0c33f-c4ae-4712-9021-038b1cddcb52
Aug 16 18:24:49 devstack sudo[97707]: pam_unix(sudo:session): session opened for user root(uid=0) by (uid=1000)
Aug 16 18:24:50 devstack sudo[97707]: pam_unix(sudo:session): session closed for user root
Aug 16 18:24:50 devstack cinder-volume[94741]: DEBUG oslo_concurrency.processutils [None req-aaed9d9b-be62-4cce-9fbd-f1b69ffbd4ca tempest-GroupsV314Test-116790582 None] CMD "/opt/stack/data/venv/bin/python3.12 -m oslo_concurrency.prlimit --as=1073741824 --cpu=60 -- sudo cinder-rootwrap /etc/cinder/rootwrap.conf env LC_ALL=C qemu-img info -f qcow2 --output=json --force-share /opt/stack/data/cinder/mnt/f2125c7f2b5b84443c877ddd4acef233/volume-861348ec-05f6-47a0-ba5b-ee89cec8d445.5ca0c33f-c4ae-4712-9021-038b1cddcb52" returned: 0 in 0.647s {{(pid=94741) execute /opt/stack/data/venv/lib/python3.12/site-packages/oslo_concurrency/processutils.py:468}}
Aug 16 18:24:50 devstack cinder-volume[94741]: DEBUG cinder.volume.drivers.remotefs [None req-aaed9d9b-be62-4cce-9fbd-f1b69ffbd4ca tempest-GroupsV314Test-116790582 None] Fetching qemu-img info with special backing_file_template: (/opt/stack/data/cinder/mnt/[0-9a-f]+/)?(volume-861348ec-05f6-47a0-ba5b-ee89cec8d445(.(tmp-snap-)?[0-9a-f-]+)?|volume_from_snapshot_cache/(tmp-snap-)?[0-9a-f-]+(.(child-|parent-)[0-9a-f-]+)?)$ {{(pid=94741) _qemu_img_info_base /opt/stack/cinder/cinder/volume/drivers/remotefs.py:896}}
Aug 16 18:24:50 devstack cinder-volume[94741]: DEBUG cinder.volume.drivers.quobyte [None req-aaed9d9b-be62-4cce-9fbd-f1b69ffbd4ca tempest-GroupsV314Test-116790582 None] will copy from snapshot at /opt/stack/data/cinder/mnt/f2125c7f2b5b84443c877ddd4acef233/volume-861348ec-05f6-47a0-ba5b-ee89cec8d445 {{(pid=94741) _copy_volume_from_snapshot /opt/stack/cinder/cinder/volume/drivers/quobyte.py:422}}
Aug 16 18:24:50 devstack cinder-volume[94741]: DEBUG cinder.volume.drivers.quobyte [None req-aaed9d9b-be62-4cce-9fbd-f1b69ffbd4ca tempest-GroupsV314Test-116790582 None] Creating direct copy from snapshot {{(pid=94741) _copy_volume_from_snapshot /opt/stack/cinder/cinder/volume/drivers/quobyte.py:430}}
Aug 16 18:24:50 devstack cinder-volume[94741]: DEBUG oslo.privsep.daemon [-] privsep: reply[e8e92ac6-dc19-40a9-854d-aa42557e0075]: (4, 'qcow2') {{(pid=95782) _call_back /opt/stack/data/venv/lib/python3.12/site-packages/oslo_privsep/daemon.py:580}}
Aug 16 18:24:50 devstack cinder-volume[94741]: DEBUG oslo_concurrency.processutils [None req-aaed9d9b-be62-4cce-9fbd-f1b69ffbd4ca tempest-GroupsV314Test-116790582 None] Running cmd (subprocess): /opt/stack/data/venv/bin/python3.12 -m oslo_concurrency.prlimit --as=1073741824 --cpu=60 -- sudo cinder-rootwrap /etc/cinder/rootwrap.conf env LC_ALL=C qemu-img info -f qcow2 --output=json /opt/stack/data/cinder/mnt/f2125c7f2b5b84443c877ddd4acef233/volume-861348ec-05f6-47a0-ba5b-ee89cec8d445 {{(pid=94741) execute /opt/stack/data/venv/lib/python3.12/site-packages/oslo_concurrency/processutils.py:440}}
Aug 16 18:24:50 devstack sudo[97726]: quobyte : PWD=/ ; USER=root ; COMMAND=/opt/stack/data/venv/bin/cinder-rootwrap /etc/cinder/rootwrap.conf env LC_ALL=C qemu-img info -f qcow2 --output=json /opt/stack/data/cinder/mnt/f2125c7f2b5b84443c877ddd4acef233/volume-861348ec-05f6-47a0-ba5b-ee89cec8d445
Aug 16 18:24:50 devstack sudo[97726]: pam_unix(sudo:session): session opened for user root(uid=0) by (uid=1000)
Aug 16 18:24:50 devstack sudo[97726]: pam_unix(sudo:session): session closed for user root
Aug 16 18:24:50 devstack cinder-volume[94741]: DEBUG oslo_concurrency.processutils [None req-aaed9d9b-be62-4cce-9fbd-f1b69ffbd4ca tempest-GroupsV314Test-116790582 None] CMD "/opt/stack/data/venv/bin/python3.12 -m oslo_concurrency.prlimit --as=1073741824 --cpu=60 -- sudo cinder-rootwrap /etc/cinder/rootwrap.conf env LC_ALL=C qemu-img info -f qcow2 --output=json /opt/stack/data/cinder/mnt/f2125c7f2b5b84443c877ddd4acef233/volume-861348ec-05f6-47a0-ba5b-ee89cec8d445" returned: 0 in 0.504s {{(pid=94741) execute /opt/stack/data/venv/lib/python3.12/site-packages/oslo_concurrency/processutils.py:468}}
Aug 16 18:24:50 devstack cinder-volume[94741]: DEBUG cinder.utils [None req-aaed9d9b-be62-4cce-9fbd-f1b69ffbd4ca tempest-GroupsV314Test-116790582 None] Path /opt/stack/data/cinder/mnt/f2125c7f2b5b84443c877ddd4acef233/volume-d1780b00-bbd9-4ebe-9667-f2ec30f3682f not found in is_blk_device check {{(pid=94741) is_blk_device /opt/stack/cinder/cinder/utils.py:615}}
Aug 16 18:24:50 devstack cinder-volume[94741]: DEBUG oslo_concurrency.processutils [None req-aaed9d9b-be62-4cce-9fbd-f1b69ffbd4ca tempest-GroupsV314Test-116790582 None] Running cmd (subprocess): sudo cinder-rootwrap /etc/cinder/rootwrap.conf qemu-img convert -O qcow2 /opt/stack/data/cinder/mnt/f2125c7f2b5b84443c877ddd4acef233/volume-861348ec-05f6-47a0-ba5b-ee89cec8d445 /opt/stack/data/cinder/mnt/f2125c7f2b5b84443c877ddd4acef233/volume-d1780b00-bbd9-4ebe-9667-f2ec30f3682f {{(pid=94741) execute /opt/stack/data/venv/lib/python3.12/site-packages/oslo_concurrency/processutils.py:440}}
Aug 16 18:24:50 devstack sudo[97751]: quobyte : PWD=/ ; USER=root ; COMMAND=/opt/stack/data/venv/bin/cinder-rootwrap /etc/cinder/rootwrap.conf qemu-img convert -O qcow2 /opt/stack/data/cinder/mnt/f2125c7f2b5b84443c877ddd4acef233/volume-861348ec-05f6-47a0-ba5b-ee89cec8d445 /opt/stack/data/cinder/mnt/f2125c7f2b5b84443c877ddd4acef233/volume-d1780b00-bbd9-4ebe-9667-f2ec30f3682f
Aug 16 18:24:50 devstack sudo[97751]: pam_unix(sudo:session): session opened for user root(uid=0) by (uid=1000)
Aug 16 18:24:58 devstack cinder-volume[94741]: DEBUG dbcounter [-] [94741] Writing DB stats cinder:UPDATE=9,cinder:SELECT=17,cinder:INSERT=1 {{(pid=94741) stat_writer /opt/stack/data/venv/lib/python3.12/site-packages/dbcounter.py:115}}
Aug 16 18:24:58 devstack cinder-volume[94741]: DEBUG dbcounter [-] [94741] Writing DB stats cinder:SELECT=8,cinder:UPDATE=8,cinder:INSERT=3,cinder:DELETE=2 {{(pid=94741) stat_writer /opt/stack/data/venv/lib/python3.12/site-packages/dbcounter.py:115}}
Aug 16 18:24:59 devstack sudo[97751]: pam_unix(sudo:session): session closed for user root
Aug 16 18:24:59 devstack cinder-volume[94741]: DEBUG oslo_concurrency.processutils [None req-aaed9d9b-be62-4cce-9fbd-f1b69ffbd4ca tempest-GroupsV314Test-116790582 None] CMD "sudo cinder-rootwrap /etc/cinder/rootwrap.conf qemu-img convert -O qcow2 /opt/stack/data/cinder/mnt/f2125c7f2b5b84443c877ddd4acef233/volume-861348ec-05f6-47a0-ba5b-ee89cec8d445 /opt/stack/data/cinder/mnt/f2125c7f2b5b84443c877ddd4acef233/volume-d1780b00-bbd9-4ebe-9667-f2ec30f3682f" returned: 0 in 8.473s {{(pid=94741) execute /opt/stack/data/venv/lib/python3.12/site-packages/oslo_concurrency/processutils.py:468}}
Aug 16 18:24:59 devstack cinder-volume[94741]: DEBUG oslo.privsep.daemon [-] privsep: reply[6ed87946-85d7-4948-9104-e4962f8906ad]: (4, 'qcow2') {{(pid=95782) _call_back /opt/stack/data/venv/lib/python3.12/site-packages/oslo_privsep/daemon.py:580}}
Aug 16 18:24:59 devstack cinder-volume[94741]: DEBUG oslo_concurrency.processutils [None req-aaed9d9b-be62-4cce-9fbd-f1b69ffbd4ca tempest-GroupsV314Test-116790582 None] Running cmd (subprocess): /opt/stack/data/venv/bin/python3.12 -m oslo_concurrency.prlimit --as=1073741824 --cpu=60 -- sudo cinder-rootwrap /etc/cinder/rootwrap.conf env LC_ALL=C qemu-img info -f qcow2 --output=json /opt/stack/data/cinder/mnt/f2125c7f2b5b84443c877ddd4acef233/volume-861348ec-05f6-47a0-ba5b-ee89cec8d445 {{(pid=94741) execute /opt/stack/data/venv/lib/python3.12/site-packages/oslo_concurrency/processutils.py:440}}
Aug 16 18:24:59 devstack sudo[97870]: quobyte : PWD=/ ; USER=root ; COMMAND=/opt/stack/data/venv/bin/cinder-rootwrap /etc/cinder/rootwrap.conf env LC_ALL=C qemu-img info -f qcow2 --output=json /opt/stack/data/cinder/mnt/f2125c7f2b5b84443c877ddd4acef233/volume-861348ec-05f6-47a0-ba5b-ee89cec8d445
Aug 16 18:24:59 devstack sudo[97870]: pam_unix(sudo:session): session opened for user root(uid=0) by (uid=1000)
Aug 16 18:25:01 devstack sudo[97870]: pam_unix(sudo:session): session closed for user root
Aug 16 18:25:01 devstack cinder-volume[94741]: DEBUG oslo_concurrency.processutils [None req-aaed9d9b-be62-4cce-9fbd-f1b69ffbd4ca tempest-GroupsV314Test-116790582 None] CMD "/opt/stack/data/venv/bin/python3.12 -m oslo_concurrency.prlimit --as=1073741824 --cpu=60 -- sudo cinder-rootwrap /etc/cinder/rootwrap.conf env LC_ALL=C qemu-img info -f qcow2 --output=json /opt/stack/data/cinder/mnt/f2125c7f2b5b84443c877ddd4acef233/volume-861348ec-05f6-47a0-ba5b-ee89cec8d445" returned: 0 in 1.628s {{(pid=94741) execute /opt/stack/data/venv/lib/python3.12/site-packages/oslo_concurrency/processutils.py:468}}
Aug 16 18:25:01 devstack cinder-volume[94741]: DEBUG cinder.image.image_utils [None req-aaed9d9b-be62-4cce-9fbd-f1b69ffbd4ca tempest-GroupsV314Test-116790582 None] Image conversion details: src /opt/stack/data/cinder/mnt/f2125c7f2b5b84443c877ddd4acef233/volume-861348ec-05f6-47a0-ba5b-ee89cec8d445, size 1024.00 MB, duration 8.47 sec, destination /opt/stack/data/cinder/mnt/f2125c7f2b5b84443c877ddd4acef233/volume-d1780b00-bbd9-4ebe-9667-f2ec30f3682f {{(pid=94741) _convert_image /opt/stack/cinder/cinder/image/image_utils.py:536}}
Aug 16 18:25:01 devstack cinder-volume[94741]: INFO cinder.image.image_utils [None req-aaed9d9b-be62-4cce-9fbd-f1b69ffbd4ca tempest-GroupsV314Test-116790582 None] Converted 1024.00 MB image at 120.85 MB/s
Aug 16 18:25:01 devstack cinder-volume[94741]: WARNING cinder.volume.drivers.remotefs [None req-aaed9d9b-be62-4cce-9fbd-f1b69ffbd4ca tempest-GroupsV314Test-116790582 None] /opt/stack/data/cinder/mnt/f2125c7f2b5b84443c877ddd4acef233/volume-d1780b00-bbd9-4ebe-9667-f2ec30f3682f is being set with open permissions: ugo+rw: NotImplementedError
Aug 16 18:25:01 devstack cinder-volume[94741]: DEBUG oslo_concurrency.processutils [None req-aaed9d9b-be62-4cce-9fbd-f1b69ffbd4ca tempest-GroupsV314Test-116790582 None] Running cmd (subprocess): sudo cinder-rootwrap /etc/cinder/rootwrap.conf chmod ugo+rw /opt/stack/data/cinder/mnt/f2125c7f2b5b84443c877ddd4acef233/volume-d1780b00-bbd9-4ebe-9667-f2ec30f3682f {{(pid=94741) execute /opt/stack/data/venv/lib/python3.12/site-packages/oslo_concurrency/processutils.py:440}}
Aug 16 18:25:01 devstack sudo[97915]: quobyte : PWD=/ ; USER=root ; COMMAND=/opt/stack/data/venv/bin/cinder-rootwrap /etc/cinder/rootwrap.conf chmod ugo+rw /opt/stack/data/cinder/mnt/f2125c7f2b5b84443c877ddd4acef233/volume-d1780b00-bbd9-4ebe-9667-f2ec30f3682f
Aug 16 18:25:01 devstack sudo[97915]: pam_unix(sudo:session): session opened for user root(uid=0) by (uid=1000)
Aug 16 18:25:01 devstack sudo[97915]: pam_unix(sudo:session): session closed for user root
Aug 16 18:25:01 devstack cinder-volume[94741]: DEBUG oslo_concurrency.processutils [None req-aaed9d9b-be62-4cce-9fbd-f1b69ffbd4ca tempest-GroupsV314Test-116790582 None] CMD "sudo cinder-rootwrap /etc/cinder/rootwrap.conf chmod ugo+rw /opt/stack/data/cinder/mnt/f2125c7f2b5b84443c877ddd4acef233/volume-d1780b00-bbd9-4ebe-9667-f2ec30f3682f" returned: 0 in 0.506s {{(pid=94741) execute /opt/stack/data/venv/lib/python3.12/site-packages/oslo_concurrency/processutils.py:468}}
Aug 16 18:25:01 devstack cinder-volume[94741]: DEBUG cinder.coordination [None req-aaed9d9b-be62-4cce-9fbd-f1b69ffbd4ca tempest-GroupsV314Test-116790582 None] Lock "cinder-quobyte-d1780b00-bbd9-4ebe-9667-f2ec30f3682f" released by "_copy_volume_from_snapshot" :: held 11.966s {{(pid=94741) __release /opt/stack/cinder/cinder/coordination.py:152}}
Aug 16 18:25:01 devstack cinder-volume[94741]: DEBUG cinder.coordination [None req-aaed9d9b-be62-4cce-9fbd-f1b69ffbd4ca tempest-GroupsV314Test-116790582 None] Acquiring lock "cinder-quobyte-5ca0c33f-c4ae-4712-9021-038b1cddcb52" by "_delete_snapshot" {{(pid=94741) __acquire /opt/stack/cinder/cinder/coordination.py:138}}
Aug 16 18:25:01 devstack cinder-volume[94741]: DEBUG cinder.coordination [None req-aaed9d9b-be62-4cce-9fbd-f1b69ffbd4ca tempest-GroupsV314Test-116790582 None] Lock "cinder-quobyte-5ca0c33f-c4ae-4712-9021-038b1cddcb52" acquired by "_delete_snapshot" :: waited 0.044s {{(pid=94741) __acquire /opt/stack/cinder/cinder/coordination.py:141}}
Aug 16 18:25:01 devstack cinder-volume[94741]: DEBUG cinder.volume.drivers.remotefs [None req-aaed9d9b-be62-4cce-9fbd-f1b69ffbd4ca tempest-GroupsV314Test-116790582 None] Deleting offline snapshot 5ca0c33f-c4ae-4712-9021-038b1cddcb52 of volume 861348ec-05f6-47a0-ba5b-ee89cec8d445 {{(pid=94741) _delete_snapshot /opt/stack/cinder/cinder/volume/drivers/remotefs.py:1288}}
Aug 16 18:25:01 devstack cinder-volume[94741]: DEBUG cinder.volume.drivers.remotefs [None req-aaed9d9b-be62-4cce-9fbd-f1b69ffbd4ca tempest-GroupsV314Test-116790582 None] snapshot_file for this snap is: volume-861348ec-05f6-47a0-ba5b-ee89cec8d445.5ca0c33f-c4ae-4712-9021-038b1cddcb52 {{(pid=94741) _delete_snapshot /opt/stack/cinder/cinder/volume/drivers/remotefs.py:1317}}
Aug 16 18:25:01 devstack cinder-volume[94741]: DEBUG oslo.privsep.daemon [-] privsep: reply[17c424cb-f616-4d98-b9e8-f6209e13d571]: (4, 'qcow2') {{(pid=95782) _call_back /opt/stack/data/venv/lib/python3.12/site-packages/oslo_privsep/daemon.py:580}}
Aug 16 18:25:01 devstack cinder-volume[94741]: DEBUG oslo_concurrency.processutils [None req-aaed9d9b-be62-4cce-9fbd-f1b69ffbd4ca tempest-GroupsV314Test-116790582 None] Running cmd (subprocess): /opt/stack/data/venv/bin/python3.12 -m oslo_concurrency.prlimit --as=1073741824 --cpu=60 -- sudo cinder-rootwrap /etc/cinder/rootwrap.conf env LC_ALL=C qemu-img info -f qcow2 --output=json --force-share /opt/stack/data/cinder/mnt/f2125c7f2b5b84443c877ddd4acef233/volume-861348ec-05f6-47a0-ba5b-ee89cec8d445.5ca0c33f-c4ae-4712-9021-038b1cddcb52 {{(pid=94741) execute /opt/stack/data/venv/lib/python3.12/site-packages/oslo_concurrency/processutils.py:440}}
Aug 16 18:25:02 devstack sudo[97992]: quobyte : PWD=/ ; USER=root ; COMMAND=/opt/stack/data/venv/bin/cinder-rootwrap /etc/cinder/rootwrap.conf env LC_ALL=C qemu-img info -f qcow2 --output=json --force-share /opt/stack/data/cinder/mnt/f2125c7f2b5b84443c877ddd4acef233/volume-861348ec-05f6-47a0-ba5b-ee89cec8d445.5ca0c33f-c4ae-4712-9021-038b1cddcb52
Aug 16 18:25:02 devstack sudo[97992]: pam_unix(sudo:session): session opened for user root(uid=0) by (uid=1000)
Aug 16 18:25:02 devstack sudo[97992]: pam_unix(sudo:session): session closed for user root
Aug 16 18:25:02 devstack cinder-volume[94741]: DEBUG oslo_concurrency.processutils [None req-aaed9d9b-be62-4cce-9fbd-f1b69ffbd4ca tempest-GroupsV314Test-116790582 None] CMD "/opt/stack/data/venv/bin/python3.12 -m oslo_concurrency.prlimit --as=1073741824 --cpu=60 -- sudo cinder-rootwrap /etc/cinder/rootwrap.conf env LC_ALL=C qemu-img info -f qcow2 --output=json --force-share /opt/stack/data/cinder/mnt/f2125c7f2b5b84443c877ddd4acef233/volume-861348ec-05f6-47a0-ba5b-ee89cec8d445.5ca0c33f-c4ae-4712-9021-038b1cddcb52" returned: 0 in 1.047s {{(pid=94741) execute /opt/stack/data/venv/lib/python3.12/site-packages/oslo_concurrency/processutils.py:468}}
Aug 16 18:25:02 devstack cinder-volume[94741]: DEBUG cinder.volume.drivers.remotefs [None req-aaed9d9b-be62-4cce-9fbd-f1b69ffbd4ca tempest-GroupsV314Test-116790582 None] Fetching qemu-img info with special backing_file_template: (/opt/stack/data/cinder/mnt/[0-9a-f]+/)?(volume-861348ec-05f6-47a0-ba5b-ee89cec8d445(.(tmp-snap-)?[0-9a-f-]+)?|volume_from_snapshot_cache/(tmp-snap-)?[0-9a-f-]+(.(child-|parent-)[0-9a-f-]+)?)$ {{(pid=94741) _qemu_img_info_base /opt/stack/cinder/cinder/volume/drivers/remotefs.py:896}}
Aug 16 18:25:02 devstack cinder-volume[94741]: DEBUG oslo.privsep.daemon [-] privsep: reply[eea6dc60-8653-46c5-b518-b5c997da121e]: (4, 'qcow2') {{(pid=95782) _call_back /opt/stack/data/venv/lib/python3.12/site-packages/oslo_privsep/daemon.py:580}}
Aug 16 18:25:02 devstack cinder-volume[94741]: DEBUG oslo_concurrency.processutils [None req-aaed9d9b-be62-4cce-9fbd-f1b69ffbd4ca tempest-GroupsV314Test-116790582 None] Running cmd (subprocess): /opt/stack/data/venv/bin/python3.12 -m oslo_concurrency.prlimit --as=1073741824 --cpu=60 -- sudo cinder-rootwrap /etc/cinder/rootwrap.conf env LC_ALL=C qemu-img info -f qcow2 --output=json --force-share /opt/stack/data/cinder/mnt/f2125c7f2b5b84443c877ddd4acef233/volume-861348ec-05f6-47a0-ba5b-ee89cec8d445 {{(pid=94741) execute /opt/stack/data/venv/lib/python3.12/site-packages/oslo_concurrency/processutils.py:440}}
Aug 16 18:25:03 devstack sudo[98249]: quobyte : PWD=/ ; USER=root ; COMMAND=/opt/stack/data/venv/bin/cinder-rootwrap /etc/cinder/rootwrap.conf env LC_ALL=C qemu-img info -f qcow2 --output=json --force-share /opt/stack/data/cinder/mnt/f2125c7f2b5b84443c877ddd4acef233/volume-861348ec-05f6-47a0-ba5b-ee89cec8d445
Aug 16 18:25:03 devstack sudo[98249]: pam_unix(sudo:session): session opened for user root(uid=0) by (uid=1000)
Aug 16 18:25:03 devstack sudo[98249]: pam_unix(sudo:session): session closed for user root
Aug 16 18:25:03 devstack cinder-volume[94741]: DEBUG oslo_concurrency.processutils [None req-aaed9d9b-be62-4cce-9fbd-f1b69ffbd4ca tempest-GroupsV314Test-116790582 None] CMD "/opt/stack/data/venv/bin/python3.12 -m oslo_concurrency.prlimit --as=1073741824 --cpu=60 -- sudo cinder-rootwrap /etc/cinder/rootwrap.conf env LC_ALL=C qemu-img info -f qcow2 --output=json --force-share /opt/stack/data/cinder/mnt/f2125c7f2b5b84443c877ddd4acef233/volume-861348ec-05f6-47a0-ba5b-ee89cec8d445" returned: 0 in 0.540s {{(pid=94741) execute /opt/stack/data/venv/lib/python3.12/site-packages/oslo_concurrency/processutils.py:468}}
Aug 16 18:25:03 devstack cinder-volume[94741]: DEBUG oslo_concurrency.processutils [None req-aaed9d9b-be62-4cce-9fbd-f1b69ffbd4ca tempest-GroupsV314Test-116790582 None] Running cmd (subprocess): sudo cinder-rootwrap /etc/cinder/rootwrap.conf qemu-img commit -d /opt/stack/data/cinder/mnt/f2125c7f2b5b84443c877ddd4acef233/volume-861348ec-05f6-47a0-ba5b-ee89cec8d445.5ca0c33f-c4ae-4712-9021-038b1cddcb52 {{(pid=94741) execute /opt/stack/data/venv/lib/python3.12/site-packages/oslo_concurrency/processutils.py:440}}
Aug 16 18:25:03 devstack sudo[98264]: quobyte : PWD=/ ; USER=root ; COMMAND=/opt/stack/data/venv/bin/cinder-rootwrap /etc/cinder/rootwrap.conf qemu-img commit -d /opt/stack/data/cinder/mnt/f2125c7f2b5b84443c877ddd4acef233/volume-861348ec-05f6-47a0-ba5b-ee89cec8d445.5ca0c33f-c4ae-4712-9021-038b1cddcb52
Aug 16 18:25:03 devstack sudo[98264]: pam_unix(sudo:session): session opened for user root(uid=0) by (uid=1000)
Aug 16 18:25:03 devstack sudo[98264]: pam_unix(sudo:session): session closed for user root
Aug 16 18:25:03 devstack cinder-volume[94741]: DEBUG oslo_concurrency.processutils [None req-aaed9d9b-be62-4cce-9fbd-f1b69ffbd4ca tempest-GroupsV314Test-116790582 None] CMD "sudo cinder-rootwrap /etc/cinder/rootwrap.conf qemu-img commit -d /opt/stack/data/cinder/mnt/f2125c7f2b5b84443c877ddd4acef233/volume-861348ec-05f6-47a0-ba5b-ee89cec8d445.5ca0c33f-c4ae-4712-9021-038b1cddcb52" returned: 0 in 0.405s {{(pid=94741) execute /opt/stack/data/venv/lib/python3.12/site-packages/oslo_concurrency/processutils.py:468}}
Aug 16 18:25:03 devstack cinder-volume[94741]: DEBUG oslo_concurrency.processutils [None req-aaed9d9b-be62-4cce-9fbd-f1b69ffbd4ca tempest-GroupsV314Test-116790582 None] Running cmd (subprocess): sudo cinder-rootwrap /etc/cinder/rootwrap.conf rm -f /opt/stack/data/cinder/mnt/f2125c7f2b5b84443c877ddd4acef233/volume-861348ec-05f6-47a0-ba5b-ee89cec8d445.5ca0c33f-c4ae-4712-9021-038b1cddcb52 {{(pid=94741) execute /opt/stack/data/venv/lib/python3.12/site-packages/oslo_concurrency/processutils.py:440}}
Aug 16 18:25:03 devstack sudo[98269]: quobyte : PWD=/ ; USER=root ; COMMAND=/opt/stack/data/venv/bin/cinder-rootwrap /etc/cinder/rootwrap.conf rm -f /opt/stack/data/cinder/mnt/f2125c7f2b5b84443c877ddd4acef233/volume-861348ec-05f6-47a0-ba5b-ee89cec8d445.5ca0c33f-c4ae-4712-9021-038b1cddcb52
Aug 16 18:25:03 devstack sudo[98269]: pam_unix(sudo:session): session opened for user root(uid=0) by (uid=1000)
Aug 16 18:25:04 devstack sudo[98269]: pam_unix(sudo:session): session closed for user root
Aug 16 18:25:04 devstack cinder-volume[94741]: DEBUG oslo_concurrency.processutils [None req-aaed9d9b-be62-4cce-9fbd-f1b69ffbd4ca tempest-GroupsV314Test-116790582 None] CMD "sudo cinder-rootwrap /etc/cinder/rootwrap.conf rm -f /opt/stack/data/cinder/mnt/f2125c7f2b5b84443c877ddd4acef233/volume-861348ec-05f6-47a0-ba5b-ee89cec8d445.5ca0c33f-c4ae-4712-9021-038b1cddcb52" returned: 0 in 0.501s {{(pid=94741) execute /opt/stack/data/venv/lib/python3.12/site-packages/oslo_concurrency/processutils.py:468}}
Aug 16 18:25:04 devstack cinder-volume[94741]: DEBUG cinder.coordination [None req-aaed9d9b-be62-4cce-9fbd-f1b69ffbd4ca tempest-GroupsV314Test-116790582 None] Lock "cinder-quobyte-5ca0c33f-c4ae-4712-9021-038b1cddcb52" released by "_delete_snapshot" :: held 2.714s {{(pid=94741) __release /opt/stack/cinder/cinder/coordination.py:152}}
Aug 16 18:25:04 devstack cinder-volume[94741]: DEBUG oslo_concurrency.lockutils [None req-aaed9d9b-be62-4cce-9fbd-f1b69ffbd4ca tempest-GroupsV314Test-116790582 None] Lock "quobyte" "released" by "cinder.volume.drivers.quobyte.QuobyteDriver.create_cloned_volume" :: held 18.318s {{(pid=94741) inner /opt/stack/data/venv/lib/python3.12/site-packages/oslo_concurrency/lockutils.py:544}}
Aug 16 18:25:04 devstack cinder-volume[94741]: DEBUG oslo_concurrency.lockutils [None req-7016591a-8740-40a6-bcd3-74cb42cb2e2c tempest-ServersNegativeTestJSON-919462324 None] Lock "quobyte" acquired by "cinder.volume.drivers.quobyte.QuobyteDriver.create_volume" :: waited 15.868s {{(pid=94741) inner /opt/stack/data/venv/lib/python3.12/site-packages/oslo_concurrency/lockutils.py:525}}
Aug 16 18:25:04 devstack cinder-volume[94741]: DEBUG cinder.volume.drivers.quobyte [None req-7016591a-8740-40a6-bcd3-74cb42cb2e2c tempest-ServersNegativeTestJSON-919462324 None] ==> create_volume: call "{'self': , 'volume': Volume(_name_id=None,admin_metadata=,attach_status='detached',availability_zone='nova',bootable=False,cluster=,cluster_name=None,consistencygroup=,consistencygroup_id=None,created_at=2026-08-16T16:24:48Z,deleted=False,deleted_at=None,display_description=None,display_name='tempest-ServersNegativeTestJSON-volume-1038474806',ec2_id=None,encryption_key_id=None,glance_metadata=,group=,group_id=None,host='devstack@QuobyteHD#QuobyteHD',id=aa9c1baf-5f78-4865-8fd8-0aec35b3de50,launched_at=None,metadata={},migration_status=None,multiattach=False,previous_status=None,project_id='ca772ad9dd884afeb0f93ba934f23970',provider_auth=None,provider_geometry=None,provider_id=None,provider_location=None,replication_driver_data=None,replication_extended_status=None,replication_status=None,scheduled_at=2026-08-16T16:24:48Z,service_uuid=None,shared_targets=True,size=1,snapshot_id=None,snapshots=,source_volid=None,status='creating',terminated_at=None,updated_at=2026-08-16T16:24:48Z,use_quota=True,user_id='28e02bbd05d54f65b30dee1e4c400a9a',volume_attachment=VolumeAttachmentList,volume_type=VolumeType(398369fa-b39c-49d4-9bc7-5095b37ef97a),volume_type_id=398369fa-b39c-49d4-9bc7-5095b37ef97a)}" {{(pid=94741) trace_logging_wrapper /opt/stack/cinder/cinder/volume/volume_utils.py:1497}}
Aug 16 18:25:04 devstack cinder-volume[94741]: DEBUG cinder.volume.drivers.remotefs [None req-7016591a-8740-40a6-bcd3-74cb42cb2e2c tempest-ServersNegativeTestJSON-919462324 None] Creating volume aa9c1baf-5f78-4865-8fd8-0aec35b3de50 {{(pid=94741) create_volume /opt/stack/cinder/cinder/volume/drivers/remotefs.py:292}}
Aug 16 18:25:04 devstack cinder-volume[94741]: DEBUG oslo_concurrency.lockutils [None req-7016591a-8740-40a6-bcd3-74cb42cb2e2c tempest-ServersNegativeTestJSON-919462324 None] Acquiring lock "quobyte_ensure" by "cinder.volume.drivers.quobyte.QuobyteDriver._ensure_shares_mounted" {{(pid=94741) inner /opt/stack/data/venv/lib/python3.12/site-packages/oslo_concurrency/lockutils.py:512}}
Aug 16 18:25:04 devstack cinder-volume[94741]: DEBUG oslo_concurrency.lockutils [None req-7016591a-8740-40a6-bcd3-74cb42cb2e2c tempest-ServersNegativeTestJSON-919462324 None] Lock "quobyte_ensure" acquired by "cinder.volume.drivers.quobyte.QuobyteDriver._ensure_shares_mounted" :: waited 0.001s {{(pid=94741) inner /opt/stack/data/venv/lib/python3.12/site-packages/oslo_concurrency/lockutils.py:525}}
Aug 16 18:25:04 devstack cinder-volume[94741]: DEBUG cinder.volume.drivers.quobyte [None req-7016591a-8740-40a6-bcd3-74cb42cb2e2c tempest-ServersNegativeTestJSON-919462324 None] Quobyte Volume URL set to: {'osci02.corp.quobyte.com/cinder-vol-9ab73094-4c7a-454f-9d80-7adae53c1e40': None} {{(pid=94741) _load_shares_config /opt/stack/cinder/cinder/volume/drivers/quobyte.py:651}}
Aug 16 18:25:04 devstack cinder-volume[94741]: DEBUG cinder.volume.drivers.quobyte [None req-7016591a-8740-40a6-bcd3-74cb42cb2e2c tempest-ServersNegativeTestJSON-919462324 None] Available shares ['osci02.corp.quobyte.com/cinder-vol-9ab73094-4c7a-454f-9d80-7adae53c1e40'] {{(pid=94741) _ensure_shares_mounted /opt/stack/cinder/cinder/volume/drivers/quobyte.py:681}}
Aug 16 18:25:04 devstack cinder-volume[94741]: DEBUG oslo_concurrency.lockutils [None req-7016591a-8740-40a6-bcd3-74cb42cb2e2c tempest-ServersNegativeTestJSON-919462324 None] Lock "quobyte_ensure" "released" by "cinder.volume.drivers.quobyte.QuobyteDriver._ensure_shares_mounted" :: held 0.011s {{(pid=94741) inner /opt/stack/data/venv/lib/python3.12/site-packages/oslo_concurrency/lockutils.py:544}}
Aug 16 18:25:04 devstack cinder-volume[94741]: DEBUG cinder.volume.drivers.quobyte [None req-7016591a-8740-40a6-bcd3-74cb42cb2e2c tempest-ServersNegativeTestJSON-919462324 None] Selected osci02.corp.quobyte.com/cinder-vol-9ab73094-4c7a-454f-9d80-7adae53c1e40 as target Quobyte volume. {{(pid=94741) _find_share /opt/stack/cinder/cinder/volume/drivers/quobyte.py:702}}
Aug 16 18:25:04 devstack cinder-volume[94741]: INFO cinder.volume.drivers.remotefs [None req-7016591a-8740-40a6-bcd3-74cb42cb2e2c tempest-ServersNegativeTestJSON-919462324 None] casted to osci02.corp.quobyte.com/cinder-vol-9ab73094-4c7a-454f-9d80-7adae53c1e40
Aug 16 18:25:04 devstack cinder-volume[94741]: DEBUG oslo_concurrency.processutils [None req-7016591a-8740-40a6-bcd3-74cb42cb2e2c tempest-ServersNegativeTestJSON-919462324 None] Running cmd (subprocess): sudo cinder-rootwrap /etc/cinder/rootwrap.conf qemu-img create -f qcow2 -o preallocation=metadata /opt/stack/data/cinder/mnt/f2125c7f2b5b84443c877ddd4acef233/volume-aa9c1baf-5f78-4865-8fd8-0aec35b3de50 1073741824 {{(pid=94741) execute /opt/stack/data/venv/lib/python3.12/site-packages/oslo_concurrency/processutils.py:440}}
Aug 16 18:25:04 devstack sudo[98273]: quobyte : PWD=/ ; USER=root ; COMMAND=/opt/stack/data/venv/bin/cinder-rootwrap /etc/cinder/rootwrap.conf qemu-img create -f qcow2 -o preallocation=metadata /opt/stack/data/cinder/mnt/f2125c7f2b5b84443c877ddd4acef233/volume-aa9c1baf-5f78-4865-8fd8-0aec35b3de50 1073741824
Aug 16 18:25:04 devstack sudo[98273]: pam_unix(sudo:session): session opened for user root(uid=0) by (uid=1000)
Aug 16 18:25:04 devstack cinder-volume[94741]: INFO cinder.volume.manager [None req-aaed9d9b-be62-4cce-9fbd-f1b69ffbd4ca tempest-GroupsV314Test-116790582 None] Create group from source-group-40cdc398-60a6-4626-9922-1c7d84941cd6 completed successfully.
Aug 16 18:25:05 devstack sudo[98273]: pam_unix(sudo:session): session closed for user root
Aug 16 18:25:05 devstack cinder-volume[94741]: DEBUG oslo_concurrency.processutils [None req-7016591a-8740-40a6-bcd3-74cb42cb2e2c tempest-ServersNegativeTestJSON-919462324 None] CMD "sudo cinder-rootwrap /etc/cinder/rootwrap.conf qemu-img create -f qcow2 -o preallocation=metadata /opt/stack/data/cinder/mnt/f2125c7f2b5b84443c877ddd4acef233/volume-aa9c1baf-5f78-4865-8fd8-0aec35b3de50 1073741824" returned: 0 in 0.687s {{(pid=94741) execute /opt/stack/data/venv/lib/python3.12/site-packages/oslo_concurrency/processutils.py:468}}
Aug 16 18:25:05 devstack cinder-volume[94741]: DEBUG oslo_concurrency.processutils [None req-7016591a-8740-40a6-bcd3-74cb42cb2e2c tempest-ServersNegativeTestJSON-919462324 None] Running cmd (subprocess): sudo cinder-rootwrap /etc/cinder/rootwrap.conf chmod ugo+rw /opt/stack/data/cinder/mnt/f2125c7f2b5b84443c877ddd4acef233/volume-aa9c1baf-5f78-4865-8fd8-0aec35b3de50 {{(pid=94741) execute /opt/stack/data/venv/lib/python3.12/site-packages/oslo_concurrency/processutils.py:440}}
Aug 16 18:25:05 devstack sudo[98281]: quobyte : PWD=/ ; USER=root ; COMMAND=/opt/stack/data/venv/bin/cinder-rootwrap /etc/cinder/rootwrap.conf chmod ugo+rw /opt/stack/data/cinder/mnt/f2125c7f2b5b84443c877ddd4acef233/volume-aa9c1baf-5f78-4865-8fd8-0aec35b3de50
Aug 16 18:25:05 devstack sudo[98281]: pam_unix(sudo:session): session opened for user root(uid=0) by (uid=1000)
Aug 16 18:25:05 devstack sudo[98281]: pam_unix(sudo:session): session closed for user root
Aug 16 18:25:05 devstack cinder-volume[94741]: DEBUG oslo_concurrency.processutils [None req-7016591a-8740-40a6-bcd3-74cb42cb2e2c tempest-ServersNegativeTestJSON-919462324 None] CMD "sudo cinder-rootwrap /etc/cinder/rootwrap.conf chmod ugo+rw /opt/stack/data/cinder/mnt/f2125c7f2b5b84443c877ddd4acef233/volume-aa9c1baf-5f78-4865-8fd8-0aec35b3de50" returned: 0 in 0.429s {{(pid=94741) execute /opt/stack/data/venv/lib/python3.12/site-packages/oslo_concurrency/processutils.py:468}}
Aug 16 18:25:05 devstack cinder-volume[94741]: DEBUG cinder.volume.drivers.quobyte [None req-7016591a-8740-40a6-bcd3-74cb42cb2e2c tempest-ServersNegativeTestJSON-919462324 None] <== create_volume: return (1231ms) {'provider_location': 'osci02.corp.quobyte.com/cinder-vol-9ab73094-4c7a-454f-9d80-7adae53c1e40'} {{(pid=94741) trace_logging_wrapper /opt/stack/cinder/cinder/volume/volume_utils.py:1522}}
Aug 16 18:25:05 devstack cinder-volume[94741]: DEBUG oslo_concurrency.lockutils [None req-7016591a-8740-40a6-bcd3-74cb42cb2e2c tempest-ServersNegativeTestJSON-919462324 None] Lock "quobyte" "released" by "cinder.volume.drivers.quobyte.QuobyteDriver.create_volume" :: held 1.237s {{(pid=94741) inner /opt/stack/data/venv/lib/python3.12/site-packages/oslo_concurrency/lockutils.py:544}}
Aug 16 18:25:05 devstack cinder-volume[94741]: DEBUG cinder.coordination [None req-d5435b50-160a-4f4e-9adc-e38ff8f3d826 tempest-GroupsV314Test-116790582 None] Acquiring lock "cinder-quobyte-d1780b00-bbd9-4ebe-9667-f2ec30f3682f" by "delete_volume" {{(pid=94741) __acquire /opt/stack/cinder/cinder/coordination.py:138}}
Aug 16 18:25:05 devstack cinder-volume[94741]: DEBUG cinder.coordination [None req-d5435b50-160a-4f4e-9adc-e38ff8f3d826 tempest-GroupsV314Test-116790582 None] Lock "cinder-quobyte-d1780b00-bbd9-4ebe-9667-f2ec30f3682f" acquired by "delete_volume" :: waited 0.043s {{(pid=94741) __acquire /opt/stack/cinder/cinder/coordination.py:141}}
Aug 16 18:25:05 devstack cinder-volume[94741]: DEBUG cinder.volume.manager [None req-7016591a-8740-40a6-bcd3-74cb42cb2e2c tempest-ServersNegativeTestJSON-919462324 None] Task 'cinder.volume.flows.manager.create_volume.CreateVolumeFromSpecTask;volume:create' (f2c2d579-e386-4c33-8bdb-83f7655bbc3e) transitioned into state 'SUCCESS' from state 'RUNNING' with result '{'status': 'creating', 'volume_name': 'volume-aa9c1baf-5f78-4865-8fd8-0aec35b3de50', 'volume_size': 1}' {{(pid=94741) _task_receiver /opt/stack/data/venv/lib/python3.12/site-packages/taskflow/listeners/logging.py:218}}
Aug 16 18:25:05 devstack cinder-volume[94741]: DEBUG cinder.volume.manager [None req-7016591a-8740-40a6-bcd3-74cb42cb2e2c tempest-ServersNegativeTestJSON-919462324 None] Task 'cinder.volume.flows.manager.create_volume.CreateVolumeOnFinishTask;volume:create, create.end' (0643fe80-15d3-4fa7-8f08-3c1953cc5eb8) transitioned into state 'RUNNING' from state 'PENDING' {{(pid=94741) _task_receiver /opt/stack/data/venv/lib/python3.12/site-packages/taskflow/listeners/logging.py:242}}
