Aug 25 14:42:28 devstack devstack@g-api.service[83991]: DEBUG glance.common.config [None req-bd005fef-8e0a-43f6-9a9c-05370d288954 None None] barbican_service_user.cafile = None {{(pid=83991) log_opt_values /opt/stack/data/venv/lib/python3.12/site-packages/oslo_config/cfg.py:3560}}
Aug 25 14:42:28 devstack devstack@g-api.service[83991]: DEBUG glance.common.config [None req-bd005fef-8e0a-43f6-9a9c-05370d288954 None None] barbican_service_user.certfile = None {{(pid=83991) log_opt_values /opt/stack/data/venv/lib/python3.12/site-packages/oslo_config/cfg.py:3560}}
Aug 25 14:42:28 devstack devstack@g-api.service[83991]: DEBUG glance.common.config [None req-bd005fef-8e0a-43f6-9a9c-05370d288954 None None] barbican_service_user.collect_timing = False {{(pid=83991) log_opt_values /opt/stack/data/venv/lib/python3.12/site-packages/oslo_config/cfg.py:3560}}
Aug 25 14:42:28 devstack devstack@g-api.service[83991]: DEBUG glance.common.config [None req-bd005fef-8e0a-43f6-9a9c-05370d288954 None None] barbican_service_user.insecure = False {{(pid=83991) log_opt_values /opt/stack/data/venv/lib/python3.12/site-packages/oslo_config/cfg.py:3560}}
Aug 25 14:42:28 devstack devstack@g-api.service[83991]: DEBUG glance.common.config [None req-bd005fef-8e0a-43f6-9a9c-05370d288954 None None] barbican_service_user.keyfile = None {{(pid=83991) log_opt_values /opt/stack/data/venv/lib/python3.12/site-packages/oslo_config/cfg.py:3560}}
Aug 25 14:42:28 devstack devstack@g-api.service[83991]: DEBUG glance.common.config [None req-bd005fef-8e0a-43f6-9a9c-05370d288954 None None] barbican_service_user.split_loggers = False {{(pid=83991) log_opt_values /opt/stack/data/venv/lib/python3.12/site-packages/oslo_config/cfg.py:3560}}
Aug 25 14:42:28 devstack devstack@g-api.service[83991]: DEBUG glance.common.config [None req-bd005fef-8e0a-43f6-9a9c-05370d288954 None None] barbican_service_user.timeout = None {{(pid=83991) log_opt_values /opt/stack/data/venv/lib/python3.12/site-packages/oslo_config/cfg.py:3560}}
Aug 25 14:42:28 devstack devstack@g-api.service[83991]: DEBUG glance.common.config [None req-bd005fef-8e0a-43f6-9a9c-05370d288954 None None] database.asyncio_connection = **** {{(pid=83991) log_opt_values /opt/stack/data/venv/lib/python3.12/site-packages/oslo_config/cfg.py:3560}}
Aug 25 14:42:28 devstack devstack@g-api.service[83991]: DEBUG glance.common.config [None req-bd005fef-8e0a-43f6-9a9c-05370d288954 None None] database.asyncio_slave_connection = **** {{(pid=83991) log_opt_values /opt/stack/data/venv/lib/python3.12/site-packages/oslo_config/cfg.py:3560}}
Aug 25 14:42:28 devstack devstack@g-api.service[83991]: DEBUG glance.common.config [None req-bd005fef-8e0a-43f6-9a9c-05370d288954 None None] database.backend = sqlalchemy {{(pid=83991) log_opt_values /opt/stack/data/venv/lib/python3.12/site-packages/oslo_config/cfg.py:3560}}
Aug 25 14:42:28 devstack devstack@g-api.service[83991]: DEBUG glance.common.config [None req-bd005fef-8e0a-43f6-9a9c-05370d288954 None None] database.connection = **** {{(pid=83991) log_opt_values /opt/stack/data/venv/lib/python3.12/site-packages/oslo_config/cfg.py:3560}}
Aug 25 14:42:28 devstack devstack@g-api.service[83991]: DEBUG glance.common.config [None req-bd005fef-8e0a-43f6-9a9c-05370d288954 None None] database.connection_debug = 0 {{(pid=83991) log_opt_values /opt/stack/data/venv/lib/python3.12/site-packages/oslo_config/cfg.py:3560}}
Aug 25 14:42:28 devstack devstack@g-api.service[83991]: DEBUG glance.common.config [None req-bd005fef-8e0a-43f6-9a9c-05370d288954 None None] database.connection_parameters = {{(pid=83991) log_opt_values /opt/stack/data/venv/lib/python3.12/site-packages/oslo_config/cfg.py:3560}}
Aug 25 14:42:28 devstack devstack@g-api.service[83991]: DEBUG glance.common.config [None req-bd005fef-8e0a-43f6-9a9c-05370d288954 None None] database.connection_recycle_time = 3600 {{(pid=83991) log_opt_values /opt/stack/data/venv/lib/python3.12/site-packages/oslo_config/cfg.py:3560}}
Aug 25 14:42:28 devstack devstack@g-api.service[83991]: DEBUG glance.common.config [None req-bd005fef-8e0a-43f6-9a9c-05370d288954 None None] database.connection_trace = False {{(pid=83991) log_opt_values /opt/stack/data/venv/lib/python3.12/site-packages/oslo_config/cfg.py:3560}}
Aug 25 14:42:28 devstack devstack@g-api.service[83991]: DEBUG glance.common.config [None req-bd005fef-8e0a-43f6-9a9c-05370d288954 None None] database.db_inc_retry_interval = True {{(pid=83991) log_opt_values /opt/stack/data/venv/lib/python3.12/site-packages/oslo_config/cfg.py:3560}}
Aug 25 14:42:28 devstack devstack@g-api.service[83991]: DEBUG glance.common.config [None req-bd005fef-8e0a-43f6-9a9c-05370d288954 None None] database.db_max_retries = 20 {{(pid=83991) log_opt_values /opt/stack/data/venv/lib/python3.12/site-packages/oslo_config/cfg.py:3560}}
Aug 25 14:42:28 devstack devstack@g-api.service[83991]: DEBUG glance.common.config [None req-bd005fef-8e0a-43f6-9a9c-05370d288954 None None] database.db_max_retry_interval = 10 {{(pid=83991) log_opt_values /opt/stack/data/venv/lib/python3.12/site-packages/oslo_config/cfg.py:3560}}
Aug 25 14:42:28 devstack devstack@g-api.service[83991]: DEBUG glance.common.config [None req-bd005fef-8e0a-43f6-9a9c-05370d288954 None None] database.db_retry_interval = 1 {{(pid=83991) log_opt_values /opt/stack/data/venv/lib/python3.12/site-packages/oslo_config/cfg.py:3560}}
Aug 25 14:42:28 devstack devstack@g-api.service[83991]: DEBUG glance.common.config [None req-bd005fef-8e0a-43f6-9a9c-05370d288954 None None] database.max_overflow = 50 {{(pid=83991) log_opt_values /opt/stack/data/venv/lib/python3.12/site-packages/oslo_config/cfg.py:3560}}
Aug 25 14:42:28 devstack devstack@g-api.service[83991]: DEBUG glance.common.config [None req-bd005fef-8e0a-43f6-9a9c-05370d288954 None None] database.max_pool_size = 5 {{(pid=83991) log_opt_values /opt/stack/data/venv/lib/python3.12/site-packages/oslo_config/cfg.py:3560}}
Aug 25 14:42:28 devstack devstack@g-api.service[83991]: DEBUG glance.common.config [None req-bd005fef-8e0a-43f6-9a9c-05370d288954 None None] database.max_retries = 10 {{(pid=83991) log_opt_values /opt/stack/data/venv/lib/python3.12/site-packages/oslo_config/cfg.py:3560}}
Aug 25 14:42:28 devstack devstack@g-api.service[83991]: DEBUG glance.common.config [None req-bd005fef-8e0a-43f6-9a9c-05370d288954 None None] database.mysql_sql_mode = TRADITIONAL {{(pid=83991) log_opt_values /opt/stack/data/venv/lib/python3.12/site-packages/oslo_config/cfg.py:3560}}
Aug 25 14:42:28 devstack devstack@g-api.service[83991]: DEBUG glance.common.config [None req-bd005fef-8e0a-43f6-9a9c-05370d288954 None None] database.mysql_wsrep_sync_wait = None {{(pid=83991) log_opt_values /opt/stack/data/venv/lib/python3.12/site-packages/oslo_config/cfg.py:3560}}
Aug 25 14:42:28 devstack devstack@g-api.service[83991]: DEBUG glance.common.config [None req-bd005fef-8e0a-43f6-9a9c-05370d288954 None None] database.pool_timeout = None {{(pid=83991) log_opt_values /opt/stack/data/venv/lib/python3.12/site-packages/oslo_config/cfg.py:3560}}
Aug 25 14:42:28 devstack devstack@g-api.service[83991]: DEBUG glance.common.config [None req-bd005fef-8e0a-43f6-9a9c-05370d288954 None None] database.retry_interval = 10 {{(pid=83991) log_opt_values /opt/stack/data/venv/lib/python3.12/site-packages/oslo_config/cfg.py:3560}}
Aug 25 14:42:28 devstack devstack@g-api.service[83991]: DEBUG glance.common.config [None req-bd005fef-8e0a-43f6-9a9c-05370d288954 None None] database.slave_connection = **** {{(pid=83991) log_opt_values /opt/stack/data/venv/lib/python3.12/site-packages/oslo_config/cfg.py:3560}}
Aug 25 14:42:28 devstack devstack@g-api.service[83991]: DEBUG glance.common.config [None req-bd005fef-8e0a-43f6-9a9c-05370d288954 None None] database.sqlite_synchronous = True {{(pid=83991) log_opt_values /opt/stack/data/venv/lib/python3.12/site-packages/oslo_config/cfg.py:3560}}
Aug 25 14:42:28 devstack devstack@g-api.service[83991]: DEBUG glance.common.config [None req-bd005fef-8e0a-43f6-9a9c-05370d288954 None None] database.synchronous_reader = True {{(pid=83991) log_opt_values /opt/stack/data/venv/lib/python3.12/site-packages/oslo_config/cfg.py:3560}}
Aug 25 14:42:28 devstack devstack@g-api.service[83991]: DEBUG glance.common.config [None req-bd005fef-8e0a-43f6-9a9c-05370d288954 None None] database.use_db_reconnect = False {{(pid=83991) log_opt_values /opt/stack/data/venv/lib/python3.12/site-packages/oslo_config/cfg.py:3560}}
Aug 25 14:42:28 devstack devstack@g-api.service[83991]: DEBUG glance.common.config [None req-bd005fef-8e0a-43f6-9a9c-05370d288954 None None] healthcheck.allowed_source_ranges = [] {{(pid=83991) log_opt_values /opt/stack/data/venv/lib/python3.12/site-packages/oslo_config/cfg.py:3560}}
Aug 25 14:42:28 devstack devstack@g-api.service[83991]: DEBUG glance.common.config [None req-bd005fef-8e0a-43f6-9a9c-05370d288954 None None] healthcheck.backends = ['disable_by_file'] {{(pid=83991) log_opt_values /opt/stack/data/venv/lib/python3.12/site-packages/oslo_config/cfg.py:3560}}
Aug 25 14:42:28 devstack devstack@g-api.service[83991]: DEBUG glance.common.config [None req-bd005fef-8e0a-43f6-9a9c-05370d288954 None None] healthcheck.detailed = False {{(pid=83991) log_opt_values /opt/stack/data/venv/lib/python3.12/site-packages/oslo_config/cfg.py:3560}}
Aug 25 14:42:28 devstack devstack@g-api.service[83991]: DEBUG glance.common.config [None req-bd005fef-8e0a-43f6-9a9c-05370d288954 None None] healthcheck.disable_by_file_path = None {{(pid=83991) log_opt_values /opt/stack/data/venv/lib/python3.12/site-packages/oslo_config/cfg.py:3560}}
Aug 25 14:42:28 devstack devstack@g-api.service[83991]: DEBUG glance.common.config [None req-bd005fef-8e0a-43f6-9a9c-05370d288954 None None] healthcheck.ignore_proxied_requests = False {{(pid=83991) log_opt_values /opt/stack/data/venv/lib/python3.12/site-packages/oslo_config/cfg.py:3560}}
Aug 25 14:42:28 devstack devstack@g-api.service[83991]: DEBUG glance.common.config [None req-bd005fef-8e0a-43f6-9a9c-05370d288954 None None] ******************************************************************************** {{(pid=83991) log_opt_values /opt/stack/data/venv/lib/python3.12/site-packages/oslo_config/cfg.py:3567}}
Aug 25 14:42:28 devstack devstack@g-api.service[83991]: WSGI app 0 (mountpoint='') ready in 6 seconds on interpreter 0x77222d8a4668 pid: 83991 (default app)
Aug 25 14:42:31 devstack devstack@g-api.service[83990]: DEBUG glance.api.middleware.version_negotiation [None req-270bce53-df0d-4463-9a05-9eaee23ada16 None None] Determining version of request: GET / Accept: application/json {{(pid=83990) process_request /opt/stack/glance/glance/api/middleware/version_negotiation.py:44}}
Aug 25 14:42:31 devstack devstack@g-api.service[83990]: DEBUG glance.api.middleware.version_negotiation [None req-270bce53-df0d-4463-9a05-9eaee23ada16 None None] Using url versioning {{(pid=83990) process_request /opt/stack/glance/glance/api/middleware/version_negotiation.py:57}}
Aug 25 14:42:31 devstack devstack@g-api.service[83990]: DEBUG glance.api.middleware.version_negotiation [None req-270bce53-df0d-4463-9a05-9eaee23ada16 None None] Unknown version. Returning version choices. {{(pid=83990) process_request /opt/stack/glance/glance/api/middleware/version_negotiation.py:64}}
Aug 25 14:42:31 devstack devstack@g-api.service[83990]: [pid: 83990|app: 0|req: 2/2] 127.0.0.1 () {34 vars in 519 bytes} [Tue Aug 25 14:42:31 2026] GET / => generated 1571 bytes in 2 msecs (HTTP/1.1 300) 3 headers in 106 bytes (1 switches on core 0)
Aug 25 14:42:31 devstack devstack@g-api.service[83991]: DEBUG glance.api.middleware.version_negotiation [None req-bd005fef-8e0a-43f6-9a9c-05370d288954 None None] Determining version of request: POST /v2/images Accept: */* {{(pid=83991) process_request /opt/stack/glance/glance/api/middleware/version_negotiation.py:44}}
Aug 25 14:42:31 devstack devstack@g-api.service[83991]: DEBUG glance.api.middleware.version_negotiation [None req-bd005fef-8e0a-43f6-9a9c-05370d288954 None None] Using url versioning {{(pid=83991) process_request /opt/stack/glance/glance/api/middleware/version_negotiation.py:57}}
Aug 25 14:42:31 devstack devstack@g-api.service[83991]: DEBUG glance.api.middleware.version_negotiation [None req-bd005fef-8e0a-43f6-9a9c-05370d288954 None None] Matched version: v2 {{(pid=83991) process_request /opt/stack/glance/glance/api/middleware/version_negotiation.py:69}}
Aug 25 14:42:31 devstack devstack@g-api.service[83991]: DEBUG glance.api.middleware.version_negotiation [None req-bd005fef-8e0a-43f6-9a9c-05370d288954 None None] new path /v2/images {{(pid=83991) process_request /opt/stack/glance/glance/api/middleware/version_negotiation.py:70}}
Aug 25 14:42:32 devstack devstack@g-api.service[83991]: [pid: 83991|app: 0|req: 1/3] 127.0.0.1 () {40 vars in 782 bytes} [Tue Aug 25 14:42:31 2026] POST /v2/images => generated 807 bytes in 1149 msecs (HTTP/1.1 201) 6 headers in 314 bytes (1 switches on core 0)
Aug 25 14:42:32 devstack devstack@g-api.service[83990]: DEBUG glance.api.middleware.version_negotiation [None req-270bce53-df0d-4463-9a05-9eaee23ada16 None None] Determining version of request: PUT /v2/images/47a77593-75be-4390-91a9-8ddbdcb3918e/file Accept: {{(pid=83990) process_request /opt/stack/glance/glance/api/middleware/version_negotiation.py:44}}
Aug 25 14:42:32 devstack devstack@g-api.service[83990]: DEBUG glance.api.middleware.version_negotiation [None req-270bce53-df0d-4463-9a05-9eaee23ada16 None None] Using url versioning {{(pid=83990) process_request /opt/stack/glance/glance/api/middleware/version_negotiation.py:57}}
Aug 25 14:42:32 devstack devstack@g-api.service[83990]: DEBUG glance.api.middleware.version_negotiation [None req-270bce53-df0d-4463-9a05-9eaee23ada16 None None] Matched version: v2 {{(pid=83990) process_request /opt/stack/glance/glance/api/middleware/version_negotiation.py:69}}
Aug 25 14:42:32 devstack devstack@g-api.service[83990]: DEBUG glance.api.middleware.version_negotiation [None req-270bce53-df0d-4463-9a05-9eaee23ada16 None None] new path /v2/images/47a77593-75be-4390-91a9-8ddbdcb3918e/file {{(pid=83990) process_request /opt/stack/glance/glance/api/middleware/version_negotiation.py:70}}
Aug 25 14:42:33 devstack devstack@g-api.service[83990]: INFO glance.api.v2.image_data [None req-5896b656-9417-4e57-bbad-9762412c07cc admin admin] Unable to create trust: no such option collect_timing in group [keystone_authtoken] Use the existing user token.
Aug 25 14:42:34 devstack devstack@g-api.service[83990]: DEBUG glance.location [None req-5896b656-9417-4e57-bbad-9762412c07cc admin admin] Enabling in-flight format inspection for qcow2 {{(pid=83990) set_data /opt/stack/glance/glance/location.py:596}}
Aug 25 14:42:34 devstack devstack@g-api.service[83990]: DEBUG oslo_utils.imageutils.format_inspector [None req-5896b656-9417-4e57-bbad-9762412c07cc admin admin] Format inspector for vmdk does not match, excluding from consideration (Signature KDMV not found: b'QFI\xfb') {{(pid=83990) _process_chunk /opt/stack/data/venv/lib/python3.12/site-packages/oslo_utils/imageutils/format_inspector.py:1758}}
Aug 25 14:42:34 devstack devstack@g-api.service[83990]: DEBUG oslo_utils.imageutils.format_inspector [None req-5896b656-9417-4e57-bbad-9762412c07cc admin admin] Format inspector for vhdx does not match, excluding from consideration (Region signature not found at 30000) {{(pid=83990) _process_chunk /opt/stack/data/venv/lib/python3.12/site-packages/oslo_utils/imageutils/format_inspector.py:1758}}
Aug 25 14:42:34 devstack devstack@g-api.service[83990]: DEBUG glance_store._drivers.filesystem [None req-5896b656-9417-4e57-bbad-9762412c07cc admin admin] Wrote 21692416 bytes to /opt/stack/data/glance/images/47a77593-75be-4390-91a9-8ddbdcb3918e with checksum 87617e24a5e30cb3b87fda8c0764838f and multihash 9a9bce0083a00939ec17c11febbfc767aa211aaa54f51e75c5a8b271a9b5637c77205a518b7a2007cb391d23cceb01e0e4e8d64832317151bc85b734b92a7be0 {{(pid=83990) add /opt/stack/data/venv/lib/python3.12/site-packages/glance_store/_drivers/filesystem.py:899}}
Aug 25 14:42:34 devstack devstack@g-api.service[83990]: INFO glance.location [None req-5896b656-9417-4e57-bbad-9762412c07cc admin admin] Image format matched and virtual size computed: 117440512
Aug 25 14:42:34 devstack devstack@g-api.service[83990]: DEBUG glance_store.backend [None req-5896b656-9417-4e57-bbad-9762412c07cc admin admin] Skipping store.set_acls... not implemented. {{(pid=83990) set_acls /opt/stack/data/venv/lib/python3.12/site-packages/glance_store/backend.py:507}}
Aug 25 14:42:34 devstack devstack@g-api.service[83990]: [pid: 83990|app: 0|req: 3/4] 127.0.0.1 () {42 vars in 914 bytes} [Tue Aug 25 14:42:32 2026] PUT /v2/images/47a77593-75be-4390-91a9-8ddbdcb3918e/file => generated 0 bytes in 1703 msecs (HTTP/1.1 204) 4 headers in 171 bytes (1 switches on core 0)
Aug 25 14:42:34 devstack devstack@g-api.service[83991]: DEBUG glance.api.middleware.version_negotiation [None req-4f0f6dda-b6fd-4fe6-b543-69394dd29eb6 admin admin] Determining version of request: GET /v2/images/47a77593-75be-4390-91a9-8ddbdcb3918e Accept: */* {{(pid=83991) process_request /opt/stack/glance/glance/api/middleware/version_negotiation.py:44}}
Aug 25 14:42:34 devstack devstack@g-api.service[83991]: DEBUG glance.api.middleware.version_negotiation [None req-4f0f6dda-b6fd-4fe6-b543-69394dd29eb6 admin admin] Using url versioning {{(pid=83991) process_request /opt/stack/glance/glance/api/middleware/version_negotiation.py:57}}
Aug 25 14:42:34 devstack devstack@g-api.service[83991]: DEBUG glance.api.middleware.version_negotiation [None req-4f0f6dda-b6fd-4fe6-b543-69394dd29eb6 admin admin] Matched version: v2 {{(pid=83991) process_request /opt/stack/glance/glance/api/middleware/version_negotiation.py:69}}
Aug 25 14:42:34 devstack devstack@g-api.service[83991]: DEBUG glance.api.middleware.version_negotiation [None req-4f0f6dda-b6fd-4fe6-b543-69394dd29eb6 admin admin] new path /v2/images/47a77593-75be-4390-91a9-8ddbdcb3918e {{(pid=83991) process_request /opt/stack/glance/glance/api/middleware/version_negotiation.py:70}}
Aug 25 14:42:34 devstack devstack@g-api.service[83991]: [pid: 83991|app: 0|req: 2/5] 127.0.0.1 () {36 vars in 802 bytes} [Tue Aug 25 14:42:34 2026] GET /v2/images/47a77593-75be-4390-91a9-8ddbdcb3918e => generated 976 bytes in 20 msecs (HTTP/1.1 200) 4 headers in 157 bytes (1 switches on core 0)
Aug 25 14:42:44 devstack devstack@g-api.service[83990]: DEBUG dbcounter [-] [83990] Writing DB stats glance:INSERT=5,glance:SELECT=16,glance:UPDATE=2 {{(pid=83990) stat_writer /opt/stack/data/venv/lib/python3.12/site-packages/dbcounter.py:115}}
Aug 25 14:42:44 devstack devstack@g-api.service[83991]: DEBUG dbcounter [-] [83991] Writing DB stats glance:INSERT=9,glance:SELECT=6 {{(pid=83991) stat_writer /opt/stack/data/venv/lib/python3.12/site-packages/dbcounter.py:115}}
Aug 25 14:43:18 devstack devstack@g-api.service[83990]: DEBUG glance.api.middleware.version_negotiation [None req-5896b656-9417-4e57-bbad-9762412c07cc admin admin] Determining version of request: GET / Accept: application/json {{(pid=83990) process_request /opt/stack/glance/glance/api/middleware/version_negotiation.py:44}}
Aug 25 14:43:18 devstack devstack@g-api.service[83990]: DEBUG glance.api.middleware.version_negotiation [None req-5896b656-9417-4e57-bbad-9762412c07cc admin admin] Using url versioning {{(pid=83990) process_request /opt/stack/glance/glance/api/middleware/version_negotiation.py:57}}
Aug 25 14:43:18 devstack devstack@g-api.service[83990]: DEBUG glance.api.middleware.version_negotiation [None req-5896b656-9417-4e57-bbad-9762412c07cc admin admin] Unknown version. Returning version choices. {{(pid=83990) process_request /opt/stack/glance/glance/api/middleware/version_negotiation.py:64}}
Aug 25 14:43:18 devstack devstack@g-api.service[83990]: [pid: 83990|app: 0|req: 4/6] 127.0.0.1 () {34 vars in 519 bytes} [Tue Aug 25 14:43:18 2026] GET / => generated 1571 bytes in 2 msecs (HTTP/1.1 300) 3 headers in 106 bytes (1 switches on core 0)
Aug 25 14:43:18 devstack devstack@g-api.service[83991]: DEBUG glance.api.middleware.version_negotiation [None req-391476a8-4cb5-4f66-a8ad-e200636b0fa4 admin admin] Determining version of request: GET /v2/images Accept: application/json {{(pid=83991) process_request /opt/stack/glance/glance/api/middleware/version_negotiation.py:44}}
Aug 25 14:43:18 devstack devstack@g-api.service[83991]: DEBUG glance.api.middleware.version_negotiation [None req-391476a8-4cb5-4f66-a8ad-e200636b0fa4 admin admin] Using url versioning {{(pid=83991) process_request /opt/stack/glance/glance/api/middleware/version_negotiation.py:57}}
Aug 25 14:43:18 devstack devstack@g-api.service[83991]: DEBUG glance.api.middleware.version_negotiation [None req-391476a8-4cb5-4f66-a8ad-e200636b0fa4 admin admin] Matched version: v2 {{(pid=83991) process_request /opt/stack/glance/glance/api/middleware/version_negotiation.py:69}}
Aug 25 14:43:18 devstack devstack@g-api.service[83991]: DEBUG glance.api.middleware.version_negotiation [None req-391476a8-4cb5-4f66-a8ad-e200636b0fa4 admin admin] new path /v2/images {{(pid=83991) process_request /opt/stack/glance/glance/api/middleware/version_negotiation.py:70}}
Aug 25 14:43:18 devstack devstack@g-api.service[83991]: [pid: 83991|app: 0|req: 3/7] 127.0.0.1 () {36 vars in 741 bytes} [Tue Aug 25 14:43:18 2026] GET /v2/images => generated 1045 bytes in 92 msecs (HTTP/1.1 200) 4 headers in 158 bytes (1 switches on core 0)
Aug 25 14:43:27 devstack devstack@g-api.service[83990]: DEBUG glance.api.middleware.version_negotiation [None req-5896b656-9417-4e57-bbad-9762412c07cc admin admin] Determining version of request: GET / Accept: application/json {{(pid=83990) process_request /opt/stack/glance/glance/api/middleware/version_negotiation.py:44}}
Aug 25 14:43:27 devstack devstack@g-api.service[83990]: DEBUG glance.api.middleware.version_negotiation [None req-5896b656-9417-4e57-bbad-9762412c07cc admin admin] Using url versioning {{(pid=83990) process_request /opt/stack/glance/glance/api/middleware/version_negotiation.py:57}}
Aug 25 14:43:27 devstack devstack@g-api.service[83990]: DEBUG glance.api.middleware.version_negotiation [None req-5896b656-9417-4e57-bbad-9762412c07cc admin admin] Unknown version. Returning version choices. {{(pid=83990) process_request /opt/stack/glance/glance/api/middleware/version_negotiation.py:64}}
Aug 25 14:43:27 devstack devstack@g-api.service[83990]: [pid: 83990|app: 0|req: 5/8] 127.0.0.1 () {34 vars in 519 bytes} [Tue Aug 25 14:43:27 2026] GET / => generated 1571 bytes in 2 msecs (HTTP/1.1 300) 3 headers in 106 bytes (1 switches on core 0)
Aug 25 14:43:27 devstack devstack@g-api.service[83991]: DEBUG glance.api.middleware.version_negotiation [None req-3de9b3f5-400b-4e8b-b12c-024283fad436 admin admin] Determining version of request: GET /v2/images/47a77593-75be-4390-91a9-8ddbdcb3918e Accept: */* {{(pid=83991) process_request /opt/stack/glance/glance/api/middleware/version_negotiation.py:44}}
Aug 25 14:43:27 devstack devstack@g-api.service[83991]: DEBUG glance.api.middleware.version_negotiation [None req-3de9b3f5-400b-4e8b-b12c-024283fad436 admin admin] Using url versioning {{(pid=83991) process_request /opt/stack/glance/glance/api/middleware/version_negotiation.py:57}}
Aug 25 14:43:27 devstack devstack@g-api.service[83991]: DEBUG glance.api.middleware.version_negotiation [None req-3de9b3f5-400b-4e8b-b12c-024283fad436 admin admin] Matched version: v2 {{(pid=83991) process_request /opt/stack/glance/glance/api/middleware/version_negotiation.py:69}}
Aug 25 14:43:27 devstack devstack@g-api.service[83991]: DEBUG glance.api.middleware.version_negotiation [None req-3de9b3f5-400b-4e8b-b12c-024283fad436 admin admin] new path /v2/images/47a77593-75be-4390-91a9-8ddbdcb3918e {{(pid=83991) process_request /opt/stack/glance/glance/api/middleware/version_negotiation.py:70}}
Aug 25 14:43:27 devstack devstack@g-api.service[83991]: [pid: 83991|app: 0|req: 4/9] 127.0.0.1 () {36 vars in 802 bytes} [Tue Aug 25 14:43:27 2026] GET /v2/images/47a77593-75be-4390-91a9-8ddbdcb3918e => generated 976 bytes in 71 msecs (HTTP/1.1 200) 4 headers in 157 bytes (1 switches on core 0)
Aug 25 14:43:34 devstack devstack@g-api.service[83990]: DEBUG glance.api.middleware.version_negotiation [None req-5896b656-9417-4e57-bbad-9762412c07cc admin admin] Determining version of request: GET / Accept: application/json {{(pid=83990) process_request /opt/stack/glance/glance/api/middleware/version_negotiation.py:44}}
Aug 25 14:43:34 devstack devstack@g-api.service[83990]: DEBUG glance.api.middleware.version_negotiation [None req-5896b656-9417-4e57-bbad-9762412c07cc admin admin] Using url versioning {{(pid=83990) process_request /opt/stack/glance/glance/api/middleware/version_negotiation.py:57}}
Aug 25 14:43:34 devstack devstack@g-api.service[83990]: DEBUG glance.api.middleware.version_negotiation [None req-5896b656-9417-4e57-bbad-9762412c07cc admin admin] Unknown version. Returning version choices. {{(pid=83990) process_request /opt/stack/glance/glance/api/middleware/version_negotiation.py:64}}
Aug 25 14:43:34 devstack devstack@g-api.service[83990]: [pid: 83990|app: 0|req: 6/10] 127.0.0.1 () {34 vars in 519 bytes} [Tue Aug 25 14:43:34 2026] GET / => generated 1571 bytes in 2 msecs (HTTP/1.1 300) 3 headers in 106 bytes (1 switches on core 0)
Aug 25 14:43:34 devstack devstack@g-api.service[83991]: DEBUG glance.api.middleware.version_negotiation [None req-bec8ffa1-fc4d-4f65-ae3c-2156f512dde9 admin admin] Determining version of request: GET /v2/images/47a77593-75be-4390-91a9-8ddbdcb3918e Accept: */* {{(pid=83991) process_request /opt/stack/glance/glance/api/middleware/version_negotiation.py:44}}
Aug 25 14:43:34 devstack devstack@g-api.service[83991]: DEBUG glance.api.middleware.version_negotiation [None req-bec8ffa1-fc4d-4f65-ae3c-2156f512dde9 admin admin] Using url versioning {{(pid=83991) process_request /opt/stack/glance/glance/api/middleware/version_negotiation.py:57}}
Aug 25 14:43:34 devstack devstack@g-api.service[83991]: DEBUG glance.api.middleware.version_negotiation [None req-bec8ffa1-fc4d-4f65-ae3c-2156f512dde9 admin admin] Matched version: v2 {{(pid=83991) process_request /opt/stack/glance/glance/api/middleware/version_negotiation.py:69}}
Aug 25 14:43:34 devstack devstack@g-api.service[83991]: DEBUG glance.api.middleware.version_negotiation [None req-bec8ffa1-fc4d-4f65-ae3c-2156f512dde9 admin admin] new path /v2/images/47a77593-75be-4390-91a9-8ddbdcb3918e {{(pid=83991) process_request /opt/stack/glance/glance/api/middleware/version_negotiation.py:70}}
Aug 25 14:43:34 devstack devstack@g-api.service[83991]: [pid: 83991|app: 0|req: 5/11] 127.0.0.1 () {36 vars in 802 bytes} [Tue Aug 25 14:43:34 2026] GET /v2/images/47a77593-75be-4390-91a9-8ddbdcb3918e => generated 976 bytes in 73 msecs (HTTP/1.1 200) 4 headers in 157 bytes (1 switches on core 0)
Aug 25 14:43:44 devstack devstack@g-api.service[83991]: DEBUG dbcounter [-] [83991] Writing DB stats glance:SELECT=5 {{(pid=83991) stat_writer /opt/stack/data/venv/lib/python3.12/site-packages/dbcounter.py:115}}
Aug 25 14:44:51 devstack devstack@g-api.service[83990]: DEBUG glance.api.middleware.version_negotiation [None req-5896b656-9417-4e57-bbad-9762412c07cc admin admin] Determining version of request: GET / Accept: application/json {{(pid=83990) process_request /opt/stack/glance/glance/api/middleware/version_negotiation.py:44}}
Aug 25 14:44:51 devstack devstack@g-api.service[83990]: DEBUG glance.api.middleware.version_negotiation [None req-5896b656-9417-4e57-bbad-9762412c07cc admin admin] Using url versioning {{(pid=83990) process_request /opt/stack/glance/glance/api/middleware/version_negotiation.py:57}}
Aug 25 14:44:51 devstack devstack@g-api.service[83990]: DEBUG glance.api.middleware.version_negotiation [None req-5896b656-9417-4e57-bbad-9762412c07cc admin admin] Unknown version. Returning version choices. {{(pid=83990) process_request /opt/stack/glance/glance/api/middleware/version_negotiation.py:64}}
Aug 25 14:44:51 devstack devstack@g-api.service[83990]: [pid: 83990|app: 0|req: 7/12] 127.0.0.1 () {36 vars in 488 bytes} [Tue Aug 25 14:44:51 2026] GET / => generated 1571 bytes in 2 msecs (HTTP/1.1 300) 3 headers in 106 bytes (1 switches on core 0)
Aug 25 14:47:42 devstack devstack@g-api.service[83991]: DEBUG glance.api.middleware.version_negotiation [None req-43c00797-912e-4284-9a83-b51e3e592cb3 admin admin] Determining version of request: GET / Accept: application/json {{(pid=83991) process_request /opt/stack/glance/glance/api/middleware/version_negotiation.py:44}}
Aug 25 14:47:42 devstack devstack@g-api.service[83991]: DEBUG glance.api.middleware.version_negotiation [None req-43c00797-912e-4284-9a83-b51e3e592cb3 admin admin] Using url versioning {{(pid=83991) process_request /opt/stack/glance/glance/api/middleware/version_negotiation.py:57}}
Aug 25 14:47:42 devstack devstack@g-api.service[83991]: DEBUG glance.api.middleware.version_negotiation [None req-43c00797-912e-4284-9a83-b51e3e592cb3 admin admin] Unknown version. Returning version choices. {{(pid=83991) process_request /opt/stack/glance/glance/api/middleware/version_negotiation.py:64}}
Aug 25 14:47:42 devstack devstack@g-api.service[83991]: [pid: 83991|app: 0|req: 6/13] 127.0.0.1 () {34 vars in 505 bytes} [Tue Aug 25 14:47:42 2026] GET / => generated 1571 bytes in 6 msecs (HTTP/1.1 300) 3 headers in 106 bytes (1 switches on core 0)
Aug 25 14:47:42 devstack devstack@g-api.service[83990]: DEBUG glance.api.middleware.version_negotiation [None req-5896b656-9417-4e57-bbad-9762412c07cc admin admin] Determining version of request: GET /v2/images/47a77593-75be-4390-91a9-8ddbdcb3918e Accept: */* {{(pid=83990) process_request /opt/stack/glance/glance/api/middleware/version_negotiation.py:44}}
Aug 25 14:47:42 devstack devstack@g-api.service[83990]: DEBUG glance.api.middleware.version_negotiation [None req-5896b656-9417-4e57-bbad-9762412c07cc admin admin] Using url versioning {{(pid=83990) process_request /opt/stack/glance/glance/api/middleware/version_negotiation.py:57}}
Aug 25 14:47:42 devstack devstack@g-api.service[83990]: DEBUG glance.api.middleware.version_negotiation [None req-5896b656-9417-4e57-bbad-9762412c07cc admin admin] Matched version: v2 {{(pid=83990) process_request /opt/stack/glance/glance/api/middleware/version_negotiation.py:69}}
Aug 25 14:47:42 devstack devstack@g-api.service[83990]: DEBUG glance.api.middleware.version_negotiation [None req-5896b656-9417-4e57-bbad-9762412c07cc admin admin] new path /v2/images/47a77593-75be-4390-91a9-8ddbdcb3918e {{(pid=83990) process_request /opt/stack/glance/glance/api/middleware/version_negotiation.py:70}}
Aug 25 14:47:42 devstack devstack@g-api.service[83990]: [pid: 83990|app: 0|req: 8/14] 127.0.0.1 () {42 vars in 1061 bytes} [Tue Aug 25 14:47:42 2026] GET /v2/images/47a77593-75be-4390-91a9-8ddbdcb3918e => generated 976 bytes in 377 msecs (HTTP/1.1 200) 4 headers in 157 bytes (1 switches on core 0)
Aug 25 14:47:42 devstack devstack@g-api.service[83991]: DEBUG glance.api.middleware.version_negotiation [None req-43c00797-912e-4284-9a83-b51e3e592cb3 admin admin] Determining version of request: GET /v2/schemas/image Accept: */* {{(pid=83991) process_request /opt/stack/glance/glance/api/middleware/version_negotiation.py:44}}
Aug 25 14:47:42 devstack devstack@g-api.service[83991]: DEBUG glance.api.middleware.version_negotiation [None req-43c00797-912e-4284-9a83-b51e3e592cb3 admin admin] Using url versioning {{(pid=83991) process_request /opt/stack/glance/glance/api/middleware/version_negotiation.py:57}}
Aug 25 14:47:42 devstack devstack@g-api.service[83991]: DEBUG glance.api.middleware.version_negotiation [None req-43c00797-912e-4284-9a83-b51e3e592cb3 admin admin] Matched version: v2 {{(pid=83991) process_request /opt/stack/glance/glance/api/middleware/version_negotiation.py:69}}
Aug 25 14:47:42 devstack devstack@g-api.service[83991]: DEBUG glance.api.middleware.version_negotiation [None req-43c00797-912e-4284-9a83-b51e3e592cb3 admin admin] new path /v2/schemas/image {{(pid=83991) process_request /opt/stack/glance/glance/api/middleware/version_negotiation.py:70}}
Aug 25 14:47:42 devstack devstack@g-api.service[83991]: [pid: 83991|app: 0|req: 7/15] 127.0.0.1 () {42 vars in 1001 bytes} [Tue Aug 25 14:47:42 2026] GET /v2/schemas/image => generated 6083 bytes in 9 msecs (HTTP/1.1 200) 4 headers in 158 bytes (1 switches on core 0)
Aug 25 14:47:50 devstack devstack@g-api.service[83990]: DEBUG glance.api.middleware.version_negotiation [None req-cbddf3fb-9285-416f-a5a7-1eb797a69b34 tempest-ServerRescueNegativeTestJSON-1503720798 tempest-ServerRescueNegativeTestJSON-1503720798-project-member] Determining version of request: GET / Accept: application/json {{(pid=83990) process_request /opt/stack/glance/glance/api/middleware/version_negotiation.py:44}}
Aug 25 14:47:50 devstack devstack@g-api.service[83990]: DEBUG glance.api.middleware.version_negotiation [None req-cbddf3fb-9285-416f-a5a7-1eb797a69b34 tempest-ServerRescueNegativeTestJSON-1503720798 tempest-ServerRescueNegativeTestJSON-1503720798-project-member] Using url versioning {{(pid=83990) process_request /opt/stack/glance/glance/api/middleware/version_negotiation.py:57}}
Aug 25 14:47:50 devstack devstack@g-api.service[83990]: DEBUG glance.api.middleware.version_negotiation [None req-cbddf3fb-9285-416f-a5a7-1eb797a69b34 tempest-ServerRescueNegativeTestJSON-1503720798 tempest-ServerRescueNegativeTestJSON-1503720798-project-member] Unknown version. Returning version choices. {{(pid=83990) process_request /opt/stack/glance/glance/api/middleware/version_negotiation.py:64}}
Aug 25 14:47:50 devstack devstack@g-api.service[83990]: [pid: 83990|app: 0|req: 9/16] 127.0.0.1 () {34 vars in 505 bytes} [Tue Aug 25 14:47:50 2026] GET / => generated 1571 bytes in 4 msecs (HTTP/1.1 300) 3 headers in 106 bytes (1 switches on core 0)
Aug 25 14:47:50 devstack devstack@g-api.service[83991]: DEBUG glance.api.middleware.version_negotiation [None req-cbddf3fb-9285-416f-a5a7-1eb797a69b34 tempest-ServerRescueNegativeTestJSON-1503720798 tempest-ServerRescueNegativeTestJSON-1503720798-project-member] Determining version of request: GET /v2/images/47a77593-75be-4390-91a9-8ddbdcb3918e Accept: */* {{(pid=83991) process_request /opt/stack/glance/glance/api/middleware/version_negotiation.py:44}}
Aug 25 14:47:50 devstack devstack@g-api.service[83991]: DEBUG glance.api.middleware.version_negotiation [None req-cbddf3fb-9285-416f-a5a7-1eb797a69b34 tempest-ServerRescueNegativeTestJSON-1503720798 tempest-ServerRescueNegativeTestJSON-1503720798-project-member] Using url versioning {{(pid=83991) process_request /opt/stack/glance/glance/api/middleware/version_negotiation.py:57}}
Aug 25 14:47:50 devstack devstack@g-api.service[83991]: DEBUG glance.api.middleware.version_negotiation [None req-cbddf3fb-9285-416f-a5a7-1eb797a69b34 tempest-ServerRescueNegativeTestJSON-1503720798 tempest-ServerRescueNegativeTestJSON-1503720798-project-member] Matched version: v2 {{(pid=83991) process_request /opt/stack/glance/glance/api/middleware/version_negotiation.py:69}}
Aug 25 14:47:50 devstack devstack@g-api.service[83991]: DEBUG glance.api.middleware.version_negotiation [None req-cbddf3fb-9285-416f-a5a7-1eb797a69b34 tempest-ServerRescueNegativeTestJSON-1503720798 tempest-ServerRescueNegativeTestJSON-1503720798-project-member] new path /v2/images/47a77593-75be-4390-91a9-8ddbdcb3918e {{(pid=83991) process_request /opt/stack/glance/glance/api/middleware/version_negotiation.py:70}}
Aug 25 14:47:51 devstack devstack@g-api.service[83991]: [pid: 83991|app: 0|req: 8/17] 127.0.0.1 () {42 vars in 1061 bytes} [Tue Aug 25 14:47:50 2026] GET /v2/images/47a77593-75be-4390-91a9-8ddbdcb3918e => generated 976 bytes in 268 msecs (HTTP/1.1 200) 4 headers in 157 bytes (1 switches on core 0)
Aug 25 14:47:51 devstack devstack@g-api.service[83990]: DEBUG glance.api.middleware.version_negotiation [None req-cbddf3fb-9285-416f-a5a7-1eb797a69b34 tempest-ServerRescueNegativeTestJSON-1503720798 tempest-ServerRescueNegativeTestJSON-1503720798-project-member] Determining version of request: GET /v2/schemas/image Accept: */* {{(pid=83990) process_request /opt/stack/glance/glance/api/middleware/version_negotiation.py:44}}
Aug 25 14:47:51 devstack devstack@g-api.service[83990]: DEBUG glance.api.middleware.version_negotiation [None req-cbddf3fb-9285-416f-a5a7-1eb797a69b34 tempest-ServerRescueNegativeTestJSON-1503720798 tempest-ServerRescueNegativeTestJSON-1503720798-project-member] Using url versioning {{(pid=83990) process_request /opt/stack/glance/glance/api/middleware/version_negotiation.py:57}}
Aug 25 14:47:51 devstack devstack@g-api.service[83990]: DEBUG glance.api.middleware.version_negotiation [None req-cbddf3fb-9285-416f-a5a7-1eb797a69b34 tempest-ServerRescueNegativeTestJSON-1503720798 tempest-ServerRescueNegativeTestJSON-1503720798-project-member] Matched version: v2 {{(pid=83990) process_request /opt/stack/glance/glance/api/middleware/version_negotiation.py:69}}
Aug 25 14:47:51 devstack devstack@g-api.service[83990]: DEBUG glance.api.middleware.version_negotiation [None req-cbddf3fb-9285-416f-a5a7-1eb797a69b34 tempest-ServerRescueNegativeTestJSON-1503720798 tempest-ServerRescueNegativeTestJSON-1503720798-project-member] new path /v2/schemas/image {{(pid=83990) process_request /opt/stack/glance/glance/api/middleware/version_negotiation.py:70}}
Aug 25 14:47:51 devstack devstack@g-api.service[83990]: [pid: 83990|app: 0|req: 10/18] 127.0.0.1 () {42 vars in 1001 bytes} [Tue Aug 25 14:47:51 2026] GET /v2/schemas/image => generated 6083 bytes in 15 msecs (HTTP/1.1 200) 4 headers in 158 bytes (1 switches on core 0)
Aug 25 14:47:52 devstack devstack@g-api.service[83990]: DEBUG dbcounter [-] [83990] Writing DB stats glance:SELECT=2 {{(pid=83990) stat_writer /opt/stack/data/venv/lib/python3.12/site-packages/dbcounter.py:115}}
Aug 25 14:47:56 devstack devstack@g-api.service[83991]: DEBUG glance.api.middleware.version_negotiation [None req-abeb1031-b0e7-440f-a636-de3aac88d713 tempest-ServersNegativeTestJSON-481937986 tempest-ServersNegativeTestJSON-481937986-project-member] Determining version of request: GET /v2/images/47a77593-75be-4390-91a9-8ddbdcb3918e Accept: */* {{(pid=83991) process_request /opt/stack/glance/glance/api/middleware/version_negotiation.py:44}}
Aug 25 14:47:56 devstack devstack@g-api.service[83991]: DEBUG glance.api.middleware.version_negotiation [None req-abeb1031-b0e7-440f-a636-de3aac88d713 tempest-ServersNegativeTestJSON-481937986 tempest-ServersNegativeTestJSON-481937986-project-member] Using url versioning {{(pid=83991) process_request /opt/stack/glance/glance/api/middleware/version_negotiation.py:57}}
Aug 25 14:47:56 devstack devstack@g-api.service[83991]: DEBUG glance.api.middleware.version_negotiation [None req-abeb1031-b0e7-440f-a636-de3aac88d713 tempest-ServersNegativeTestJSON-481937986 tempest-ServersNegativeTestJSON-481937986-project-member] Matched version: v2 {{(pid=83991) process_request /opt/stack/glance/glance/api/middleware/version_negotiation.py:69}}
Aug 25 14:47:56 devstack devstack@g-api.service[83991]: DEBUG glance.api.middleware.version_negotiation [None req-abeb1031-b0e7-440f-a636-de3aac88d713 tempest-ServersNegativeTestJSON-481937986 tempest-ServersNegativeTestJSON-481937986-project-member] new path /v2/images/47a77593-75be-4390-91a9-8ddbdcb3918e {{(pid=83991) process_request /opt/stack/glance/glance/api/middleware/version_negotiation.py:70}}
Aug 25 14:47:57 devstack devstack@g-api.service[83991]: [pid: 83991|app: 0|req: 9/19] 127.0.0.1 () {42 vars in 1061 bytes} [Tue Aug 25 14:47:56 2026] GET /v2/images/47a77593-75be-4390-91a9-8ddbdcb3918e => generated 976 bytes in 103 msecs (HTTP/1.1 200) 4 headers in 157 bytes (1 switches on core 0)
Aug 25 14:47:57 devstack devstack@g-api.service[83990]: DEBUG glance.api.middleware.version_negotiation [None req-abeb1031-b0e7-440f-a636-de3aac88d713 tempest-ServersNegativeTestJSON-481937986 tempest-ServersNegativeTestJSON-481937986-project-member] Determining version of request: GET /v2/schemas/image Accept: */* {{(pid=83990) process_request /opt/stack/glance/glance/api/middleware/version_negotiation.py:44}}
Aug 25 14:47:57 devstack devstack@g-api.service[83990]: DEBUG glance.api.middleware.version_negotiation [None req-abeb1031-b0e7-440f-a636-de3aac88d713 tempest-ServersNegativeTestJSON-481937986 tempest-ServersNegativeTestJSON-481937986-project-member] Using url versioning {{(pid=83990) process_request /opt/stack/glance/glance/api/middleware/version_negotiation.py:57}}
Aug 25 14:47:57 devstack devstack@g-api.service[83990]: DEBUG glance.api.middleware.version_negotiation [None req-abeb1031-b0e7-440f-a636-de3aac88d713 tempest-ServersNegativeTestJSON-481937986 tempest-ServersNegativeTestJSON-481937986-project-member] Matched version: v2 {{(pid=83990) process_request /opt/stack/glance/glance/api/middleware/version_negotiation.py:69}}
Aug 25 14:47:57 devstack devstack@g-api.service[83990]: DEBUG glance.api.middleware.version_negotiation [None req-abeb1031-b0e7-440f-a636-de3aac88d713 tempest-ServersNegativeTestJSON-481937986 tempest-ServersNegativeTestJSON-481937986-project-member] new path /v2/schemas/image {{(pid=83990) process_request /opt/stack/glance/glance/api/middleware/version_negotiation.py:70}}
Aug 25 14:47:57 devstack devstack@g-api.service[83990]: [pid: 83990|app: 0|req: 11/20] 127.0.0.1 () {42 vars in 1001 bytes} [Tue Aug 25 14:47:57 2026] GET /v2/schemas/image => generated 6083 bytes in 8 msecs (HTTP/1.1 200) 4 headers in 158 bytes (1 switches on core 0)
Aug 25 14:48:01 devstack devstack@g-api.service[83991]: DEBUG glance.api.middleware.version_negotiation [None req-5e8414b4-e2e0-4294-a9ad-c92a94697a6a tempest-ServerRescueNegativeTestJSON-1503720798 tempest-ServerRescueNegativeTestJSON-1503720798-project-member] Determining version of request: GET /v2/images/47a77593-75be-4390-91a9-8ddbdcb3918e Accept: */* {{(pid=83991) process_request /opt/stack/glance/glance/api/middleware/version_negotiation.py:44}}
Aug 25 14:48:01 devstack devstack@g-api.service[83991]: DEBUG glance.api.middleware.version_negotiation [None req-5e8414b4-e2e0-4294-a9ad-c92a94697a6a tempest-ServerRescueNegativeTestJSON-1503720798 tempest-ServerRescueNegativeTestJSON-1503720798-project-member] Using url versioning {{(pid=83991) process_request /opt/stack/glance/glance/api/middleware/version_negotiation.py:57}}
Aug 25 14:48:01 devstack devstack@g-api.service[83991]: DEBUG glance.api.middleware.version_negotiation [None req-5e8414b4-e2e0-4294-a9ad-c92a94697a6a tempest-ServerRescueNegativeTestJSON-1503720798 tempest-ServerRescueNegativeTestJSON-1503720798-project-member] Matched version: v2 {{(pid=83991) process_request /opt/stack/glance/glance/api/middleware/version_negotiation.py:69}}
Aug 25 14:48:01 devstack devstack@g-api.service[83991]: DEBUG glance.api.middleware.version_negotiation [None req-5e8414b4-e2e0-4294-a9ad-c92a94697a6a tempest-ServerRescueNegativeTestJSON-1503720798 tempest-ServerRescueNegativeTestJSON-1503720798-project-member] new path /v2/images/47a77593-75be-4390-91a9-8ddbdcb3918e {{(pid=83991) process_request /opt/stack/glance/glance/api/middleware/version_negotiation.py:70}}
Aug 25 14:48:01 devstack devstack@g-api.service[83991]: [pid: 83991|app: 0|req: 10/21] 127.0.0.1 () {42 vars in 1061 bytes} [Tue Aug 25 14:48:01 2026] GET /v2/images/47a77593-75be-4390-91a9-8ddbdcb3918e => generated 976 bytes in 373 msecs (HTTP/1.1 200) 4 headers in 157 bytes (1 switches on core 0)
Aug 25 14:48:01 devstack devstack@g-api.service[83990]: DEBUG glance.api.middleware.version_negotiation [None req-5e8414b4-e2e0-4294-a9ad-c92a94697a6a tempest-ServerRescueNegativeTestJSON-1503720798 tempest-ServerRescueNegativeTestJSON-1503720798-project-member] Determining version of request: GET /v2/images/47a77593-75be-4390-91a9-8ddbdcb3918e/file Accept: */* {{(pid=83990) process_request /opt/stack/glance/glance/api/middleware/version_negotiation.py:44}}
Aug 25 14:48:01 devstack devstack@g-api.service[83990]: DEBUG glance.api.middleware.version_negotiation [None req-5e8414b4-e2e0-4294-a9ad-c92a94697a6a tempest-ServerRescueNegativeTestJSON-1503720798 tempest-ServerRescueNegativeTestJSON-1503720798-project-member] Using url versioning {{(pid=83990) process_request /opt/stack/glance/glance/api/middleware/version_negotiation.py:57}}
Aug 25 14:48:01 devstack devstack@g-api.service[83990]: DEBUG glance.api.middleware.version_negotiation [None req-5e8414b4-e2e0-4294-a9ad-c92a94697a6a tempest-ServerRescueNegativeTestJSON-1503720798 tempest-ServerRescueNegativeTestJSON-1503720798-project-member] Matched version: v2 {{(pid=83990) process_request /opt/stack/glance/glance/api/middleware/version_negotiation.py:69}}
Aug 25 14:48:01 devstack devstack@g-api.service[83990]: DEBUG glance.api.middleware.version_negotiation [None req-5e8414b4-e2e0-4294-a9ad-c92a94697a6a tempest-ServerRescueNegativeTestJSON-1503720798 tempest-ServerRescueNegativeTestJSON-1503720798-project-member] new path /v2/images/47a77593-75be-4390-91a9-8ddbdcb3918e/file {{(pid=83990) process_request /opt/stack/glance/glance/api/middleware/version_negotiation.py:70}}
Aug 25 14:48:01 devstack devstack@g-api.service[83990]: DEBUG glance_store._drivers.filesystem [None req-cbddf3fb-9285-416f-a5a7-1eb797a69b34 tempest-ServerRescueNegativeTestJSON-1503720798 tempest-ServerRescueNegativeTestJSON-1503720798-project-member] Found image at /opt/stack/data/glance/images/47a77593-75be-4390-91a9-8ddbdcb3918e. Returning in ChunkedFile. {{(pid=83990) get /opt/stack/data/venv/lib/python3.12/site-packages/glance_store/_drivers/filesystem.py:724}}
Aug 25 14:48:01 devstack devstack@g-api.service[83990]: DEBUG glance.image_cache [None req-cbddf3fb-9285-416f-a5a7-1eb797a69b34 tempest-ServerRescueNegativeTestJSON-1503720798 tempest-ServerRescueNegativeTestJSON-1503720798-project-member] Tee'ing image '47a77593-75be-4390-91a9-8ddbdcb3918e' into cache {{(pid=83990) get_caching_iter /opt/stack/glance/glance/image_cache/__init__.py:356}}
Aug 25 14:48:02 devstack devstack@g-api.service[83990]: DEBUG glance.image_cache.drivers.centralized_db [None req-cbddf3fb-9285-416f-a5a7-1eb797a69b34 tempest-ServerRescueNegativeTestJSON-1503720798 tempest-ServerRescueNegativeTestJSON-1503720798-project-member] Fetch finished, moving '/opt/stack/data/glance/cache/incomplete/47a77593-75be-4390-91a9-8ddbdcb3918e' to '/opt/stack/data/glance/cache/47a77593-75be-4390-91a9-8ddbdcb3918e' {{(pid=83990) commit /opt/stack/glance/glance/image_cache/drivers/centralized_db.py:243}}
Aug 25 14:48:02 devstack devstack@g-api.service[83990]: DEBUG glance.image_cache.drivers.centralized_db [None req-cbddf3fb-9285-416f-a5a7-1eb797a69b34 tempest-ServerRescueNegativeTestJSON-1503720798 tempest-ServerRescueNegativeTestJSON-1503720798-project-member] Image cached successfully. {{(pid=83990) commit /opt/stack/glance/glance/image_cache/drivers/centralized_db.py:258}}
Aug 25 14:48:02 devstack devstack@g-api.service[83990]: [pid: 83990|app: 0|req: 12/22] 127.0.0.1 () {42 vars in 1071 bytes} [Tue Aug 25 14:48:01 2026] GET /v2/images/47a77593-75be-4390-91a9-8ddbdcb3918e/file => generated 21692416 bytes in 747 msecs (HTTP/1.1 200) 4 headers in 191 bytes (338 switches on core 0)
Aug 25 14:48:02 devstack devstack@g-api.service[83991]: DEBUG glance.api.middleware.version_negotiation [None req-cbddf3fb-9285-416f-a5a7-1eb797a69b34 tempest-ServerRescueNegativeTestJSON-1503720798 tempest-ServerRescueNegativeTestJSON-1503720798-project-member] Determining version of request: GET /v2/images/47a77593-75be-4390-91a9-8ddbdcb3918e Accept: */* {{(pid=83991) process_request /opt/stack/glance/glance/api/middleware/version_negotiation.py:44}}
Aug 25 14:48:02 devstack devstack@g-api.service[83991]: DEBUG glance.api.middleware.version_negotiation [None req-cbddf3fb-9285-416f-a5a7-1eb797a69b34 tempest-ServerRescueNegativeTestJSON-1503720798 tempest-ServerRescueNegativeTestJSON-1503720798-project-member] Using url versioning {{(pid=83991) process_request /opt/stack/glance/glance/api/middleware/version_negotiation.py:57}}
Aug 25 14:48:02 devstack devstack@g-api.service[83991]: DEBUG glance.api.middleware.version_negotiation [None req-cbddf3fb-9285-416f-a5a7-1eb797a69b34 tempest-ServerRescueNegativeTestJSON-1503720798 tempest-ServerRescueNegativeTestJSON-1503720798-project-member] Matched version: v2 {{(pid=83991) process_request /opt/stack/glance/glance/api/middleware/version_negotiation.py:69}}
Aug 25 14:48:02 devstack devstack@g-api.service[83991]: DEBUG glance.api.middleware.version_negotiation [None req-cbddf3fb-9285-416f-a5a7-1eb797a69b34 tempest-ServerRescueNegativeTestJSON-1503720798 tempest-ServerRescueNegativeTestJSON-1503720798-project-member] new path /v2/images/47a77593-75be-4390-91a9-8ddbdcb3918e {{(pid=83991) process_request /opt/stack/glance/glance/api/middleware/version_negotiation.py:70}}
Aug 25 14:48:02 devstack devstack@g-api.service[83991]: [pid: 83991|app: 0|req: 11/23] 127.0.0.1 () {42 vars in 1061 bytes} [Tue Aug 25 14:48:02 2026] GET /v2/images/47a77593-75be-4390-91a9-8ddbdcb3918e => generated 976 bytes in 31 msecs (HTTP/1.1 200) 4 headers in 157 bytes (1 switches on core 0)
Aug 25 14:48:02 devstack devstack@g-api.service[83990]: DEBUG glance.api.middleware.version_negotiation [None req-cbddf3fb-9285-416f-a5a7-1eb797a69b34 tempest-ServerRescueNegativeTestJSON-1503720798 tempest-ServerRescueNegativeTestJSON-1503720798-project-member] Determining version of request: GET /v2/schemas/image Accept: */* {{(pid=83990) process_request /opt/stack/glance/glance/api/middleware/version_negotiation.py:44}}
Aug 25 14:48:02 devstack devstack@g-api.service[83990]: DEBUG glance.api.middleware.version_negotiation [None req-cbddf3fb-9285-416f-a5a7-1eb797a69b34 tempest-ServerRescueNegativeTestJSON-1503720798 tempest-ServerRescueNegativeTestJSON-1503720798-project-member] Using url versioning {{(pid=83990) process_request /opt/stack/glance/glance/api/middleware/version_negotiation.py:57}}
