Sep 05 20:50:32 devstack cinder-volume[87778]: DEBUG oslo_concurrency.processutils [None req-ae9707ed-606c-433d-bfbc-94a4df20b97a tempest-AttachVolumeNegativeTest-1548556985 None] Running cmd (subprocess): sudo cinder-rootwrap /etc/cinder/rootwrap.conf qemu-img create -f qcow2 -o preallocation=metadata /opt/stack/data/cinder/mnt/ab52160e9678eb7d26ee5d587bf4854a/volume-195b2106-41ef-4468-8e45-26ee43a10df8 1073741824 {{(pid=87778) execute /opt/stack/data/venv/lib/python3.12/site-packages/oslo_concurrency/processutils.py:440}}
Sep 05 20:50:32 devstack cinder-volume[87778]: DEBUG cinder.volume.manager [None req-f9c0dce9-ed81-4b72-a5bc-17d9e215b141 tempest-VolumesDeleteCascade-2061476054 None] Task 'cinder.volume.flows.manager.create_volume.CreateVolumeFromSpecTask;volume:create' (73918ee4-be5d-488a-a761-26c5685c665f) transitioned into state 'SUCCESS' from state 'RUNNING' with result '{'status': 'creating', 'volume_name': 'volume-8a9640bd-7bbc-4f4d-8901-00e22675fdb7', 'volume_size': 1, 'snapshot_id': '53164bce-e138-445a-bda3-e9b9b7bbc722'}' {{(pid=87778) _task_receiver /opt/stack/data/venv/lib/python3.12/site-packages/taskflow/listeners/logging.py:218}}
Sep 05 20:50:32 devstack cinder-volume[87778]: DEBUG cinder.volume.manager [None req-f9c0dce9-ed81-4b72-a5bc-17d9e215b141 tempest-VolumesDeleteCascade-2061476054 None] Task 'cinder.volume.flows.manager.create_volume.CreateVolumeOnFinishTask;volume:create, create.end' (25876ee6-18a7-4cf1-b5f8-c2302a62daac) transitioned into state 'RUNNING' from state 'PENDING' {{(pid=87778) _task_receiver /opt/stack/data/venv/lib/python3.12/site-packages/taskflow/listeners/logging.py:242}}
Sep 05 20:50:32 devstack sudo[89983]: quobyte : PWD=/ ; USER=root ; COMMAND=/opt/stack/data/venv/bin/cinder-rootwrap /etc/cinder/rootwrap.conf qemu-img create -f qcow2 -o preallocation=metadata /opt/stack/data/cinder/mnt/ab52160e9678eb7d26ee5d587bf4854a/volume-195b2106-41ef-4468-8e45-26ee43a10df8 1073741824
Sep 05 20:50:32 devstack sudo[89983]: pam_unix(sudo:session): session opened for user root(uid=0) by (uid=1000)
Sep 05 20:50:32 devstack cinder-volume[87778]: INFO cinder.volume.flows.manager.create_volume [None req-f9c0dce9-ed81-4b72-a5bc-17d9e215b141 tempest-VolumesDeleteCascade-2061476054 None] Volume volume-8a9640bd-7bbc-4f4d-8901-00e22675fdb7 (8a9640bd-7bbc-4f4d-8901-00e22675fdb7): created successfully
Sep 05 20:50:32 devstack cinder-volume[87778]: DEBUG cinder.volume.manager [None req-f9c0dce9-ed81-4b72-a5bc-17d9e215b141 tempest-VolumesDeleteCascade-2061476054 None] Task 'cinder.volume.flows.manager.create_volume.CreateVolumeOnFinishTask;volume:create, create.end' (25876ee6-18a7-4cf1-b5f8-c2302a62daac) transitioned into state 'SUCCESS' from state 'RUNNING' with result 'None' {{(pid=87778) _task_receiver /opt/stack/data/venv/lib/python3.12/site-packages/taskflow/listeners/logging.py:218}}
Sep 05 20:50:32 devstack cinder-volume[87778]: DEBUG cinder.volume.manager [None req-f9c0dce9-ed81-4b72-a5bc-17d9e215b141 tempest-VolumesDeleteCascade-2061476054 None] Flow 'volume_create_manager' (e664fe13-fd65-49bc-8624-9a5e64f4f789) transitioned into state 'SUCCESS' from state 'RUNNING' {{(pid=87778) _flow_receiver /opt/stack/data/venv/lib/python3.12/site-packages/taskflow/listeners/logging.py:160}}
Sep 05 20:50:32 devstack cinder-volume[87778]: INFO cinder.volume.manager [None req-f9c0dce9-ed81-4b72-a5bc-17d9e215b141 tempest-VolumesDeleteCascade-2061476054 None] Created volume successfully.
Sep 05 20:50:32 devstack cinder-volume[87778]: DEBUG cinder.coordination [None req-95334507-c6bb-4147-9796-812ad542364e tempest-VolumesDeleteCascade-2061476054 None] Acquiring lock "cinder-ab5c4258-3563-402e-9324-be7e53aa3ccf-delete_volume" by "delete_volume" {{(pid=87778) __acquire /opt/stack/cinder/cinder/coordination.py:138}}
Sep 05 20:50:32 devstack cinder-volume[87778]: DEBUG cinder.coordination [None req-95334507-c6bb-4147-9796-812ad542364e tempest-VolumesDeleteCascade-2061476054 None] Lock "cinder-ab5c4258-3563-402e-9324-be7e53aa3ccf-delete_volume" acquired by "delete_volume" :: waited 0.046s {{(pid=87778) __acquire /opt/stack/cinder/cinder/coordination.py:141}}
Sep 05 20:50:32 devstack sudo[89983]: pam_unix(sudo:session): session closed for user root
Sep 05 20:50:32 devstack cinder-volume[87778]: DEBUG oslo_concurrency.processutils [None req-ae9707ed-606c-433d-bfbc-94a4df20b97a tempest-AttachVolumeNegativeTest-1548556985 None] CMD "sudo cinder-rootwrap /etc/cinder/rootwrap.conf qemu-img create -f qcow2 -o preallocation=metadata /opt/stack/data/cinder/mnt/ab52160e9678eb7d26ee5d587bf4854a/volume-195b2106-41ef-4468-8e45-26ee43a10df8 1073741824" returned: 0 in 0.637s {{(pid=87778) execute /opt/stack/data/venv/lib/python3.12/site-packages/oslo_concurrency/processutils.py:468}}
Sep 05 20:50:32 devstack cinder-volume[87778]: DEBUG cinder.volume.manager [None req-95334507-c6bb-4147-9796-812ad542364e tempest-VolumesDeleteCascade-2061476054 None] Performing cascade delete. {{(pid=87778) delete_volume /opt/stack/cinder/cinder/volume/manager.py:995}}
Sep 05 20:50:32 devstack cinder-volume[87778]: DEBUG cinder.coordination [None req-95334507-c6bb-4147-9796-812ad542364e tempest-VolumesDeleteCascade-2061476054 None] Acquiring lock "cinder-53164bce-e138-445a-bda3-e9b9b7bbc722-delete_snapshot" by "delete_snapshot" {{(pid=87778) __acquire /opt/stack/cinder/cinder/coordination.py:138}}
Sep 05 20:50:32 devstack cinder-volume[87778]: DEBUG cinder.coordination [None req-95334507-c6bb-4147-9796-812ad542364e tempest-VolumesDeleteCascade-2061476054 None] Lock "cinder-53164bce-e138-445a-bda3-e9b9b7bbc722-delete_snapshot" acquired by "delete_snapshot" :: waited 0.021s {{(pid=87778) __acquire /opt/stack/cinder/cinder/coordination.py:141}}
Sep 05 20:50:32 devstack cinder-volume[87778]: DEBUG cinder.coordination [None req-95334507-c6bb-4147-9796-812ad542364e tempest-VolumesDeleteCascade-2061476054 None] Acquiring lock "cinder-quobyte-ab5c4258-3563-402e-9324-be7e53aa3ccf" by "delete_snapshot" {{(pid=87778) __acquire /opt/stack/cinder/cinder/coordination.py:138}}
Sep 05 20:50:32 devstack cinder-volume[87778]: DEBUG oslo_concurrency.processutils [None req-ae9707ed-606c-433d-bfbc-94a4df20b97a tempest-AttachVolumeNegativeTest-1548556985 None] Running cmd (subprocess): sudo cinder-rootwrap /etc/cinder/rootwrap.conf chmod ugo+rw /opt/stack/data/cinder/mnt/ab52160e9678eb7d26ee5d587bf4854a/volume-195b2106-41ef-4468-8e45-26ee43a10df8 {{(pid=87778) execute /opt/stack/data/venv/lib/python3.12/site-packages/oslo_concurrency/processutils.py:440}}
Sep 05 20:50:32 devstack cinder-volume[87778]: DEBUG cinder.coordination [None req-95334507-c6bb-4147-9796-812ad542364e tempest-VolumesDeleteCascade-2061476054 None] Lock "cinder-quobyte-ab5c4258-3563-402e-9324-be7e53aa3ccf" acquired by "delete_snapshot" :: waited 0.032s {{(pid=87778) __acquire /opt/stack/cinder/cinder/coordination.py:141}}
Sep 05 20:50:32 devstack cinder-volume[87778]: DEBUG cinder.coordination [None req-95334507-c6bb-4147-9796-812ad542364e tempest-VolumesDeleteCascade-2061476054 None] Acquiring lock "cinder-quobyte-53164bce-e138-445a-bda3-e9b9b7bbc722" by "_delete_snapshot" {{(pid=87778) __acquire /opt/stack/cinder/cinder/coordination.py:138}}
Sep 05 20:50:32 devstack sudo[89990]: quobyte : PWD=/ ; USER=root ; COMMAND=/opt/stack/data/venv/bin/cinder-rootwrap /etc/cinder/rootwrap.conf chmod ugo+rw /opt/stack/data/cinder/mnt/ab52160e9678eb7d26ee5d587bf4854a/volume-195b2106-41ef-4468-8e45-26ee43a10df8
Sep 05 20:50:32 devstack cinder-volume[87778]: DEBUG cinder.coordination [None req-95334507-c6bb-4147-9796-812ad542364e tempest-VolumesDeleteCascade-2061476054 None] Lock "cinder-quobyte-53164bce-e138-445a-bda3-e9b9b7bbc722" acquired by "_delete_snapshot" :: waited 0.017s {{(pid=87778) __acquire /opt/stack/cinder/cinder/coordination.py:141}}
Sep 05 20:50:32 devstack sudo[89990]: pam_unix(sudo:session): session opened for user root(uid=0) by (uid=1000)
Sep 05 20:50:32 devstack cinder-volume[87778]: DEBUG cinder.volume.drivers.remotefs [None req-95334507-c6bb-4147-9796-812ad542364e tempest-VolumesDeleteCascade-2061476054 None] Deleting offline snapshot 53164bce-e138-445a-bda3-e9b9b7bbc722 of volume ab5c4258-3563-402e-9324-be7e53aa3ccf {{(pid=87778) _delete_snapshot /opt/stack/cinder/cinder/volume/drivers/remotefs.py:1288}}
Sep 05 20:50:32 devstack cinder-volume[87778]: DEBUG cinder.volume.drivers.remotefs [None req-95334507-c6bb-4147-9796-812ad542364e tempest-VolumesDeleteCascade-2061476054 None] snapshot_file for this snap is: volume-ab5c4258-3563-402e-9324-be7e53aa3ccf.53164bce-e138-445a-bda3-e9b9b7bbc722 {{(pid=87778) _delete_snapshot /opt/stack/cinder/cinder/volume/drivers/remotefs.py:1317}}
Sep 05 20:50:32 devstack cinder-volume[87778]: DEBUG oslo.privsep.daemon [-] privsep: reply[76c50955-4f01-4dea-a98e-30e4ace0cd43]: (4, 'qcow2') {{(pid=89112) _call_back /opt/stack/data/venv/lib/python3.12/site-packages/oslo_privsep/daemon.py:580}}
Sep 05 20:50:32 devstack cinder-volume[87778]: DEBUG oslo_concurrency.processutils [None req-95334507-c6bb-4147-9796-812ad542364e tempest-VolumesDeleteCascade-2061476054 None] Running cmd (subprocess): /opt/stack/data/venv/bin/python3.12 -m oslo_concurrency.prlimit --as=1073741824 --cpu=60 -- sudo cinder-rootwrap /etc/cinder/rootwrap.conf env LC_ALL=C qemu-img info -f qcow2 --output=json --force-share /opt/stack/data/cinder/mnt/ab52160e9678eb7d26ee5d587bf4854a/volume-ab5c4258-3563-402e-9324-be7e53aa3ccf.53164bce-e138-445a-bda3-e9b9b7bbc722 {{(pid=87778) execute /opt/stack/data/venv/lib/python3.12/site-packages/oslo_concurrency/processutils.py:440}}
Sep 05 20:50:33 devstack sudo[89992]: quobyte : PWD=/ ; USER=root ; COMMAND=/opt/stack/data/venv/bin/cinder-rootwrap /etc/cinder/rootwrap.conf env LC_ALL=C qemu-img info -f qcow2 --output=json --force-share /opt/stack/data/cinder/mnt/ab52160e9678eb7d26ee5d587bf4854a/volume-ab5c4258-3563-402e-9324-be7e53aa3ccf.53164bce-e138-445a-bda3-e9b9b7bbc722
Sep 05 20:50:33 devstack sudo[89992]: pam_unix(sudo:session): session opened for user root(uid=0) by (uid=1000)
Sep 05 20:50:33 devstack sudo[89990]: pam_unix(sudo:session): session closed for user root
Sep 05 20:50:33 devstack cinder-volume[87778]: DEBUG oslo_concurrency.processutils [None req-ae9707ed-606c-433d-bfbc-94a4df20b97a tempest-AttachVolumeNegativeTest-1548556985 None] CMD "sudo cinder-rootwrap /etc/cinder/rootwrap.conf chmod ugo+rw /opt/stack/data/cinder/mnt/ab52160e9678eb7d26ee5d587bf4854a/volume-195b2106-41ef-4468-8e45-26ee43a10df8" returned: 0 in 0.324s {{(pid=87778) execute /opt/stack/data/venv/lib/python3.12/site-packages/oslo_concurrency/processutils.py:468}}
Sep 05 20:50:33 devstack cinder-volume[87778]: DEBUG cinder.volume.drivers.quobyte [None req-ae9707ed-606c-433d-bfbc-94a4df20b97a tempest-AttachVolumeNegativeTest-1548556985 None] <== create_volume: return (1114ms) {'provider_location': 'osci02.corp.quobyte.com/cinder-vol-e61fca0d-9083-4feb-871e-bb90cb0df361'} {{(pid=87778) trace_logging_wrapper /opt/stack/cinder/cinder/volume/volume_utils.py:1522}}
Sep 05 20:50:33 devstack cinder-volume[87778]: DEBUG oslo_concurrency.lockutils [None req-ae9707ed-606c-433d-bfbc-94a4df20b97a tempest-AttachVolumeNegativeTest-1548556985 None] Lock "quobyte" "released" by "cinder.volume.drivers.quobyte.QuobyteDriver.create_volume" :: held 1.118s {{(pid=87778) inner /opt/stack/data/venv/lib/python3.12/site-packages/oslo_concurrency/lockutils.py:544}}
Sep 05 20:50:33 devstack cinder-volume[87778]: DEBUG cinder.volume.manager [None req-ae9707ed-606c-433d-bfbc-94a4df20b97a tempest-AttachVolumeNegativeTest-1548556985 None] Task 'cinder.volume.flows.manager.create_volume.CreateVolumeFromSpecTask;volume:create' (bbd8fd0a-fd70-4be1-a6cd-b0a361f7fd2c) transitioned into state 'SUCCESS' from state 'RUNNING' with result '{'status': 'creating', 'volume_name': 'volume-195b2106-41ef-4468-8e45-26ee43a10df8', 'volume_size': 1}' {{(pid=87778) _task_receiver /opt/stack/data/venv/lib/python3.12/site-packages/taskflow/listeners/logging.py:218}}
Sep 05 20:50:33 devstack cinder-volume[87778]: DEBUG cinder.volume.manager [None req-ae9707ed-606c-433d-bfbc-94a4df20b97a tempest-AttachVolumeNegativeTest-1548556985 None] Task 'cinder.volume.flows.manager.create_volume.CreateVolumeOnFinishTask;volume:create, create.end' (92c5636e-870d-4a0d-971c-d4733deddde1) transitioned into state 'RUNNING' from state 'PENDING' {{(pid=87778) _task_receiver /opt/stack/data/venv/lib/python3.12/site-packages/taskflow/listeners/logging.py:242}}
Sep 05 20:50:33 devstack cinder-volume[87778]: INFO cinder.volume.flows.manager.create_volume [None req-ae9707ed-606c-433d-bfbc-94a4df20b97a tempest-AttachVolumeNegativeTest-1548556985 None] Volume volume-195b2106-41ef-4468-8e45-26ee43a10df8 (195b2106-41ef-4468-8e45-26ee43a10df8): created successfully
Sep 05 20:50:33 devstack cinder-volume[87778]: DEBUG cinder.volume.manager [None req-ae9707ed-606c-433d-bfbc-94a4df20b97a tempest-AttachVolumeNegativeTest-1548556985 None] Task 'cinder.volume.flows.manager.create_volume.CreateVolumeOnFinishTask;volume:create, create.end' (92c5636e-870d-4a0d-971c-d4733deddde1) transitioned into state 'SUCCESS' from state 'RUNNING' with result 'None' {{(pid=87778) _task_receiver /opt/stack/data/venv/lib/python3.12/site-packages/taskflow/listeners/logging.py:218}}
Sep 05 20:50:33 devstack cinder-volume[87778]: DEBUG cinder.volume.manager [None req-ae9707ed-606c-433d-bfbc-94a4df20b97a tempest-AttachVolumeNegativeTest-1548556985 None] Flow 'volume_create_manager' (5faec4ff-d1c6-480c-9328-753223c9e39b) transitioned into state 'SUCCESS' from state 'RUNNING' {{(pid=87778) _flow_receiver /opt/stack/data/venv/lib/python3.12/site-packages/taskflow/listeners/logging.py:160}}
Sep 05 20:50:33 devstack cinder-volume[87778]: INFO cinder.volume.manager [None req-ae9707ed-606c-433d-bfbc-94a4df20b97a tempest-AttachVolumeNegativeTest-1548556985 None] Created volume successfully.
Sep 05 20:50:33 devstack sudo[89992]: pam_unix(sudo:session): session closed for user root
Sep 05 20:50:33 devstack cinder-volume[87778]: DEBUG oslo_concurrency.processutils [None req-95334507-c6bb-4147-9796-812ad542364e tempest-VolumesDeleteCascade-2061476054 None] CMD "/opt/stack/data/venv/bin/python3.12 -m oslo_concurrency.prlimit --as=1073741824 --cpu=60 -- sudo cinder-rootwrap /etc/cinder/rootwrap.conf env LC_ALL=C qemu-img info -f qcow2 --output=json --force-share /opt/stack/data/cinder/mnt/ab52160e9678eb7d26ee5d587bf4854a/volume-ab5c4258-3563-402e-9324-be7e53aa3ccf.53164bce-e138-445a-bda3-e9b9b7bbc722" returned: 0 in 0.472s {{(pid=87778) execute /opt/stack/data/venv/lib/python3.12/site-packages/oslo_concurrency/processutils.py:468}}
Sep 05 20:50:33 devstack cinder-volume[87778]: DEBUG cinder.volume.drivers.remotefs [None req-95334507-c6bb-4147-9796-812ad542364e tempest-VolumesDeleteCascade-2061476054 None] Fetching qemu-img info with special backing_file_template: (/opt/stack/data/cinder/mnt/[0-9a-f]+/)?(volume-ab5c4258-3563-402e-9324-be7e53aa3ccf(.(tmp-snap-)?[0-9a-f-]+)?|volume_from_snapshot_cache/(tmp-snap-)?[0-9a-f-]+(.(child-|parent-)[0-9a-f-]+)?)$ {{(pid=87778) _qemu_img_info_base /opt/stack/cinder/cinder/volume/drivers/remotefs.py:896}}
Sep 05 20:50:33 devstack cinder-volume[87778]: DEBUG oslo.privsep.daemon [-] privsep: reply[a69aded1-c10c-4c91-94ad-9937e9fa9ebb]: (4, 'qcow2') {{(pid=89112) _call_back /opt/stack/data/venv/lib/python3.12/site-packages/oslo_privsep/daemon.py:580}}
Sep 05 20:50:33 devstack cinder-volume[87778]: DEBUG oslo_concurrency.processutils [None req-95334507-c6bb-4147-9796-812ad542364e tempest-VolumesDeleteCascade-2061476054 None] Running cmd (subprocess): /opt/stack/data/venv/bin/python3.12 -m oslo_concurrency.prlimit --as=1073741824 --cpu=60 -- sudo cinder-rootwrap /etc/cinder/rootwrap.conf env LC_ALL=C qemu-img info -f qcow2 --output=json --force-share /opt/stack/data/cinder/mnt/ab52160e9678eb7d26ee5d587bf4854a/volume-ab5c4258-3563-402e-9324-be7e53aa3ccf {{(pid=87778) execute /opt/stack/data/venv/lib/python3.12/site-packages/oslo_concurrency/processutils.py:440}}
Sep 05 20:50:33 devstack sudo[89999]: quobyte : PWD=/ ; USER=root ; COMMAND=/opt/stack/data/venv/bin/cinder-rootwrap /etc/cinder/rootwrap.conf env LC_ALL=C qemu-img info -f qcow2 --output=json --force-share /opt/stack/data/cinder/mnt/ab52160e9678eb7d26ee5d587bf4854a/volume-ab5c4258-3563-402e-9324-be7e53aa3ccf
Sep 05 20:50:33 devstack sudo[89999]: pam_unix(sudo:session): session opened for user root(uid=0) by (uid=1000)
Sep 05 20:50:33 devstack sudo[89999]: pam_unix(sudo:session): session closed for user root
Sep 05 20:50:33 devstack cinder-volume[87778]: DEBUG oslo_concurrency.processutils [None req-95334507-c6bb-4147-9796-812ad542364e tempest-VolumesDeleteCascade-2061476054 None] CMD "/opt/stack/data/venv/bin/python3.12 -m oslo_concurrency.prlimit --as=1073741824 --cpu=60 -- sudo cinder-rootwrap /etc/cinder/rootwrap.conf env LC_ALL=C qemu-img info -f qcow2 --output=json --force-share /opt/stack/data/cinder/mnt/ab52160e9678eb7d26ee5d587bf4854a/volume-ab5c4258-3563-402e-9324-be7e53aa3ccf" returned: 0 in 0.599s {{(pid=87778) execute /opt/stack/data/venv/lib/python3.12/site-packages/oslo_concurrency/processutils.py:468}}
Sep 05 20:50:33 devstack cinder-volume[87778]: DEBUG oslo_concurrency.processutils [None req-95334507-c6bb-4147-9796-812ad542364e tempest-VolumesDeleteCascade-2061476054 None] Running cmd (subprocess): sudo cinder-rootwrap /etc/cinder/rootwrap.conf qemu-img commit -d /opt/stack/data/cinder/mnt/ab52160e9678eb7d26ee5d587bf4854a/volume-ab5c4258-3563-402e-9324-be7e53aa3ccf.53164bce-e138-445a-bda3-e9b9b7bbc722 {{(pid=87778) execute /opt/stack/data/venv/lib/python3.12/site-packages/oslo_concurrency/processutils.py:440}}
Sep 05 20:50:34 devstack sudo[90008]: quobyte : PWD=/ ; USER=root ; COMMAND=/opt/stack/data/venv/bin/cinder-rootwrap /etc/cinder/rootwrap.conf qemu-img commit -d /opt/stack/data/cinder/mnt/ab52160e9678eb7d26ee5d587bf4854a/volume-ab5c4258-3563-402e-9324-be7e53aa3ccf.53164bce-e138-445a-bda3-e9b9b7bbc722
Sep 05 20:50:34 devstack sudo[90008]: pam_unix(sudo:session): session opened for user root(uid=0) by (uid=1000)
Sep 05 20:50:34 devstack sudo[90008]: pam_unix(sudo:session): session closed for user root
Sep 05 20:50:34 devstack cinder-volume[87778]: DEBUG oslo_concurrency.processutils [None req-95334507-c6bb-4147-9796-812ad542364e tempest-VolumesDeleteCascade-2061476054 None] CMD "sudo cinder-rootwrap /etc/cinder/rootwrap.conf qemu-img commit -d /opt/stack/data/cinder/mnt/ab52160e9678eb7d26ee5d587bf4854a/volume-ab5c4258-3563-402e-9324-be7e53aa3ccf.53164bce-e138-445a-bda3-e9b9b7bbc722" returned: 0 in 0.504s {{(pid=87778) execute /opt/stack/data/venv/lib/python3.12/site-packages/oslo_concurrency/processutils.py:468}}
Sep 05 20:50:34 devstack cinder-volume[87778]: DEBUG oslo_concurrency.processutils [None req-95334507-c6bb-4147-9796-812ad542364e tempest-VolumesDeleteCascade-2061476054 None] Running cmd (subprocess): sudo cinder-rootwrap /etc/cinder/rootwrap.conf rm -f /opt/stack/data/cinder/mnt/ab52160e9678eb7d26ee5d587bf4854a/volume-ab5c4258-3563-402e-9324-be7e53aa3ccf.53164bce-e138-445a-bda3-e9b9b7bbc722 {{(pid=87778) execute /opt/stack/data/venv/lib/python3.12/site-packages/oslo_concurrency/processutils.py:440}}
Sep 05 20:50:34 devstack sudo[90024]: quobyte : PWD=/ ; USER=root ; COMMAND=/opt/stack/data/venv/bin/cinder-rootwrap /etc/cinder/rootwrap.conf rm -f /opt/stack/data/cinder/mnt/ab52160e9678eb7d26ee5d587bf4854a/volume-ab5c4258-3563-402e-9324-be7e53aa3ccf.53164bce-e138-445a-bda3-e9b9b7bbc722
Sep 05 20:50:34 devstack sudo[90024]: pam_unix(sudo:session): session opened for user root(uid=0) by (uid=1000)
Sep 05 20:50:34 devstack cinder-volume[87778]: DEBUG oslo_concurrency.lockutils [req-06d5fc24-3fdd-42a1-ba73-778eaca8be6d req-51726a1d-f5f3-4ace-8613-8a13ea268689 tempest-AttachVolumeNegativeTest-1548556985 None] Acquiring lock "quobyte" by "cinder.volume.drivers.quobyte.QuobyteDriver.initialize_connection" {{(pid=87778) inner /opt/stack/data/venv/lib/python3.12/site-packages/oslo_concurrency/lockutils.py:512}}
Sep 05 20:50:34 devstack cinder-volume[87778]: DEBUG oslo_concurrency.lockutils [req-06d5fc24-3fdd-42a1-ba73-778eaca8be6d req-51726a1d-f5f3-4ace-8613-8a13ea268689 tempest-AttachVolumeNegativeTest-1548556985 None] Lock "quobyte" acquired by "cinder.volume.drivers.quobyte.QuobyteDriver.initialize_connection" :: waited 0.001s {{(pid=87778) inner /opt/stack/data/venv/lib/python3.12/site-packages/oslo_concurrency/lockutils.py:525}}
Sep 05 20:50:34 devstack cinder-volume[87778]: DEBUG oslo_concurrency.lockutils [req-06d5fc24-3fdd-42a1-ba73-778eaca8be6d req-51726a1d-f5f3-4ace-8613-8a13ea268689 tempest-AttachVolumeNegativeTest-1548556985 None] Lock "quobyte" "released" by "cinder.volume.drivers.quobyte.QuobyteDriver.initialize_connection" :: held 0.022s {{(pid=87778) inner /opt/stack/data/venv/lib/python3.12/site-packages/oslo_concurrency/lockutils.py:544}}
Sep 05 20:50:34 devstack cinder-volume[87778]: DEBUG cinder.volume.manager [req-06d5fc24-3fdd-42a1-ba73-778eaca8be6d req-51726a1d-f5f3-4ace-8613-8a13ea268689 tempest-AttachVolumeNegativeTest-1548556985 None] Connection info returned from driver {'export': 'osci02.corp.quobyte.com/cinder-vol-e61fca0d-9083-4feb-871e-bb90cb0df361', 'name': 'volume-195b2106-41ef-4468-8e45-26ee43a10df8', 'options': None, 'format': 'qcow2', 'qos_specs': None, 'access_mode': 'rw', 'encrypted': False, 'cacheable': False, 'driver_volume_type': 'quobyte', 'mount_point_base': '/opt/stack/data/cinder/mnt', 'attachment_id': 'f5c67086-e378-4c4a-983f-0a5fce5fbcac', 'enforce_multipath': True} {{(pid=87778) _connection_create /opt/stack/cinder/cinder/volume/manager.py:4924}}
Sep 05 20:50:34 devstack cinder-volume[87778]: INFO cinder.volume.manager [req-06d5fc24-3fdd-42a1-ba73-778eaca8be6d req-51726a1d-f5f3-4ace-8613-8a13ea268689 tempest-AttachVolumeNegativeTest-1548556985 None] attachment_update completed successfully.
Sep 05 20:50:34 devstack sudo[90024]: pam_unix(sudo:session): session closed for user root
Sep 05 20:50:34 devstack cinder-volume[87778]: DEBUG oslo_concurrency.processutils [None req-95334507-c6bb-4147-9796-812ad542364e tempest-VolumesDeleteCascade-2061476054 None] CMD "sudo cinder-rootwrap /etc/cinder/rootwrap.conf rm -f /opt/stack/data/cinder/mnt/ab52160e9678eb7d26ee5d587bf4854a/volume-ab5c4258-3563-402e-9324-be7e53aa3ccf.53164bce-e138-445a-bda3-e9b9b7bbc722" returned: 0 in 0.336s {{(pid=87778) execute /opt/stack/data/venv/lib/python3.12/site-packages/oslo_concurrency/processutils.py:468}}
Sep 05 20:50:34 devstack cinder-volume[87778]: DEBUG cinder.coordination [None req-95334507-c6bb-4147-9796-812ad542364e tempest-VolumesDeleteCascade-2061476054 None] Lock "cinder-quobyte-53164bce-e138-445a-bda3-e9b9b7bbc722" released by "_delete_snapshot" :: held 2.063s {{(pid=87778) __release /opt/stack/cinder/cinder/coordination.py:152}}
Sep 05 20:50:34 devstack cinder-volume[87778]: DEBUG cinder.coordination [None req-95334507-c6bb-4147-9796-812ad542364e tempest-VolumesDeleteCascade-2061476054 None] Lock "cinder-quobyte-ab5c4258-3563-402e-9324-be7e53aa3ccf" released by "delete_snapshot" :: held 2.092s {{(pid=87778) __release /opt/stack/cinder/cinder/coordination.py:152}}
Sep 05 20:50:34 devstack cinder-volume[87778]: DEBUG cinder.quota [None req-95334507-c6bb-4147-9796-812ad542364e tempest-VolumesDeleteCascade-2061476054 None] Created reservations ['56a1c7b5-b934-4da1-b93f-f011db238475', '7f6f3a3b-de3c-4820-9deb-32984a583928', '22e18e1c-142a-485e-a58c-f3e0ff67c928', '53101d97-c74b-42a8-afdd-0d00ae75c17d'] {{(pid=87778) reserve /opt/stack/cinder/cinder/quota.py:752}}
Sep 05 20:50:35 devstack cinder-volume[87778]: INFO cinder.volume.manager [None req-95334507-c6bb-4147-9796-812ad542364e tempest-VolumesDeleteCascade-2061476054 None] Delete snapshot completed successfully.
Sep 05 20:50:35 devstack cinder-volume[87778]: DEBUG cinder.coordination [None req-95334507-c6bb-4147-9796-812ad542364e tempest-VolumesDeleteCascade-2061476054 None] Lock "cinder-53164bce-e138-445a-bda3-e9b9b7bbc722-delete_snapshot" released by "delete_snapshot" :: held 2.311s {{(pid=87778) __release /opt/stack/cinder/cinder/coordination.py:152}}
Sep 05 20:50:35 devstack cinder-volume[87778]: DEBUG cinder.volume.manager [None req-95334507-c6bb-4147-9796-812ad542364e tempest-VolumesDeleteCascade-2061476054 None] Snapshots deleted, issuing volume delete {{(pid=87778) delete_volume /opt/stack/cinder/cinder/volume/manager.py:1010}}
Sep 05 20:50:35 devstack cinder-volume[87778]: DEBUG cinder.coordination [None req-95334507-c6bb-4147-9796-812ad542364e tempest-VolumesDeleteCascade-2061476054 None] Acquiring lock "cinder-quobyte-ab5c4258-3563-402e-9324-be7e53aa3ccf" by "delete_volume" {{(pid=87778) __acquire /opt/stack/cinder/cinder/coordination.py:138}}
Sep 05 20:50:35 devstack cinder-volume[87778]: DEBUG cinder.coordination [None req-95334507-c6bb-4147-9796-812ad542364e tempest-VolumesDeleteCascade-2061476054 None] Lock "cinder-quobyte-ab5c4258-3563-402e-9324-be7e53aa3ccf" acquired by "delete_volume" :: waited 0.018s {{(pid=87778) __acquire /opt/stack/cinder/cinder/coordination.py:141}}
Sep 05 20:50:35 devstack cinder-volume[87778]: DEBUG oslo.privsep.daemon [-] privsep: reply[2e1434cd-9c12-44ba-a21a-b388b2fcd805]: (4, 'qcow2') {{(pid=89112) _call_back /opt/stack/data/venv/lib/python3.12/site-packages/oslo_privsep/daemon.py:580}}
Sep 05 20:50:35 devstack cinder-volume[87778]: DEBUG oslo_concurrency.processutils [None req-95334507-c6bb-4147-9796-812ad542364e tempest-VolumesDeleteCascade-2061476054 None] Running cmd (subprocess): /opt/stack/data/venv/bin/python3.12 -m oslo_concurrency.prlimit --as=1073741824 --cpu=60 -- sudo cinder-rootwrap /etc/cinder/rootwrap.conf env LC_ALL=C qemu-img info -f qcow2 --output=json --force-share /opt/stack/data/cinder/mnt/ab52160e9678eb7d26ee5d587bf4854a/volume-ab5c4258-3563-402e-9324-be7e53aa3ccf {{(pid=87778) execute /opt/stack/data/venv/lib/python3.12/site-packages/oslo_concurrency/processutils.py:440}}
Sep 05 20:50:35 devstack sudo[90229]: quobyte : PWD=/ ; USER=root ; COMMAND=/opt/stack/data/venv/bin/cinder-rootwrap /etc/cinder/rootwrap.conf env LC_ALL=C qemu-img info -f qcow2 --output=json --force-share /opt/stack/data/cinder/mnt/ab52160e9678eb7d26ee5d587bf4854a/volume-ab5c4258-3563-402e-9324-be7e53aa3ccf
Sep 05 20:50:35 devstack sudo[90229]: pam_unix(sudo:session): session opened for user root(uid=0) by (uid=1000)
Sep 05 20:50:35 devstack sudo[90229]: pam_unix(sudo:session): session closed for user root
Sep 05 20:50:35 devstack cinder-volume[87778]: DEBUG oslo_concurrency.processutils [None req-95334507-c6bb-4147-9796-812ad542364e tempest-VolumesDeleteCascade-2061476054 None] CMD "/opt/stack/data/venv/bin/python3.12 -m oslo_concurrency.prlimit --as=1073741824 --cpu=60 -- sudo cinder-rootwrap /etc/cinder/rootwrap.conf env LC_ALL=C qemu-img info -f qcow2 --output=json --force-share /opt/stack/data/cinder/mnt/ab52160e9678eb7d26ee5d587bf4854a/volume-ab5c4258-3563-402e-9324-be7e53aa3ccf" returned: 0 in 0.651s {{(pid=87778) execute /opt/stack/data/venv/lib/python3.12/site-packages/oslo_concurrency/processutils.py:468}}
Sep 05 20:50:35 devstack cinder-volume[87778]: DEBUG oslo_concurrency.processutils [None req-95334507-c6bb-4147-9796-812ad542364e tempest-VolumesDeleteCascade-2061476054 None] Running cmd (subprocess): sudo cinder-rootwrap /etc/cinder/rootwrap.conf rm -f /opt/stack/data/cinder/mnt/ab52160e9678eb7d26ee5d587bf4854a/volume-ab5c4258-3563-402e-9324-be7e53aa3ccf {{(pid=87778) execute /opt/stack/data/venv/lib/python3.12/site-packages/oslo_concurrency/processutils.py:440}}
Sep 05 20:50:35 devstack sudo[90418]: quobyte : PWD=/ ; USER=root ; COMMAND=/opt/stack/data/venv/bin/cinder-rootwrap /etc/cinder/rootwrap.conf rm -f /opt/stack/data/cinder/mnt/ab52160e9678eb7d26ee5d587bf4854a/volume-ab5c4258-3563-402e-9324-be7e53aa3ccf
Sep 05 20:50:35 devstack sudo[90418]: pam_unix(sudo:session): session opened for user root(uid=0) by (uid=1000)
Sep 05 20:50:36 devstack sudo[90418]: pam_unix(sudo:session): session closed for user root
Sep 05 20:50:36 devstack cinder-volume[87778]: DEBUG oslo_concurrency.processutils [None req-95334507-c6bb-4147-9796-812ad542364e tempest-VolumesDeleteCascade-2061476054 None] CMD "sudo cinder-rootwrap /etc/cinder/rootwrap.conf rm -f /opt/stack/data/cinder/mnt/ab52160e9678eb7d26ee5d587bf4854a/volume-ab5c4258-3563-402e-9324-be7e53aa3ccf" returned: 0 in 0.453s {{(pid=87778) execute /opt/stack/data/venv/lib/python3.12/site-packages/oslo_concurrency/processutils.py:468}}
Sep 05 20:50:36 devstack cinder-volume[87778]: DEBUG cinder.coordination [None req-95334507-c6bb-4147-9796-812ad542364e tempest-VolumesDeleteCascade-2061476054 None] Lock "cinder-quobyte-ab5c4258-3563-402e-9324-be7e53aa3ccf" released by "delete_volume" :: held 1.217s {{(pid=87778) __release /opt/stack/cinder/cinder/coordination.py:152}}
Sep 05 20:50:36 devstack cinder-volume[87778]: DEBUG cinder.quota [None req-95334507-c6bb-4147-9796-812ad542364e tempest-VolumesDeleteCascade-2061476054 None] Created reservations ['5c34777f-d576-4aed-9835-f16375fab306', '42e51b75-1a92-4b0a-b50d-c3579755ab73', 'fa9e1526-e98f-48c4-a157-6315852cd4a2', 'f559e72a-134a-4924-b49b-03a0ece1ff10'] {{(pid=87778) reserve /opt/stack/cinder/cinder/quota.py:752}}
Sep 05 20:50:36 devstack cinder-volume[87778]: DEBUG oslo_concurrency.lockutils [None req-95334507-c6bb-4147-9796-812ad542364e tempest-VolumesDeleteCascade-2061476054 None] Acquiring lock "quobyte_ensure" by "cinder.volume.drivers.quobyte.QuobyteDriver._ensure_shares_mounted" {{(pid=87778) inner /opt/stack/data/venv/lib/python3.12/site-packages/oslo_concurrency/lockutils.py:512}}
Sep 05 20:50:36 devstack cinder-volume[87778]: DEBUG oslo_concurrency.lockutils [None req-95334507-c6bb-4147-9796-812ad542364e tempest-VolumesDeleteCascade-2061476054 None] Lock "quobyte_ensure" acquired by "cinder.volume.drivers.quobyte.QuobyteDriver._ensure_shares_mounted" :: waited 0.001s {{(pid=87778) inner /opt/stack/data/venv/lib/python3.12/site-packages/oslo_concurrency/lockutils.py:525}}
Sep 05 20:50:36 devstack cinder-volume[87778]: DEBUG cinder.volume.drivers.quobyte [None req-95334507-c6bb-4147-9796-812ad542364e tempest-VolumesDeleteCascade-2061476054 None] Quobyte Volume URL set to: {'osci02.corp.quobyte.com/cinder-vol-e61fca0d-9083-4feb-871e-bb90cb0df361': None} {{(pid=87778) _load_shares_config /opt/stack/cinder/cinder/volume/drivers/quobyte.py:665}}
Sep 05 20:50:36 devstack cinder-volume[87778]: DEBUG cinder.volume.drivers.quobyte [None req-95334507-c6bb-4147-9796-812ad542364e tempest-VolumesDeleteCascade-2061476054 None] Available shares ['osci02.corp.quobyte.com/cinder-vol-e61fca0d-9083-4feb-871e-bb90cb0df361'] {{(pid=87778) _ensure_shares_mounted /opt/stack/cinder/cinder/volume/drivers/quobyte.py:695}}
Sep 05 20:50:36 devstack cinder-volume[87778]: DEBUG oslo_concurrency.lockutils [None req-95334507-c6bb-4147-9796-812ad542364e tempest-VolumesDeleteCascade-2061476054 None] Lock "quobyte_ensure" "released" by "cinder.volume.drivers.quobyte.QuobyteDriver._ensure_shares_mounted" :: held 0.022s {{(pid=87778) inner /opt/stack/data/venv/lib/python3.12/site-packages/oslo_concurrency/lockutils.py:544}}
Sep 05 20:50:36 devstack cinder-volume[87778]: DEBUG oslo_concurrency.processutils [None req-95334507-c6bb-4147-9796-812ad542364e tempest-VolumesDeleteCascade-2061476054 None] Running cmd (subprocess): sudo cinder-rootwrap /etc/cinder/rootwrap.conf df --portability --block-size 1 /opt/stack/data/cinder/mnt/ab52160e9678eb7d26ee5d587bf4854a {{(pid=87778) execute /opt/stack/data/venv/lib/python3.12/site-packages/oslo_concurrency/processutils.py:440}}
Sep 05 20:50:36 devstack sudo[90425]: quobyte : PWD=/ ; USER=root ; COMMAND=/opt/stack/data/venv/bin/cinder-rootwrap /etc/cinder/rootwrap.conf df --portability --block-size 1 /opt/stack/data/cinder/mnt/ab52160e9678eb7d26ee5d587bf4854a
Sep 05 20:50:36 devstack sudo[90425]: pam_unix(sudo:session): session opened for user root(uid=0) by (uid=1000)
Sep 05 20:50:36 devstack sudo[90425]: pam_unix(sudo:session): session closed for user root
Sep 05 20:50:36 devstack cinder-volume[87778]: DEBUG oslo_concurrency.processutils [None req-95334507-c6bb-4147-9796-812ad542364e tempest-VolumesDeleteCascade-2061476054 None] CMD "sudo cinder-rootwrap /etc/cinder/rootwrap.conf df --portability --block-size 1 /opt/stack/data/cinder/mnt/ab52160e9678eb7d26ee5d587bf4854a" returned: 0 in 0.466s {{(pid=87778) execute /opt/stack/data/venv/lib/python3.12/site-packages/oslo_concurrency/processutils.py:468}}
Sep 05 20:50:36 devstack cinder-volume[87778]: DEBUG cinder.manager [None req-95334507-c6bb-4147-9796-812ad542364e tempest-VolumesDeleteCascade-2061476054 None] Notifying Schedulers of capabilities ... {{(pid=87778) _publish_service_capabilities /opt/stack/cinder/cinder/manager.py:219}}
Sep 05 20:50:36 devstack cinder-volume[87778]: INFO cinder.volume.manager [None req-95334507-c6bb-4147-9796-812ad542364e tempest-VolumesDeleteCascade-2061476054 None] Deleted volume successfully.
Sep 05 20:50:37 devstack cinder-volume[87778]: DEBUG cinder.coordination [None req-95334507-c6bb-4147-9796-812ad542364e tempest-VolumesDeleteCascade-2061476054 None] Lock "cinder-ab5c4258-3563-402e-9324-be7e53aa3ccf-delete_volume" released by "delete_volume" :: held 4.375s {{(pid=87778) __release /opt/stack/cinder/cinder/coordination.py:152}}
Sep 05 20:50:37 devstack cinder-volume[87778]: DEBUG cinder.coordination [None req-759d0637-bf54-435d-85b7-f04c5570a946 tempest-VolumesDeleteCascade-2061476054 None] Acquiring lock "cinder-8a9640bd-7bbc-4f4d-8901-00e22675fdb7-delete_volume" by "delete_volume" {{(pid=87778) __acquire /opt/stack/cinder/cinder/coordination.py:138}}
Sep 05 20:50:37 devstack cinder-volume[87778]: DEBUG cinder.coordination [None req-759d0637-bf54-435d-85b7-f04c5570a946 tempest-VolumesDeleteCascade-2061476054 None] Lock "cinder-8a9640bd-7bbc-4f4d-8901-00e22675fdb7-delete_volume" acquired by "delete_volume" :: waited 0.033s {{(pid=87778) __acquire /opt/stack/cinder/cinder/coordination.py:141}}
Sep 05 20:50:37 devstack cinder-volume[87778]: DEBUG dbcounter [-] [87778] Writing DB stats cinder:SELECT=62,cinder:UPDATE=52,cinder:INSERT=15,cinder:DELETE=5 {{(pid=87778) stat_writer /opt/stack/data/venv/lib/python3.12/site-packages/dbcounter.py:115}}
Sep 05 20:50:37 devstack cinder-volume[87778]: DEBUG cinder.coordination [None req-759d0637-bf54-435d-85b7-f04c5570a946 tempest-VolumesDeleteCascade-2061476054 None] Acquiring lock "cinder-quobyte-8a9640bd-7bbc-4f4d-8901-00e22675fdb7" by "delete_volume" {{(pid=87778) __acquire /opt/stack/cinder/cinder/coordination.py:138}}
Sep 05 20:50:37 devstack cinder-volume[87778]: DEBUG cinder.coordination [None req-759d0637-bf54-435d-85b7-f04c5570a946 tempest-VolumesDeleteCascade-2061476054 None] Lock "cinder-quobyte-8a9640bd-7bbc-4f4d-8901-00e22675fdb7" acquired by "delete_volume" :: waited 0.032s {{(pid=87778) __acquire /opt/stack/cinder/cinder/coordination.py:141}}
Sep 05 20:50:37 devstack cinder-volume[87778]: DEBUG oslo.privsep.daemon [-] privsep: reply[8662b6b2-ac85-45f9-a9af-9a5c23c717f8]: (4, 'qcow2') {{(pid=89112) _call_back /opt/stack/data/venv/lib/python3.12/site-packages/oslo_privsep/daemon.py:580}}
Sep 05 20:50:37 devstack cinder-volume[87778]: DEBUG oslo_concurrency.processutils [None req-759d0637-bf54-435d-85b7-f04c5570a946 tempest-VolumesDeleteCascade-2061476054 None] Running cmd (subprocess): /opt/stack/data/venv/bin/python3.12 -m oslo_concurrency.prlimit --as=1073741824 --cpu=60 -- sudo cinder-rootwrap /etc/cinder/rootwrap.conf env LC_ALL=C qemu-img info -f qcow2 --output=json --force-share /opt/stack/data/cinder/mnt/ab52160e9678eb7d26ee5d587bf4854a/volume-8a9640bd-7bbc-4f4d-8901-00e22675fdb7 {{(pid=87778) execute /opt/stack/data/venv/lib/python3.12/site-packages/oslo_concurrency/processutils.py:440}}
Sep 05 20:50:37 devstack sudo[90445]: quobyte : PWD=/ ; USER=root ; COMMAND=/opt/stack/data/venv/bin/cinder-rootwrap /etc/cinder/rootwrap.conf env LC_ALL=C qemu-img info -f qcow2 --output=json --force-share /opt/stack/data/cinder/mnt/ab52160e9678eb7d26ee5d587bf4854a/volume-8a9640bd-7bbc-4f4d-8901-00e22675fdb7
Sep 05 20:50:37 devstack sudo[90445]: pam_unix(sudo:session): session opened for user root(uid=0) by (uid=1000)
Sep 05 20:50:38 devstack sudo[90445]: pam_unix(sudo:session): session closed for user root
Sep 05 20:50:38 devstack cinder-volume[87778]: DEBUG oslo_concurrency.processutils [None req-759d0637-bf54-435d-85b7-f04c5570a946 tempest-VolumesDeleteCascade-2061476054 None] CMD "/opt/stack/data/venv/bin/python3.12 -m oslo_concurrency.prlimit --as=1073741824 --cpu=60 -- sudo cinder-rootwrap /etc/cinder/rootwrap.conf env LC_ALL=C qemu-img info -f qcow2 --output=json --force-share /opt/stack/data/cinder/mnt/ab52160e9678eb7d26ee5d587bf4854a/volume-8a9640bd-7bbc-4f4d-8901-00e22675fdb7" returned: 0 in 0.525s {{(pid=87778) execute /opt/stack/data/venv/lib/python3.12/site-packages/oslo_concurrency/processutils.py:468}}
Sep 05 20:50:38 devstack cinder-volume[87778]: DEBUG oslo_concurrency.processutils [None req-759d0637-bf54-435d-85b7-f04c5570a946 tempest-VolumesDeleteCascade-2061476054 None] Running cmd (subprocess): sudo cinder-rootwrap /etc/cinder/rootwrap.conf rm -f /opt/stack/data/cinder/mnt/ab52160e9678eb7d26ee5d587bf4854a/volume-8a9640bd-7bbc-4f4d-8901-00e22675fdb7 {{(pid=87778) execute /opt/stack/data/venv/lib/python3.12/site-packages/oslo_concurrency/processutils.py:440}}
Sep 05 20:50:38 devstack sudo[90450]: quobyte : PWD=/ ; USER=root ; COMMAND=/opt/stack/data/venv/bin/cinder-rootwrap /etc/cinder/rootwrap.conf rm -f /opt/stack/data/cinder/mnt/ab52160e9678eb7d26ee5d587bf4854a/volume-8a9640bd-7bbc-4f4d-8901-00e22675fdb7
Sep 05 20:50:38 devstack sudo[90450]: pam_unix(sudo:session): session opened for user root(uid=0) by (uid=1000)
Sep 05 20:50:38 devstack sudo[90450]: pam_unix(sudo:session): session closed for user root
Sep 05 20:50:38 devstack cinder-volume[87778]: DEBUG oslo_concurrency.processutils [None req-759d0637-bf54-435d-85b7-f04c5570a946 tempest-VolumesDeleteCascade-2061476054 None] CMD "sudo cinder-rootwrap /etc/cinder/rootwrap.conf rm -f /opt/stack/data/cinder/mnt/ab52160e9678eb7d26ee5d587bf4854a/volume-8a9640bd-7bbc-4f4d-8901-00e22675fdb7" returned: 0 in 0.368s {{(pid=87778) execute /opt/stack/data/venv/lib/python3.12/site-packages/oslo_concurrency/processutils.py:468}}
Sep 05 20:50:38 devstack cinder-volume[87778]: DEBUG cinder.coordination [None req-759d0637-bf54-435d-85b7-f04c5570a946 tempest-VolumesDeleteCascade-2061476054 None] Lock "cinder-quobyte-8a9640bd-7bbc-4f4d-8901-00e22675fdb7" released by "delete_volume" :: held 0.973s {{(pid=87778) __release /opt/stack/cinder/cinder/coordination.py:152}}
Sep 05 20:50:38 devstack cinder-volume[87778]: DEBUG cinder.volume.manager [req-40cc408c-c9ef-490f-bd38-a9e1f24b31f3 req-8d4af91f-3d7d-475e-862d-43b3d2012461 tempest-AttachVolumeShelveTestJSON-1563099460 None] No connector for attachment cfd245a7-01b9-4f13-8e02-7b4f38039eb1; skipping storage backend terminate_connection call. {{(pid=87778) _connection_terminate /opt/stack/cinder/cinder/volume/manager.py:5010}}
Sep 05 20:50:38 devstack cinder-volume[87778]: DEBUG cinder.volume.manager [req-40cc408c-c9ef-490f-bd38-a9e1f24b31f3 req-8d4af91f-3d7d-475e-862d-43b3d2012461 tempest-AttachVolumeShelveTestJSON-1563099460 None] Deleting attachment cfd245a7-01b9-4f13-8e02-7b4f38039eb1. {{(pid=87778) attachment_delete /opt/stack/cinder/cinder/volume/manager.py:5055}}
Sep 05 20:50:38 devstack cinder-volume[87778]: DEBUG cinder.quota [None req-759d0637-bf54-435d-85b7-f04c5570a946 tempest-VolumesDeleteCascade-2061476054 None] Created reservations ['211b7c21-a3dc-45c1-b30d-70dd5e2b9e92', 'd440a3f6-0ac1-4a96-931f-af636e1bb5d1', '8bcc9017-5f3a-4f85-9def-9b34e863d313', '28cbfdbf-f530-496b-86b0-97774c22816b'] {{(pid=87778) reserve /opt/stack/cinder/cinder/quota.py:752}}
Sep 05 20:50:38 devstack cinder-volume[87778]: DEBUG oslo_concurrency.lockutils [None req-759d0637-bf54-435d-85b7-f04c5570a946 tempest-VolumesDeleteCascade-2061476054 None] Acquiring lock "quobyte_ensure" by "cinder.volume.drivers.quobyte.QuobyteDriver._ensure_shares_mounted" {{(pid=87778) inner /opt/stack/data/venv/lib/python3.12/site-packages/oslo_concurrency/lockutils.py:512}}
Sep 05 20:50:38 devstack cinder-volume[87778]: DEBUG oslo_concurrency.lockutils [None req-759d0637-bf54-435d-85b7-f04c5570a946 tempest-VolumesDeleteCascade-2061476054 None] Lock "quobyte_ensure" acquired by "cinder.volume.drivers.quobyte.QuobyteDriver._ensure_shares_mounted" :: waited 0.001s {{(pid=87778) inner /opt/stack/data/venv/lib/python3.12/site-packages/oslo_concurrency/lockutils.py:525}}
Sep 05 20:50:38 devstack cinder-volume[87778]: DEBUG cinder.volume.drivers.quobyte [None req-759d0637-bf54-435d-85b7-f04c5570a946 tempest-VolumesDeleteCascade-2061476054 None] Quobyte Volume URL set to: {'osci02.corp.quobyte.com/cinder-vol-e61fca0d-9083-4feb-871e-bb90cb0df361': None} {{(pid=87778) _load_shares_config /opt/stack/cinder/cinder/volume/drivers/quobyte.py:665}}
Sep 05 20:50:38 devstack cinder-volume[87778]: DEBUG cinder.volume.drivers.quobyte [None req-759d0637-bf54-435d-85b7-f04c5570a946 tempest-VolumesDeleteCascade-2061476054 None] Available shares ['osci02.corp.quobyte.com/cinder-vol-e61fca0d-9083-4feb-871e-bb90cb0df361'] {{(pid=87778) _ensure_shares_mounted /opt/stack/cinder/cinder/volume/drivers/quobyte.py:695}}
Sep 05 20:50:38 devstack cinder-volume[87778]: DEBUG oslo_concurrency.lockutils [None req-759d0637-bf54-435d-85b7-f04c5570a946 tempest-VolumesDeleteCascade-2061476054 None] Lock "quobyte_ensure" "released" by "cinder.volume.drivers.quobyte.QuobyteDriver._ensure_shares_mounted" :: held 0.009s {{(pid=87778) inner /opt/stack/data/venv/lib/python3.12/site-packages/oslo_concurrency/lockutils.py:544}}
Sep 05 20:50:38 devstack cinder-volume[87778]: DEBUG oslo_concurrency.processutils [None req-759d0637-bf54-435d-85b7-f04c5570a946 tempest-VolumesDeleteCascade-2061476054 None] Running cmd (subprocess): sudo cinder-rootwrap /etc/cinder/rootwrap.conf df --portability --block-size 1 /opt/stack/data/cinder/mnt/ab52160e9678eb7d26ee5d587bf4854a {{(pid=87778) execute /opt/stack/data/venv/lib/python3.12/site-packages/oslo_concurrency/processutils.py:440}}
Sep 05 20:50:38 devstack sudo[90453]: quobyte : PWD=/ ; USER=root ; COMMAND=/opt/stack/data/venv/bin/cinder-rootwrap /etc/cinder/rootwrap.conf df --portability --block-size 1 /opt/stack/data/cinder/mnt/ab52160e9678eb7d26ee5d587bf4854a
Sep 05 20:50:38 devstack sudo[90453]: pam_unix(sudo:session): session opened for user root(uid=0) by (uid=1000)
Sep 05 20:50:39 devstack sudo[90453]: pam_unix(sudo:session): session closed for user root
Sep 05 20:50:39 devstack cinder-volume[87778]: DEBUG oslo_concurrency.processutils [None req-759d0637-bf54-435d-85b7-f04c5570a946 tempest-VolumesDeleteCascade-2061476054 None] CMD "sudo cinder-rootwrap /etc/cinder/rootwrap.conf df --portability --block-size 1 /opt/stack/data/cinder/mnt/ab52160e9678eb7d26ee5d587bf4854a" returned: 0 in 0.268s {{(pid=87778) execute /opt/stack/data/venv/lib/python3.12/site-packages/oslo_concurrency/processutils.py:468}}
Sep 05 20:50:39 devstack cinder-volume[87778]: DEBUG cinder.manager [None req-759d0637-bf54-435d-85b7-f04c5570a946 tempest-VolumesDeleteCascade-2061476054 None] Notifying Schedulers of capabilities ... {{(pid=87778) _publish_service_capabilities /opt/stack/cinder/cinder/manager.py:219}}
Sep 05 20:50:39 devstack cinder-volume[87778]: INFO cinder.volume.manager [None req-759d0637-bf54-435d-85b7-f04c5570a946 tempest-VolumesDeleteCascade-2061476054 None] Deleted volume successfully.
Sep 05 20:50:39 devstack cinder-volume[87778]: DEBUG cinder.coordination [None req-759d0637-bf54-435d-85b7-f04c5570a946 tempest-VolumesDeleteCascade-2061476054 None] Lock "cinder-8a9640bd-7bbc-4f4d-8901-00e22675fdb7-delete_volume" released by "delete_volume" :: held 1.606s {{(pid=87778) __release /opt/stack/cinder/cinder/coordination.py:152}}
Sep 05 20:50:46 devstack cinder-volume[87778]: DEBUG cinder.volume.flows.manager.create_volume [None req-c903bf1a-c238-4bc8-bd6a-b2dd62f62bf8 tempest-VolumesExtendTest-1468559047 None] Volume reschedule parameters: True retry: {'num_attempts': 1, 'backends': ['devstack@QuobyteHD#QuobyteHD'], 'hosts': ['devstack@QuobyteHD#QuobyteHD']} {{(pid=87778) get_flow /opt/stack/cinder/cinder/volume/flows/manager/create_volume.py:1397}}
Sep 05 20:50:46 devstack cinder-volume[87778]: DEBUG cinder.volume.manager [None req-c903bf1a-c238-4bc8-bd6a-b2dd62f62bf8 tempest-VolumesExtendTest-1468559047 None] Flow 'volume_create_manager' (62035082-5365-4d3f-8161-e51f67a6502c) transitioned into state 'RUNNING' from state 'PENDING' {{(pid=87778) _flow_receiver /opt/stack/data/venv/lib/python3.12/site-packages/taskflow/listeners/logging.py:160}}
Sep 05 20:50:46 devstack cinder-volume[87778]: DEBUG cinder.volume.manager [None req-c903bf1a-c238-4bc8-bd6a-b2dd62f62bf8 tempest-VolumesExtendTest-1468559047 None] Task 'cinder.volume.flows.manager.create_volume.ExtractVolumeRefTask;volume:create' (b1408b51-64d3-49f2-9d65-5bb72b3574fc) transitioned into state 'RUNNING' from state 'PENDING' {{(pid=87778) _task_receiver /opt/stack/data/venv/lib/python3.12/site-packages/taskflow/listeners/logging.py:242}}
Sep 05 20:50:46 devstack cinder-volume[87778]: DEBUG dbcounter [-] [87778] Writing DB stats cinder:SELECT=61,cinder:UPDATE=67,cinder:DELETE=7,cinder:INSERT=15 {{(pid=87778) stat_writer /opt/stack/data/venv/lib/python3.12/site-packages/dbcounter.py:115}}
Sep 05 20:50:47 devstack cinder-volume[87778]: DEBUG cinder.volume.manager [None req-c903bf1a-c238-4bc8-bd6a-b2dd62f62bf8 tempest-VolumesExtendTest-1468559047 None] Task 'cinder.volume.flows.manager.create_volume.ExtractVolumeRefTask;volume:create' (b1408b51-64d3-49f2-9d65-5bb72b3574fc) transitioned into state 'SUCCESS' from state 'RUNNING' with result 'Volume(_name_id=None,admin_metadata=,attach_status='detached',availability_zone='nova',bootable=False,cluster=,cluster_name=None,consistencygroup=,consistencygroup_id=None,created_at=2026-09-05T18:50:46Z,deleted=False,deleted_at=None,display_description=None,display_name='tempest-VolumesExtendTest-Volume-130372624',ec2_id=None,encryption_key_id=None,glance_metadata=,group=,group_id=None,host='devstack@QuobyteHD#QuobyteHD',id=61ab1aad-c4b6-4410-bb26-2a121aac93a1,launched_at=None,metadata={},migration_status=None,multiattach=False,previous_status=None,project_id='1457c68fb17a439da3a591e781d04504',provider_auth=None,provider_geometry=None,provider_id=None,provider_location=None,replication_driver_data=None,replication_extended_status=None,replication_status=None,scheduled_at=2026-09-05T18:50:47Z,service_uuid=None,shared_targets=True,size=1,snapshot_id=None,snapshots=,source_volid=None,status='creating',terminated_at=None,updated_at=2026-09-05T18:50:47Z,use_quota=True,user_id='86af933c01e6401da9d6ee5bc4cd31e8',volume_attachment=VolumeAttachmentList,volume_type=VolumeType(1cf56be8-1b85-4d7b-9ea3-4b3dee5601c8),volume_type_id=1cf56be8-1b85-4d7b-9ea3-4b3dee5601c8)' {{(pid=87778) _task_receiver /opt/stack/data/venv/lib/python3.12/site-packages/taskflow/listeners/logging.py:218}}
Sep 05 20:50:47 devstack cinder-volume[87778]: DEBUG cinder.volume.manager [None req-c903bf1a-c238-4bc8-bd6a-b2dd62f62bf8 tempest-VolumesExtendTest-1468559047 None] Task 'cinder.volume.flows.manager.create_volume.OnFailureRescheduleTask;volume:create' (fa640ee8-f0ff-400a-94f3-08a7e8be2972) transitioned into state 'RUNNING' from state 'PENDING' {{(pid=87778) _task_receiver /opt/stack/data/venv/lib/python3.12/site-packages/taskflow/listeners/logging.py:242}}
Sep 05 20:50:47 devstack cinder-volume[87778]: DEBUG cinder.volume.manager [None req-c903bf1a-c238-4bc8-bd6a-b2dd62f62bf8 tempest-VolumesExtendTest-1468559047 None] Task 'cinder.volume.flows.manager.create_volume.OnFailureRescheduleTask;volume:create' (fa640ee8-f0ff-400a-94f3-08a7e8be2972) transitioned into state 'SUCCESS' from state 'RUNNING' with result 'None' {{(pid=87778) _task_receiver /opt/stack/data/venv/lib/python3.12/site-packages/taskflow/listeners/logging.py:218}}
Sep 05 20:50:47 devstack cinder-volume[87778]: DEBUG cinder.volume.manager [None req-c903bf1a-c238-4bc8-bd6a-b2dd62f62bf8 tempest-VolumesExtendTest-1468559047 None] Task 'cinder.volume.flows.manager.create_volume.ExtractVolumeSpecTask;volume:create' (70728191-1965-42cb-9411-63c1d8e6b2bd) transitioned into state 'RUNNING' from state 'PENDING' {{(pid=87778) _task_receiver /opt/stack/data/venv/lib/python3.12/site-packages/taskflow/listeners/logging.py:242}}
Sep 05 20:50:47 devstack cinder-volume[87778]: DEBUG cinder.image.glance [None req-c903bf1a-c238-4bc8-bd6a-b2dd62f62bf8 tempest-VolumesExtendTest-1468559047 None] Creating Keystone auth plugin from conf {{(pid=87778) _create_glance_client /opt/stack/cinder/cinder/image/glance.py:135}}
