Jul 02 12:48:31 devstack cinder-volume[86488]: INFO cinder.volume.flows.manager.create_volume [None req-7c6ad521-3afc-4c80-aef0-d21f8fa3a66f tempest-GroupSnapshotsV319Test-498775797 None] Volume volume-37dfdba9-9df3-44f9-8fbd-4385b2b450c4 (37dfdba9-9df3-44f9-8fbd-4385b2b450c4): created successfully
Jul 02 12:48:31 devstack cinder-volume[86488]: DEBUG cinder.volume.manager [None req-7c6ad521-3afc-4c80-aef0-d21f8fa3a66f tempest-GroupSnapshotsV319Test-498775797 None] Task 'cinder.volume.flows.manager.create_volume.CreateVolumeOnFinishTask;volume:create, create.end' (330bc920-bd54-44de-8b7a-9200e915fd47) transitioned into state 'SUCCESS' from state 'RUNNING' with result 'None' {{(pid=86488) _task_receiver /opt/stack/data/venv/lib/python3.12/site-packages/taskflow/listeners/logging.py:218}}
Jul 02 12:48:31 devstack cinder-volume[86488]: DEBUG cinder.volume.manager [None req-7c6ad521-3afc-4c80-aef0-d21f8fa3a66f tempest-GroupSnapshotsV319Test-498775797 None] Flow 'volume_create_manager' (ee368444-53eb-46ec-9902-a61fdb5a5b79) transitioned into state 'SUCCESS' from state 'RUNNING' {{(pid=86488) _flow_receiver /opt/stack/data/venv/lib/python3.12/site-packages/taskflow/listeners/logging.py:160}}
Jul 02 12:48:31 devstack cinder-volume[86488]: INFO cinder.volume.manager [None req-7c6ad521-3afc-4c80-aef0-d21f8fa3a66f tempest-GroupSnapshotsV319Test-498775797 None] Created volume successfully.
Jul 02 12:48:31 devstack sudo[93656]: pam_unix(sudo:session): session closed for user root
Jul 02 12:48:31 devstack cinder-volume[86488]: DEBUG oslo_concurrency.processutils [None req-30d6faba-75e9-4094-85c1-1843293c3268 tempest-SnapshotsActionsTest-318202201 None] CMD "sudo cinder-rootwrap /etc/cinder/rootwrap.conf qemu-img commit -d /opt/stack/data/cinder/mnt/73eb0c5be9bf4b152e9ab87ea4241f89/volume-c30c378d-cdda-42fe-a803-bafe86491ebf.dc822402-186f-445f-a246-788317683486" returned: 0 in 0.970s {{(pid=86488) execute /opt/stack/data/venv/lib/python3.12/site-packages/oslo_concurrency/processutils.py:468}}
Jul 02 12:48:31 devstack cinder-volume[86488]: DEBUG oslo_concurrency.processutils [None req-30d6faba-75e9-4094-85c1-1843293c3268 tempest-SnapshotsActionsTest-318202201 None] Running cmd (subprocess): sudo cinder-rootwrap /etc/cinder/rootwrap.conf rm -f /opt/stack/data/cinder/mnt/73eb0c5be9bf4b152e9ab87ea4241f89/volume-c30c378d-cdda-42fe-a803-bafe86491ebf.dc822402-186f-445f-a246-788317683486 {{(pid=86488) execute /opt/stack/data/venv/lib/python3.12/site-packages/oslo_concurrency/processutils.py:440}}
Jul 02 12:48:31 devstack sudo[93667]: quobyte : PWD=/ ; USER=root ; COMMAND=/opt/stack/data/venv/bin/cinder-rootwrap /etc/cinder/rootwrap.conf rm -f /opt/stack/data/cinder/mnt/73eb0c5be9bf4b152e9ab87ea4241f89/volume-c30c378d-cdda-42fe-a803-bafe86491ebf.dc822402-186f-445f-a246-788317683486
Jul 02 12:48:31 devstack sudo[93667]: pam_unix(sudo:session): session opened for user root(uid=0) by (uid=1000)
Jul 02 12:48:31 devstack sudo[93666]: quobyte : PWD=/ ; USER=root ; COMMAND=/opt/stack/data/venv/bin/cinder-rootwrap /etc/cinder/rootwrap.conf env LC_ALL=C qemu-img info -f qcow2 --output=json --force-share /opt/stack/data/cinder/mnt/73eb0c5be9bf4b152e9ab87ea4241f89/volume-262110ff-8bae-4c9d-b1b0-07dd167233a7
Jul 02 12:48:31 devstack sudo[93666]: pam_unix(sudo:session): session opened for user root(uid=0) by (uid=1000)
Jul 02 12:48:31 devstack cinder-volume[86488]: INFO cinder.volume.manager [None req-1d1921cb-2b30-493e-9b42-2a763a1b210c tempest-GroupSnapshotsV319Test-498775797 None] GroupSnapshot b99e8c8f-277f-4e29-a9b7-f1d978471ee6: creating.
Jul 02 12:48:31 devstack cinder-volume[86488]: DEBUG cinder.volume.manager [None req-1d1921cb-2b30-493e-9b42-2a763a1b210c tempest-GroupSnapshotsV319Test-498775797 None] Group snapshot b99e8c8f-277f-4e29-a9b7-f1d978471ee6: creating. {{(pid=86488) create_group_snapshot /opt/stack/cinder/cinder/volume/manager.py:4175}}
Jul 02 12:48:31 devstack cinder-volume[86488]: DEBUG oslo_concurrency.lockutils [None req-1d1921cb-2b30-493e-9b42-2a763a1b210c tempest-GroupSnapshotsV319Test-498775797 None] Acquiring lock "quobyte" by "cinder.volume.drivers.quobyte.QuobyteDriver.create_snapshot" {{(pid=86488) inner /opt/stack/data/venv/lib/python3.12/site-packages/oslo_concurrency/lockutils.py:511}}
Jul 02 12:48:32 devstack sudo[93666]: pam_unix(sudo:session): session closed for user root
Jul 02 12:48:32 devstack cinder-volume[86488]: DEBUG oslo_concurrency.processutils [None req-e6f5e97e-371a-4935-8fe4-841b96205c04 tempest-GroupSnapshotsTest-506115064 None] CMD "/opt/stack/data/venv/bin/python3.12 -m oslo_concurrency.prlimit --as=1073741824 --cpu=60 -- sudo cinder-rootwrap /etc/cinder/rootwrap.conf env LC_ALL=C qemu-img info -f qcow2 --output=json --force-share /opt/stack/data/cinder/mnt/73eb0c5be9bf4b152e9ab87ea4241f89/volume-262110ff-8bae-4c9d-b1b0-07dd167233a7" returned: 0 in 1.079s {{(pid=86488) execute /opt/stack/data/venv/lib/python3.12/site-packages/oslo_concurrency/processutils.py:468}}
Jul 02 12:48:32 devstack cinder-volume[86488]: DEBUG oslo_concurrency.processutils [None req-e6f5e97e-371a-4935-8fe4-841b96205c04 tempest-GroupSnapshotsTest-506115064 None] Running cmd (subprocess): sudo cinder-rootwrap /etc/cinder/rootwrap.conf qemu-img create -f qcow2 -o backing_file=/opt/stack/data/cinder/mnt/73eb0c5be9bf4b152e9ab87ea4241f89/volume-262110ff-8bae-4c9d-b1b0-07dd167233a7,backing_fmt=qcow2 /opt/stack/data/cinder/mnt/73eb0c5be9bf4b152e9ab87ea4241f89/volume-262110ff-8bae-4c9d-b1b0-07dd167233a7.5b4f260b-5cf7-4570-87f2-2fe9e28bf4e7 1G {{(pid=86488) execute /opt/stack/data/venv/lib/python3.12/site-packages/oslo_concurrency/processutils.py:440}}
Jul 02 12:48:32 devstack sudo[93674]: quobyte : PWD=/ ; USER=root ; COMMAND=/opt/stack/data/venv/bin/cinder-rootwrap /etc/cinder/rootwrap.conf qemu-img create -f qcow2 -o backing_file=/opt/stack/data/cinder/mnt/73eb0c5be9bf4b152e9ab87ea4241f89/volume-262110ff-8bae-4c9d-b1b0-07dd167233a7,backing_fmt=qcow2 /opt/stack/data/cinder/mnt/73eb0c5be9bf4b152e9ab87ea4241f89/volume-262110ff-8bae-4c9d-b1b0-07dd167233a7.5b4f260b-5cf7-4570-87f2-2fe9e28bf4e7 1G
Jul 02 12:48:32 devstack sudo[93674]: pam_unix(sudo:session): session opened for user root(uid=0) by (uid=1000)
Jul 02 12:48:32 devstack sudo[93667]: pam_unix(sudo:session): session closed for user root
Jul 02 12:48:32 devstack cinder-volume[86488]: DEBUG oslo_concurrency.processutils [None req-30d6faba-75e9-4094-85c1-1843293c3268 tempest-SnapshotsActionsTest-318202201 None] CMD "sudo cinder-rootwrap /etc/cinder/rootwrap.conf rm -f /opt/stack/data/cinder/mnt/73eb0c5be9bf4b152e9ab87ea4241f89/volume-c30c378d-cdda-42fe-a803-bafe86491ebf.dc822402-186f-445f-a246-788317683486" returned: 0 in 1.033s {{(pid=86488) execute /opt/stack/data/venv/lib/python3.12/site-packages/oslo_concurrency/processutils.py:468}}
Jul 02 12:48:32 devstack cinder-volume[86488]: DEBUG cinder.coordination [None req-30d6faba-75e9-4094-85c1-1843293c3268 tempest-SnapshotsActionsTest-318202201 None] Lock "cinder-quobyte-dc822402-186f-445f-a246-788317683486" released by "_delete_snapshot" :: held 4.391s {{(pid=86488) __release /opt/stack/cinder/cinder/coordination.py:152}}
Jul 02 12:48:32 devstack cinder-volume[86488]: DEBUG cinder.coordination [None req-30d6faba-75e9-4094-85c1-1843293c3268 tempest-SnapshotsActionsTest-318202201 None] Lock "cinder-quobyte-c30c378d-cdda-42fe-a803-bafe86491ebf" released by "delete_snapshot" :: held 4.415s {{(pid=86488) __release /opt/stack/cinder/cinder/coordination.py:152}}
Jul 02 12:48:32 devstack cinder-volume[86488]: DEBUG cinder.quota [None req-30d6faba-75e9-4094-85c1-1843293c3268 tempest-SnapshotsActionsTest-318202201 None] Created reservations ['e6f3e1a7-12cd-4317-8519-d1ead1178a29', 'bcee7044-208f-43e7-8768-79699509caf7', 'f9809e83-a19a-48eb-96b0-311d7909a023', '7224efe0-2368-477e-84dd-c036f738babc'] {{(pid=86488) reserve /opt/stack/cinder/cinder/quota.py:752}}
Jul 02 12:48:32 devstack cinder-volume[86488]: INFO cinder.volume.manager [None req-30d6faba-75e9-4094-85c1-1843293c3268 tempest-SnapshotsActionsTest-318202201 None] Delete snapshot completed successfully.
Jul 02 12:48:32 devstack cinder-volume[86488]: DEBUG cinder.coordination [None req-30d6faba-75e9-4094-85c1-1843293c3268 tempest-SnapshotsActionsTest-318202201 None] Lock "cinder-dc822402-186f-445f-a246-788317683486-delete_snapshot" released by "delete_snapshot" :: held 4.563s {{(pid=86488) __release /opt/stack/cinder/cinder/coordination.py:152}}
Jul 02 12:48:33 devstack sudo[93674]: pam_unix(sudo:session): session closed for user root
Jul 02 12:48:33 devstack cinder-volume[86488]: DEBUG oslo_concurrency.processutils [None req-e6f5e97e-371a-4935-8fe4-841b96205c04 tempest-GroupSnapshotsTest-506115064 None] CMD "sudo cinder-rootwrap /etc/cinder/rootwrap.conf qemu-img create -f qcow2 -o backing_file=/opt/stack/data/cinder/mnt/73eb0c5be9bf4b152e9ab87ea4241f89/volume-262110ff-8bae-4c9d-b1b0-07dd167233a7,backing_fmt=qcow2 /opt/stack/data/cinder/mnt/73eb0c5be9bf4b152e9ab87ea4241f89/volume-262110ff-8bae-4c9d-b1b0-07dd167233a7.5b4f260b-5cf7-4570-87f2-2fe9e28bf4e7 1G" returned: 0 in 0.948s {{(pid=86488) execute /opt/stack/data/venv/lib/python3.12/site-packages/oslo_concurrency/processutils.py:468}}
Jul 02 12:48:33 devstack cinder-volume[86488]: DEBUG oslo_concurrency.processutils [None req-e6f5e97e-371a-4935-8fe4-841b96205c04 tempest-GroupSnapshotsTest-506115064 None] Running cmd (subprocess): sudo cinder-rootwrap /etc/cinder/rootwrap.conf qemu-img rebase -u -b volume-262110ff-8bae-4c9d-b1b0-07dd167233a7 -F qcow2 /opt/stack/data/cinder/mnt/73eb0c5be9bf4b152e9ab87ea4241f89/volume-262110ff-8bae-4c9d-b1b0-07dd167233a7.5b4f260b-5cf7-4570-87f2-2fe9e28bf4e7 {{(pid=86488) execute /opt/stack/data/venv/lib/python3.12/site-packages/oslo_concurrency/processutils.py:440}}
Jul 02 12:48:33 devstack sudo[93679]: quobyte : PWD=/ ; USER=root ; COMMAND=/opt/stack/data/venv/bin/cinder-rootwrap /etc/cinder/rootwrap.conf qemu-img rebase -u -b volume-262110ff-8bae-4c9d-b1b0-07dd167233a7 -F qcow2 /opt/stack/data/cinder/mnt/73eb0c5be9bf4b152e9ab87ea4241f89/volume-262110ff-8bae-4c9d-b1b0-07dd167233a7.5b4f260b-5cf7-4570-87f2-2fe9e28bf4e7
Jul 02 12:48:33 devstack sudo[93679]: pam_unix(sudo:session): session opened for user root(uid=0) by (uid=1000)
Jul 02 12:48:33 devstack cinder-volume[86488]: DEBUG oslo_concurrency.lockutils [None req-7701b4f6-3b01-44ec-9577-db464888cce6 tempest-SnapshotsActionsTest-751829531 None] Acquiring lock "quobyte" by "cinder.volume.drivers.quobyte.QuobyteDriver.create_snapshot" {{(pid=86488) inner /opt/stack/data/venv/lib/python3.12/site-packages/oslo_concurrency/lockutils.py:511}}
Jul 02 12:48:33 devstack sudo[93679]: pam_unix(sudo:session): session closed for user root
Jul 02 12:48:33 devstack cinder-volume[86488]: DEBUG oslo_concurrency.processutils [None req-e6f5e97e-371a-4935-8fe4-841b96205c04 tempest-GroupSnapshotsTest-506115064 None] CMD "sudo cinder-rootwrap /etc/cinder/rootwrap.conf qemu-img rebase -u -b volume-262110ff-8bae-4c9d-b1b0-07dd167233a7 -F qcow2 /opt/stack/data/cinder/mnt/73eb0c5be9bf4b152e9ab87ea4241f89/volume-262110ff-8bae-4c9d-b1b0-07dd167233a7.5b4f260b-5cf7-4570-87f2-2fe9e28bf4e7" returned: 0 in 0.830s {{(pid=86488) execute /opt/stack/data/venv/lib/python3.12/site-packages/oslo_concurrency/processutils.py:468}}
Jul 02 12:48:33 devstack cinder-volume[86488]: WARNING cinder.volume.drivers.remotefs [None req-e6f5e97e-371a-4935-8fe4-841b96205c04 tempest-GroupSnapshotsTest-506115064 None] /opt/stack/data/cinder/mnt/73eb0c5be9bf4b152e9ab87ea4241f89/volume-262110ff-8bae-4c9d-b1b0-07dd167233a7.5b4f260b-5cf7-4570-87f2-2fe9e28bf4e7 is being set with open permissions: ugo+rw: NotImplementedError
Jul 02 12:48:33 devstack cinder-volume[86488]: DEBUG oslo_concurrency.processutils [None req-e6f5e97e-371a-4935-8fe4-841b96205c04 tempest-GroupSnapshotsTest-506115064 None] Running cmd (subprocess): sudo cinder-rootwrap /etc/cinder/rootwrap.conf chmod ugo+rw /opt/stack/data/cinder/mnt/73eb0c5be9bf4b152e9ab87ea4241f89/volume-262110ff-8bae-4c9d-b1b0-07dd167233a7.5b4f260b-5cf7-4570-87f2-2fe9e28bf4e7 {{(pid=86488) execute /opt/stack/data/venv/lib/python3.12/site-packages/oslo_concurrency/processutils.py:440}}
Jul 02 12:48:33 devstack sudo[93685]: quobyte : PWD=/ ; USER=root ; COMMAND=/opt/stack/data/venv/bin/cinder-rootwrap /etc/cinder/rootwrap.conf chmod ugo+rw /opt/stack/data/cinder/mnt/73eb0c5be9bf4b152e9ab87ea4241f89/volume-262110ff-8bae-4c9d-b1b0-07dd167233a7.5b4f260b-5cf7-4570-87f2-2fe9e28bf4e7
Jul 02 12:48:33 devstack sudo[93685]: pam_unix(sudo:session): session opened for user root(uid=0) by (uid=1000)
Jul 02 12:48:34 devstack sudo[93685]: pam_unix(sudo:session): session closed for user root
Jul 02 12:48:34 devstack cinder-volume[86488]: DEBUG oslo_concurrency.processutils [None req-e6f5e97e-371a-4935-8fe4-841b96205c04 tempest-GroupSnapshotsTest-506115064 None] CMD "sudo cinder-rootwrap /etc/cinder/rootwrap.conf chmod ugo+rw /opt/stack/data/cinder/mnt/73eb0c5be9bf4b152e9ab87ea4241f89/volume-262110ff-8bae-4c9d-b1b0-07dd167233a7.5b4f260b-5cf7-4570-87f2-2fe9e28bf4e7" returned: 0 in 0.751s {{(pid=86488) execute /opt/stack/data/venv/lib/python3.12/site-packages/oslo_concurrency/processutils.py:468}}
Jul 02 12:48:34 devstack cinder-volume[86488]: DEBUG oslo_concurrency.processutils [None req-e6f5e97e-371a-4935-8fe4-841b96205c04 tempest-GroupSnapshotsTest-506115064 None] Running cmd (subprocess): sudo cinder-rootwrap /etc/cinder/rootwrap.conf truncate -s0 /opt/stack/data/cinder/mnt/73eb0c5be9bf4b152e9ab87ea4241f89/volume-262110ff-8bae-4c9d-b1b0-07dd167233a7.info {{(pid=86488) execute /opt/stack/data/venv/lib/python3.12/site-packages/oslo_concurrency/processutils.py:440}}
Jul 02 12:48:34 devstack sudo[93690]: quobyte : PWD=/ ; USER=root ; COMMAND=/opt/stack/data/venv/bin/cinder-rootwrap /etc/cinder/rootwrap.conf truncate -s0 /opt/stack/data/cinder/mnt/73eb0c5be9bf4b152e9ab87ea4241f89/volume-262110ff-8bae-4c9d-b1b0-07dd167233a7.info
Jul 02 12:48:34 devstack sudo[93690]: pam_unix(sudo:session): session opened for user root(uid=0) by (uid=1000)
Jul 02 12:48:35 devstack sudo[93690]: pam_unix(sudo:session): session closed for user root
Jul 02 12:48:35 devstack cinder-volume[86488]: DEBUG oslo_concurrency.processutils [None req-e6f5e97e-371a-4935-8fe4-841b96205c04 tempest-GroupSnapshotsTest-506115064 None] CMD "sudo cinder-rootwrap /etc/cinder/rootwrap.conf truncate -s0 /opt/stack/data/cinder/mnt/73eb0c5be9bf4b152e9ab87ea4241f89/volume-262110ff-8bae-4c9d-b1b0-07dd167233a7.info" returned: 0 in 0.672s {{(pid=86488) execute /opt/stack/data/venv/lib/python3.12/site-packages/oslo_concurrency/processutils.py:468}}
Jul 02 12:48:35 devstack cinder-volume[86488]: WARNING cinder.volume.drivers.remotefs [None req-e6f5e97e-371a-4935-8fe4-841b96205c04 tempest-GroupSnapshotsTest-506115064 None] /opt/stack/data/cinder/mnt/73eb0c5be9bf4b152e9ab87ea4241f89/volume-262110ff-8bae-4c9d-b1b0-07dd167233a7.info is being set with open permissions: ugo+rw: NotImplementedError
Jul 02 12:48:35 devstack cinder-volume[86488]: DEBUG oslo_concurrency.processutils [None req-e6f5e97e-371a-4935-8fe4-841b96205c04 tempest-GroupSnapshotsTest-506115064 None] Running cmd (subprocess): sudo cinder-rootwrap /etc/cinder/rootwrap.conf chmod ugo+rw /opt/stack/data/cinder/mnt/73eb0c5be9bf4b152e9ab87ea4241f89/volume-262110ff-8bae-4c9d-b1b0-07dd167233a7.info {{(pid=86488) execute /opt/stack/data/venv/lib/python3.12/site-packages/oslo_concurrency/processutils.py:440}}
Jul 02 12:48:35 devstack sudo[93693]: quobyte : PWD=/ ; USER=root ; COMMAND=/opt/stack/data/venv/bin/cinder-rootwrap /etc/cinder/rootwrap.conf chmod ugo+rw /opt/stack/data/cinder/mnt/73eb0c5be9bf4b152e9ab87ea4241f89/volume-262110ff-8bae-4c9d-b1b0-07dd167233a7.info
Jul 02 12:48:35 devstack sudo[93693]: pam_unix(sudo:session): session opened for user root(uid=0) by (uid=1000)
Jul 02 12:48:36 devstack sudo[93693]: pam_unix(sudo:session): session closed for user root
Jul 02 12:48:36 devstack cinder-volume[86488]: DEBUG oslo_concurrency.processutils [None req-e6f5e97e-371a-4935-8fe4-841b96205c04 tempest-GroupSnapshotsTest-506115064 None] CMD "sudo cinder-rootwrap /etc/cinder/rootwrap.conf chmod ugo+rw /opt/stack/data/cinder/mnt/73eb0c5be9bf4b152e9ab87ea4241f89/volume-262110ff-8bae-4c9d-b1b0-07dd167233a7.info" returned: 0 in 0.684s {{(pid=86488) execute /opt/stack/data/venv/lib/python3.12/site-packages/oslo_concurrency/processutils.py:468}}
Jul 02 12:48:36 devstack cinder-volume[86488]: DEBUG oslo_concurrency.lockutils [None req-e6f5e97e-371a-4935-8fe4-841b96205c04 tempest-GroupSnapshotsTest-506115064 None] Lock "quobyte" "released" by "cinder.volume.drivers.quobyte.QuobyteDriver.create_snapshot" :: held 5.096s {{(pid=86488) inner /opt/stack/data/venv/lib/python3.12/site-packages/oslo_concurrency/lockutils.py:543}}
Jul 02 12:48:36 devstack cinder-volume[86488]: DEBUG oslo_concurrency.lockutils [None req-e6f5e97e-371a-4935-8fe4-841b96205c04 tempest-GroupSnapshotsTest-506115064 None] Acquiring lock "quobyte" by "cinder.volume.drivers.quobyte.QuobyteDriver.create_snapshot" {{(pid=86488) inner /opt/stack/data/venv/lib/python3.12/site-packages/oslo_concurrency/lockutils.py:511}}
Jul 02 12:48:36 devstack cinder-volume[86488]: DEBUG oslo_concurrency.lockutils [None req-e6f5e97e-371a-4935-8fe4-841b96205c04 tempest-GroupSnapshotsTest-506115064 None] Lock "quobyte" acquired by "cinder.volume.drivers.quobyte.QuobyteDriver.create_snapshot" :: waited 0.000s {{(pid=86488) inner /opt/stack/data/venv/lib/python3.12/site-packages/oslo_concurrency/lockutils.py:524}}
Jul 02 12:48:36 devstack cinder-volume[86488]: DEBUG cinder.volume.drivers.remotefs [None req-e6f5e97e-371a-4935-8fe4-841b96205c04 tempest-GroupSnapshotsTest-506115064 None] Creating offline snapshot ce061d0d-367a-449a-b55b-aaa89fb63794 of volume f19a6dd7-9d04-44c0-ad82-4615ec3ad20b {{(pid=86488) _create_snapshot /opt/stack/cinder/cinder/volume/drivers/remotefs.py:1816}}
Jul 02 12:48:36 devstack cinder-volume[86488]: DEBUG oslo.privsep.daemon [-] privsep: reply[5cc10f41-b849-4ed6-ba33-2a327d117b12]: (4, 'qcow2') {{(pid=87716) _call_back /opt/stack/data/venv/lib/python3.12/site-packages/oslo_privsep/daemon.py:580}}
Jul 02 12:48:36 devstack cinder-volume[86488]: DEBUG oslo_concurrency.processutils [None req-e6f5e97e-371a-4935-8fe4-841b96205c04 tempest-GroupSnapshotsTest-506115064 None] Running cmd (subprocess): /opt/stack/data/venv/bin/python3.12 -m oslo_concurrency.prlimit --as=1073741824 --cpu=60 -- sudo cinder-rootwrap /etc/cinder/rootwrap.conf env LC_ALL=C qemu-img info -f qcow2 --output=json --force-share /opt/stack/data/cinder/mnt/73eb0c5be9bf4b152e9ab87ea4241f89/volume-f19a6dd7-9d04-44c0-ad82-4615ec3ad20b {{(pid=86488) execute /opt/stack/data/venv/lib/python3.12/site-packages/oslo_concurrency/processutils.py:440}}
Jul 02 12:48:36 devstack sudo[93696]: quobyte : PWD=/ ; USER=root ; COMMAND=/opt/stack/data/venv/bin/cinder-rootwrap /etc/cinder/rootwrap.conf env LC_ALL=C qemu-img info -f qcow2 --output=json --force-share /opt/stack/data/cinder/mnt/73eb0c5be9bf4b152e9ab87ea4241f89/volume-f19a6dd7-9d04-44c0-ad82-4615ec3ad20b
Jul 02 12:48:36 devstack sudo[93696]: pam_unix(sudo:session): session opened for user root(uid=0) by (uid=1000)
Jul 02 12:48:36 devstack sudo[93696]: pam_unix(sudo:session): session closed for user root
Jul 02 12:48:36 devstack cinder-volume[86488]: DEBUG oslo_concurrency.processutils [None req-e6f5e97e-371a-4935-8fe4-841b96205c04 tempest-GroupSnapshotsTest-506115064 None] CMD "/opt/stack/data/venv/bin/python3.12 -m oslo_concurrency.prlimit --as=1073741824 --cpu=60 -- sudo cinder-rootwrap /etc/cinder/rootwrap.conf env LC_ALL=C qemu-img info -f qcow2 --output=json --force-share /opt/stack/data/cinder/mnt/73eb0c5be9bf4b152e9ab87ea4241f89/volume-f19a6dd7-9d04-44c0-ad82-4615ec3ad20b" returned: 0 in 0.784s {{(pid=86488) execute /opt/stack/data/venv/lib/python3.12/site-packages/oslo_concurrency/processutils.py:468}}
Jul 02 12:48:36 devstack cinder-volume[86488]: DEBUG oslo_concurrency.processutils [None req-e6f5e97e-371a-4935-8fe4-841b96205c04 tempest-GroupSnapshotsTest-506115064 None] Running cmd (subprocess): sudo cinder-rootwrap /etc/cinder/rootwrap.conf qemu-img create -f qcow2 -o backing_file=/opt/stack/data/cinder/mnt/73eb0c5be9bf4b152e9ab87ea4241f89/volume-f19a6dd7-9d04-44c0-ad82-4615ec3ad20b,backing_fmt=qcow2 /opt/stack/data/cinder/mnt/73eb0c5be9bf4b152e9ab87ea4241f89/volume-f19a6dd7-9d04-44c0-ad82-4615ec3ad20b.ce061d0d-367a-449a-b55b-aaa89fb63794 1G {{(pid=86488) execute /opt/stack/data/venv/lib/python3.12/site-packages/oslo_concurrency/processutils.py:440}}
Jul 02 12:48:36 devstack sudo[93701]: quobyte : PWD=/ ; USER=root ; COMMAND=/opt/stack/data/venv/bin/cinder-rootwrap /etc/cinder/rootwrap.conf qemu-img create -f qcow2 -o backing_file=/opt/stack/data/cinder/mnt/73eb0c5be9bf4b152e9ab87ea4241f89/volume-f19a6dd7-9d04-44c0-ad82-4615ec3ad20b,backing_fmt=qcow2 /opt/stack/data/cinder/mnt/73eb0c5be9bf4b152e9ab87ea4241f89/volume-f19a6dd7-9d04-44c0-ad82-4615ec3ad20b.ce061d0d-367a-449a-b55b-aaa89fb63794 1G
Jul 02 12:48:36 devstack sudo[93701]: pam_unix(sudo:session): session opened for user root(uid=0) by (uid=1000)
Jul 02 12:48:37 devstack sudo[93701]: pam_unix(sudo:session): session closed for user root
Jul 02 12:48:37 devstack cinder-volume[86488]: DEBUG oslo_concurrency.processutils [None req-e6f5e97e-371a-4935-8fe4-841b96205c04 tempest-GroupSnapshotsTest-506115064 None] CMD "sudo cinder-rootwrap /etc/cinder/rootwrap.conf qemu-img create -f qcow2 -o backing_file=/opt/stack/data/cinder/mnt/73eb0c5be9bf4b152e9ab87ea4241f89/volume-f19a6dd7-9d04-44c0-ad82-4615ec3ad20b,backing_fmt=qcow2 /opt/stack/data/cinder/mnt/73eb0c5be9bf4b152e9ab87ea4241f89/volume-f19a6dd7-9d04-44c0-ad82-4615ec3ad20b.ce061d0d-367a-449a-b55b-aaa89fb63794 1G" returned: 0 in 0.778s {{(pid=86488) execute /opt/stack/data/venv/lib/python3.12/site-packages/oslo_concurrency/processutils.py:468}}
Jul 02 12:48:37 devstack cinder-volume[86488]: DEBUG oslo_concurrency.processutils [None req-e6f5e97e-371a-4935-8fe4-841b96205c04 tempest-GroupSnapshotsTest-506115064 None] Running cmd (subprocess): sudo cinder-rootwrap /etc/cinder/rootwrap.conf qemu-img rebase -u -b volume-f19a6dd7-9d04-44c0-ad82-4615ec3ad20b -F qcow2 /opt/stack/data/cinder/mnt/73eb0c5be9bf4b152e9ab87ea4241f89/volume-f19a6dd7-9d04-44c0-ad82-4615ec3ad20b.ce061d0d-367a-449a-b55b-aaa89fb63794 {{(pid=86488) execute /opt/stack/data/venv/lib/python3.12/site-packages/oslo_concurrency/processutils.py:440}}
Jul 02 12:48:37 devstack sudo[93707]: quobyte : PWD=/ ; USER=root ; COMMAND=/opt/stack/data/venv/bin/cinder-rootwrap /etc/cinder/rootwrap.conf qemu-img rebase -u -b volume-f19a6dd7-9d04-44c0-ad82-4615ec3ad20b -F qcow2 /opt/stack/data/cinder/mnt/73eb0c5be9bf4b152e9ab87ea4241f89/volume-f19a6dd7-9d04-44c0-ad82-4615ec3ad20b.ce061d0d-367a-449a-b55b-aaa89fb63794
Jul 02 12:48:37 devstack sudo[93707]: pam_unix(sudo:session): session opened for user root(uid=0) by (uid=1000)
Jul 02 12:48:38 devstack sudo[93707]: pam_unix(sudo:session): session closed for user root
Jul 02 12:48:38 devstack cinder-volume[86488]: DEBUG oslo_concurrency.processutils [None req-e6f5e97e-371a-4935-8fe4-841b96205c04 tempest-GroupSnapshotsTest-506115064 None] CMD "sudo cinder-rootwrap /etc/cinder/rootwrap.conf qemu-img rebase -u -b volume-f19a6dd7-9d04-44c0-ad82-4615ec3ad20b -F qcow2 /opt/stack/data/cinder/mnt/73eb0c5be9bf4b152e9ab87ea4241f89/volume-f19a6dd7-9d04-44c0-ad82-4615ec3ad20b.ce061d0d-367a-449a-b55b-aaa89fb63794" returned: 0 in 0.672s {{(pid=86488) execute /opt/stack/data/venv/lib/python3.12/site-packages/oslo_concurrency/processutils.py:468}}
Jul 02 12:48:38 devstack cinder-volume[86488]: WARNING cinder.volume.drivers.remotefs [None req-e6f5e97e-371a-4935-8fe4-841b96205c04 tempest-GroupSnapshotsTest-506115064 None] /opt/stack/data/cinder/mnt/73eb0c5be9bf4b152e9ab87ea4241f89/volume-f19a6dd7-9d04-44c0-ad82-4615ec3ad20b.ce061d0d-367a-449a-b55b-aaa89fb63794 is being set with open permissions: ugo+rw: NotImplementedError
Jul 02 12:48:38 devstack cinder-volume[86488]: DEBUG oslo_concurrency.processutils [None req-e6f5e97e-371a-4935-8fe4-841b96205c04 tempest-GroupSnapshotsTest-506115064 None] Running cmd (subprocess): sudo cinder-rootwrap /etc/cinder/rootwrap.conf chmod ugo+rw /opt/stack/data/cinder/mnt/73eb0c5be9bf4b152e9ab87ea4241f89/volume-f19a6dd7-9d04-44c0-ad82-4615ec3ad20b.ce061d0d-367a-449a-b55b-aaa89fb63794 {{(pid=86488) execute /opt/stack/data/venv/lib/python3.12/site-packages/oslo_concurrency/processutils.py:440}}
Jul 02 12:48:38 devstack sudo[93712]: quobyte : PWD=/ ; USER=root ; COMMAND=/opt/stack/data/venv/bin/cinder-rootwrap /etc/cinder/rootwrap.conf chmod ugo+rw /opt/stack/data/cinder/mnt/73eb0c5be9bf4b152e9ab87ea4241f89/volume-f19a6dd7-9d04-44c0-ad82-4615ec3ad20b.ce061d0d-367a-449a-b55b-aaa89fb63794
Jul 02 12:48:38 devstack sudo[93712]: pam_unix(sudo:session): session opened for user root(uid=0) by (uid=1000)
Jul 02 12:48:38 devstack sudo[93712]: pam_unix(sudo:session): session closed for user root
Jul 02 12:48:38 devstack cinder-volume[86488]: DEBUG oslo_concurrency.processutils [None req-e6f5e97e-371a-4935-8fe4-841b96205c04 tempest-GroupSnapshotsTest-506115064 None] CMD "sudo cinder-rootwrap /etc/cinder/rootwrap.conf chmod ugo+rw /opt/stack/data/cinder/mnt/73eb0c5be9bf4b152e9ab87ea4241f89/volume-f19a6dd7-9d04-44c0-ad82-4615ec3ad20b.ce061d0d-367a-449a-b55b-aaa89fb63794" returned: 0 in 0.626s {{(pid=86488) execute /opt/stack/data/venv/lib/python3.12/site-packages/oslo_concurrency/processutils.py:468}}
Jul 02 12:48:39 devstack cinder-volume[86488]: DEBUG oslo_concurrency.processutils [None req-e6f5e97e-371a-4935-8fe4-841b96205c04 tempest-GroupSnapshotsTest-506115064 None] Running cmd (subprocess): sudo cinder-rootwrap /etc/cinder/rootwrap.conf truncate -s0 /opt/stack/data/cinder/mnt/73eb0c5be9bf4b152e9ab87ea4241f89/volume-f19a6dd7-9d04-44c0-ad82-4615ec3ad20b.info {{(pid=86488) execute /opt/stack/data/venv/lib/python3.12/site-packages/oslo_concurrency/processutils.py:440}}
Jul 02 12:48:39 devstack sudo[93715]: quobyte : PWD=/ ; USER=root ; COMMAND=/opt/stack/data/venv/bin/cinder-rootwrap /etc/cinder/rootwrap.conf truncate -s0 /opt/stack/data/cinder/mnt/73eb0c5be9bf4b152e9ab87ea4241f89/volume-f19a6dd7-9d04-44c0-ad82-4615ec3ad20b.info
Jul 02 12:48:39 devstack sudo[93715]: pam_unix(sudo:session): session opened for user root(uid=0) by (uid=1000)
Jul 02 12:48:39 devstack sudo[93715]: pam_unix(sudo:session): session closed for user root
Jul 02 12:48:39 devstack cinder-volume[86488]: DEBUG oslo_concurrency.processutils [None req-e6f5e97e-371a-4935-8fe4-841b96205c04 tempest-GroupSnapshotsTest-506115064 None] CMD "sudo cinder-rootwrap /etc/cinder/rootwrap.conf truncate -s0 /opt/stack/data/cinder/mnt/73eb0c5be9bf4b152e9ab87ea4241f89/volume-f19a6dd7-9d04-44c0-ad82-4615ec3ad20b.info" returned: 0 in 0.632s {{(pid=86488) execute /opt/stack/data/venv/lib/python3.12/site-packages/oslo_concurrency/processutils.py:468}}
Jul 02 12:48:39 devstack cinder-volume[86488]: WARNING cinder.volume.drivers.remotefs [None req-e6f5e97e-371a-4935-8fe4-841b96205c04 tempest-GroupSnapshotsTest-506115064 None] /opt/stack/data/cinder/mnt/73eb0c5be9bf4b152e9ab87ea4241f89/volume-f19a6dd7-9d04-44c0-ad82-4615ec3ad20b.info is being set with open permissions: ugo+rw: NotImplementedError
Jul 02 12:48:39 devstack cinder-volume[86488]: DEBUG oslo_concurrency.processutils [None req-e6f5e97e-371a-4935-8fe4-841b96205c04 tempest-GroupSnapshotsTest-506115064 None] Running cmd (subprocess): sudo cinder-rootwrap /etc/cinder/rootwrap.conf chmod ugo+rw /opt/stack/data/cinder/mnt/73eb0c5be9bf4b152e9ab87ea4241f89/volume-f19a6dd7-9d04-44c0-ad82-4615ec3ad20b.info {{(pid=86488) execute /opt/stack/data/venv/lib/python3.12/site-packages/oslo_concurrency/processutils.py:440}}
Jul 02 12:48:39 devstack sudo[93718]: quobyte : PWD=/ ; USER=root ; COMMAND=/opt/stack/data/venv/bin/cinder-rootwrap /etc/cinder/rootwrap.conf chmod ugo+rw /opt/stack/data/cinder/mnt/73eb0c5be9bf4b152e9ab87ea4241f89/volume-f19a6dd7-9d04-44c0-ad82-4615ec3ad20b.info
Jul 02 12:48:39 devstack sudo[93718]: pam_unix(sudo:session): session opened for user root(uid=0) by (uid=1000)
Jul 02 12:48:40 devstack sudo[93718]: pam_unix(sudo:session): session closed for user root
Jul 02 12:48:40 devstack cinder-volume[86488]: DEBUG oslo_concurrency.processutils [None req-e6f5e97e-371a-4935-8fe4-841b96205c04 tempest-GroupSnapshotsTest-506115064 None] CMD "sudo cinder-rootwrap /etc/cinder/rootwrap.conf chmod ugo+rw /opt/stack/data/cinder/mnt/73eb0c5be9bf4b152e9ab87ea4241f89/volume-f19a6dd7-9d04-44c0-ad82-4615ec3ad20b.info" returned: 0 in 0.624s {{(pid=86488) execute /opt/stack/data/venv/lib/python3.12/site-packages/oslo_concurrency/processutils.py:468}}
Jul 02 12:48:40 devstack cinder-volume[86488]: DEBUG oslo_concurrency.lockutils [None req-e6f5e97e-371a-4935-8fe4-841b96205c04 tempest-GroupSnapshotsTest-506115064 None] Lock "quobyte" "released" by "cinder.volume.drivers.quobyte.QuobyteDriver.create_snapshot" :: held 4.226s {{(pid=86488) inner /opt/stack/data/venv/lib/python3.12/site-packages/oslo_concurrency/lockutils.py:543}}
Jul 02 12:48:40 devstack cinder-volume[86488]: DEBUG oslo_concurrency.lockutils [None req-7701b4f6-3b01-44ec-9577-db464888cce6 tempest-SnapshotsActionsTest-751829531 None] Lock "quobyte" acquired by "cinder.volume.drivers.quobyte.QuobyteDriver.create_snapshot" :: waited 6.676s {{(pid=86488) inner /opt/stack/data/venv/lib/python3.12/site-packages/oslo_concurrency/lockutils.py:524}}
Jul 02 12:48:40 devstack cinder-volume[86488]: DEBUG cinder.volume.drivers.remotefs [None req-7701b4f6-3b01-44ec-9577-db464888cce6 tempest-SnapshotsActionsTest-751829531 None] Creating offline snapshot bee4051b-8584-4cb4-ae61-215ebc3b3344 of volume c30c378d-cdda-42fe-a803-bafe86491ebf {{(pid=86488) _create_snapshot /opt/stack/cinder/cinder/volume/drivers/remotefs.py:1816}}
Jul 02 12:48:40 devstack cinder-volume[86488]: DEBUG oslo.privsep.daemon [-] privsep: reply[383044c2-d457-4cc2-b8b7-3c2d9adca2e6]: (4, 'qcow2') {{(pid=87716) _call_back /opt/stack/data/venv/lib/python3.12/site-packages/oslo_privsep/daemon.py:580}}
Jul 02 12:48:40 devstack cinder-volume[86488]: DEBUG oslo_concurrency.processutils [None req-7701b4f6-3b01-44ec-9577-db464888cce6 tempest-SnapshotsActionsTest-751829531 None] Running cmd (subprocess): /opt/stack/data/venv/bin/python3.12 -m oslo_concurrency.prlimit --as=1073741824 --cpu=60 -- sudo cinder-rootwrap /etc/cinder/rootwrap.conf env LC_ALL=C qemu-img info -f qcow2 --output=json --force-share /opt/stack/data/cinder/mnt/73eb0c5be9bf4b152e9ab87ea4241f89/volume-c30c378d-cdda-42fe-a803-bafe86491ebf.8ee53d0f-038b-4964-8901-643faec60438 {{(pid=86488) execute /opt/stack/data/venv/lib/python3.12/site-packages/oslo_concurrency/processutils.py:440}}
Jul 02 12:48:40 devstack cinder-volume[86488]: INFO cinder.volume.manager [None req-e6f5e97e-371a-4935-8fe4-841b96205c04 tempest-GroupSnapshotsTest-506115064 None] group_snapshot ab73195b-4f68-4c38-8780-10881b018e56: created successfully
Jul 02 12:48:40 devstack sudo[93721]: quobyte : PWD=/ ; USER=root ; COMMAND=/opt/stack/data/venv/bin/cinder-rootwrap /etc/cinder/rootwrap.conf env LC_ALL=C qemu-img info -f qcow2 --output=json --force-share /opt/stack/data/cinder/mnt/73eb0c5be9bf4b152e9ab87ea4241f89/volume-c30c378d-cdda-42fe-a803-bafe86491ebf.8ee53d0f-038b-4964-8901-643faec60438
Jul 02 12:48:40 devstack sudo[93721]: pam_unix(sudo:session): session opened for user root(uid=0) by (uid=1000)
Jul 02 12:48:41 devstack cinder-volume[86488]: INFO cinder.volume.manager [None req-7f95536d-d1d8-4ccc-9a50-28fd451b6ccf tempest-GroupSnapshotsTest-506115064 None] group_snapshot ab73195b-4f68-4c38-8780-10881b018e56: deleting
Jul 02 12:48:41 devstack cinder-volume[86488]: DEBUG cinder.volume.manager [None req-7f95536d-d1d8-4ccc-9a50-28fd451b6ccf tempest-GroupSnapshotsTest-506115064 None] group_snapshot ab73195b-4f68-4c38-8780-10881b018e56: deleting {{(pid=86488) delete_group_snapshot /opt/stack/cinder/cinder/volume/manager.py:4350}}
Jul 02 12:48:41 devstack cinder-volume[86488]: DEBUG cinder.coordination [None req-7f95536d-d1d8-4ccc-9a50-28fd451b6ccf tempest-GroupSnapshotsTest-506115064 None] Acquiring lock "cinder-quobyte-262110ff-8bae-4c9d-b1b0-07dd167233a7" by "delete_snapshot" {{(pid=86488) __acquire /opt/stack/cinder/cinder/coordination.py:138}}
Jul 02 12:48:41 devstack sudo[93721]: pam_unix(sudo:session): session closed for user root
Jul 02 12:48:41 devstack cinder-volume[86488]: DEBUG oslo_concurrency.processutils [None req-7701b4f6-3b01-44ec-9577-db464888cce6 tempest-SnapshotsActionsTest-751829531 None] CMD "/opt/stack/data/venv/bin/python3.12 -m oslo_concurrency.prlimit --as=1073741824 --cpu=60 -- sudo cinder-rootwrap /etc/cinder/rootwrap.conf env LC_ALL=C qemu-img info -f qcow2 --output=json --force-share /opt/stack/data/cinder/mnt/73eb0c5be9bf4b152e9ab87ea4241f89/volume-c30c378d-cdda-42fe-a803-bafe86491ebf.8ee53d0f-038b-4964-8901-643faec60438" returned: 0 in 0.806s {{(pid=86488) execute /opt/stack/data/venv/lib/python3.12/site-packages/oslo_concurrency/processutils.py:468}}
Jul 02 12:48:41 devstack cinder-volume[86488]: DEBUG cinder.volume.drivers.remotefs [None req-7701b4f6-3b01-44ec-9577-db464888cce6 tempest-SnapshotsActionsTest-751829531 None] Fetching qemu-img info with special backing_file_template: (/opt/stack/data/cinder/mnt/[0-9a-f]+/)?(volume-c30c378d-cdda-42fe-a803-bafe86491ebf(.(tmp-snap-)?[0-9a-f-]+)?|volume_from_snapshot_cache/(tmp-snap-)?[0-9a-f-]+(.(child-|parent-)[0-9a-f-]+)?)$ {{(pid=86488) _qemu_img_info_base /opt/stack/cinder/cinder/volume/drivers/remotefs.py:896}}
Jul 02 12:48:41 devstack cinder-volume[86488]: DEBUG oslo_concurrency.processutils [None req-7701b4f6-3b01-44ec-9577-db464888cce6 tempest-SnapshotsActionsTest-751829531 None] Running cmd (subprocess): sudo cinder-rootwrap /etc/cinder/rootwrap.conf qemu-img create -f qcow2 -o backing_file=/opt/stack/data/cinder/mnt/73eb0c5be9bf4b152e9ab87ea4241f89/volume-c30c378d-cdda-42fe-a803-bafe86491ebf.8ee53d0f-038b-4964-8901-643faec60438,backing_fmt=qcow2 /opt/stack/data/cinder/mnt/73eb0c5be9bf4b152e9ab87ea4241f89/volume-c30c378d-cdda-42fe-a803-bafe86491ebf.bee4051b-8584-4cb4-ae61-215ebc3b3344 1G {{(pid=86488) execute /opt/stack/data/venv/lib/python3.12/site-packages/oslo_concurrency/processutils.py:440}}
Jul 02 12:48:41 devstack cinder-volume[86488]: DEBUG cinder.coordination [None req-7f95536d-d1d8-4ccc-9a50-28fd451b6ccf tempest-GroupSnapshotsTest-506115064 None] Lock "cinder-quobyte-262110ff-8bae-4c9d-b1b0-07dd167233a7" acquired by "delete_snapshot" :: waited 0.041s {{(pid=86488) __acquire /opt/stack/cinder/cinder/coordination.py:141}}
Jul 02 12:48:41 devstack cinder-volume[86488]: DEBUG cinder.coordination [None req-7f95536d-d1d8-4ccc-9a50-28fd451b6ccf tempest-GroupSnapshotsTest-506115064 None] Acquiring lock "cinder-quobyte-5b4f260b-5cf7-4570-87f2-2fe9e28bf4e7" by "_delete_snapshot" {{(pid=86488) __acquire /opt/stack/cinder/cinder/coordination.py:138}}
Jul 02 12:48:41 devstack sudo[93726]: quobyte : PWD=/ ; USER=root ; COMMAND=/opt/stack/data/venv/bin/cinder-rootwrap /etc/cinder/rootwrap.conf qemu-img create -f qcow2 -o backing_file=/opt/stack/data/cinder/mnt/73eb0c5be9bf4b152e9ab87ea4241f89/volume-c30c378d-cdda-42fe-a803-bafe86491ebf.8ee53d0f-038b-4964-8901-643faec60438,backing_fmt=qcow2 /opt/stack/data/cinder/mnt/73eb0c5be9bf4b152e9ab87ea4241f89/volume-c30c378d-cdda-42fe-a803-bafe86491ebf.bee4051b-8584-4cb4-ae61-215ebc3b3344 1G
Jul 02 12:48:41 devstack sudo[93726]: pam_unix(sudo:session): session opened for user root(uid=0) by (uid=1000)
Jul 02 12:48:41 devstack cinder-volume[86488]: DEBUG cinder.coordination [None req-7f95536d-d1d8-4ccc-9a50-28fd451b6ccf tempest-GroupSnapshotsTest-506115064 None] Lock "cinder-quobyte-5b4f260b-5cf7-4570-87f2-2fe9e28bf4e7" acquired by "_delete_snapshot" :: waited 0.021s {{(pid=86488) __acquire /opt/stack/cinder/cinder/coordination.py:141}}
Jul 02 12:48:41 devstack cinder-volume[86488]: DEBUG cinder.volume.drivers.remotefs [None req-7f95536d-d1d8-4ccc-9a50-28fd451b6ccf tempest-GroupSnapshotsTest-506115064 None] Deleting offline snapshot 5b4f260b-5cf7-4570-87f2-2fe9e28bf4e7 of volume 262110ff-8bae-4c9d-b1b0-07dd167233a7 {{(pid=86488) _delete_snapshot /opt/stack/cinder/cinder/volume/drivers/remotefs.py:1288}}
Jul 02 12:48:41 devstack cinder-volume[86488]: DEBUG cinder.volume.drivers.remotefs [None req-7f95536d-d1d8-4ccc-9a50-28fd451b6ccf tempest-GroupSnapshotsTest-506115064 None] snapshot_file for this snap is: volume-262110ff-8bae-4c9d-b1b0-07dd167233a7.5b4f260b-5cf7-4570-87f2-2fe9e28bf4e7 {{(pid=86488) _delete_snapshot /opt/stack/cinder/cinder/volume/drivers/remotefs.py:1317}}
Jul 02 12:48:41 devstack cinder-volume[86488]: DEBUG oslo.privsep.daemon [-] privsep: reply[683d8d1b-894e-44c1-ba19-519ad7211cbf]: (4, 'qcow2') {{(pid=87716) _call_back /opt/stack/data/venv/lib/python3.12/site-packages/oslo_privsep/daemon.py:580}}
Jul 02 12:48:41 devstack cinder-volume[86488]: DEBUG oslo_concurrency.processutils [None req-7f95536d-d1d8-4ccc-9a50-28fd451b6ccf tempest-GroupSnapshotsTest-506115064 None] Running cmd (subprocess): /opt/stack/data/venv/bin/python3.12 -m oslo_concurrency.prlimit --as=1073741824 --cpu=60 -- sudo cinder-rootwrap /etc/cinder/rootwrap.conf env LC_ALL=C qemu-img info -f qcow2 --output=json --force-share /opt/stack/data/cinder/mnt/73eb0c5be9bf4b152e9ab87ea4241f89/volume-262110ff-8bae-4c9d-b1b0-07dd167233a7.5b4f260b-5cf7-4570-87f2-2fe9e28bf4e7 {{(pid=86488) execute /opt/stack/data/venv/lib/python3.12/site-packages/oslo_concurrency/processutils.py:440}}
Jul 02 12:48:41 devstack sudo[93728]: quobyte : PWD=/ ; USER=root ; COMMAND=/opt/stack/data/venv/bin/cinder-rootwrap /etc/cinder/rootwrap.conf env LC_ALL=C qemu-img info -f qcow2 --output=json --force-share /opt/stack/data/cinder/mnt/73eb0c5be9bf4b152e9ab87ea4241f89/volume-262110ff-8bae-4c9d-b1b0-07dd167233a7.5b4f260b-5cf7-4570-87f2-2fe9e28bf4e7
Jul 02 12:48:41 devstack sudo[93728]: pam_unix(sudo:session): session opened for user root(uid=0) by (uid=1000)
Jul 02 12:48:42 devstack sudo[93726]: pam_unix(sudo:session): session closed for user root
Jul 02 12:48:42 devstack cinder-volume[86488]: DEBUG oslo_concurrency.processutils [None req-7701b4f6-3b01-44ec-9577-db464888cce6 tempest-SnapshotsActionsTest-751829531 None] CMD "sudo cinder-rootwrap /etc/cinder/rootwrap.conf qemu-img create -f qcow2 -o backing_file=/opt/stack/data/cinder/mnt/73eb0c5be9bf4b152e9ab87ea4241f89/volume-c30c378d-cdda-42fe-a803-bafe86491ebf.8ee53d0f-038b-4964-8901-643faec60438,backing_fmt=qcow2 /opt/stack/data/cinder/mnt/73eb0c5be9bf4b152e9ab87ea4241f89/volume-c30c378d-cdda-42fe-a803-bafe86491ebf.bee4051b-8584-4cb4-ae61-215ebc3b3344 1G" returned: 0 in 0.938s {{(pid=86488) execute /opt/stack/data/venv/lib/python3.12/site-packages/oslo_concurrency/processutils.py:468}}
Jul 02 12:48:42 devstack cinder-volume[86488]: DEBUG oslo_concurrency.processutils [None req-7701b4f6-3b01-44ec-9577-db464888cce6 tempest-SnapshotsActionsTest-751829531 None] Running cmd (subprocess): sudo cinder-rootwrap /etc/cinder/rootwrap.conf qemu-img rebase -u -b volume-c30c378d-cdda-42fe-a803-bafe86491ebf.8ee53d0f-038b-4964-8901-643faec60438 -F qcow2 /opt/stack/data/cinder/mnt/73eb0c5be9bf4b152e9ab87ea4241f89/volume-c30c378d-cdda-42fe-a803-bafe86491ebf.bee4051b-8584-4cb4-ae61-215ebc3b3344 {{(pid=86488) execute /opt/stack/data/venv/lib/python3.12/site-packages/oslo_concurrency/processutils.py:440}}
Jul 02 12:48:42 devstack sudo[93728]: pam_unix(sudo:session): session closed for user root
Jul 02 12:48:42 devstack cinder-volume[86488]: DEBUG oslo_concurrency.processutils [None req-7f95536d-d1d8-4ccc-9a50-28fd451b6ccf tempest-GroupSnapshotsTest-506115064 None] CMD "/opt/stack/data/venv/bin/python3.12 -m oslo_concurrency.prlimit --as=1073741824 --cpu=60 -- sudo cinder-rootwrap /etc/cinder/rootwrap.conf env LC_ALL=C qemu-img info -f qcow2 --output=json --force-share /opt/stack/data/cinder/mnt/73eb0c5be9bf4b152e9ab87ea4241f89/volume-262110ff-8bae-4c9d-b1b0-07dd167233a7.5b4f260b-5cf7-4570-87f2-2fe9e28bf4e7" returned: 0 in 0.853s {{(pid=86488) execute /opt/stack/data/venv/lib/python3.12/site-packages/oslo_concurrency/processutils.py:468}}
Jul 02 12:48:42 devstack cinder-volume[86488]: DEBUG cinder.volume.drivers.remotefs [None req-7f95536d-d1d8-4ccc-9a50-28fd451b6ccf tempest-GroupSnapshotsTest-506115064 None] Fetching qemu-img info with special backing_file_template: (/opt/stack/data/cinder/mnt/[0-9a-f]+/)?(volume-262110ff-8bae-4c9d-b1b0-07dd167233a7(.(tmp-snap-)?[0-9a-f-]+)?|volume_from_snapshot_cache/(tmp-snap-)?[0-9a-f-]+(.(child-|parent-)[0-9a-f-]+)?)$ {{(pid=86488) _qemu_img_info_base /opt/stack/cinder/cinder/volume/drivers/remotefs.py:896}}
Jul 02 12:48:42 devstack sudo[93737]: quobyte : PWD=/ ; USER=root ; COMMAND=/opt/stack/data/venv/bin/cinder-rootwrap /etc/cinder/rootwrap.conf qemu-img rebase -u -b volume-c30c378d-cdda-42fe-a803-bafe86491ebf.8ee53d0f-038b-4964-8901-643faec60438 -F qcow2 /opt/stack/data/cinder/mnt/73eb0c5be9bf4b152e9ab87ea4241f89/volume-c30c378d-cdda-42fe-a803-bafe86491ebf.bee4051b-8584-4cb4-ae61-215ebc3b3344
Jul 02 12:48:42 devstack sudo[93737]: pam_unix(sudo:session): session opened for user root(uid=0) by (uid=1000)
Jul 02 12:48:42 devstack cinder-volume[86488]: DEBUG oslo.privsep.daemon [-] privsep: reply[38d40d6f-7966-473b-a1e1-6f8a41b4ec1e]: (4, 'qcow2') {{(pid=87716) _call_back /opt/stack/data/venv/lib/python3.12/site-packages/oslo_privsep/daemon.py:580}}
Jul 02 12:48:42 devstack cinder-volume[86488]: DEBUG oslo_concurrency.processutils [None req-7f95536d-d1d8-4ccc-9a50-28fd451b6ccf tempest-GroupSnapshotsTest-506115064 None] Running cmd (subprocess): /opt/stack/data/venv/bin/python3.12 -m oslo_concurrency.prlimit --as=1073741824 --cpu=60 -- sudo cinder-rootwrap /etc/cinder/rootwrap.conf env LC_ALL=C qemu-img info -f qcow2 --output=json --force-share /opt/stack/data/cinder/mnt/73eb0c5be9bf4b152e9ab87ea4241f89/volume-262110ff-8bae-4c9d-b1b0-07dd167233a7 {{(pid=86488) execute /opt/stack/data/venv/lib/python3.12/site-packages/oslo_concurrency/processutils.py:440}}
Jul 02 12:48:42 devstack sudo[93739]: quobyte : PWD=/ ; USER=root ; COMMAND=/opt/stack/data/venv/bin/cinder-rootwrap /etc/cinder/rootwrap.conf env LC_ALL=C qemu-img info -f qcow2 --output=json --force-share /opt/stack/data/cinder/mnt/73eb0c5be9bf4b152e9ab87ea4241f89/volume-262110ff-8bae-4c9d-b1b0-07dd167233a7
Jul 02 12:48:42 devstack sudo[93739]: pam_unix(sudo:session): session opened for user root(uid=0) by (uid=1000)
Jul 02 12:48:42 devstack sudo[93737]: pam_unix(sudo:session): session closed for user root
Jul 02 12:48:42 devstack cinder-volume[86488]: DEBUG oslo_concurrency.processutils [None req-7701b4f6-3b01-44ec-9577-db464888cce6 tempest-SnapshotsActionsTest-751829531 None] CMD "sudo cinder-rootwrap /etc/cinder/rootwrap.conf qemu-img rebase -u -b volume-c30c378d-cdda-42fe-a803-bafe86491ebf.8ee53d0f-038b-4964-8901-643faec60438 -F qcow2 /opt/stack/data/cinder/mnt/73eb0c5be9bf4b152e9ab87ea4241f89/volume-c30c378d-cdda-42fe-a803-bafe86491ebf.bee4051b-8584-4cb4-ae61-215ebc3b3344" returned: 0 in 0.739s {{(pid=86488) execute /opt/stack/data/venv/lib/python3.12/site-packages/oslo_concurrency/processutils.py:468}}
Jul 02 12:48:42 devstack cinder-volume[86488]: WARNING cinder.volume.drivers.remotefs [None req-7701b4f6-3b01-44ec-9577-db464888cce6 tempest-SnapshotsActionsTest-751829531 None] /opt/stack/data/cinder/mnt/73eb0c5be9bf4b152e9ab87ea4241f89/volume-c30c378d-cdda-42fe-a803-bafe86491ebf.bee4051b-8584-4cb4-ae61-215ebc3b3344 is being set with open permissions: ugo+rw
Jul 02 12:48:42 devstack cinder-volume[86488]: DEBUG oslo_concurrency.processutils [None req-7701b4f6-3b01-44ec-9577-db464888cce6 tempest-SnapshotsActionsTest-751829531 None] Running cmd (subprocess): sudo cinder-rootwrap /etc/cinder/rootwrap.conf chmod ugo+rw /opt/stack/data/cinder/mnt/73eb0c5be9bf4b152e9ab87ea4241f89/volume-c30c378d-cdda-42fe-a803-bafe86491ebf.bee4051b-8584-4cb4-ae61-215ebc3b3344 {{(pid=86488) execute /opt/stack/data/venv/lib/python3.12/site-packages/oslo_concurrency/processutils.py:440}}
Jul 02 12:48:42 devstack sudo[93765]: quobyte : PWD=/ ; USER=root ; COMMAND=/opt/stack/data/venv/bin/cinder-rootwrap /etc/cinder/rootwrap.conf chmod ugo+rw /opt/stack/data/cinder/mnt/73eb0c5be9bf4b152e9ab87ea4241f89/volume-c30c378d-cdda-42fe-a803-bafe86491ebf.bee4051b-8584-4cb4-ae61-215ebc3b3344
Jul 02 12:48:42 devstack sudo[93765]: pam_unix(sudo:session): session opened for user root(uid=0) by (uid=1000)
Jul 02 12:48:43 devstack sudo[93739]: pam_unix(sudo:session): session closed for user root
Jul 02 12:48:43 devstack cinder-volume[86488]: DEBUG oslo_concurrency.processutils [None req-7f95536d-d1d8-4ccc-9a50-28fd451b6ccf tempest-GroupSnapshotsTest-506115064 None] CMD "/opt/stack/data/venv/bin/python3.12 -m oslo_concurrency.prlimit --as=1073741824 --cpu=60 -- sudo cinder-rootwrap /etc/cinder/rootwrap.conf env LC_ALL=C qemu-img info -f qcow2 --output=json --force-share /opt/stack/data/cinder/mnt/73eb0c5be9bf4b152e9ab87ea4241f89/volume-262110ff-8bae-4c9d-b1b0-07dd167233a7" returned: 0 in 0.846s {{(pid=86488) execute /opt/stack/data/venv/lib/python3.12/site-packages/oslo_concurrency/processutils.py:468}}
Jul 02 12:48:43 devstack cinder-volume[86488]: DEBUG oslo_concurrency.processutils [None req-7f95536d-d1d8-4ccc-9a50-28fd451b6ccf tempest-GroupSnapshotsTest-506115064 None] Running cmd (subprocess): sudo cinder-rootwrap /etc/cinder/rootwrap.conf qemu-img commit -d /opt/stack/data/cinder/mnt/73eb0c5be9bf4b152e9ab87ea4241f89/volume-262110ff-8bae-4c9d-b1b0-07dd167233a7.5b4f260b-5cf7-4570-87f2-2fe9e28bf4e7 {{(pid=86488) execute /opt/stack/data/venv/lib/python3.12/site-packages/oslo_concurrency/processutils.py:440}}
Jul 02 12:48:43 devstack sudo[93769]: quobyte : PWD=/ ; USER=root ; COMMAND=/opt/stack/data/venv/bin/cinder-rootwrap /etc/cinder/rootwrap.conf qemu-img commit -d /opt/stack/data/cinder/mnt/73eb0c5be9bf4b152e9ab87ea4241f89/volume-262110ff-8bae-4c9d-b1b0-07dd167233a7.5b4f260b-5cf7-4570-87f2-2fe9e28bf4e7
Jul 02 12:48:43 devstack sudo[93769]: pam_unix(sudo:session): session opened for user root(uid=0) by (uid=1000)
Jul 02 12:48:43 devstack sudo[93765]: pam_unix(sudo:session): session closed for user root
Jul 02 12:48:43 devstack cinder-volume[86488]: DEBUG oslo_concurrency.processutils [None req-7701b4f6-3b01-44ec-9577-db464888cce6 tempest-SnapshotsActionsTest-751829531 None] CMD "sudo cinder-rootwrap /etc/cinder/rootwrap.conf chmod ugo+rw /opt/stack/data/cinder/mnt/73eb0c5be9bf4b152e9ab87ea4241f89/volume-c30c378d-cdda-42fe-a803-bafe86491ebf.bee4051b-8584-4cb4-ae61-215ebc3b3344" returned: 0 in 0.640s {{(pid=86488) execute /opt/stack/data/venv/lib/python3.12/site-packages/oslo_concurrency/processutils.py:468}}
Jul 02 12:48:43 devstack cinder-volume[86488]: DEBUG oslo_concurrency.lockutils [None req-7701b4f6-3b01-44ec-9577-db464888cce6 tempest-SnapshotsActionsTest-751829531 None] Lock "quobyte" "released" by "cinder.volume.drivers.quobyte.QuobyteDriver.create_snapshot" :: held 3.240s {{(pid=86488) inner /opt/stack/data/venv/lib/python3.12/site-packages/oslo_concurrency/lockutils.py:543}}
Jul 02 12:48:43 devstack cinder-volume[86488]: DEBUG oslo_concurrency.lockutils [None req-1d1921cb-2b30-493e-9b42-2a763a1b210c tempest-GroupSnapshotsV319Test-498775797 None] Lock "quobyte" acquired by "cinder.volume.drivers.quobyte.QuobyteDriver.create_snapshot" :: waited 11.633s {{(pid=86488) inner /opt/stack/data/venv/lib/python3.12/site-packages/oslo_concurrency/lockutils.py:524}}
Jul 02 12:48:43 devstack cinder-volume[86488]: DEBUG cinder.volume.drivers.remotefs [None req-1d1921cb-2b30-493e-9b42-2a763a1b210c tempest-GroupSnapshotsV319Test-498775797 None] Creating offline snapshot de59f789-bd0a-4846-8b3c-80740be7d591 of volume 37dfdba9-9df3-44f9-8fbd-4385b2b450c4 {{(pid=86488) _create_snapshot /opt/stack/cinder/cinder/volume/drivers/remotefs.py:1816}}
Jul 02 12:48:43 devstack cinder-volume[86488]: INFO cinder.volume.manager [None req-7701b4f6-3b01-44ec-9577-db464888cce6 tempest-SnapshotsActionsTest-751829531 None] Create snapshot completed successfully
Jul 02 12:48:43 devstack cinder-volume[86488]: DEBUG oslo.privsep.daemon [-] privsep: reply[840c92a3-2dbb-4f12-bedd-3327b88f0de4]: (4, 'qcow2') {{(pid=87716) _call_back /opt/stack/data/venv/lib/python3.12/site-packages/oslo_privsep/daemon.py:580}}
Jul 02 12:48:43 devstack cinder-volume[86488]: DEBUG oslo_concurrency.processutils [None req-1d1921cb-2b30-493e-9b42-2a763a1b210c tempest-GroupSnapshotsV319Test-498775797 None] Running cmd (subprocess): /opt/stack/data/venv/bin/python3.12 -m oslo_concurrency.prlimit --as=1073741824 --cpu=60 -- sudo cinder-rootwrap /etc/cinder/rootwrap.conf env LC_ALL=C qemu-img info -f qcow2 --output=json --force-share /opt/stack/data/cinder/mnt/73eb0c5be9bf4b152e9ab87ea4241f89/volume-37dfdba9-9df3-44f9-8fbd-4385b2b450c4 {{(pid=86488) execute /opt/stack/data/venv/lib/python3.12/site-packages/oslo_concurrency/processutils.py:440}}
Jul 02 12:48:43 devstack sudo[93774]: quobyte : PWD=/ ; USER=root ; COMMAND=/opt/stack/data/venv/bin/cinder-rootwrap /etc/cinder/rootwrap.conf env LC_ALL=C qemu-img info -f qcow2 --output=json --force-share /opt/stack/data/cinder/mnt/73eb0c5be9bf4b152e9ab87ea4241f89/volume-37dfdba9-9df3-44f9-8fbd-4385b2b450c4
Jul 02 12:48:43 devstack sudo[93774]: pam_unix(sudo:session): session opened for user root(uid=0) by (uid=1000)
Jul 02 12:48:43 devstack sudo[93769]: pam_unix(sudo:session): session closed for user root
Jul 02 12:48:43 devstack cinder-volume[86488]: DEBUG oslo_concurrency.processutils [None req-7f95536d-d1d8-4ccc-9a50-28fd451b6ccf tempest-GroupSnapshotsTest-506115064 None] CMD "sudo cinder-rootwrap /etc/cinder/rootwrap.conf qemu-img commit -d /opt/stack/data/cinder/mnt/73eb0c5be9bf4b152e9ab87ea4241f89/volume-262110ff-8bae-4c9d-b1b0-07dd167233a7.5b4f260b-5cf7-4570-87f2-2fe9e28bf4e7" returned: 0 in 0.760s {{(pid=86488) execute /opt/stack/data/venv/lib/python3.12/site-packages/oslo_concurrency/processutils.py:468}}
