Aug 19 19:00:40 devstack cinder-volume[94004]: DEBUG oslo_concurrency.processutils [None req-2e07fbfe-5ff3-4c03-b94f-46aa399dfd85 tempest-VolumesActionsTest-1062951074 None] Running cmd (subprocess): /opt/stack/data/venv/bin/python3.12 -m oslo_concurrency.prlimit --as=1073741824 --cpu=60 -- sudo cinder-rootwrap /etc/cinder/rootwrap.conf env LC_ALL=C qemu-img info -f luks --output=json /opt/stack/data/cinder/conversion/bfd431e7-f365-4de5-a80c-a8645df65517.temp_image.df525fd8-aabf-4f87-964d-8dee3880a06chmp6xkv9.img {{(pid=94004) execute /opt/stack/data/venv/lib/python3.12/site-packages/oslo_concurrency/processutils.py:440}}
Aug 19 19:00:40 devstack sudo[101862]: quobyte : PWD=/ ; USER=root ; COMMAND=/opt/stack/data/venv/bin/cinder-rootwrap /etc/cinder/rootwrap.conf env LC_ALL=C qemu-img info -f luks --output=json /opt/stack/data/cinder/conversion/bfd431e7-f365-4de5-a80c-a8645df65517.temp_image.df525fd8-aabf-4f87-964d-8dee3880a06chmp6xkv9.img
Aug 19 19:00:40 devstack sudo[101862]: pam_unix(sudo:session): session opened for user root(uid=0) by (uid=1000)
Aug 19 19:00:41 devstack sudo[101862]: pam_unix(sudo:session): session closed for user root
Aug 19 19:00:41 devstack cinder-volume[94004]: DEBUG oslo_concurrency.processutils [None req-2e07fbfe-5ff3-4c03-b94f-46aa399dfd85 tempest-VolumesActionsTest-1062951074 None] CMD "/opt/stack/data/venv/bin/python3.12 -m oslo_concurrency.prlimit --as=1073741824 --cpu=60 -- sudo cinder-rootwrap /etc/cinder/rootwrap.conf env LC_ALL=C qemu-img info -f luks --output=json /opt/stack/data/cinder/conversion/bfd431e7-f365-4de5-a80c-a8645df65517.temp_image.df525fd8-aabf-4f87-964d-8dee3880a06chmp6xkv9.img" returned: 1 in 0.406s {{(pid=94004) execute /opt/stack/data/venv/lib/python3.12/site-packages/oslo_concurrency/processutils.py:468}}
Aug 19 19:00:41 devstack cinder-volume[94004]: DEBUG oslo_concurrency.processutils [None req-2e07fbfe-5ff3-4c03-b94f-46aa399dfd85 tempest-VolumesActionsTest-1062951074 None] '/opt/stack/data/venv/bin/python3.12 -m oslo_concurrency.prlimit --as=1073741824 --cpu=60 -- sudo cinder-rootwrap /etc/cinder/rootwrap.conf env LC_ALL=C qemu-img info -f luks --output=json /opt/stack/data/cinder/conversion/bfd431e7-f365-4de5-a80c-a8645df65517.temp_image.df525fd8-aabf-4f87-964d-8dee3880a06chmp6xkv9.img' failed. Not Retrying. {{(pid=94004) execute /opt/stack/data/venv/lib/python3.12/site-packages/oslo_concurrency/processutils.py:543}}
Aug 19 19:00:41 devstack cinder-volume[94004]: DEBUG oslo_concurrency.processutils [None req-2e07fbfe-5ff3-4c03-b94f-46aa399dfd85 tempest-VolumesActionsTest-1062951074 None] Running cmd (subprocess): sudo cinder-rootwrap /etc/cinder/rootwrap.conf qemu-img convert -O qcow2 -c /opt/stack/data/cinder/conversion/bfd431e7-f365-4de5-a80c-a8645df65517.temp_image.df525fd8-aabf-4f87-964d-8dee3880a06chmp6xkv9.img /opt/stack/data/cinder/conversion/vol_upload_m814ixp3 {{(pid=94004) execute /opt/stack/data/venv/lib/python3.12/site-packages/oslo_concurrency/processutils.py:440}}
Aug 19 19:00:41 devstack sudo[101868]: quobyte : PWD=/ ; USER=root ; COMMAND=/opt/stack/data/venv/bin/cinder-rootwrap /etc/cinder/rootwrap.conf qemu-img convert -O qcow2 -c /opt/stack/data/cinder/conversion/bfd431e7-f365-4de5-a80c-a8645df65517.temp_image.df525fd8-aabf-4f87-964d-8dee3880a06chmp6xkv9.img /opt/stack/data/cinder/conversion/vol_upload_m814ixp3
Aug 19 19:00:41 devstack sudo[101868]: pam_unix(sudo:session): session opened for user root(uid=0) by (uid=1000)
Aug 19 19:00:41 devstack sudo[101868]: pam_unix(sudo:session): session closed for user root
Aug 19 19:00:41 devstack cinder-volume[94004]: DEBUG oslo_concurrency.processutils [None req-2e07fbfe-5ff3-4c03-b94f-46aa399dfd85 tempest-VolumesActionsTest-1062951074 None] CMD "sudo cinder-rootwrap /etc/cinder/rootwrap.conf qemu-img convert -O qcow2 -c /opt/stack/data/cinder/conversion/bfd431e7-f365-4de5-a80c-a8645df65517.temp_image.df525fd8-aabf-4f87-964d-8dee3880a06chmp6xkv9.img /opt/stack/data/cinder/conversion/vol_upload_m814ixp3" returned: 0 in 0.285s {{(pid=94004) execute /opt/stack/data/venv/lib/python3.12/site-packages/oslo_concurrency/processutils.py:468}}
Aug 19 19:00:41 devstack cinder-volume[94004]: DEBUG cinder.image.image_utils [None req-2e07fbfe-5ff3-4c03-b94f-46aa399dfd85 tempest-VolumesActionsTest-1062951074 None] Image conversion details: src /opt/stack/data/cinder/conversion/bfd431e7-f365-4de5-a80c-a8645df65517.temp_image.df525fd8-aabf-4f87-964d-8dee3880a06chmp6xkv9.img, size 1024.00 MB, duration 1.00 sec, destination /opt/stack/data/cinder/conversion/vol_upload_m814ixp3 {{(pid=94004) _convert_image /opt/stack/cinder/cinder/image/image_utils.py:536}}
Aug 19 19:00:41 devstack cinder-volume[94004]: INFO cinder.image.image_utils [None req-2e07fbfe-5ff3-4c03-b94f-46aa399dfd85 tempest-VolumesActionsTest-1062951074 None] Converted 1024.00 MB image at 1024.00 MB/s
Aug 19 19:00:41 devstack cinder-volume[94004]: DEBUG oslo.privsep.daemon [-] privsep: reply[565f684f-be8c-4766-b5a8-aa91cbd26f21]: (4, 'qcow2') {{(pid=96008) _call_back /opt/stack/data/venv/lib/python3.12/site-packages/oslo_privsep/daemon.py:580}}
Aug 19 19:00:41 devstack cinder-volume[94004]: DEBUG oslo_concurrency.processutils [None req-2e07fbfe-5ff3-4c03-b94f-46aa399dfd85 tempest-VolumesActionsTest-1062951074 None] Running cmd (subprocess): /opt/stack/data/venv/bin/python3.12 -m oslo_concurrency.prlimit --as=1073741824 --cpu=60 -- sudo cinder-rootwrap /etc/cinder/rootwrap.conf env LC_ALL=C qemu-img info -f qcow2 --output=json /opt/stack/data/cinder/conversion/vol_upload_m814ixp3 {{(pid=94004) execute /opt/stack/data/venv/lib/python3.12/site-packages/oslo_concurrency/processutils.py:440}}
Aug 19 19:00:41 devstack sudo[101873]: quobyte : PWD=/ ; USER=root ; COMMAND=/opt/stack/data/venv/bin/cinder-rootwrap /etc/cinder/rootwrap.conf env LC_ALL=C qemu-img info -f qcow2 --output=json /opt/stack/data/cinder/conversion/vol_upload_m814ixp3
Aug 19 19:00:41 devstack sudo[101873]: pam_unix(sudo:session): session opened for user root(uid=0) by (uid=1000)
Aug 19 19:00:41 devstack sudo[101873]: pam_unix(sudo:session): session closed for user root
Aug 19 19:00:41 devstack cinder-volume[94004]: DEBUG oslo_concurrency.processutils [None req-2e07fbfe-5ff3-4c03-b94f-46aa399dfd85 tempest-VolumesActionsTest-1062951074 None] CMD "/opt/stack/data/venv/bin/python3.12 -m oslo_concurrency.prlimit --as=1073741824 --cpu=60 -- sudo cinder-rootwrap /etc/cinder/rootwrap.conf env LC_ALL=C qemu-img info -f qcow2 --output=json /opt/stack/data/cinder/conversion/vol_upload_m814ixp3" returned: 0 in 0.375s {{(pid=94004) execute /opt/stack/data/venv/lib/python3.12/site-packages/oslo_concurrency/processutils.py:468}}
Aug 19 19:00:42 devstack cinder-volume[94004]: DEBUG oslo_concurrency.lockutils [req-04612e07-4873-4ee4-9c26-14505da01e3f req-0c18a1c2-1fb3-4b36-8ba3-d0241e8e964c tempest-ServerActionsTestOtherA-117438847 None] Acquiring lock "quobyte" by "cinder.volume.drivers.quobyte.QuobyteDriver.initialize_connection" {{(pid=94004) inner /opt/stack/data/venv/lib/python3.12/site-packages/oslo_concurrency/lockutils.py:512}}
Aug 19 19:00:43 devstack cinder-volume[94004]: DEBUG oslo_concurrency.lockutils [None req-2e07fbfe-5ff3-4c03-b94f-46aa399dfd85 tempest-VolumesActionsTest-1062951074 None] Lock "quobyte" "released" by "cinder.volume.drivers.quobyte.QuobyteDriver.copy_volume_to_image" :: held 10.696s {{(pid=94004) inner /opt/stack/data/venv/lib/python3.12/site-packages/oslo_concurrency/lockutils.py:544}}
Aug 19 19:00:43 devstack cinder-volume[94004]: DEBUG cinder.volume.manager [None req-2e07fbfe-5ff3-4c03-b94f-46aa399dfd85 tempest-VolumesActionsTest-1062951074 None] Uploaded volume to glance image-id: df525fd8-aabf-4f87-964d-8dee3880a06c. {{(pid=94004) copy_volume_to_image /opt/stack/cinder/cinder/volume/manager.py:1781}}
Aug 19 19:00:43 devstack cinder-volume[94004]: DEBUG oslo_concurrency.lockutils [None req-9fe17555-e5a0-4d52-9180-ae2e6a1609cc tempest-GroupsV314Test-1467975770 None] Lock "quobyte" acquired by "cinder.volume.drivers.quobyte.QuobyteDriver.create_cloned_volume" :: waited 8.723s {{(pid=94004) inner /opt/stack/data/venv/lib/python3.12/site-packages/oslo_concurrency/lockutils.py:525}}
Aug 19 19:00:43 devstack cinder-volume[94004]: INFO cinder.volume.drivers.remotefs [None req-9fe17555-e5a0-4d52-9180-ae2e6a1609cc tempest-GroupsV314Test-1467975770 None] Cloning volume ca8e3baa-5eaf-46ec-954f-2d95feff040c to volume 9411ba0b-3120-4f77-86ac-4363f933bc13
Aug 19 19:00:43 devstack cinder-volume[94004]: INFO cinder.volume.manager [None req-2e07fbfe-5ff3-4c03-b94f-46aa399dfd85 tempest-VolumesActionsTest-1062951074 None] Copy volume to image completed successfully.
Aug 19 19:00:43 devstack cinder-volume[94004]: DEBUG cinder.volume.drivers.remotefs [None req-9fe17555-e5a0-4d52-9180-ae2e6a1609cc tempest-GroupsV314Test-1467975770 None] Creating offline snapshot a840768b-210e-4e3a-9046-a818f823fe83 of volume ca8e3baa-5eaf-46ec-954f-2d95feff040c {{(pid=94004) _create_snapshot /opt/stack/cinder/cinder/volume/drivers/remotefs.py:1816}}
Aug 19 19:00:43 devstack cinder-volume[94004]: DEBUG oslo.privsep.daemon [-] privsep: reply[0d75a7bb-be09-44c3-9502-7d53984e75d2]: (4, 'qcow2') {{(pid=96008) _call_back /opt/stack/data/venv/lib/python3.12/site-packages/oslo_privsep/daemon.py:580}}
Aug 19 19:00:43 devstack cinder-volume[94004]: DEBUG oslo_concurrency.processutils [None req-9fe17555-e5a0-4d52-9180-ae2e6a1609cc tempest-GroupsV314Test-1467975770 None] Running cmd (subprocess): /opt/stack/data/venv/bin/python3.12 -m oslo_concurrency.prlimit --as=1073741824 --cpu=60 -- sudo cinder-rootwrap /etc/cinder/rootwrap.conf env LC_ALL=C qemu-img info -f qcow2 --output=json --force-share /opt/stack/data/cinder/mnt/79c947ed65531511518bdc223681e669/volume-ca8e3baa-5eaf-46ec-954f-2d95feff040c {{(pid=94004) execute /opt/stack/data/venv/lib/python3.12/site-packages/oslo_concurrency/processutils.py:440}}
Aug 19 19:00:43 devstack sudo[101887]: quobyte : PWD=/ ; USER=root ; COMMAND=/opt/stack/data/venv/bin/cinder-rootwrap /etc/cinder/rootwrap.conf env LC_ALL=C qemu-img info -f qcow2 --output=json --force-share /opt/stack/data/cinder/mnt/79c947ed65531511518bdc223681e669/volume-ca8e3baa-5eaf-46ec-954f-2d95feff040c
Aug 19 19:00:43 devstack sudo[101887]: pam_unix(sudo:session): session opened for user root(uid=0) by (uid=1000)
Aug 19 19:00:44 devstack sudo[101887]: pam_unix(sudo:session): session closed for user root
Aug 19 19:00:44 devstack cinder-volume[94004]: DEBUG oslo_concurrency.processutils [None req-9fe17555-e5a0-4d52-9180-ae2e6a1609cc tempest-GroupsV314Test-1467975770 None] CMD "/opt/stack/data/venv/bin/python3.12 -m oslo_concurrency.prlimit --as=1073741824 --cpu=60 -- sudo cinder-rootwrap /etc/cinder/rootwrap.conf env LC_ALL=C qemu-img info -f qcow2 --output=json --force-share /opt/stack/data/cinder/mnt/79c947ed65531511518bdc223681e669/volume-ca8e3baa-5eaf-46ec-954f-2d95feff040c" returned: 0 in 0.510s {{(pid=94004) execute /opt/stack/data/venv/lib/python3.12/site-packages/oslo_concurrency/processutils.py:468}}
Aug 19 19:00:44 devstack cinder-volume[94004]: DEBUG oslo_concurrency.processutils [None req-9fe17555-e5a0-4d52-9180-ae2e6a1609cc tempest-GroupsV314Test-1467975770 None] Running cmd (subprocess): sudo cinder-rootwrap /etc/cinder/rootwrap.conf qemu-img create -f qcow2 -o backing_file=/opt/stack/data/cinder/mnt/79c947ed65531511518bdc223681e669/volume-ca8e3baa-5eaf-46ec-954f-2d95feff040c,backing_fmt=qcow2 /opt/stack/data/cinder/mnt/79c947ed65531511518bdc223681e669/volume-ca8e3baa-5eaf-46ec-954f-2d95feff040c.a840768b-210e-4e3a-9046-a818f823fe83 1G {{(pid=94004) execute /opt/stack/data/venv/lib/python3.12/site-packages/oslo_concurrency/processutils.py:440}}
Aug 19 19:00:44 devstack sudo[101893]: quobyte : PWD=/ ; USER=root ; COMMAND=/opt/stack/data/venv/bin/cinder-rootwrap /etc/cinder/rootwrap.conf qemu-img create -f qcow2 -o backing_file=/opt/stack/data/cinder/mnt/79c947ed65531511518bdc223681e669/volume-ca8e3baa-5eaf-46ec-954f-2d95feff040c,backing_fmt=qcow2 /opt/stack/data/cinder/mnt/79c947ed65531511518bdc223681e669/volume-ca8e3baa-5eaf-46ec-954f-2d95feff040c.a840768b-210e-4e3a-9046-a818f823fe83 1G
Aug 19 19:00:44 devstack sudo[101893]: pam_unix(sudo:session): session opened for user root(uid=0) by (uid=1000)
Aug 19 19:00:44 devstack sudo[101893]: pam_unix(sudo:session): session closed for user root
Aug 19 19:00:44 devstack cinder-volume[94004]: DEBUG oslo_concurrency.processutils [None req-9fe17555-e5a0-4d52-9180-ae2e6a1609cc tempest-GroupsV314Test-1467975770 None] CMD "sudo cinder-rootwrap /etc/cinder/rootwrap.conf qemu-img create -f qcow2 -o backing_file=/opt/stack/data/cinder/mnt/79c947ed65531511518bdc223681e669/volume-ca8e3baa-5eaf-46ec-954f-2d95feff040c,backing_fmt=qcow2 /opt/stack/data/cinder/mnt/79c947ed65531511518bdc223681e669/volume-ca8e3baa-5eaf-46ec-954f-2d95feff040c.a840768b-210e-4e3a-9046-a818f823fe83 1G" returned: 0 in 0.653s {{(pid=94004) execute /opt/stack/data/venv/lib/python3.12/site-packages/oslo_concurrency/processutils.py:468}}
Aug 19 19:00:44 devstack cinder-volume[94004]: DEBUG oslo_concurrency.processutils [None req-9fe17555-e5a0-4d52-9180-ae2e6a1609cc tempest-GroupsV314Test-1467975770 None] Running cmd (subprocess): sudo cinder-rootwrap /etc/cinder/rootwrap.conf qemu-img rebase -u -b volume-ca8e3baa-5eaf-46ec-954f-2d95feff040c -F qcow2 /opt/stack/data/cinder/mnt/79c947ed65531511518bdc223681e669/volume-ca8e3baa-5eaf-46ec-954f-2d95feff040c.a840768b-210e-4e3a-9046-a818f823fe83 {{(pid=94004) execute /opt/stack/data/venv/lib/python3.12/site-packages/oslo_concurrency/processutils.py:440}}
Aug 19 19:00:44 devstack sudo[101900]: quobyte : PWD=/ ; USER=root ; COMMAND=/opt/stack/data/venv/bin/cinder-rootwrap /etc/cinder/rootwrap.conf qemu-img rebase -u -b volume-ca8e3baa-5eaf-46ec-954f-2d95feff040c -F qcow2 /opt/stack/data/cinder/mnt/79c947ed65531511518bdc223681e669/volume-ca8e3baa-5eaf-46ec-954f-2d95feff040c.a840768b-210e-4e3a-9046-a818f823fe83
Aug 19 19:00:44 devstack sudo[101900]: pam_unix(sudo:session): session opened for user root(uid=0) by (uid=1000)
Aug 19 19:00:45 devstack sudo[101900]: pam_unix(sudo:session): session closed for user root
Aug 19 19:00:45 devstack cinder-volume[94004]: DEBUG oslo_concurrency.processutils [None req-9fe17555-e5a0-4d52-9180-ae2e6a1609cc tempest-GroupsV314Test-1467975770 None] CMD "sudo cinder-rootwrap /etc/cinder/rootwrap.conf qemu-img rebase -u -b volume-ca8e3baa-5eaf-46ec-954f-2d95feff040c -F qcow2 /opt/stack/data/cinder/mnt/79c947ed65531511518bdc223681e669/volume-ca8e3baa-5eaf-46ec-954f-2d95feff040c.a840768b-210e-4e3a-9046-a818f823fe83" returned: 0 in 0.389s {{(pid=94004) execute /opt/stack/data/venv/lib/python3.12/site-packages/oslo_concurrency/processutils.py:468}}
Aug 19 19:00:45 devstack cinder-volume[94004]: WARNING cinder.volume.drivers.remotefs [None req-9fe17555-e5a0-4d52-9180-ae2e6a1609cc tempest-GroupsV314Test-1467975770 None] /opt/stack/data/cinder/mnt/79c947ed65531511518bdc223681e669/volume-ca8e3baa-5eaf-46ec-954f-2d95feff040c.a840768b-210e-4e3a-9046-a818f823fe83 is being set with open permissions: ugo+rw: NotImplementedError
Aug 19 19:00:45 devstack cinder-volume[94004]: DEBUG oslo_concurrency.processutils [None req-9fe17555-e5a0-4d52-9180-ae2e6a1609cc tempest-GroupsV314Test-1467975770 None] Running cmd (subprocess): sudo cinder-rootwrap /etc/cinder/rootwrap.conf chmod ugo+rw /opt/stack/data/cinder/mnt/79c947ed65531511518bdc223681e669/volume-ca8e3baa-5eaf-46ec-954f-2d95feff040c.a840768b-210e-4e3a-9046-a818f823fe83 {{(pid=94004) execute /opt/stack/data/venv/lib/python3.12/site-packages/oslo_concurrency/processutils.py:440}}
Aug 19 19:00:45 devstack sudo[101905]: quobyte : PWD=/ ; USER=root ; COMMAND=/opt/stack/data/venv/bin/cinder-rootwrap /etc/cinder/rootwrap.conf chmod ugo+rw /opt/stack/data/cinder/mnt/79c947ed65531511518bdc223681e669/volume-ca8e3baa-5eaf-46ec-954f-2d95feff040c.a840768b-210e-4e3a-9046-a818f823fe83
Aug 19 19:00:45 devstack sudo[101905]: pam_unix(sudo:session): session opened for user root(uid=0) by (uid=1000)
Aug 19 19:00:45 devstack sudo[101905]: pam_unix(sudo:session): session closed for user root
Aug 19 19:00:45 devstack cinder-volume[94004]: DEBUG oslo_concurrency.processutils [None req-9fe17555-e5a0-4d52-9180-ae2e6a1609cc tempest-GroupsV314Test-1467975770 None] CMD "sudo cinder-rootwrap /etc/cinder/rootwrap.conf chmod ugo+rw /opt/stack/data/cinder/mnt/79c947ed65531511518bdc223681e669/volume-ca8e3baa-5eaf-46ec-954f-2d95feff040c.a840768b-210e-4e3a-9046-a818f823fe83" returned: 0 in 0.372s {{(pid=94004) execute /opt/stack/data/venv/lib/python3.12/site-packages/oslo_concurrency/processutils.py:468}}
Aug 19 19:00:45 devstack cinder-volume[94004]: DEBUG oslo_concurrency.processutils [None req-9fe17555-e5a0-4d52-9180-ae2e6a1609cc tempest-GroupsV314Test-1467975770 None] Running cmd (subprocess): sudo cinder-rootwrap /etc/cinder/rootwrap.conf truncate -s0 /opt/stack/data/cinder/mnt/79c947ed65531511518bdc223681e669/volume-ca8e3baa-5eaf-46ec-954f-2d95feff040c.info {{(pid=94004) execute /opt/stack/data/venv/lib/python3.12/site-packages/oslo_concurrency/processutils.py:440}}
Aug 19 19:00:45 devstack sudo[101908]: quobyte : PWD=/ ; USER=root ; COMMAND=/opt/stack/data/venv/bin/cinder-rootwrap /etc/cinder/rootwrap.conf truncate -s0 /opt/stack/data/cinder/mnt/79c947ed65531511518bdc223681e669/volume-ca8e3baa-5eaf-46ec-954f-2d95feff040c.info
Aug 19 19:00:45 devstack sudo[101908]: pam_unix(sudo:session): session opened for user root(uid=0) by (uid=1000)
Aug 19 19:00:45 devstack cinder-volume[94004]: DEBUG cinder.coordination [None req-3873f841-0517-4471-b78b-3cc15fead7a4 tempest-VolumesActionsTest-1062951074 None] Acquiring lock "cinder-bfd431e7-f365-4de5-a80c-a8645df65517-delete_volume" by "delete_volume" {{(pid=94004) __acquire /opt/stack/cinder/cinder/coordination.py:138}}
Aug 19 19:00:45 devstack cinder-volume[94004]: DEBUG cinder.coordination [None req-3873f841-0517-4471-b78b-3cc15fead7a4 tempest-VolumesActionsTest-1062951074 None] Lock "cinder-bfd431e7-f365-4de5-a80c-a8645df65517-delete_volume" acquired by "delete_volume" :: waited 0.022s {{(pid=94004) __acquire /opt/stack/cinder/cinder/coordination.py:141}}
Aug 19 19:00:45 devstack cinder-volume[94004]: DEBUG cinder.coordination [None req-3873f841-0517-4471-b78b-3cc15fead7a4 tempest-VolumesActionsTest-1062951074 None] Acquiring lock "cinder-quobyte-bfd431e7-f365-4de5-a80c-a8645df65517" by "delete_volume" {{(pid=94004) __acquire /opt/stack/cinder/cinder/coordination.py:138}}
Aug 19 19:00:45 devstack cinder-volume[94004]: DEBUG cinder.coordination [None req-3873f841-0517-4471-b78b-3cc15fead7a4 tempest-VolumesActionsTest-1062951074 None] Lock "cinder-quobyte-bfd431e7-f365-4de5-a80c-a8645df65517" acquired by "delete_volume" :: waited 0.030s {{(pid=94004) __acquire /opt/stack/cinder/cinder/coordination.py:141}}
Aug 19 19:00:45 devstack cinder-volume[94004]: DEBUG oslo.privsep.daemon [-] privsep: reply[f839adc8-9d4f-418f-9424-0eb3d81785d5]: (4, 'qcow2') {{(pid=96008) _call_back /opt/stack/data/venv/lib/python3.12/site-packages/oslo_privsep/daemon.py:580}}
Aug 19 19:00:45 devstack cinder-volume[94004]: DEBUG oslo_concurrency.processutils [None req-3873f841-0517-4471-b78b-3cc15fead7a4 tempest-VolumesActionsTest-1062951074 None] Running cmd (subprocess): /opt/stack/data/venv/bin/python3.12 -m oslo_concurrency.prlimit --as=1073741824 --cpu=60 -- sudo cinder-rootwrap /etc/cinder/rootwrap.conf env LC_ALL=C qemu-img info -f qcow2 --output=json --force-share /opt/stack/data/cinder/mnt/79c947ed65531511518bdc223681e669/volume-bfd431e7-f365-4de5-a80c-a8645df65517 {{(pid=94004) execute /opt/stack/data/venv/lib/python3.12/site-packages/oslo_concurrency/processutils.py:440}}
Aug 19 19:00:46 devstack sudo[101908]: pam_unix(sudo:session): session closed for user root
Aug 19 19:00:46 devstack cinder-volume[94004]: DEBUG oslo_concurrency.processutils [None req-9fe17555-e5a0-4d52-9180-ae2e6a1609cc tempest-GroupsV314Test-1467975770 None] CMD "sudo cinder-rootwrap /etc/cinder/rootwrap.conf truncate -s0 /opt/stack/data/cinder/mnt/79c947ed65531511518bdc223681e669/volume-ca8e3baa-5eaf-46ec-954f-2d95feff040c.info" returned: 0 in 0.362s {{(pid=94004) execute /opt/stack/data/venv/lib/python3.12/site-packages/oslo_concurrency/processutils.py:468}}
Aug 19 19:00:46 devstack cinder-volume[94004]: WARNING cinder.volume.drivers.remotefs [None req-9fe17555-e5a0-4d52-9180-ae2e6a1609cc tempest-GroupsV314Test-1467975770 None] /opt/stack/data/cinder/mnt/79c947ed65531511518bdc223681e669/volume-ca8e3baa-5eaf-46ec-954f-2d95feff040c.info is being set with open permissions: ugo+rw: NotImplementedError
Aug 19 19:00:46 devstack cinder-volume[94004]: DEBUG oslo_concurrency.processutils [None req-9fe17555-e5a0-4d52-9180-ae2e6a1609cc tempest-GroupsV314Test-1467975770 None] Running cmd (subprocess): sudo cinder-rootwrap /etc/cinder/rootwrap.conf chmod ugo+rw /opt/stack/data/cinder/mnt/79c947ed65531511518bdc223681e669/volume-ca8e3baa-5eaf-46ec-954f-2d95feff040c.info {{(pid=94004) execute /opt/stack/data/venv/lib/python3.12/site-packages/oslo_concurrency/processutils.py:440}}
Aug 19 19:00:46 devstack sudo[101910]: quobyte : PWD=/ ; USER=root ; COMMAND=/opt/stack/data/venv/bin/cinder-rootwrap /etc/cinder/rootwrap.conf env LC_ALL=C qemu-img info -f qcow2 --output=json --force-share /opt/stack/data/cinder/mnt/79c947ed65531511518bdc223681e669/volume-bfd431e7-f365-4de5-a80c-a8645df65517
Aug 19 19:00:46 devstack sudo[101910]: pam_unix(sudo:session): session opened for user root(uid=0) by (uid=1000)
Aug 19 19:00:46 devstack sudo[101912]: quobyte : PWD=/ ; USER=root ; COMMAND=/opt/stack/data/venv/bin/cinder-rootwrap /etc/cinder/rootwrap.conf chmod ugo+rw /opt/stack/data/cinder/mnt/79c947ed65531511518bdc223681e669/volume-ca8e3baa-5eaf-46ec-954f-2d95feff040c.info
Aug 19 19:00:46 devstack sudo[101912]: pam_unix(sudo:session): session opened for user root(uid=0) by (uid=1000)
Aug 19 19:00:46 devstack sudo[101912]: pam_unix(sudo:session): session closed for user root
Aug 19 19:00:46 devstack cinder-volume[94004]: DEBUG oslo_concurrency.processutils [None req-9fe17555-e5a0-4d52-9180-ae2e6a1609cc tempest-GroupsV314Test-1467975770 None] CMD "sudo cinder-rootwrap /etc/cinder/rootwrap.conf chmod ugo+rw /opt/stack/data/cinder/mnt/79c947ed65531511518bdc223681e669/volume-ca8e3baa-5eaf-46ec-954f-2d95feff040c.info" returned: 0 in 0.268s {{(pid=94004) execute /opt/stack/data/venv/lib/python3.12/site-packages/oslo_concurrency/processutils.py:468}}
Aug 19 19:00:46 devstack cinder-volume[94004]: DEBUG cinder.coordination [None req-9fe17555-e5a0-4d52-9180-ae2e6a1609cc tempest-GroupsV314Test-1467975770 None] Acquiring lock "cinder-quobyte-9411ba0b-3120-4f77-86ac-4363f933bc13" by "_copy_volume_from_snapshot" {{(pid=94004) __acquire /opt/stack/cinder/cinder/coordination.py:138}}
Aug 19 19:00:46 devstack sudo[101910]: pam_unix(sudo:session): session closed for user root
Aug 19 19:00:46 devstack cinder-volume[94004]: DEBUG oslo_concurrency.processutils [None req-3873f841-0517-4471-b78b-3cc15fead7a4 tempest-VolumesActionsTest-1062951074 None] CMD "/opt/stack/data/venv/bin/python3.12 -m oslo_concurrency.prlimit --as=1073741824 --cpu=60 -- sudo cinder-rootwrap /etc/cinder/rootwrap.conf env LC_ALL=C qemu-img info -f qcow2 --output=json --force-share /opt/stack/data/cinder/mnt/79c947ed65531511518bdc223681e669/volume-bfd431e7-f365-4de5-a80c-a8645df65517" returned: 0 in 0.457s {{(pid=94004) execute /opt/stack/data/venv/lib/python3.12/site-packages/oslo_concurrency/processutils.py:468}}
Aug 19 19:00:46 devstack cinder-volume[94004]: DEBUG oslo_concurrency.processutils [None req-3873f841-0517-4471-b78b-3cc15fead7a4 tempest-VolumesActionsTest-1062951074 None] Running cmd (subprocess): sudo cinder-rootwrap /etc/cinder/rootwrap.conf rm -f /opt/stack/data/cinder/mnt/79c947ed65531511518bdc223681e669/volume-bfd431e7-f365-4de5-a80c-a8645df65517 {{(pid=94004) execute /opt/stack/data/venv/lib/python3.12/site-packages/oslo_concurrency/processutils.py:440}}
Aug 19 19:00:46 devstack cinder-volume[94004]: DEBUG cinder.coordination [None req-9fe17555-e5a0-4d52-9180-ae2e6a1609cc tempest-GroupsV314Test-1467975770 None] Lock "cinder-quobyte-9411ba0b-3120-4f77-86ac-4363f933bc13" acquired by "_copy_volume_from_snapshot" :: waited 0.025s {{(pid=94004) __acquire /opt/stack/cinder/cinder/coordination.py:141}}
Aug 19 19:00:46 devstack cinder-volume[94004]: DEBUG cinder.volume.drivers.quobyte [None req-9fe17555-e5a0-4d52-9180-ae2e6a1609cc tempest-GroupsV314Test-1467975770 None] snapshot: a840768b-210e-4e3a-9046-a818f823fe83, volume: 9411ba0b-3120-4f77-86ac-4363f933bc13, {{(pid=94004) _copy_volume_from_snapshot /opt/stack/cinder/cinder/volume/drivers/quobyte.py:405}}
Aug 19 19:00:46 devstack sudo[101920]: quobyte : PWD=/ ; USER=root ; COMMAND=/opt/stack/data/venv/bin/cinder-rootwrap /etc/cinder/rootwrap.conf rm -f /opt/stack/data/cinder/mnt/79c947ed65531511518bdc223681e669/volume-bfd431e7-f365-4de5-a80c-a8645df65517
Aug 19 19:00:46 devstack sudo[101920]: pam_unix(sudo:session): session opened for user root(uid=0) by (uid=1000)
Aug 19 19:00:46 devstack cinder-volume[94004]: DEBUG oslo_concurrency.lockutils [None req-9fe17555-e5a0-4d52-9180-ae2e6a1609cc tempest-GroupsV314Test-1467975770 None] Acquiring lock "quobyte_ensure" by "cinder.volume.drivers.quobyte.QuobyteDriver._ensure_shares_mounted" {{(pid=94004) inner /opt/stack/data/venv/lib/python3.12/site-packages/oslo_concurrency/lockutils.py:512}}
Aug 19 19:00:46 devstack cinder-volume[94004]: DEBUG oslo_concurrency.lockutils [None req-9fe17555-e5a0-4d52-9180-ae2e6a1609cc tempest-GroupsV314Test-1467975770 None] Lock "quobyte_ensure" acquired by "cinder.volume.drivers.quobyte.QuobyteDriver._ensure_shares_mounted" :: waited 0.001s {{(pid=94004) inner /opt/stack/data/venv/lib/python3.12/site-packages/oslo_concurrency/lockutils.py:525}}
Aug 19 19:00:46 devstack cinder-volume[94004]: DEBUG cinder.volume.drivers.quobyte [None req-9fe17555-e5a0-4d52-9180-ae2e6a1609cc tempest-GroupsV314Test-1467975770 None] Quobyte Volume URL set to: {'osci02.corp.quobyte.com/cinder-vol-72c2422f-09c7-496b-9bfb-265ad6f5556e': None} {{(pid=94004) _load_shares_config /opt/stack/cinder/cinder/volume/drivers/quobyte.py:665}}
Aug 19 19:00:46 devstack cinder-volume[94004]: DEBUG cinder.volume.drivers.quobyte [None req-9fe17555-e5a0-4d52-9180-ae2e6a1609cc tempest-GroupsV314Test-1467975770 None] Available shares ['osci02.corp.quobyte.com/cinder-vol-72c2422f-09c7-496b-9bfb-265ad6f5556e'] {{(pid=94004) _ensure_shares_mounted /opt/stack/cinder/cinder/volume/drivers/quobyte.py:695}}
Aug 19 19:00:46 devstack cinder-volume[94004]: DEBUG oslo_concurrency.lockutils [None req-9fe17555-e5a0-4d52-9180-ae2e6a1609cc tempest-GroupsV314Test-1467975770 None] Lock "quobyte_ensure" "released" by "cinder.volume.drivers.quobyte.QuobyteDriver._ensure_shares_mounted" :: held 0.008s {{(pid=94004) inner /opt/stack/data/venv/lib/python3.12/site-packages/oslo_concurrency/lockutils.py:544}}
Aug 19 19:00:46 devstack cinder-volume[94004]: DEBUG oslo.privsep.daemon [-] privsep: reply[4c9da3f7-b0e9-4b1f-a04e-547f39bc7659]: (4, 'qcow2') {{(pid=96008) _call_back /opt/stack/data/venv/lib/python3.12/site-packages/oslo_privsep/daemon.py:580}}
Aug 19 19:00:46 devstack cinder-volume[94004]: DEBUG oslo_concurrency.processutils [None req-9fe17555-e5a0-4d52-9180-ae2e6a1609cc tempest-GroupsV314Test-1467975770 None] Running cmd (subprocess): /opt/stack/data/venv/bin/python3.12 -m oslo_concurrency.prlimit --as=1073741824 --cpu=60 -- sudo cinder-rootwrap /etc/cinder/rootwrap.conf env LC_ALL=C qemu-img info -f qcow2 --output=json --force-share /opt/stack/data/cinder/mnt/79c947ed65531511518bdc223681e669/volume-ca8e3baa-5eaf-46ec-954f-2d95feff040c.a840768b-210e-4e3a-9046-a818f823fe83 {{(pid=94004) execute /opt/stack/data/venv/lib/python3.12/site-packages/oslo_concurrency/processutils.py:440}}
Aug 19 19:00:46 devstack sudo[101922]: quobyte : PWD=/ ; USER=root ; COMMAND=/opt/stack/data/venv/bin/cinder-rootwrap /etc/cinder/rootwrap.conf env LC_ALL=C qemu-img info -f qcow2 --output=json --force-share /opt/stack/data/cinder/mnt/79c947ed65531511518bdc223681e669/volume-ca8e3baa-5eaf-46ec-954f-2d95feff040c.a840768b-210e-4e3a-9046-a818f823fe83
Aug 19 19:00:46 devstack sudo[101922]: pam_unix(sudo:session): session opened for user root(uid=0) by (uid=1000)
Aug 19 19:00:46 devstack sudo[101920]: pam_unix(sudo:session): session closed for user root
Aug 19 19:00:46 devstack cinder-volume[94004]: DEBUG oslo_concurrency.processutils [None req-3873f841-0517-4471-b78b-3cc15fead7a4 tempest-VolumesActionsTest-1062951074 None] CMD "sudo cinder-rootwrap /etc/cinder/rootwrap.conf rm -f /opt/stack/data/cinder/mnt/79c947ed65531511518bdc223681e669/volume-bfd431e7-f365-4de5-a80c-a8645df65517" returned: 0 in 0.282s {{(pid=94004) execute /opt/stack/data/venv/lib/python3.12/site-packages/oslo_concurrency/processutils.py:468}}
Aug 19 19:00:46 devstack cinder-volume[94004]: DEBUG cinder.coordination [None req-3873f841-0517-4471-b78b-3cc15fead7a4 tempest-VolumesActionsTest-1062951074 None] Lock "cinder-quobyte-bfd431e7-f365-4de5-a80c-a8645df65517" released by "delete_volume" :: held 0.795s {{(pid=94004) __release /opt/stack/cinder/cinder/coordination.py:152}}
Aug 19 19:00:46 devstack cinder-volume[94004]: DEBUG cinder.quota [None req-3873f841-0517-4471-b78b-3cc15fead7a4 tempest-VolumesActionsTest-1062951074 None] Created reservations ['b0357502-5e41-4267-8d9d-108b411cb795', 'eff11e98-62e4-4aee-af66-cad432b85b58', '71d95c53-d4d9-4da4-b455-6a480db6a6b9', 'd31d13f1-9a7a-46a3-996a-14913e054257'] {{(pid=94004) reserve /opt/stack/cinder/cinder/quota.py:752}}
Aug 19 19:00:46 devstack cinder-volume[94004]: DEBUG oslo_concurrency.lockutils [None req-3873f841-0517-4471-b78b-3cc15fead7a4 tempest-VolumesActionsTest-1062951074 None] Acquiring lock "quobyte_ensure" by "cinder.volume.drivers.quobyte.QuobyteDriver._ensure_shares_mounted" {{(pid=94004) inner /opt/stack/data/venv/lib/python3.12/site-packages/oslo_concurrency/lockutils.py:512}}
Aug 19 19:00:46 devstack cinder-volume[94004]: DEBUG oslo_concurrency.lockutils [None req-3873f841-0517-4471-b78b-3cc15fead7a4 tempest-VolumesActionsTest-1062951074 None] Lock "quobyte_ensure" acquired by "cinder.volume.drivers.quobyte.QuobyteDriver._ensure_shares_mounted" :: waited 0.001s {{(pid=94004) inner /opt/stack/data/venv/lib/python3.12/site-packages/oslo_concurrency/lockutils.py:525}}
Aug 19 19:00:46 devstack cinder-volume[94004]: DEBUG cinder.volume.drivers.quobyte [None req-3873f841-0517-4471-b78b-3cc15fead7a4 tempest-VolumesActionsTest-1062951074 None] Quobyte Volume URL set to: {'osci02.corp.quobyte.com/cinder-vol-72c2422f-09c7-496b-9bfb-265ad6f5556e': None} {{(pid=94004) _load_shares_config /opt/stack/cinder/cinder/volume/drivers/quobyte.py:665}}
Aug 19 19:00:46 devstack cinder-volume[94004]: DEBUG cinder.volume.drivers.quobyte [None req-3873f841-0517-4471-b78b-3cc15fead7a4 tempest-VolumesActionsTest-1062951074 None] Available shares ['osci02.corp.quobyte.com/cinder-vol-72c2422f-09c7-496b-9bfb-265ad6f5556e'] {{(pid=94004) _ensure_shares_mounted /opt/stack/cinder/cinder/volume/drivers/quobyte.py:695}}
Aug 19 19:00:46 devstack cinder-volume[94004]: DEBUG oslo_concurrency.lockutils [None req-3873f841-0517-4471-b78b-3cc15fead7a4 tempest-VolumesActionsTest-1062951074 None] Lock "quobyte_ensure" "released" by "cinder.volume.drivers.quobyte.QuobyteDriver._ensure_shares_mounted" :: held 0.006s {{(pid=94004) inner /opt/stack/data/venv/lib/python3.12/site-packages/oslo_concurrency/lockutils.py:544}}
Aug 19 19:00:46 devstack cinder-volume[94004]: DEBUG oslo_concurrency.processutils [None req-3873f841-0517-4471-b78b-3cc15fead7a4 tempest-VolumesActionsTest-1062951074 None] Running cmd (subprocess): sudo cinder-rootwrap /etc/cinder/rootwrap.conf df --portability --block-size 1 /opt/stack/data/cinder/mnt/79c947ed65531511518bdc223681e669 {{(pid=94004) execute /opt/stack/data/venv/lib/python3.12/site-packages/oslo_concurrency/processutils.py:440}}
Aug 19 19:00:46 devstack sudo[101928]: quobyte : PWD=/ ; USER=root ; COMMAND=/opt/stack/data/venv/bin/cinder-rootwrap /etc/cinder/rootwrap.conf df --portability --block-size 1 /opt/stack/data/cinder/mnt/79c947ed65531511518bdc223681e669
Aug 19 19:00:46 devstack sudo[101928]: pam_unix(sudo:session): session opened for user root(uid=0) by (uid=1000)
Aug 19 19:00:46 devstack sudo[101922]: pam_unix(sudo:session): session closed for user root
Aug 19 19:00:46 devstack cinder-volume[94004]: DEBUG oslo_concurrency.processutils [None req-9fe17555-e5a0-4d52-9180-ae2e6a1609cc tempest-GroupsV314Test-1467975770 None] CMD "/opt/stack/data/venv/bin/python3.12 -m oslo_concurrency.prlimit --as=1073741824 --cpu=60 -- sudo cinder-rootwrap /etc/cinder/rootwrap.conf env LC_ALL=C qemu-img info -f qcow2 --output=json --force-share /opt/stack/data/cinder/mnt/79c947ed65531511518bdc223681e669/volume-ca8e3baa-5eaf-46ec-954f-2d95feff040c.a840768b-210e-4e3a-9046-a818f823fe83" returned: 0 in 0.472s {{(pid=94004) execute /opt/stack/data/venv/lib/python3.12/site-packages/oslo_concurrency/processutils.py:468}}
Aug 19 19:00:46 devstack cinder-volume[94004]: DEBUG cinder.volume.drivers.remotefs [None req-9fe17555-e5a0-4d52-9180-ae2e6a1609cc tempest-GroupsV314Test-1467975770 None] Fetching qemu-img info with special backing_file_template: (/opt/stack/data/cinder/mnt/[0-9a-f]+/)?(volume-ca8e3baa-5eaf-46ec-954f-2d95feff040c(.(tmp-snap-)?[0-9a-f-]+)?|volume_from_snapshot_cache/(tmp-snap-)?[0-9a-f-]+(.(child-|parent-)[0-9a-f-]+)?)$ {{(pid=94004) _qemu_img_info_base /opt/stack/cinder/cinder/volume/drivers/remotefs.py:896}}
Aug 19 19:00:46 devstack cinder-volume[94004]: DEBUG oslo.privsep.daemon [-] privsep: reply[d33146bd-2dec-45f1-9097-7dbe30723c75]: (4, 'qcow2') {{(pid=96008) _call_back /opt/stack/data/venv/lib/python3.12/site-packages/oslo_privsep/daemon.py:580}}
Aug 19 19:00:46 devstack cinder-volume[94004]: DEBUG oslo_concurrency.processutils [None req-9fe17555-e5a0-4d52-9180-ae2e6a1609cc tempest-GroupsV314Test-1467975770 None] Running cmd (subprocess): /opt/stack/data/venv/bin/python3.12 -m oslo_concurrency.prlimit --as=1073741824 --cpu=60 -- sudo cinder-rootwrap /etc/cinder/rootwrap.conf env LC_ALL=C qemu-img info -f qcow2 --output=json --force-share /opt/stack/data/cinder/mnt/79c947ed65531511518bdc223681e669/volume-ca8e3baa-5eaf-46ec-954f-2d95feff040c {{(pid=94004) execute /opt/stack/data/venv/lib/python3.12/site-packages/oslo_concurrency/processutils.py:440}}
Aug 19 19:00:47 devstack sudo[101930]: quobyte : PWD=/ ; USER=root ; COMMAND=/opt/stack/data/venv/bin/cinder-rootwrap /etc/cinder/rootwrap.conf env LC_ALL=C qemu-img info -f qcow2 --output=json --force-share /opt/stack/data/cinder/mnt/79c947ed65531511518bdc223681e669/volume-ca8e3baa-5eaf-46ec-954f-2d95feff040c
Aug 19 19:00:47 devstack sudo[101930]: pam_unix(sudo:session): session opened for user root(uid=0) by (uid=1000)
Aug 19 19:00:47 devstack sudo[101928]: pam_unix(sudo:session): session closed for user root
Aug 19 19:00:47 devstack cinder-volume[94004]: DEBUG oslo_concurrency.processutils [None req-3873f841-0517-4471-b78b-3cc15fead7a4 tempest-VolumesActionsTest-1062951074 None] CMD "sudo cinder-rootwrap /etc/cinder/rootwrap.conf df --portability --block-size 1 /opt/stack/data/cinder/mnt/79c947ed65531511518bdc223681e669" returned: 0 in 0.350s {{(pid=94004) execute /opt/stack/data/venv/lib/python3.12/site-packages/oslo_concurrency/processutils.py:468}}
Aug 19 19:00:47 devstack cinder-volume[94004]: DEBUG cinder.manager [None req-3873f841-0517-4471-b78b-3cc15fead7a4 tempest-VolumesActionsTest-1062951074 None] Notifying Schedulers of capabilities ... {{(pid=94004) _publish_service_capabilities /opt/stack/cinder/cinder/manager.py:219}}
Aug 19 19:00:47 devstack cinder-volume[94004]: INFO cinder.volume.manager [None req-3873f841-0517-4471-b78b-3cc15fead7a4 tempest-VolumesActionsTest-1062951074 None] Deleted volume successfully.
Aug 19 19:00:47 devstack cinder-volume[94004]: DEBUG cinder.coordination [None req-3873f841-0517-4471-b78b-3cc15fead7a4 tempest-VolumesActionsTest-1062951074 None] Lock "cinder-bfd431e7-f365-4de5-a80c-a8645df65517-delete_volume" released by "delete_volume" :: held 1.482s {{(pid=94004) __release /opt/stack/cinder/cinder/coordination.py:152}}
Aug 19 19:00:47 devstack sudo[101930]: pam_unix(sudo:session): session closed for user root
Aug 19 19:00:47 devstack cinder-volume[94004]: DEBUG oslo_concurrency.processutils [None req-9fe17555-e5a0-4d52-9180-ae2e6a1609cc tempest-GroupsV314Test-1467975770 None] CMD "/opt/stack/data/venv/bin/python3.12 -m oslo_concurrency.prlimit --as=1073741824 --cpu=60 -- sudo cinder-rootwrap /etc/cinder/rootwrap.conf env LC_ALL=C qemu-img info -f qcow2 --output=json --force-share /opt/stack/data/cinder/mnt/79c947ed65531511518bdc223681e669/volume-ca8e3baa-5eaf-46ec-954f-2d95feff040c" returned: 0 in 0.483s {{(pid=94004) execute /opt/stack/data/venv/lib/python3.12/site-packages/oslo_concurrency/processutils.py:468}}
Aug 19 19:00:47 devstack cinder-volume[94004]: DEBUG cinder.volume.drivers.quobyte [None req-9fe17555-e5a0-4d52-9180-ae2e6a1609cc tempest-GroupsV314Test-1467975770 None] will copy from snapshot at /opt/stack/data/cinder/mnt/79c947ed65531511518bdc223681e669/volume-ca8e3baa-5eaf-46ec-954f-2d95feff040c {{(pid=94004) _copy_volume_from_snapshot /opt/stack/cinder/cinder/volume/drivers/quobyte.py:426}}
Aug 19 19:00:47 devstack cinder-volume[94004]: DEBUG cinder.volume.drivers.quobyte [None req-9fe17555-e5a0-4d52-9180-ae2e6a1609cc tempest-GroupsV314Test-1467975770 None] Creating direct copy from snapshot {{(pid=94004) _copy_volume_from_snapshot /opt/stack/cinder/cinder/volume/drivers/quobyte.py:434}}
Aug 19 19:00:47 devstack cinder-volume[94004]: DEBUG cinder.utils [None req-9fe17555-e5a0-4d52-9180-ae2e6a1609cc tempest-GroupsV314Test-1467975770 None] Path /opt/stack/data/cinder/mnt/79c947ed65531511518bdc223681e669/volume-9411ba0b-3120-4f77-86ac-4363f933bc13 not found in is_blk_device check {{(pid=94004) is_blk_device /opt/stack/cinder/cinder/utils.py:622}}
Aug 19 19:00:47 devstack cinder-volume[94004]: DEBUG oslo_concurrency.processutils [None req-9fe17555-e5a0-4d52-9180-ae2e6a1609cc tempest-GroupsV314Test-1467975770 None] Running cmd (subprocess): sudo cinder-rootwrap /etc/cinder/rootwrap.conf qemu-img convert -O qcow2 /opt/stack/data/cinder/mnt/79c947ed65531511518bdc223681e669/volume-ca8e3baa-5eaf-46ec-954f-2d95feff040c /opt/stack/data/cinder/mnt/79c947ed65531511518bdc223681e669/volume-9411ba0b-3120-4f77-86ac-4363f933bc13 {{(pid=94004) execute /opt/stack/data/venv/lib/python3.12/site-packages/oslo_concurrency/processutils.py:440}}
Aug 19 19:00:47 devstack sudo[101937]: quobyte : PWD=/ ; USER=root ; COMMAND=/opt/stack/data/venv/bin/cinder-rootwrap /etc/cinder/rootwrap.conf qemu-img convert -O qcow2 /opt/stack/data/cinder/mnt/79c947ed65531511518bdc223681e669/volume-ca8e3baa-5eaf-46ec-954f-2d95feff040c /opt/stack/data/cinder/mnt/79c947ed65531511518bdc223681e669/volume-9411ba0b-3120-4f77-86ac-4363f933bc13
Aug 19 19:00:47 devstack sudo[101937]: pam_unix(sudo:session): session opened for user root(uid=0) by (uid=1000)
Aug 19 19:00:53 devstack sudo[101937]: pam_unix(sudo:session): session closed for user root
Aug 19 19:00:53 devstack cinder-volume[94004]: DEBUG oslo_concurrency.processutils [None req-9fe17555-e5a0-4d52-9180-ae2e6a1609cc tempest-GroupsV314Test-1467975770 None] CMD "sudo cinder-rootwrap /etc/cinder/rootwrap.conf qemu-img convert -O qcow2 /opt/stack/data/cinder/mnt/79c947ed65531511518bdc223681e669/volume-ca8e3baa-5eaf-46ec-954f-2d95feff040c /opt/stack/data/cinder/mnt/79c947ed65531511518bdc223681e669/volume-9411ba0b-3120-4f77-86ac-4363f933bc13" returned: 0 in 5.619s {{(pid=94004) execute /opt/stack/data/venv/lib/python3.12/site-packages/oslo_concurrency/processutils.py:468}}
Aug 19 19:00:53 devstack cinder-volume[94004]: DEBUG cinder.image.image_utils [None req-9fe17555-e5a0-4d52-9180-ae2e6a1609cc tempest-GroupsV314Test-1467975770 None] Image conversion details: src /opt/stack/data/cinder/mnt/79c947ed65531511518bdc223681e669/volume-ca8e3baa-5eaf-46ec-954f-2d95feff040c, size 1024.00 MB, duration 5.62 sec, destination /opt/stack/data/cinder/mnt/79c947ed65531511518bdc223681e669/volume-9411ba0b-3120-4f77-86ac-4363f933bc13 {{(pid=94004) _convert_image /opt/stack/cinder/cinder/image/image_utils.py:536}}
Aug 19 19:00:53 devstack cinder-volume[94004]: INFO cinder.image.image_utils [None req-9fe17555-e5a0-4d52-9180-ae2e6a1609cc tempest-GroupsV314Test-1467975770 None] Converted 1024.00 MB image at 182.20 MB/s
Aug 19 19:00:53 devstack cinder-volume[94004]: WARNING cinder.volume.drivers.remotefs [None req-9fe17555-e5a0-4d52-9180-ae2e6a1609cc tempest-GroupsV314Test-1467975770 None] /opt/stack/data/cinder/mnt/79c947ed65531511518bdc223681e669/volume-9411ba0b-3120-4f77-86ac-4363f933bc13 is being set with open permissions: ugo+rw: NotImplementedError
Aug 19 19:00:53 devstack cinder-volume[94004]: DEBUG oslo_concurrency.processutils [None req-9fe17555-e5a0-4d52-9180-ae2e6a1609cc tempest-GroupsV314Test-1467975770 None] Running cmd (subprocess): sudo cinder-rootwrap /etc/cinder/rootwrap.conf chmod ugo+rw /opt/stack/data/cinder/mnt/79c947ed65531511518bdc223681e669/volume-9411ba0b-3120-4f77-86ac-4363f933bc13 {{(pid=94004) execute /opt/stack/data/venv/lib/python3.12/site-packages/oslo_concurrency/processutils.py:440}}
Aug 19 19:00:53 devstack sudo[101954]: quobyte : PWD=/ ; USER=root ; COMMAND=/opt/stack/data/venv/bin/cinder-rootwrap /etc/cinder/rootwrap.conf chmod ugo+rw /opt/stack/data/cinder/mnt/79c947ed65531511518bdc223681e669/volume-9411ba0b-3120-4f77-86ac-4363f933bc13
Aug 19 19:00:53 devstack sudo[101954]: pam_unix(sudo:session): session opened for user root(uid=0) by (uid=1000)
Aug 19 19:00:53 devstack sudo[101954]: pam_unix(sudo:session): session closed for user root
Aug 19 19:00:53 devstack cinder-volume[94004]: DEBUG oslo_concurrency.processutils [None req-9fe17555-e5a0-4d52-9180-ae2e6a1609cc tempest-GroupsV314Test-1467975770 None] CMD "sudo cinder-rootwrap /etc/cinder/rootwrap.conf chmod ugo+rw /opt/stack/data/cinder/mnt/79c947ed65531511518bdc223681e669/volume-9411ba0b-3120-4f77-86ac-4363f933bc13" returned: 0 in 0.261s {{(pid=94004) execute /opt/stack/data/venv/lib/python3.12/site-packages/oslo_concurrency/processutils.py:468}}
Aug 19 19:00:53 devstack cinder-volume[94004]: DEBUG cinder.coordination [None req-9fe17555-e5a0-4d52-9180-ae2e6a1609cc tempest-GroupsV314Test-1467975770 None] Lock "cinder-quobyte-9411ba0b-3120-4f77-86ac-4363f933bc13" released by "_copy_volume_from_snapshot" :: held 6.935s {{(pid=94004) __release /opt/stack/cinder/cinder/coordination.py:152}}
Aug 19 19:00:53 devstack cinder-volume[94004]: DEBUG dbcounter [-] [94004] Writing DB stats cinder:UPDATE=61,cinder:SELECT=56,cinder:INSERT=19,cinder:DELETE=4 {{(pid=94004) stat_writer /opt/stack/data/venv/lib/python3.12/site-packages/dbcounter.py:115}}
Aug 19 19:00:53 devstack cinder-volume[94004]: DEBUG cinder.coordination [None req-9fe17555-e5a0-4d52-9180-ae2e6a1609cc tempest-GroupsV314Test-1467975770 None] Acquiring lock "cinder-quobyte-a840768b-210e-4e3a-9046-a818f823fe83" by "_delete_snapshot" {{(pid=94004) __acquire /opt/stack/cinder/cinder/coordination.py:138}}
Aug 19 19:00:53 devstack cinder-volume[94004]: DEBUG cinder.coordination [None req-9fe17555-e5a0-4d52-9180-ae2e6a1609cc tempest-GroupsV314Test-1467975770 None] Lock "cinder-quobyte-a840768b-210e-4e3a-9046-a818f823fe83" acquired by "_delete_snapshot" :: waited 0.015s {{(pid=94004) __acquire /opt/stack/cinder/cinder/coordination.py:141}}
Aug 19 19:00:53 devstack cinder-volume[94004]: DEBUG cinder.volume.drivers.remotefs [None req-9fe17555-e5a0-4d52-9180-ae2e6a1609cc tempest-GroupsV314Test-1467975770 None] Deleting offline snapshot a840768b-210e-4e3a-9046-a818f823fe83 of volume ca8e3baa-5eaf-46ec-954f-2d95feff040c {{(pid=94004) _delete_snapshot /opt/stack/cinder/cinder/volume/drivers/remotefs.py:1288}}
Aug 19 19:00:53 devstack cinder-volume[94004]: DEBUG cinder.volume.drivers.remotefs [None req-9fe17555-e5a0-4d52-9180-ae2e6a1609cc tempest-GroupsV314Test-1467975770 None] snapshot_file for this snap is: volume-ca8e3baa-5eaf-46ec-954f-2d95feff040c.a840768b-210e-4e3a-9046-a818f823fe83 {{(pid=94004) _delete_snapshot /opt/stack/cinder/cinder/volume/drivers/remotefs.py:1317}}
Aug 19 19:00:53 devstack cinder-volume[94004]: DEBUG oslo.privsep.daemon [-] privsep: reply[cb7fa868-dfe4-4f0f-8fd9-81858456868b]: (4, 'qcow2') {{(pid=96008) _call_back /opt/stack/data/venv/lib/python3.12/site-packages/oslo_privsep/daemon.py:580}}
Aug 19 19:00:53 devstack cinder-volume[94004]: DEBUG oslo_concurrency.processutils [None req-9fe17555-e5a0-4d52-9180-ae2e6a1609cc tempest-GroupsV314Test-1467975770 None] Running cmd (subprocess): /opt/stack/data/venv/bin/python3.12 -m oslo_concurrency.prlimit --as=1073741824 --cpu=60 -- sudo cinder-rootwrap /etc/cinder/rootwrap.conf env LC_ALL=C qemu-img info -f qcow2 --output=json --force-share /opt/stack/data/cinder/mnt/79c947ed65531511518bdc223681e669/volume-ca8e3baa-5eaf-46ec-954f-2d95feff040c.a840768b-210e-4e3a-9046-a818f823fe83 {{(pid=94004) execute /opt/stack/data/venv/lib/python3.12/site-packages/oslo_concurrency/processutils.py:440}}
Aug 19 19:00:53 devstack sudo[101957]: quobyte : PWD=/ ; USER=root ; COMMAND=/opt/stack/data/venv/bin/cinder-rootwrap /etc/cinder/rootwrap.conf env LC_ALL=C qemu-img info -f qcow2 --output=json --force-share /opt/stack/data/cinder/mnt/79c947ed65531511518bdc223681e669/volume-ca8e3baa-5eaf-46ec-954f-2d95feff040c.a840768b-210e-4e3a-9046-a818f823fe83
Aug 19 19:00:53 devstack sudo[101957]: pam_unix(sudo:session): session opened for user root(uid=0) by (uid=1000)
Aug 19 19:00:53 devstack sudo[101957]: pam_unix(sudo:session): session closed for user root
Aug 19 19:00:53 devstack cinder-volume[94004]: DEBUG oslo_concurrency.processutils [None req-9fe17555-e5a0-4d52-9180-ae2e6a1609cc tempest-GroupsV314Test-1467975770 None] CMD "/opt/stack/data/venv/bin/python3.12 -m oslo_concurrency.prlimit --as=1073741824 --cpu=60 -- sudo cinder-rootwrap /etc/cinder/rootwrap.conf env LC_ALL=C qemu-img info -f qcow2 --output=json --force-share /opt/stack/data/cinder/mnt/79c947ed65531511518bdc223681e669/volume-ca8e3baa-5eaf-46ec-954f-2d95feff040c.a840768b-210e-4e3a-9046-a818f823fe83" returned: 0 in 0.392s {{(pid=94004) execute /opt/stack/data/venv/lib/python3.12/site-packages/oslo_concurrency/processutils.py:468}}
Aug 19 19:00:53 devstack cinder-volume[94004]: DEBUG cinder.volume.drivers.remotefs [None req-9fe17555-e5a0-4d52-9180-ae2e6a1609cc tempest-GroupsV314Test-1467975770 None] Fetching qemu-img info with special backing_file_template: (/opt/stack/data/cinder/mnt/[0-9a-f]+/)?(volume-ca8e3baa-5eaf-46ec-954f-2d95feff040c(.(tmp-snap-)?[0-9a-f-]+)?|volume_from_snapshot_cache/(tmp-snap-)?[0-9a-f-]+(.(child-|parent-)[0-9a-f-]+)?)$ {{(pid=94004) _qemu_img_info_base /opt/stack/cinder/cinder/volume/drivers/remotefs.py:896}}
Aug 19 19:00:53 devstack cinder-volume[94004]: DEBUG oslo.privsep.daemon [-] privsep: reply[e510141b-6b8e-436e-a168-e11c8ad88736]: (4, 'qcow2') {{(pid=96008) _call_back /opt/stack/data/venv/lib/python3.12/site-packages/oslo_privsep/daemon.py:580}}
Aug 19 19:00:53 devstack cinder-volume[94004]: DEBUG oslo_concurrency.processutils [None req-9fe17555-e5a0-4d52-9180-ae2e6a1609cc tempest-GroupsV314Test-1467975770 None] Running cmd (subprocess): /opt/stack/data/venv/bin/python3.12 -m oslo_concurrency.prlimit --as=1073741824 --cpu=60 -- sudo cinder-rootwrap /etc/cinder/rootwrap.conf env LC_ALL=C qemu-img info -f qcow2 --output=json --force-share /opt/stack/data/cinder/mnt/79c947ed65531511518bdc223681e669/volume-ca8e3baa-5eaf-46ec-954f-2d95feff040c {{(pid=94004) execute /opt/stack/data/venv/lib/python3.12/site-packages/oslo_concurrency/processutils.py:440}}
Aug 19 19:00:53 devstack sudo[101962]: quobyte : PWD=/ ; USER=root ; COMMAND=/opt/stack/data/venv/bin/cinder-rootwrap /etc/cinder/rootwrap.conf env LC_ALL=C qemu-img info -f qcow2 --output=json --force-share /opt/stack/data/cinder/mnt/79c947ed65531511518bdc223681e669/volume-ca8e3baa-5eaf-46ec-954f-2d95feff040c
Aug 19 19:00:53 devstack sudo[101962]: pam_unix(sudo:session): session opened for user root(uid=0) by (uid=1000)
Aug 19 19:00:54 devstack sudo[101962]: pam_unix(sudo:session): session closed for user root
Aug 19 19:00:54 devstack cinder-volume[94004]: DEBUG oslo_concurrency.processutils [None req-9fe17555-e5a0-4d52-9180-ae2e6a1609cc tempest-GroupsV314Test-1467975770 None] CMD "/opt/stack/data/venv/bin/python3.12 -m oslo_concurrency.prlimit --as=1073741824 --cpu=60 -- sudo cinder-rootwrap /etc/cinder/rootwrap.conf env LC_ALL=C qemu-img info -f qcow2 --output=json --force-share /opt/stack/data/cinder/mnt/79c947ed65531511518bdc223681e669/volume-ca8e3baa-5eaf-46ec-954f-2d95feff040c" returned: 0 in 0.652s {{(pid=94004) execute /opt/stack/data/venv/lib/python3.12/site-packages/oslo_concurrency/processutils.py:468}}
Aug 19 19:00:54 devstack cinder-volume[94004]: DEBUG oslo_concurrency.processutils [None req-9fe17555-e5a0-4d52-9180-ae2e6a1609cc tempest-GroupsV314Test-1467975770 None] Running cmd (subprocess): sudo cinder-rootwrap /etc/cinder/rootwrap.conf qemu-img commit -d /opt/stack/data/cinder/mnt/79c947ed65531511518bdc223681e669/volume-ca8e3baa-5eaf-46ec-954f-2d95feff040c.a840768b-210e-4e3a-9046-a818f823fe83 {{(pid=94004) execute /opt/stack/data/venv/lib/python3.12/site-packages/oslo_concurrency/processutils.py:440}}
Aug 19 19:00:54 devstack sudo[101967]: quobyte : PWD=/ ; USER=root ; COMMAND=/opt/stack/data/venv/bin/cinder-rootwrap /etc/cinder/rootwrap.conf qemu-img commit -d /opt/stack/data/cinder/mnt/79c947ed65531511518bdc223681e669/volume-ca8e3baa-5eaf-46ec-954f-2d95feff040c.a840768b-210e-4e3a-9046-a818f823fe83
Aug 19 19:00:54 devstack sudo[101967]: pam_unix(sudo:session): session opened for user root(uid=0) by (uid=1000)
Aug 19 19:00:55 devstack sudo[101967]: pam_unix(sudo:session): session closed for user root
