Aug 19 18:57:56 devstack cinder-volume[94004]: DEBUG cinder.volume.drivers.remotefs [None req-6bc2b379-f396-4e62-b672-1e641dd817ad tempest-VolumesDeleteCascade-693870986 None] Creating offline snapshot dc6daf91-c7d7-4557-bb88-fc1ba8fabd53 of volume fcfe8f93-34ba-42fc-9ab0-8a38fb67c93c {{(pid=94004) _create_snapshot /opt/stack/cinder/cinder/volume/drivers/remotefs.py:1816}}
Aug 19 18:57:56 devstack cinder-volume[94004]: DEBUG oslo.privsep.daemon [-] privsep: reply[02a9b438-d31e-4a7d-a8a0-6f713a410d46]: (4, 'qcow2') {{(pid=96008) _call_back /opt/stack/data/venv/lib/python3.12/site-packages/oslo_privsep/daemon.py:580}}
Aug 19 18:57:56 devstack cinder-volume[94004]: DEBUG oslo_concurrency.processutils [None req-6bc2b379-f396-4e62-b672-1e641dd817ad tempest-VolumesDeleteCascade-693870986 None] Running cmd (subprocess): /opt/stack/data/venv/bin/python3.12 -m oslo_concurrency.prlimit --as=1073741824 --cpu=60 -- sudo cinder-rootwrap /etc/cinder/rootwrap.conf env LC_ALL=C qemu-img info -f qcow2 --output=json --force-share /opt/stack/data/cinder/mnt/79c947ed65531511518bdc223681e669/volume-fcfe8f93-34ba-42fc-9ab0-8a38fb67c93c {{(pid=94004) execute /opt/stack/data/venv/lib/python3.12/site-packages/oslo_concurrency/processutils.py:440}}
Aug 19 18:57:56 devstack sudo[98794]: quobyte : PWD=/ ; USER=root ; COMMAND=/opt/stack/data/venv/bin/cinder-rootwrap /etc/cinder/rootwrap.conf env LC_ALL=C qemu-img info -f qcow2 --output=json --force-share /opt/stack/data/cinder/mnt/79c947ed65531511518bdc223681e669/volume-fcfe8f93-34ba-42fc-9ab0-8a38fb67c93c
Aug 19 18:57:56 devstack sudo[98794]: pam_unix(sudo:session): session opened for user root(uid=0) by (uid=1000)
Aug 19 18:57:56 devstack sudo[98794]: pam_unix(sudo:session): session closed for user root
Aug 19 18:57:56 devstack cinder-volume[94004]: DEBUG oslo_concurrency.processutils [None req-6bc2b379-f396-4e62-b672-1e641dd817ad tempest-VolumesDeleteCascade-693870986 None] CMD "/opt/stack/data/venv/bin/python3.12 -m oslo_concurrency.prlimit --as=1073741824 --cpu=60 -- sudo cinder-rootwrap /etc/cinder/rootwrap.conf env LC_ALL=C qemu-img info -f qcow2 --output=json --force-share /opt/stack/data/cinder/mnt/79c947ed65531511518bdc223681e669/volume-fcfe8f93-34ba-42fc-9ab0-8a38fb67c93c" returned: 0 in 0.546s {{(pid=94004) execute /opt/stack/data/venv/lib/python3.12/site-packages/oslo_concurrency/processutils.py:468}}
Aug 19 18:57:56 devstack cinder-volume[94004]: DEBUG oslo_concurrency.processutils [None req-6bc2b379-f396-4e62-b672-1e641dd817ad tempest-VolumesDeleteCascade-693870986 None] Running cmd (subprocess): sudo cinder-rootwrap /etc/cinder/rootwrap.conf qemu-img create -f qcow2 -o backing_file=/opt/stack/data/cinder/mnt/79c947ed65531511518bdc223681e669/volume-fcfe8f93-34ba-42fc-9ab0-8a38fb67c93c,backing_fmt=qcow2 /opt/stack/data/cinder/mnt/79c947ed65531511518bdc223681e669/volume-fcfe8f93-34ba-42fc-9ab0-8a38fb67c93c.dc6daf91-c7d7-4557-bb88-fc1ba8fabd53 1G {{(pid=94004) execute /opt/stack/data/venv/lib/python3.12/site-packages/oslo_concurrency/processutils.py:440}}
Aug 19 18:57:56 devstack sudo[98799]: quobyte : PWD=/ ; USER=root ; COMMAND=/opt/stack/data/venv/bin/cinder-rootwrap /etc/cinder/rootwrap.conf qemu-img create -f qcow2 -o backing_file=/opt/stack/data/cinder/mnt/79c947ed65531511518bdc223681e669/volume-fcfe8f93-34ba-42fc-9ab0-8a38fb67c93c,backing_fmt=qcow2 /opt/stack/data/cinder/mnt/79c947ed65531511518bdc223681e669/volume-fcfe8f93-34ba-42fc-9ab0-8a38fb67c93c.dc6daf91-c7d7-4557-bb88-fc1ba8fabd53 1G
Aug 19 18:57:56 devstack sudo[98799]: pam_unix(sudo:session): session opened for user root(uid=0) by (uid=1000)
Aug 19 18:57:57 devstack sudo[98799]: pam_unix(sudo:session): session closed for user root
Aug 19 18:57:57 devstack cinder-volume[94004]: DEBUG oslo_concurrency.processutils [None req-6bc2b379-f396-4e62-b672-1e641dd817ad tempest-VolumesDeleteCascade-693870986 None] CMD "sudo cinder-rootwrap /etc/cinder/rootwrap.conf qemu-img create -f qcow2 -o backing_file=/opt/stack/data/cinder/mnt/79c947ed65531511518bdc223681e669/volume-fcfe8f93-34ba-42fc-9ab0-8a38fb67c93c,backing_fmt=qcow2 /opt/stack/data/cinder/mnt/79c947ed65531511518bdc223681e669/volume-fcfe8f93-34ba-42fc-9ab0-8a38fb67c93c.dc6daf91-c7d7-4557-bb88-fc1ba8fabd53 1G" returned: 0 in 0.794s {{(pid=94004) execute /opt/stack/data/venv/lib/python3.12/site-packages/oslo_concurrency/processutils.py:468}}
Aug 19 18:57:57 devstack cinder-volume[94004]: DEBUG oslo_concurrency.processutils [None req-6bc2b379-f396-4e62-b672-1e641dd817ad tempest-VolumesDeleteCascade-693870986 None] Running cmd (subprocess): sudo cinder-rootwrap /etc/cinder/rootwrap.conf qemu-img rebase -u -b volume-fcfe8f93-34ba-42fc-9ab0-8a38fb67c93c -F qcow2 /opt/stack/data/cinder/mnt/79c947ed65531511518bdc223681e669/volume-fcfe8f93-34ba-42fc-9ab0-8a38fb67c93c.dc6daf91-c7d7-4557-bb88-fc1ba8fabd53 {{(pid=94004) execute /opt/stack/data/venv/lib/python3.12/site-packages/oslo_concurrency/processutils.py:440}}
Aug 19 18:57:57 devstack sudo[98826]: quobyte : PWD=/ ; USER=root ; COMMAND=/opt/stack/data/venv/bin/cinder-rootwrap /etc/cinder/rootwrap.conf qemu-img rebase -u -b volume-fcfe8f93-34ba-42fc-9ab0-8a38fb67c93c -F qcow2 /opt/stack/data/cinder/mnt/79c947ed65531511518bdc223681e669/volume-fcfe8f93-34ba-42fc-9ab0-8a38fb67c93c.dc6daf91-c7d7-4557-bb88-fc1ba8fabd53
Aug 19 18:57:57 devstack sudo[98826]: pam_unix(sudo:session): session opened for user root(uid=0) by (uid=1000)
Aug 19 18:57:58 devstack sudo[98826]: pam_unix(sudo:session): session closed for user root
Aug 19 18:57:58 devstack cinder-volume[94004]: DEBUG oslo_concurrency.processutils [None req-6bc2b379-f396-4e62-b672-1e641dd817ad tempest-VolumesDeleteCascade-693870986 None] CMD "sudo cinder-rootwrap /etc/cinder/rootwrap.conf qemu-img rebase -u -b volume-fcfe8f93-34ba-42fc-9ab0-8a38fb67c93c -F qcow2 /opt/stack/data/cinder/mnt/79c947ed65531511518bdc223681e669/volume-fcfe8f93-34ba-42fc-9ab0-8a38fb67c93c.dc6daf91-c7d7-4557-bb88-fc1ba8fabd53" returned: 0 in 0.720s {{(pid=94004) execute /opt/stack/data/venv/lib/python3.12/site-packages/oslo_concurrency/processutils.py:468}}
Aug 19 18:57:58 devstack cinder-volume[94004]: WARNING cinder.volume.drivers.remotefs [None req-6bc2b379-f396-4e62-b672-1e641dd817ad tempest-VolumesDeleteCascade-693870986 None] /opt/stack/data/cinder/mnt/79c947ed65531511518bdc223681e669/volume-fcfe8f93-34ba-42fc-9ab0-8a38fb67c93c.dc6daf91-c7d7-4557-bb88-fc1ba8fabd53 is being set with open permissions: ugo+rw
Aug 19 18:57:58 devstack cinder-volume[94004]: DEBUG oslo_concurrency.processutils [None req-6bc2b379-f396-4e62-b672-1e641dd817ad tempest-VolumesDeleteCascade-693870986 None] Running cmd (subprocess): sudo cinder-rootwrap /etc/cinder/rootwrap.conf chmod ugo+rw /opt/stack/data/cinder/mnt/79c947ed65531511518bdc223681e669/volume-fcfe8f93-34ba-42fc-9ab0-8a38fb67c93c.dc6daf91-c7d7-4557-bb88-fc1ba8fabd53 {{(pid=94004) execute /opt/stack/data/venv/lib/python3.12/site-packages/oslo_concurrency/processutils.py:440}}
Aug 19 18:57:58 devstack sudo[98831]: quobyte : PWD=/ ; USER=root ; COMMAND=/opt/stack/data/venv/bin/cinder-rootwrap /etc/cinder/rootwrap.conf chmod ugo+rw /opt/stack/data/cinder/mnt/79c947ed65531511518bdc223681e669/volume-fcfe8f93-34ba-42fc-9ab0-8a38fb67c93c.dc6daf91-c7d7-4557-bb88-fc1ba8fabd53
Aug 19 18:57:58 devstack sudo[98831]: pam_unix(sudo:session): session opened for user root(uid=0) by (uid=1000)
Aug 19 18:57:58 devstack sudo[98831]: pam_unix(sudo:session): session closed for user root
Aug 19 18:57:58 devstack cinder-volume[94004]: DEBUG oslo_concurrency.processutils [None req-6bc2b379-f396-4e62-b672-1e641dd817ad tempest-VolumesDeleteCascade-693870986 None] CMD "sudo cinder-rootwrap /etc/cinder/rootwrap.conf chmod ugo+rw /opt/stack/data/cinder/mnt/79c947ed65531511518bdc223681e669/volume-fcfe8f93-34ba-42fc-9ab0-8a38fb67c93c.dc6daf91-c7d7-4557-bb88-fc1ba8fabd53" returned: 0 in 0.418s {{(pid=94004) execute /opt/stack/data/venv/lib/python3.12/site-packages/oslo_concurrency/processutils.py:468}}
Aug 19 18:57:58 devstack cinder-volume[94004]: DEBUG oslo_concurrency.processutils [None req-6bc2b379-f396-4e62-b672-1e641dd817ad tempest-VolumesDeleteCascade-693870986 None] Running cmd (subprocess): sudo cinder-rootwrap /etc/cinder/rootwrap.conf truncate -s0 /opt/stack/data/cinder/mnt/79c947ed65531511518bdc223681e669/volume-fcfe8f93-34ba-42fc-9ab0-8a38fb67c93c.info {{(pid=94004) execute /opt/stack/data/venv/lib/python3.12/site-packages/oslo_concurrency/processutils.py:440}}
Aug 19 18:57:58 devstack sudo[98834]: quobyte : PWD=/ ; USER=root ; COMMAND=/opt/stack/data/venv/bin/cinder-rootwrap /etc/cinder/rootwrap.conf truncate -s0 /opt/stack/data/cinder/mnt/79c947ed65531511518bdc223681e669/volume-fcfe8f93-34ba-42fc-9ab0-8a38fb67c93c.info
Aug 19 18:57:58 devstack sudo[98834]: pam_unix(sudo:session): session opened for user root(uid=0) by (uid=1000)
Aug 19 18:57:58 devstack sudo[98834]: pam_unix(sudo:session): session closed for user root
Aug 19 18:57:59 devstack cinder-volume[94004]: DEBUG oslo_concurrency.processutils [None req-6bc2b379-f396-4e62-b672-1e641dd817ad tempest-VolumesDeleteCascade-693870986 None] CMD "sudo cinder-rootwrap /etc/cinder/rootwrap.conf truncate -s0 /opt/stack/data/cinder/mnt/79c947ed65531511518bdc223681e669/volume-fcfe8f93-34ba-42fc-9ab0-8a38fb67c93c.info" returned: 0 in 0.297s {{(pid=94004) execute /opt/stack/data/venv/lib/python3.12/site-packages/oslo_concurrency/processutils.py:468}}
Aug 19 18:57:59 devstack cinder-volume[94004]: WARNING cinder.volume.drivers.remotefs [None req-6bc2b379-f396-4e62-b672-1e641dd817ad tempest-VolumesDeleteCascade-693870986 None] /opt/stack/data/cinder/mnt/79c947ed65531511518bdc223681e669/volume-fcfe8f93-34ba-42fc-9ab0-8a38fb67c93c.info is being set with open permissions: ugo+rw
Aug 19 18:57:59 devstack cinder-volume[94004]: DEBUG oslo_concurrency.processutils [None req-6bc2b379-f396-4e62-b672-1e641dd817ad tempest-VolumesDeleteCascade-693870986 None] Running cmd (subprocess): sudo cinder-rootwrap /etc/cinder/rootwrap.conf chmod ugo+rw /opt/stack/data/cinder/mnt/79c947ed65531511518bdc223681e669/volume-fcfe8f93-34ba-42fc-9ab0-8a38fb67c93c.info {{(pid=94004) execute /opt/stack/data/venv/lib/python3.12/site-packages/oslo_concurrency/processutils.py:440}}
Aug 19 18:57:59 devstack sudo[98841]: quobyte : PWD=/ ; USER=root ; COMMAND=/opt/stack/data/venv/bin/cinder-rootwrap /etc/cinder/rootwrap.conf chmod ugo+rw /opt/stack/data/cinder/mnt/79c947ed65531511518bdc223681e669/volume-fcfe8f93-34ba-42fc-9ab0-8a38fb67c93c.info
Aug 19 18:57:59 devstack sudo[98841]: pam_unix(sudo:session): session opened for user root(uid=0) by (uid=1000)
Aug 19 18:57:59 devstack sudo[98841]: pam_unix(sudo:session): session closed for user root
Aug 19 18:57:59 devstack cinder-volume[94004]: DEBUG oslo_concurrency.processutils [None req-6bc2b379-f396-4e62-b672-1e641dd817ad tempest-VolumesDeleteCascade-693870986 None] CMD "sudo cinder-rootwrap /etc/cinder/rootwrap.conf chmod ugo+rw /opt/stack/data/cinder/mnt/79c947ed65531511518bdc223681e669/volume-fcfe8f93-34ba-42fc-9ab0-8a38fb67c93c.info" returned: 0 in 0.303s {{(pid=94004) execute /opt/stack/data/venv/lib/python3.12/site-packages/oslo_concurrency/processutils.py:468}}
Aug 19 18:57:59 devstack cinder-volume[94004]: DEBUG oslo_concurrency.lockutils [None req-6bc2b379-f396-4e62-b672-1e641dd817ad tempest-VolumesDeleteCascade-693870986 None] Lock "quobyte" "released" by "cinder.volume.drivers.quobyte.QuobyteDriver.create_snapshot" :: held 3.276s {{(pid=94004) inner /opt/stack/data/venv/lib/python3.12/site-packages/oslo_concurrency/lockutils.py:544}}
Aug 19 18:57:59 devstack cinder-volume[94004]: INFO cinder.volume.manager [None req-6bc2b379-f396-4e62-b672-1e641dd817ad tempest-VolumesDeleteCascade-693870986 None] Create snapshot completed successfully
Aug 19 18:58:00 devstack cinder-volume[94004]: DEBUG oslo_concurrency.lockutils [None req-ed592ab0-e9c8-479a-8b11-7a0e4b951c6d tempest-VolumesDeleteCascade-693870986 None] Acquiring lock "quobyte" by "cinder.volume.drivers.quobyte.QuobyteDriver.create_snapshot" {{(pid=94004) inner /opt/stack/data/venv/lib/python3.12/site-packages/oslo_concurrency/lockutils.py:512}}
Aug 19 18:58:00 devstack cinder-volume[94004]: DEBUG oslo_concurrency.lockutils [None req-ed592ab0-e9c8-479a-8b11-7a0e4b951c6d tempest-VolumesDeleteCascade-693870986 None] Lock "quobyte" acquired by "cinder.volume.drivers.quobyte.QuobyteDriver.create_snapshot" :: waited 0.001s {{(pid=94004) inner /opt/stack/data/venv/lib/python3.12/site-packages/oslo_concurrency/lockutils.py:525}}
Aug 19 18:58:00 devstack cinder-volume[94004]: DEBUG cinder.volume.drivers.remotefs [None req-ed592ab0-e9c8-479a-8b11-7a0e4b951c6d tempest-VolumesDeleteCascade-693870986 None] Creating offline snapshot f76faa43-004b-42ec-bc72-29f873928aa0 of volume fcfe8f93-34ba-42fc-9ab0-8a38fb67c93c {{(pid=94004) _create_snapshot /opt/stack/cinder/cinder/volume/drivers/remotefs.py:1816}}
Aug 19 18:58:00 devstack cinder-volume[94004]: DEBUG oslo.privsep.daemon [-] privsep: reply[268c0ccc-da95-4961-ab4b-d8f3678f064d]: (4, 'qcow2') {{(pid=96008) _call_back /opt/stack/data/venv/lib/python3.12/site-packages/oslo_privsep/daemon.py:580}}
Aug 19 18:58:00 devstack cinder-volume[94004]: DEBUG oslo_concurrency.processutils [None req-ed592ab0-e9c8-479a-8b11-7a0e4b951c6d tempest-VolumesDeleteCascade-693870986 None] Running cmd (subprocess): /opt/stack/data/venv/bin/python3.12 -m oslo_concurrency.prlimit --as=1073741824 --cpu=60 -- sudo cinder-rootwrap /etc/cinder/rootwrap.conf env LC_ALL=C qemu-img info -f qcow2 --output=json --force-share /opt/stack/data/cinder/mnt/79c947ed65531511518bdc223681e669/volume-fcfe8f93-34ba-42fc-9ab0-8a38fb67c93c.dc6daf91-c7d7-4557-bb88-fc1ba8fabd53 {{(pid=94004) execute /opt/stack/data/venv/lib/python3.12/site-packages/oslo_concurrency/processutils.py:440}}
Aug 19 18:58:00 devstack sudo[98895]: quobyte : PWD=/ ; USER=root ; COMMAND=/opt/stack/data/venv/bin/cinder-rootwrap /etc/cinder/rootwrap.conf env LC_ALL=C qemu-img info -f qcow2 --output=json --force-share /opt/stack/data/cinder/mnt/79c947ed65531511518bdc223681e669/volume-fcfe8f93-34ba-42fc-9ab0-8a38fb67c93c.dc6daf91-c7d7-4557-bb88-fc1ba8fabd53
Aug 19 18:58:00 devstack sudo[98895]: pam_unix(sudo:session): session opened for user root(uid=0) by (uid=1000)
Aug 19 18:58:01 devstack sudo[98895]: pam_unix(sudo:session): session closed for user root
Aug 19 18:58:01 devstack cinder-volume[94004]: DEBUG oslo_concurrency.processutils [None req-ed592ab0-e9c8-479a-8b11-7a0e4b951c6d tempest-VolumesDeleteCascade-693870986 None] CMD "/opt/stack/data/venv/bin/python3.12 -m oslo_concurrency.prlimit --as=1073741824 --cpu=60 -- sudo cinder-rootwrap /etc/cinder/rootwrap.conf env LC_ALL=C qemu-img info -f qcow2 --output=json --force-share /opt/stack/data/cinder/mnt/79c947ed65531511518bdc223681e669/volume-fcfe8f93-34ba-42fc-9ab0-8a38fb67c93c.dc6daf91-c7d7-4557-bb88-fc1ba8fabd53" returned: 0 in 0.566s {{(pid=94004) execute /opt/stack/data/venv/lib/python3.12/site-packages/oslo_concurrency/processutils.py:468}}
Aug 19 18:58:01 devstack cinder-volume[94004]: DEBUG cinder.volume.drivers.remotefs [None req-ed592ab0-e9c8-479a-8b11-7a0e4b951c6d tempest-VolumesDeleteCascade-693870986 None] Fetching qemu-img info with special backing_file_template: (/opt/stack/data/cinder/mnt/[0-9a-f]+/)?(volume-fcfe8f93-34ba-42fc-9ab0-8a38fb67c93c(.(tmp-snap-)?[0-9a-f-]+)?|volume_from_snapshot_cache/(tmp-snap-)?[0-9a-f-]+(.(child-|parent-)[0-9a-f-]+)?)$ {{(pid=94004) _qemu_img_info_base /opt/stack/cinder/cinder/volume/drivers/remotefs.py:896}}
Aug 19 18:58:01 devstack cinder-volume[94004]: DEBUG oslo_concurrency.processutils [None req-ed592ab0-e9c8-479a-8b11-7a0e4b951c6d tempest-VolumesDeleteCascade-693870986 None] Running cmd (subprocess): sudo cinder-rootwrap /etc/cinder/rootwrap.conf qemu-img create -f qcow2 -o backing_file=/opt/stack/data/cinder/mnt/79c947ed65531511518bdc223681e669/volume-fcfe8f93-34ba-42fc-9ab0-8a38fb67c93c.dc6daf91-c7d7-4557-bb88-fc1ba8fabd53,backing_fmt=qcow2 /opt/stack/data/cinder/mnt/79c947ed65531511518bdc223681e669/volume-fcfe8f93-34ba-42fc-9ab0-8a38fb67c93c.f76faa43-004b-42ec-bc72-29f873928aa0 1G {{(pid=94004) execute /opt/stack/data/venv/lib/python3.12/site-packages/oslo_concurrency/processutils.py:440}}
Aug 19 18:58:01 devstack sudo[98904]: quobyte : PWD=/ ; USER=root ; COMMAND=/opt/stack/data/venv/bin/cinder-rootwrap /etc/cinder/rootwrap.conf qemu-img create -f qcow2 -o backing_file=/opt/stack/data/cinder/mnt/79c947ed65531511518bdc223681e669/volume-fcfe8f93-34ba-42fc-9ab0-8a38fb67c93c.dc6daf91-c7d7-4557-bb88-fc1ba8fabd53,backing_fmt=qcow2 /opt/stack/data/cinder/mnt/79c947ed65531511518bdc223681e669/volume-fcfe8f93-34ba-42fc-9ab0-8a38fb67c93c.f76faa43-004b-42ec-bc72-29f873928aa0 1G
Aug 19 18:58:01 devstack sudo[98904]: pam_unix(sudo:session): session opened for user root(uid=0) by (uid=1000)
Aug 19 18:58:02 devstack sudo[98904]: pam_unix(sudo:session): session closed for user root
Aug 19 18:58:02 devstack cinder-volume[94004]: DEBUG oslo_concurrency.processutils [None req-ed592ab0-e9c8-479a-8b11-7a0e4b951c6d tempest-VolumesDeleteCascade-693870986 None] CMD "sudo cinder-rootwrap /etc/cinder/rootwrap.conf qemu-img create -f qcow2 -o backing_file=/opt/stack/data/cinder/mnt/79c947ed65531511518bdc223681e669/volume-fcfe8f93-34ba-42fc-9ab0-8a38fb67c93c.dc6daf91-c7d7-4557-bb88-fc1ba8fabd53,backing_fmt=qcow2 /opt/stack/data/cinder/mnt/79c947ed65531511518bdc223681e669/volume-fcfe8f93-34ba-42fc-9ab0-8a38fb67c93c.f76faa43-004b-42ec-bc72-29f873928aa0 1G" returned: 0 in 0.893s {{(pid=94004) execute /opt/stack/data/venv/lib/python3.12/site-packages/oslo_concurrency/processutils.py:468}}
Aug 19 18:58:02 devstack cinder-volume[94004]: DEBUG oslo_concurrency.processutils [None req-ed592ab0-e9c8-479a-8b11-7a0e4b951c6d tempest-VolumesDeleteCascade-693870986 None] Running cmd (subprocess): sudo cinder-rootwrap /etc/cinder/rootwrap.conf qemu-img rebase -u -b volume-fcfe8f93-34ba-42fc-9ab0-8a38fb67c93c.dc6daf91-c7d7-4557-bb88-fc1ba8fabd53 -F qcow2 /opt/stack/data/cinder/mnt/79c947ed65531511518bdc223681e669/volume-fcfe8f93-34ba-42fc-9ab0-8a38fb67c93c.f76faa43-004b-42ec-bc72-29f873928aa0 {{(pid=94004) execute /opt/stack/data/venv/lib/python3.12/site-packages/oslo_concurrency/processutils.py:440}}
Aug 19 18:58:02 devstack sudo[98922]: quobyte : PWD=/ ; USER=root ; COMMAND=/opt/stack/data/venv/bin/cinder-rootwrap /etc/cinder/rootwrap.conf qemu-img rebase -u -b volume-fcfe8f93-34ba-42fc-9ab0-8a38fb67c93c.dc6daf91-c7d7-4557-bb88-fc1ba8fabd53 -F qcow2 /opt/stack/data/cinder/mnt/79c947ed65531511518bdc223681e669/volume-fcfe8f93-34ba-42fc-9ab0-8a38fb67c93c.f76faa43-004b-42ec-bc72-29f873928aa0
Aug 19 18:58:02 devstack sudo[98922]: pam_unix(sudo:session): session opened for user root(uid=0) by (uid=1000)
Aug 19 18:58:02 devstack cinder-volume[94004]: DEBUG cinder.coordination [None req-979c25b8-2393-486e-aaf0-6147f0c52e3a tempest-ServerRescueNegativeTestJSON-1336016273 None] Acquiring lock "cinder-7b477c01-a15a-4789-8e9e-a013f85fc273-delete_volume" by "delete_volume" {{(pid=94004) __acquire /opt/stack/cinder/cinder/coordination.py:138}}
Aug 19 18:58:02 devstack cinder-volume[94004]: DEBUG cinder.coordination [None req-979c25b8-2393-486e-aaf0-6147f0c52e3a tempest-ServerRescueNegativeTestJSON-1336016273 None] Lock "cinder-7b477c01-a15a-4789-8e9e-a013f85fc273-delete_volume" acquired by "delete_volume" :: waited 0.030s {{(pid=94004) __acquire /opt/stack/cinder/cinder/coordination.py:141}}
Aug 19 18:58:02 devstack cinder-volume[94004]: DEBUG cinder.coordination [None req-979c25b8-2393-486e-aaf0-6147f0c52e3a tempest-ServerRescueNegativeTestJSON-1336016273 None] Acquiring lock "cinder-quobyte-7b477c01-a15a-4789-8e9e-a013f85fc273" by "delete_volume" {{(pid=94004) __acquire /opt/stack/cinder/cinder/coordination.py:138}}
Aug 19 18:58:02 devstack cinder-volume[94004]: DEBUG cinder.coordination [None req-979c25b8-2393-486e-aaf0-6147f0c52e3a tempest-ServerRescueNegativeTestJSON-1336016273 None] Lock "cinder-quobyte-7b477c01-a15a-4789-8e9e-a013f85fc273" acquired by "delete_volume" :: waited 0.024s {{(pid=94004) __acquire /opt/stack/cinder/cinder/coordination.py:141}}
Aug 19 18:58:02 devstack cinder-volume[94004]: DEBUG oslo.privsep.daemon [-] privsep: reply[5f2bf940-d319-450d-8afb-3ef28cc0253c]: (4, 'qcow2') {{(pid=96008) _call_back /opt/stack/data/venv/lib/python3.12/site-packages/oslo_privsep/daemon.py:580}}
Aug 19 18:58:02 devstack cinder-volume[94004]: DEBUG oslo_concurrency.processutils [None req-979c25b8-2393-486e-aaf0-6147f0c52e3a tempest-ServerRescueNegativeTestJSON-1336016273 None] Running cmd (subprocess): /opt/stack/data/venv/bin/python3.12 -m oslo_concurrency.prlimit --as=1073741824 --cpu=60 -- sudo cinder-rootwrap /etc/cinder/rootwrap.conf env LC_ALL=C qemu-img info -f qcow2 --output=json --force-share /opt/stack/data/cinder/mnt/79c947ed65531511518bdc223681e669/volume-7b477c01-a15a-4789-8e9e-a013f85fc273 {{(pid=94004) execute /opt/stack/data/venv/lib/python3.12/site-packages/oslo_concurrency/processutils.py:440}}
Aug 19 18:58:02 devstack sudo[98922]: pam_unix(sudo:session): session closed for user root
Aug 19 18:58:02 devstack cinder-volume[94004]: DEBUG oslo_concurrency.processutils [None req-ed592ab0-e9c8-479a-8b11-7a0e4b951c6d tempest-VolumesDeleteCascade-693870986 None] CMD "sudo cinder-rootwrap /etc/cinder/rootwrap.conf qemu-img rebase -u -b volume-fcfe8f93-34ba-42fc-9ab0-8a38fb67c93c.dc6daf91-c7d7-4557-bb88-fc1ba8fabd53 -F qcow2 /opt/stack/data/cinder/mnt/79c947ed65531511518bdc223681e669/volume-fcfe8f93-34ba-42fc-9ab0-8a38fb67c93c.f76faa43-004b-42ec-bc72-29f873928aa0" returned: 0 in 0.459s {{(pid=94004) execute /opt/stack/data/venv/lib/python3.12/site-packages/oslo_concurrency/processutils.py:468}}
Aug 19 18:58:02 devstack cinder-volume[94004]: WARNING cinder.volume.drivers.remotefs [None req-ed592ab0-e9c8-479a-8b11-7a0e4b951c6d tempest-VolumesDeleteCascade-693870986 None] /opt/stack/data/cinder/mnt/79c947ed65531511518bdc223681e669/volume-fcfe8f93-34ba-42fc-9ab0-8a38fb67c93c.f76faa43-004b-42ec-bc72-29f873928aa0 is being set with open permissions: ugo+rw
Aug 19 18:58:02 devstack cinder-volume[94004]: DEBUG oslo_concurrency.processutils [None req-ed592ab0-e9c8-479a-8b11-7a0e4b951c6d tempest-VolumesDeleteCascade-693870986 None] Running cmd (subprocess): sudo cinder-rootwrap /etc/cinder/rootwrap.conf chmod ugo+rw /opt/stack/data/cinder/mnt/79c947ed65531511518bdc223681e669/volume-fcfe8f93-34ba-42fc-9ab0-8a38fb67c93c.f76faa43-004b-42ec-bc72-29f873928aa0 {{(pid=94004) execute /opt/stack/data/venv/lib/python3.12/site-packages/oslo_concurrency/processutils.py:440}}
Aug 19 18:58:02 devstack sudo[98931]: quobyte : PWD=/ ; USER=root ; COMMAND=/opt/stack/data/venv/bin/cinder-rootwrap /etc/cinder/rootwrap.conf chmod ugo+rw /opt/stack/data/cinder/mnt/79c947ed65531511518bdc223681e669/volume-fcfe8f93-34ba-42fc-9ab0-8a38fb67c93c.f76faa43-004b-42ec-bc72-29f873928aa0
Aug 19 18:58:02 devstack sudo[98931]: pam_unix(sudo:session): session opened for user root(uid=0) by (uid=1000)
Aug 19 18:58:02 devstack sudo[98930]: quobyte : PWD=/ ; USER=root ; COMMAND=/opt/stack/data/venv/bin/cinder-rootwrap /etc/cinder/rootwrap.conf env LC_ALL=C qemu-img info -f qcow2 --output=json --force-share /opt/stack/data/cinder/mnt/79c947ed65531511518bdc223681e669/volume-7b477c01-a15a-4789-8e9e-a013f85fc273
Aug 19 18:58:02 devstack sudo[98930]: pam_unix(sudo:session): session opened for user root(uid=0) by (uid=1000)
Aug 19 18:58:02 devstack sudo[98931]: pam_unix(sudo:session): session closed for user root
Aug 19 18:58:02 devstack cinder-volume[94004]: DEBUG oslo_concurrency.processutils [None req-ed592ab0-e9c8-479a-8b11-7a0e4b951c6d tempest-VolumesDeleteCascade-693870986 None] CMD "sudo cinder-rootwrap /etc/cinder/rootwrap.conf chmod ugo+rw /opt/stack/data/cinder/mnt/79c947ed65531511518bdc223681e669/volume-fcfe8f93-34ba-42fc-9ab0-8a38fb67c93c.f76faa43-004b-42ec-bc72-29f873928aa0" returned: 0 in 0.336s {{(pid=94004) execute /opt/stack/data/venv/lib/python3.12/site-packages/oslo_concurrency/processutils.py:468}}
Aug 19 18:58:02 devstack cinder-volume[94004]: DEBUG oslo_concurrency.lockutils [None req-ed592ab0-e9c8-479a-8b11-7a0e4b951c6d tempest-VolumesDeleteCascade-693870986 None] Lock "quobyte" "released" by "cinder.volume.drivers.quobyte.QuobyteDriver.create_snapshot" :: held 2.434s {{(pid=94004) inner /opt/stack/data/venv/lib/python3.12/site-packages/oslo_concurrency/lockutils.py:544}}
Aug 19 18:58:02 devstack cinder-volume[94004]: INFO cinder.volume.manager [None req-ed592ab0-e9c8-479a-8b11-7a0e4b951c6d tempest-VolumesDeleteCascade-693870986 None] Create snapshot completed successfully
Aug 19 18:58:03 devstack sudo[98930]: pam_unix(sudo:session): session closed for user root
Aug 19 18:58:03 devstack cinder-volume[94004]: DEBUG oslo_concurrency.processutils [None req-979c25b8-2393-486e-aaf0-6147f0c52e3a tempest-ServerRescueNegativeTestJSON-1336016273 None] CMD "/opt/stack/data/venv/bin/python3.12 -m oslo_concurrency.prlimit --as=1073741824 --cpu=60 -- sudo cinder-rootwrap /etc/cinder/rootwrap.conf env LC_ALL=C qemu-img info -f qcow2 --output=json --force-share /opt/stack/data/cinder/mnt/79c947ed65531511518bdc223681e669/volume-7b477c01-a15a-4789-8e9e-a013f85fc273" returned: 0 in 0.559s {{(pid=94004) execute /opt/stack/data/venv/lib/python3.12/site-packages/oslo_concurrency/processutils.py:468}}
Aug 19 18:58:03 devstack cinder-volume[94004]: DEBUG oslo_concurrency.processutils [None req-979c25b8-2393-486e-aaf0-6147f0c52e3a tempest-ServerRescueNegativeTestJSON-1336016273 None] Running cmd (subprocess): sudo cinder-rootwrap /etc/cinder/rootwrap.conf rm -f /opt/stack/data/cinder/mnt/79c947ed65531511518bdc223681e669/volume-7b477c01-a15a-4789-8e9e-a013f85fc273 {{(pid=94004) execute /opt/stack/data/venv/lib/python3.12/site-packages/oslo_concurrency/processutils.py:440}}
Aug 19 18:58:03 devstack sudo[98938]: quobyte : PWD=/ ; USER=root ; COMMAND=/opt/stack/data/venv/bin/cinder-rootwrap /etc/cinder/rootwrap.conf rm -f /opt/stack/data/cinder/mnt/79c947ed65531511518bdc223681e669/volume-7b477c01-a15a-4789-8e9e-a013f85fc273
Aug 19 18:58:03 devstack sudo[98938]: pam_unix(sudo:session): session opened for user root(uid=0) by (uid=1000)
Aug 19 18:58:03 devstack sudo[98938]: pam_unix(sudo:session): session closed for user root
Aug 19 18:58:03 devstack cinder-volume[94004]: DEBUG oslo_concurrency.processutils [None req-979c25b8-2393-486e-aaf0-6147f0c52e3a tempest-ServerRescueNegativeTestJSON-1336016273 None] CMD "sudo cinder-rootwrap /etc/cinder/rootwrap.conf rm -f /opt/stack/data/cinder/mnt/79c947ed65531511518bdc223681e669/volume-7b477c01-a15a-4789-8e9e-a013f85fc273" returned: 0 in 0.366s {{(pid=94004) execute /opt/stack/data/venv/lib/python3.12/site-packages/oslo_concurrency/processutils.py:468}}
Aug 19 18:58:03 devstack cinder-volume[94004]: DEBUG cinder.coordination [None req-979c25b8-2393-486e-aaf0-6147f0c52e3a tempest-ServerRescueNegativeTestJSON-1336016273 None] Lock "cinder-quobyte-7b477c01-a15a-4789-8e9e-a013f85fc273" released by "delete_volume" :: held 0.979s {{(pid=94004) __release /opt/stack/cinder/cinder/coordination.py:152}}
Aug 19 18:58:03 devstack cinder-volume[94004]: DEBUG cinder.quota [None req-979c25b8-2393-486e-aaf0-6147f0c52e3a tempest-ServerRescueNegativeTestJSON-1336016273 None] Created reservations ['b3ca0e3c-ebef-4bf5-8597-3971d08ae5f4', '26684e49-83a6-42f8-bbdd-65a246c32e97', '59aa1de4-3693-4920-862b-7b703e44ed30', 'b9075530-105d-4809-8798-8e21794e6205'] {{(pid=94004) reserve /opt/stack/cinder/cinder/quota.py:752}}
Aug 19 18:58:03 devstack cinder-volume[94004]: DEBUG oslo_concurrency.lockutils [None req-979c25b8-2393-486e-aaf0-6147f0c52e3a tempest-ServerRescueNegativeTestJSON-1336016273 None] Acquiring lock "quobyte_ensure" by "cinder.volume.drivers.quobyte.QuobyteDriver._ensure_shares_mounted" {{(pid=94004) inner /opt/stack/data/venv/lib/python3.12/site-packages/oslo_concurrency/lockutils.py:512}}
Aug 19 18:58:03 devstack cinder-volume[94004]: DEBUG oslo_concurrency.lockutils [None req-979c25b8-2393-486e-aaf0-6147f0c52e3a tempest-ServerRescueNegativeTestJSON-1336016273 None] Lock "quobyte_ensure" acquired by "cinder.volume.drivers.quobyte.QuobyteDriver._ensure_shares_mounted" :: waited 0.001s {{(pid=94004) inner /opt/stack/data/venv/lib/python3.12/site-packages/oslo_concurrency/lockutils.py:525}}
Aug 19 18:58:03 devstack cinder-volume[94004]: DEBUG cinder.volume.drivers.quobyte [None req-979c25b8-2393-486e-aaf0-6147f0c52e3a tempest-ServerRescueNegativeTestJSON-1336016273 None] Quobyte Volume URL set to: {'osci02.corp.quobyte.com/cinder-vol-72c2422f-09c7-496b-9bfb-265ad6f5556e': None} {{(pid=94004) _load_shares_config /opt/stack/cinder/cinder/volume/drivers/quobyte.py:665}}
Aug 19 18:58:03 devstack cinder-volume[94004]: DEBUG cinder.volume.drivers.quobyte [None req-979c25b8-2393-486e-aaf0-6147f0c52e3a tempest-ServerRescueNegativeTestJSON-1336016273 None] Available shares ['osci02.corp.quobyte.com/cinder-vol-72c2422f-09c7-496b-9bfb-265ad6f5556e'] {{(pid=94004) _ensure_shares_mounted /opt/stack/cinder/cinder/volume/drivers/quobyte.py:695}}
Aug 19 18:58:03 devstack cinder-volume[94004]: DEBUG oslo_concurrency.lockutils [None req-979c25b8-2393-486e-aaf0-6147f0c52e3a tempest-ServerRescueNegativeTestJSON-1336016273 None] Lock "quobyte_ensure" "released" by "cinder.volume.drivers.quobyte.QuobyteDriver._ensure_shares_mounted" :: held 0.014s {{(pid=94004) inner /opt/stack/data/venv/lib/python3.12/site-packages/oslo_concurrency/lockutils.py:544}}
Aug 19 18:58:03 devstack cinder-volume[94004]: DEBUG oslo_concurrency.processutils [None req-979c25b8-2393-486e-aaf0-6147f0c52e3a tempest-ServerRescueNegativeTestJSON-1336016273 None] Running cmd (subprocess): sudo cinder-rootwrap /etc/cinder/rootwrap.conf df --portability --block-size 1 /opt/stack/data/cinder/mnt/79c947ed65531511518bdc223681e669 {{(pid=94004) execute /opt/stack/data/venv/lib/python3.12/site-packages/oslo_concurrency/processutils.py:440}}
Aug 19 18:58:03 devstack sudo[98943]: quobyte : PWD=/ ; USER=root ; COMMAND=/opt/stack/data/venv/bin/cinder-rootwrap /etc/cinder/rootwrap.conf df --portability --block-size 1 /opt/stack/data/cinder/mnt/79c947ed65531511518bdc223681e669
Aug 19 18:58:03 devstack sudo[98943]: pam_unix(sudo:session): session opened for user root(uid=0) by (uid=1000)
Aug 19 18:58:03 devstack cinder-volume[94004]: DEBUG cinder.coordination [None req-dfa07c36-9d77-48dd-9b41-74eef7112cfa tempest-VolumesDeleteCascade-693870986 None] Acquiring lock "cinder-fcfe8f93-34ba-42fc-9ab0-8a38fb67c93c-delete_volume" by "delete_volume" {{(pid=94004) __acquire /opt/stack/cinder/cinder/coordination.py:138}}
Aug 19 18:58:03 devstack cinder-volume[94004]: DEBUG cinder.coordination [None req-dfa07c36-9d77-48dd-9b41-74eef7112cfa tempest-VolumesDeleteCascade-693870986 None] Lock "cinder-fcfe8f93-34ba-42fc-9ab0-8a38fb67c93c-delete_volume" acquired by "delete_volume" :: waited 0.048s {{(pid=94004) __acquire /opt/stack/cinder/cinder/coordination.py:141}}
Aug 19 18:58:03 devstack cinder-volume[94004]: DEBUG cinder.volume.manager [None req-dfa07c36-9d77-48dd-9b41-74eef7112cfa tempest-VolumesDeleteCascade-693870986 None] Performing cascade delete. {{(pid=94004) delete_volume /opt/stack/cinder/cinder/volume/manager.py:995}}
Aug 19 18:58:03 devstack cinder-volume[94004]: DEBUG cinder.coordination [None req-dfa07c36-9d77-48dd-9b41-74eef7112cfa tempest-VolumesDeleteCascade-693870986 None] Acquiring lock "cinder-dc6daf91-c7d7-4557-bb88-fc1ba8fabd53-delete_snapshot" by "delete_snapshot" {{(pid=94004) __acquire /opt/stack/cinder/cinder/coordination.py:138}}
Aug 19 18:58:04 devstack cinder-volume[94004]: DEBUG cinder.coordination [None req-dfa07c36-9d77-48dd-9b41-74eef7112cfa tempest-VolumesDeleteCascade-693870986 None] Lock "cinder-dc6daf91-c7d7-4557-bb88-fc1ba8fabd53-delete_snapshot" acquired by "delete_snapshot" :: waited 0.028s {{(pid=94004) __acquire /opt/stack/cinder/cinder/coordination.py:141}}
Aug 19 18:58:04 devstack cinder-volume[94004]: DEBUG cinder.coordination [None req-dfa07c36-9d77-48dd-9b41-74eef7112cfa tempest-VolumesDeleteCascade-693870986 None] Acquiring lock "cinder-quobyte-fcfe8f93-34ba-42fc-9ab0-8a38fb67c93c" by "delete_snapshot" {{(pid=94004) __acquire /opt/stack/cinder/cinder/coordination.py:138}}
Aug 19 18:58:04 devstack cinder-volume[94004]: DEBUG cinder.coordination [None req-dfa07c36-9d77-48dd-9b41-74eef7112cfa tempest-VolumesDeleteCascade-693870986 None] Lock "cinder-quobyte-fcfe8f93-34ba-42fc-9ab0-8a38fb67c93c" acquired by "delete_snapshot" :: waited 0.033s {{(pid=94004) __acquire /opt/stack/cinder/cinder/coordination.py:141}}
Aug 19 18:58:04 devstack cinder-volume[94004]: DEBUG cinder.coordination [None req-dfa07c36-9d77-48dd-9b41-74eef7112cfa tempest-VolumesDeleteCascade-693870986 None] Acquiring lock "cinder-quobyte-dc6daf91-c7d7-4557-bb88-fc1ba8fabd53" by "_delete_snapshot" {{(pid=94004) __acquire /opt/stack/cinder/cinder/coordination.py:138}}
Aug 19 18:58:04 devstack cinder-volume[94004]: DEBUG cinder.coordination [None req-dfa07c36-9d77-48dd-9b41-74eef7112cfa tempest-VolumesDeleteCascade-693870986 None] Lock "cinder-quobyte-dc6daf91-c7d7-4557-bb88-fc1ba8fabd53" acquired by "_delete_snapshot" :: waited 0.025s {{(pid=94004) __acquire /opt/stack/cinder/cinder/coordination.py:141}}
Aug 19 18:58:04 devstack cinder-volume[94004]: DEBUG cinder.volume.drivers.remotefs [None req-dfa07c36-9d77-48dd-9b41-74eef7112cfa tempest-VolumesDeleteCascade-693870986 None] Deleting offline snapshot dc6daf91-c7d7-4557-bb88-fc1ba8fabd53 of volume fcfe8f93-34ba-42fc-9ab0-8a38fb67c93c {{(pid=94004) _delete_snapshot /opt/stack/cinder/cinder/volume/drivers/remotefs.py:1288}}
Aug 19 18:58:04 devstack sudo[98943]: pam_unix(sudo:session): session closed for user root
Aug 19 18:58:04 devstack cinder-volume[94004]: DEBUG cinder.volume.drivers.remotefs [None req-dfa07c36-9d77-48dd-9b41-74eef7112cfa tempest-VolumesDeleteCascade-693870986 None] snapshot_file for this snap is: volume-fcfe8f93-34ba-42fc-9ab0-8a38fb67c93c.dc6daf91-c7d7-4557-bb88-fc1ba8fabd53 {{(pid=94004) _delete_snapshot /opt/stack/cinder/cinder/volume/drivers/remotefs.py:1317}}
Aug 19 18:58:04 devstack cinder-volume[94004]: DEBUG oslo_concurrency.processutils [None req-979c25b8-2393-486e-aaf0-6147f0c52e3a tempest-ServerRescueNegativeTestJSON-1336016273 None] CMD "sudo cinder-rootwrap /etc/cinder/rootwrap.conf df --portability --block-size 1 /opt/stack/data/cinder/mnt/79c947ed65531511518bdc223681e669" returned: 0 in 0.564s {{(pid=94004) execute /opt/stack/data/venv/lib/python3.12/site-packages/oslo_concurrency/processutils.py:468}}
Aug 19 18:58:04 devstack cinder-volume[94004]: DEBUG cinder.manager [None req-979c25b8-2393-486e-aaf0-6147f0c52e3a tempest-ServerRescueNegativeTestJSON-1336016273 None] Notifying Schedulers of capabilities ... {{(pid=94004) _publish_service_capabilities /opt/stack/cinder/cinder/manager.py:219}}
Aug 19 18:58:04 devstack cinder-volume[94004]: INFO cinder.volume.manager [None req-979c25b8-2393-486e-aaf0-6147f0c52e3a tempest-ServerRescueNegativeTestJSON-1336016273 None] Deleted volume successfully.
Aug 19 18:58:04 devstack cinder-volume[94004]: DEBUG oslo.privsep.daemon [-] privsep: reply[00d0519f-259b-45e7-b628-8096763cc1f0]: (4, 'qcow2') {{(pid=96008) _call_back /opt/stack/data/venv/lib/python3.12/site-packages/oslo_privsep/daemon.py:580}}
Aug 19 18:58:04 devstack cinder-volume[94004]: DEBUG oslo_concurrency.processutils [None req-dfa07c36-9d77-48dd-9b41-74eef7112cfa tempest-VolumesDeleteCascade-693870986 None] Running cmd (subprocess): /opt/stack/data/venv/bin/python3.12 -m oslo_concurrency.prlimit --as=1073741824 --cpu=60 -- sudo cinder-rootwrap /etc/cinder/rootwrap.conf env LC_ALL=C qemu-img info -f qcow2 --output=json --force-share /opt/stack/data/cinder/mnt/79c947ed65531511518bdc223681e669/volume-fcfe8f93-34ba-42fc-9ab0-8a38fb67c93c.dc6daf91-c7d7-4557-bb88-fc1ba8fabd53 {{(pid=94004) execute /opt/stack/data/venv/lib/python3.12/site-packages/oslo_concurrency/processutils.py:440}}
Aug 19 18:58:04 devstack cinder-volume[94004]: DEBUG cinder.coordination [None req-979c25b8-2393-486e-aaf0-6147f0c52e3a tempest-ServerRescueNegativeTestJSON-1336016273 None] Lock "cinder-7b477c01-a15a-4789-8e9e-a013f85fc273-delete_volume" released by "delete_volume" :: held 1.958s {{(pid=94004) __release /opt/stack/cinder/cinder/coordination.py:152}}
Aug 19 18:58:04 devstack sudo[98958]: quobyte : PWD=/ ; USER=root ; COMMAND=/opt/stack/data/venv/bin/cinder-rootwrap /etc/cinder/rootwrap.conf env LC_ALL=C qemu-img info -f qcow2 --output=json --force-share /opt/stack/data/cinder/mnt/79c947ed65531511518bdc223681e669/volume-fcfe8f93-34ba-42fc-9ab0-8a38fb67c93c.dc6daf91-c7d7-4557-bb88-fc1ba8fabd53
Aug 19 18:58:04 devstack sudo[98958]: pam_unix(sudo:session): session opened for user root(uid=0) by (uid=1000)
Aug 19 18:58:05 devstack sudo[98958]: pam_unix(sudo:session): session closed for user root
Aug 19 18:58:05 devstack cinder-volume[94004]: DEBUG oslo_concurrency.processutils [None req-dfa07c36-9d77-48dd-9b41-74eef7112cfa tempest-VolumesDeleteCascade-693870986 None] CMD "/opt/stack/data/venv/bin/python3.12 -m oslo_concurrency.prlimit --as=1073741824 --cpu=60 -- sudo cinder-rootwrap /etc/cinder/rootwrap.conf env LC_ALL=C qemu-img info -f qcow2 --output=json --force-share /opt/stack/data/cinder/mnt/79c947ed65531511518bdc223681e669/volume-fcfe8f93-34ba-42fc-9ab0-8a38fb67c93c.dc6daf91-c7d7-4557-bb88-fc1ba8fabd53" returned: 0 in 1.064s {{(pid=94004) execute /opt/stack/data/venv/lib/python3.12/site-packages/oslo_concurrency/processutils.py:468}}
Aug 19 18:58:05 devstack cinder-volume[94004]: DEBUG cinder.volume.drivers.remotefs [None req-dfa07c36-9d77-48dd-9b41-74eef7112cfa tempest-VolumesDeleteCascade-693870986 None] Fetching qemu-img info with special backing_file_template: (/opt/stack/data/cinder/mnt/[0-9a-f]+/)?(volume-fcfe8f93-34ba-42fc-9ab0-8a38fb67c93c(.(tmp-snap-)?[0-9a-f-]+)?|volume_from_snapshot_cache/(tmp-snap-)?[0-9a-f-]+(.(child-|parent-)[0-9a-f-]+)?)$ {{(pid=94004) _qemu_img_info_base /opt/stack/cinder/cinder/volume/drivers/remotefs.py:896}}
Aug 19 18:58:05 devstack cinder-volume[94004]: DEBUG oslo.privsep.daemon [-] privsep: reply[94244d3b-4a06-4fa8-b787-dd5686b89fbb]: (4, 'qcow2') {{(pid=96008) _call_back /opt/stack/data/venv/lib/python3.12/site-packages/oslo_privsep/daemon.py:580}}
Aug 19 18:58:05 devstack cinder-volume[94004]: DEBUG oslo_concurrency.processutils [None req-dfa07c36-9d77-48dd-9b41-74eef7112cfa tempest-VolumesDeleteCascade-693870986 None] Running cmd (subprocess): /opt/stack/data/venv/bin/python3.12 -m oslo_concurrency.prlimit --as=1073741824 --cpu=60 -- sudo cinder-rootwrap /etc/cinder/rootwrap.conf env LC_ALL=C qemu-img info -f qcow2 --output=json --force-share /opt/stack/data/cinder/mnt/79c947ed65531511518bdc223681e669/volume-fcfe8f93-34ba-42fc-9ab0-8a38fb67c93c {{(pid=94004) execute /opt/stack/data/venv/lib/python3.12/site-packages/oslo_concurrency/processutils.py:440}}
Aug 19 18:58:05 devstack sudo[99000]: quobyte : PWD=/ ; USER=root ; COMMAND=/opt/stack/data/venv/bin/cinder-rootwrap /etc/cinder/rootwrap.conf env LC_ALL=C qemu-img info -f qcow2 --output=json --force-share /opt/stack/data/cinder/mnt/79c947ed65531511518bdc223681e669/volume-fcfe8f93-34ba-42fc-9ab0-8a38fb67c93c
Aug 19 18:58:05 devstack sudo[99000]: pam_unix(sudo:session): session opened for user root(uid=0) by (uid=1000)
Aug 19 18:58:06 devstack sudo[99000]: pam_unix(sudo:session): session closed for user root
Aug 19 18:58:06 devstack cinder-volume[94004]: DEBUG oslo_concurrency.processutils [None req-dfa07c36-9d77-48dd-9b41-74eef7112cfa tempest-VolumesDeleteCascade-693870986 None] CMD "/opt/stack/data/venv/bin/python3.12 -m oslo_concurrency.prlimit --as=1073741824 --cpu=60 -- sudo cinder-rootwrap /etc/cinder/rootwrap.conf env LC_ALL=C qemu-img info -f qcow2 --output=json --force-share /opt/stack/data/cinder/mnt/79c947ed65531511518bdc223681e669/volume-fcfe8f93-34ba-42fc-9ab0-8a38fb67c93c" returned: 0 in 0.889s {{(pid=94004) execute /opt/stack/data/venv/lib/python3.12/site-packages/oslo_concurrency/processutils.py:468}}
Aug 19 18:58:06 devstack cinder-volume[94004]: DEBUG oslo.privsep.daemon [-] privsep: reply[7b99ab3e-9c64-4b34-af20-47581c56cd5a]: (4, 'qcow2') {{(pid=96008) _call_back /opt/stack/data/venv/lib/python3.12/site-packages/oslo_privsep/daemon.py:580}}
Aug 19 18:58:06 devstack cinder-volume[94004]: DEBUG oslo_concurrency.processutils [None req-dfa07c36-9d77-48dd-9b41-74eef7112cfa tempest-VolumesDeleteCascade-693870986 None] Running cmd (subprocess): /opt/stack/data/venv/bin/python3.12 -m oslo_concurrency.prlimit --as=1073741824 --cpu=60 -- sudo cinder-rootwrap /etc/cinder/rootwrap.conf env LC_ALL=C qemu-img info -f qcow2 --output=json --force-share /opt/stack/data/cinder/mnt/79c947ed65531511518bdc223681e669/volume-fcfe8f93-34ba-42fc-9ab0-8a38fb67c93c.f76faa43-004b-42ec-bc72-29f873928aa0 {{(pid=94004) execute /opt/stack/data/venv/lib/python3.12/site-packages/oslo_concurrency/processutils.py:440}}
Aug 19 18:58:06 devstack sudo[99032]: quobyte : PWD=/ ; USER=root ; COMMAND=/opt/stack/data/venv/bin/cinder-rootwrap /etc/cinder/rootwrap.conf env LC_ALL=C qemu-img info -f qcow2 --output=json --force-share /opt/stack/data/cinder/mnt/79c947ed65531511518bdc223681e669/volume-fcfe8f93-34ba-42fc-9ab0-8a38fb67c93c.f76faa43-004b-42ec-bc72-29f873928aa0
Aug 19 18:58:06 devstack sudo[99032]: pam_unix(sudo:session): session opened for user root(uid=0) by (uid=1000)
Aug 19 18:58:07 devstack sudo[99032]: pam_unix(sudo:session): session closed for user root
Aug 19 18:58:07 devstack cinder-volume[94004]: DEBUG oslo_concurrency.processutils [None req-dfa07c36-9d77-48dd-9b41-74eef7112cfa tempest-VolumesDeleteCascade-693870986 None] CMD "/opt/stack/data/venv/bin/python3.12 -m oslo_concurrency.prlimit --as=1073741824 --cpu=60 -- sudo cinder-rootwrap /etc/cinder/rootwrap.conf env LC_ALL=C qemu-img info -f qcow2 --output=json --force-share /opt/stack/data/cinder/mnt/79c947ed65531511518bdc223681e669/volume-fcfe8f93-34ba-42fc-9ab0-8a38fb67c93c.f76faa43-004b-42ec-bc72-29f873928aa0" returned: 0 in 1.066s {{(pid=94004) execute /opt/stack/data/venv/lib/python3.12/site-packages/oslo_concurrency/processutils.py:468}}
Aug 19 18:58:07 devstack cinder-volume[94004]: DEBUG cinder.volume.drivers.remotefs [None req-dfa07c36-9d77-48dd-9b41-74eef7112cfa tempest-VolumesDeleteCascade-693870986 None] Fetching qemu-img info with special backing_file_template: (/opt/stack/data/cinder/mnt/[0-9a-f]+/)?(volume-fcfe8f93-34ba-42fc-9ab0-8a38fb67c93c(.(tmp-snap-)?[0-9a-f-]+)?|volume_from_snapshot_cache/(tmp-snap-)?[0-9a-f-]+(.(child-|parent-)[0-9a-f-]+)?)$ {{(pid=94004) _qemu_img_info_base /opt/stack/cinder/cinder/volume/drivers/remotefs.py:896}}
Aug 19 18:58:07 devstack cinder-volume[94004]: DEBUG oslo.privsep.daemon [-] privsep: reply[4fb6a71d-787e-4bb6-8827-7eb14f716626]: (4, 'qcow2') {{(pid=96008) _call_back /opt/stack/data/venv/lib/python3.12/site-packages/oslo_privsep/daemon.py:580}}
Aug 19 18:58:07 devstack cinder-volume[94004]: DEBUG oslo_concurrency.processutils [None req-dfa07c36-9d77-48dd-9b41-74eef7112cfa tempest-VolumesDeleteCascade-693870986 None] Running cmd (subprocess): /opt/stack/data/venv/bin/python3.12 -m oslo_concurrency.prlimit --as=1073741824 --cpu=60 -- sudo cinder-rootwrap /etc/cinder/rootwrap.conf env LC_ALL=C qemu-img info -f qcow2 --output=json --force-share /opt/stack/data/cinder/mnt/79c947ed65531511518bdc223681e669/volume-fcfe8f93-34ba-42fc-9ab0-8a38fb67c93c.dc6daf91-c7d7-4557-bb88-fc1ba8fabd53 {{(pid=94004) execute /opt/stack/data/venv/lib/python3.12/site-packages/oslo_concurrency/processutils.py:440}}
Aug 19 18:58:07 devstack sudo[99113]: quobyte : PWD=/ ; USER=root ; COMMAND=/opt/stack/data/venv/bin/cinder-rootwrap /etc/cinder/rootwrap.conf env LC_ALL=C qemu-img info -f qcow2 --output=json --force-share /opt/stack/data/cinder/mnt/79c947ed65531511518bdc223681e669/volume-fcfe8f93-34ba-42fc-9ab0-8a38fb67c93c.dc6daf91-c7d7-4557-bb88-fc1ba8fabd53
Aug 19 18:58:07 devstack sudo[99113]: pam_unix(sudo:session): session opened for user root(uid=0) by (uid=1000)
Aug 19 18:58:08 devstack sudo[99113]: pam_unix(sudo:session): session closed for user root
Aug 19 18:58:08 devstack cinder-volume[94004]: DEBUG oslo_concurrency.processutils [None req-dfa07c36-9d77-48dd-9b41-74eef7112cfa tempest-VolumesDeleteCascade-693870986 None] CMD "/opt/stack/data/venv/bin/python3.12 -m oslo_concurrency.prlimit --as=1073741824 --cpu=60 -- sudo cinder-rootwrap /etc/cinder/rootwrap.conf env LC_ALL=C qemu-img info -f qcow2 --output=json --force-share /opt/stack/data/cinder/mnt/79c947ed65531511518bdc223681e669/volume-fcfe8f93-34ba-42fc-9ab0-8a38fb67c93c.dc6daf91-c7d7-4557-bb88-fc1ba8fabd53" returned: 0 in 0.984s {{(pid=94004) execute /opt/stack/data/venv/lib/python3.12/site-packages/oslo_concurrency/processutils.py:468}}
Aug 19 18:58:08 devstack cinder-volume[94004]: DEBUG cinder.volume.drivers.remotefs [None req-dfa07c36-9d77-48dd-9b41-74eef7112cfa tempest-VolumesDeleteCascade-693870986 None] Fetching qemu-img info with special backing_file_template: (/opt/stack/data/cinder/mnt/[0-9a-f]+/)?(volume-fcfe8f93-34ba-42fc-9ab0-8a38fb67c93c(.(tmp-snap-)?[0-9a-f-]+)?|volume_from_snapshot_cache/(tmp-snap-)?[0-9a-f-]+(.(child-|parent-)[0-9a-f-]+)?)$ {{(pid=94004) _qemu_img_info_base /opt/stack/cinder/cinder/volume/drivers/remotefs.py:896}}
Aug 19 18:58:08 devstack cinder-volume[94004]: DEBUG oslo.privsep.daemon [-] privsep: reply[13f74e98-6a75-4c99-85e4-568a578a829b]: (4, 'qcow2') {{(pid=96008) _call_back /opt/stack/data/venv/lib/python3.12/site-packages/oslo_privsep/daemon.py:580}}
Aug 19 18:58:08 devstack cinder-volume[94004]: DEBUG oslo_concurrency.processutils [None req-dfa07c36-9d77-48dd-9b41-74eef7112cfa tempest-VolumesDeleteCascade-693870986 None] Running cmd (subprocess): /opt/stack/data/venv/bin/python3.12 -m oslo_concurrency.prlimit --as=1073741824 --cpu=60 -- sudo cinder-rootwrap /etc/cinder/rootwrap.conf env LC_ALL=C qemu-img info -f qcow2 --output=json --force-share /opt/stack/data/cinder/mnt/79c947ed65531511518bdc223681e669/volume-fcfe8f93-34ba-42fc-9ab0-8a38fb67c93c {{(pid=94004) execute /opt/stack/data/venv/lib/python3.12/site-packages/oslo_concurrency/processutils.py:440}}
Aug 19 18:58:08 devstack sudo[99138]: quobyte : PWD=/ ; USER=root ; COMMAND=/opt/stack/data/venv/bin/cinder-rootwrap /etc/cinder/rootwrap.conf env LC_ALL=C qemu-img info -f qcow2 --output=json --force-share /opt/stack/data/cinder/mnt/79c947ed65531511518bdc223681e669/volume-fcfe8f93-34ba-42fc-9ab0-8a38fb67c93c
Aug 19 18:58:08 devstack sudo[99138]: pam_unix(sudo:session): session opened for user root(uid=0) by (uid=1000)
Aug 19 18:58:09 devstack sudo[99138]: pam_unix(sudo:session): session closed for user root
Aug 19 18:58:09 devstack cinder-volume[94004]: DEBUG oslo_concurrency.processutils [None req-dfa07c36-9d77-48dd-9b41-74eef7112cfa tempest-VolumesDeleteCascade-693870986 None] CMD "/opt/stack/data/venv/bin/python3.12 -m oslo_concurrency.prlimit --as=1073741824 --cpu=60 -- sudo cinder-rootwrap /etc/cinder/rootwrap.conf env LC_ALL=C qemu-img info -f qcow2 --output=json --force-share /opt/stack/data/cinder/mnt/79c947ed65531511518bdc223681e669/volume-fcfe8f93-34ba-42fc-9ab0-8a38fb67c93c" returned: 0 in 1.311s {{(pid=94004) execute /opt/stack/data/venv/lib/python3.12/site-packages/oslo_concurrency/processutils.py:468}}
Aug 19 18:58:09 devstack cinder-volume[94004]: DEBUG oslo_concurrency.processutils [None req-dfa07c36-9d77-48dd-9b41-74eef7112cfa tempest-VolumesDeleteCascade-693870986 None] Running cmd (subprocess): sudo cinder-rootwrap /etc/cinder/rootwrap.conf qemu-img commit -d /opt/stack/data/cinder/mnt/79c947ed65531511518bdc223681e669/volume-fcfe8f93-34ba-42fc-9ab0-8a38fb67c93c.dc6daf91-c7d7-4557-bb88-fc1ba8fabd53 {{(pid=94004) execute /opt/stack/data/venv/lib/python3.12/site-packages/oslo_concurrency/processutils.py:440}}
Aug 19 18:58:09 devstack sudo[99149]: quobyte : PWD=/ ; USER=root ; COMMAND=/opt/stack/data/venv/bin/cinder-rootwrap /etc/cinder/rootwrap.conf qemu-img commit -d /opt/stack/data/cinder/mnt/79c947ed65531511518bdc223681e669/volume-fcfe8f93-34ba-42fc-9ab0-8a38fb67c93c.dc6daf91-c7d7-4557-bb88-fc1ba8fabd53
Aug 19 18:58:09 devstack sudo[99149]: pam_unix(sudo:session): session opened for user root(uid=0) by (uid=1000)
Aug 19 18:58:10 devstack sudo[99149]: pam_unix(sudo:session): session closed for user root
Aug 19 18:58:10 devstack cinder-volume[94004]: DEBUG oslo_concurrency.processutils [None req-dfa07c36-9d77-48dd-9b41-74eef7112cfa tempest-VolumesDeleteCascade-693870986 None] CMD "sudo cinder-rootwrap /etc/cinder/rootwrap.conf qemu-img commit -d /opt/stack/data/cinder/mnt/79c947ed65531511518bdc223681e669/volume-fcfe8f93-34ba-42fc-9ab0-8a38fb67c93c.dc6daf91-c7d7-4557-bb88-fc1ba8fabd53" returned: 0 in 0.522s {{(pid=94004) execute /opt/stack/data/venv/lib/python3.12/site-packages/oslo_concurrency/processutils.py:468}}
Aug 19 18:58:10 devstack cinder-volume[94004]: DEBUG oslo_concurrency.processutils [None req-dfa07c36-9d77-48dd-9b41-74eef7112cfa tempest-VolumesDeleteCascade-693870986 None] Running cmd (subprocess): sudo cinder-rootwrap /etc/cinder/rootwrap.conf rm -f /opt/stack/data/cinder/mnt/79c947ed65531511518bdc223681e669/volume-fcfe8f93-34ba-42fc-9ab0-8a38fb67c93c.dc6daf91-c7d7-4557-bb88-fc1ba8fabd53 {{(pid=94004) execute /opt/stack/data/venv/lib/python3.12/site-packages/oslo_concurrency/processutils.py:440}}
Aug 19 18:58:10 devstack sudo[99156]: quobyte : PWD=/ ; USER=root ; COMMAND=/opt/stack/data/venv/bin/cinder-rootwrap /etc/cinder/rootwrap.conf rm -f /opt/stack/data/cinder/mnt/79c947ed65531511518bdc223681e669/volume-fcfe8f93-34ba-42fc-9ab0-8a38fb67c93c.dc6daf91-c7d7-4557-bb88-fc1ba8fabd53
Aug 19 18:58:10 devstack sudo[99156]: pam_unix(sudo:session): session opened for user root(uid=0) by (uid=1000)
Aug 19 18:58:10 devstack sudo[99156]: pam_unix(sudo:session): session closed for user root
