Aug 20 06:29:11 devstack devstack@g-api.service[84051]: DEBUG glance.common.config [None req-a589dac5-5024-4e38-a6a4-f241c6754ba4 None None] ******************************************************************************** {{(pid=84051) log_opt_values /opt/stack/data/venv/lib/python3.12/site-packages/oslo_config/cfg.py:3567}}
Aug 20 06:29:11 devstack devstack@g-api.service[84051]: WSGI app 0 (mountpoint='') ready in 5 seconds on interpreter 0x78e0052a4668 pid: 84051 (default app)
Aug 20 06:29:11 devstack devstack@g-api.service[84053]: DEBUG glance.common.config [None req-66459dec-345c-4f36-b450-f07f3deb716a None None] barbican_service_user.split_loggers = False {{(pid=84053) log_opt_values /opt/stack/data/venv/lib/python3.12/site-packages/oslo_config/cfg.py:3560}}
Aug 20 06:29:11 devstack devstack@g-api.service[84053]: DEBUG glance.common.config [None req-66459dec-345c-4f36-b450-f07f3deb716a None None] barbican_service_user.timeout = None {{(pid=84053) log_opt_values /opt/stack/data/venv/lib/python3.12/site-packages/oslo_config/cfg.py:3560}}
Aug 20 06:29:11 devstack devstack@g-api.service[84053]: DEBUG glance.common.config [None req-66459dec-345c-4f36-b450-f07f3deb716a None None] database.asyncio_connection = **** {{(pid=84053) log_opt_values /opt/stack/data/venv/lib/python3.12/site-packages/oslo_config/cfg.py:3560}}
Aug 20 06:29:11 devstack devstack@g-api.service[84051]: DEBUG glance.api.middleware.version_negotiation [None req-a589dac5-5024-4e38-a6a4-f241c6754ba4 None None] Determining version of request: GET / Accept: */* {{(pid=84051) process_request /opt/stack/glance/glance/api/middleware/version_negotiation.py:44}}
Aug 20 06:29:11 devstack devstack@g-api.service[84053]: DEBUG glance.common.config [None req-66459dec-345c-4f36-b450-f07f3deb716a None None] database.asyncio_slave_connection = **** {{(pid=84053) log_opt_values /opt/stack/data/venv/lib/python3.12/site-packages/oslo_config/cfg.py:3560}}
Aug 20 06:29:11 devstack devstack@g-api.service[84051]: DEBUG glance.api.middleware.version_negotiation [None req-a589dac5-5024-4e38-a6a4-f241c6754ba4 None None] Using url versioning {{(pid=84051) process_request /opt/stack/glance/glance/api/middleware/version_negotiation.py:57}}
Aug 20 06:29:11 devstack devstack@g-api.service[84053]: DEBUG glance.common.config [None req-66459dec-345c-4f36-b450-f07f3deb716a None None] database.backend = sqlalchemy {{(pid=84053) log_opt_values /opt/stack/data/venv/lib/python3.12/site-packages/oslo_config/cfg.py:3560}}
Aug 20 06:29:11 devstack devstack@g-api.service[84053]: DEBUG glance.common.config [None req-66459dec-345c-4f36-b450-f07f3deb716a None None] database.connection = **** {{(pid=84053) log_opt_values /opt/stack/data/venv/lib/python3.12/site-packages/oslo_config/cfg.py:3560}}
Aug 20 06:29:11 devstack devstack@g-api.service[84051]: DEBUG glance.api.middleware.version_negotiation [None req-a589dac5-5024-4e38-a6a4-f241c6754ba4 None None] Unknown version. Returning version choices. {{(pid=84051) process_request /opt/stack/glance/glance/api/middleware/version_negotiation.py:64}}
Aug 20 06:29:11 devstack devstack@g-api.service[84053]: DEBUG glance.common.config [None req-66459dec-345c-4f36-b450-f07f3deb716a None None] database.connection_debug = 0 {{(pid=84053) log_opt_values /opt/stack/data/venv/lib/python3.12/site-packages/oslo_config/cfg.py:3560}}
Aug 20 06:29:11 devstack devstack@g-api.service[84053]: DEBUG glance.common.config [None req-66459dec-345c-4f36-b450-f07f3deb716a None None] database.connection_parameters = {{(pid=84053) log_opt_values /opt/stack/data/venv/lib/python3.12/site-packages/oslo_config/cfg.py:3560}}
Aug 20 06:29:11 devstack devstack@g-api.service[84053]: DEBUG glance.common.config [None req-66459dec-345c-4f36-b450-f07f3deb716a None None] database.connection_recycle_time = 3600 {{(pid=84053) log_opt_values /opt/stack/data/venv/lib/python3.12/site-packages/oslo_config/cfg.py:3560}}
Aug 20 06:29:11 devstack devstack@g-api.service[84053]: DEBUG glance.common.config [None req-66459dec-345c-4f36-b450-f07f3deb716a None None] database.connection_trace = False {{(pid=84053) log_opt_values /opt/stack/data/venv/lib/python3.12/site-packages/oslo_config/cfg.py:3560}}
Aug 20 06:29:11 devstack devstack@g-api.service[84051]: [pid: 84051|app: 0|req: 1/1] 127.0.0.1 () {32 vars in 401 bytes} [Thu Aug 20 06:29:11 2026] GET / => generated 1571 bytes in 3 msecs (HTTP/1.1 300) 3 headers in 106 bytes (1 switches on core 0)
Aug 20 06:29:11 devstack devstack@g-api.service[84053]: DEBUG glance.common.config [None req-66459dec-345c-4f36-b450-f07f3deb716a None None] database.db_inc_retry_interval = True {{(pid=84053) log_opt_values /opt/stack/data/venv/lib/python3.12/site-packages/oslo_config/cfg.py:3560}}
Aug 20 06:29:11 devstack devstack@g-api.service[84053]: DEBUG glance.common.config [None req-66459dec-345c-4f36-b450-f07f3deb716a None None] database.db_max_retries = 20 {{(pid=84053) log_opt_values /opt/stack/data/venv/lib/python3.12/site-packages/oslo_config/cfg.py:3560}}
Aug 20 06:29:11 devstack devstack@g-api.service[84053]: DEBUG glance.common.config [None req-66459dec-345c-4f36-b450-f07f3deb716a None None] database.db_max_retry_interval = 10 {{(pid=84053) log_opt_values /opt/stack/data/venv/lib/python3.12/site-packages/oslo_config/cfg.py:3560}}
Aug 20 06:29:11 devstack devstack@g-api.service[84053]: DEBUG glance.common.config [None req-66459dec-345c-4f36-b450-f07f3deb716a None None] database.db_retry_interval = 1 {{(pid=84053) log_opt_values /opt/stack/data/venv/lib/python3.12/site-packages/oslo_config/cfg.py:3560}}
Aug 20 06:29:11 devstack devstack@g-api.service[84053]: DEBUG glance.common.config [None req-66459dec-345c-4f36-b450-f07f3deb716a None None] database.max_overflow = 50 {{(pid=84053) log_opt_values /opt/stack/data/venv/lib/python3.12/site-packages/oslo_config/cfg.py:3560}}
Aug 20 06:29:11 devstack devstack@g-api.service[84053]: DEBUG glance.common.config [None req-66459dec-345c-4f36-b450-f07f3deb716a None None] database.max_pool_size = 5 {{(pid=84053) log_opt_values /opt/stack/data/venv/lib/python3.12/site-packages/oslo_config/cfg.py:3560}}
Aug 20 06:29:11 devstack devstack@g-api.service[84053]: DEBUG glance.common.config [None req-66459dec-345c-4f36-b450-f07f3deb716a None None] database.max_retries = 10 {{(pid=84053) log_opt_values /opt/stack/data/venv/lib/python3.12/site-packages/oslo_config/cfg.py:3560}}
Aug 20 06:29:11 devstack devstack@g-api.service[84053]: DEBUG glance.common.config [None req-66459dec-345c-4f36-b450-f07f3deb716a None None] database.mysql_sql_mode = TRADITIONAL {{(pid=84053) log_opt_values /opt/stack/data/venv/lib/python3.12/site-packages/oslo_config/cfg.py:3560}}
Aug 20 06:29:11 devstack devstack@g-api.service[84053]: DEBUG glance.common.config [None req-66459dec-345c-4f36-b450-f07f3deb716a None None] database.mysql_wsrep_sync_wait = None {{(pid=84053) log_opt_values /opt/stack/data/venv/lib/python3.12/site-packages/oslo_config/cfg.py:3560}}
Aug 20 06:29:11 devstack devstack@g-api.service[84053]: DEBUG glance.common.config [None req-66459dec-345c-4f36-b450-f07f3deb716a None None] database.pool_timeout = None {{(pid=84053) log_opt_values /opt/stack/data/venv/lib/python3.12/site-packages/oslo_config/cfg.py:3560}}
Aug 20 06:29:11 devstack devstack@g-api.service[84053]: DEBUG glance.common.config [None req-66459dec-345c-4f36-b450-f07f3deb716a None None] database.retry_interval = 10 {{(pid=84053) log_opt_values /opt/stack/data/venv/lib/python3.12/site-packages/oslo_config/cfg.py:3560}}
Aug 20 06:29:11 devstack devstack@g-api.service[84053]: DEBUG glance.common.config [None req-66459dec-345c-4f36-b450-f07f3deb716a None None] database.slave_connection = **** {{(pid=84053) log_opt_values /opt/stack/data/venv/lib/python3.12/site-packages/oslo_config/cfg.py:3560}}
Aug 20 06:29:11 devstack devstack@g-api.service[84053]: DEBUG glance.common.config [None req-66459dec-345c-4f36-b450-f07f3deb716a None None] database.sqlite_synchronous = True {{(pid=84053) log_opt_values /opt/stack/data/venv/lib/python3.12/site-packages/oslo_config/cfg.py:3560}}
Aug 20 06:29:11 devstack devstack@g-api.service[84053]: DEBUG glance.common.config [None req-66459dec-345c-4f36-b450-f07f3deb716a None None] database.synchronous_reader = True {{(pid=84053) log_opt_values /opt/stack/data/venv/lib/python3.12/site-packages/oslo_config/cfg.py:3560}}
Aug 20 06:29:11 devstack devstack@g-api.service[84053]: DEBUG glance.common.config [None req-66459dec-345c-4f36-b450-f07f3deb716a None None] database.use_db_reconnect = False {{(pid=84053) log_opt_values /opt/stack/data/venv/lib/python3.12/site-packages/oslo_config/cfg.py:3560}}
Aug 20 06:29:11 devstack devstack@g-api.service[84053]: DEBUG glance.common.config [None req-66459dec-345c-4f36-b450-f07f3deb716a None None] healthcheck.allowed_source_ranges = [] {{(pid=84053) log_opt_values /opt/stack/data/venv/lib/python3.12/site-packages/oslo_config/cfg.py:3560}}
Aug 20 06:29:11 devstack devstack@g-api.service[84053]: DEBUG glance.common.config [None req-66459dec-345c-4f36-b450-f07f3deb716a None None] healthcheck.backends = ['disable_by_file'] {{(pid=84053) log_opt_values /opt/stack/data/venv/lib/python3.12/site-packages/oslo_config/cfg.py:3560}}
Aug 20 06:29:11 devstack devstack@g-api.service[84053]: DEBUG glance.common.config [None req-66459dec-345c-4f36-b450-f07f3deb716a None None] healthcheck.detailed = False {{(pid=84053) log_opt_values /opt/stack/data/venv/lib/python3.12/site-packages/oslo_config/cfg.py:3560}}
Aug 20 06:29:11 devstack devstack@g-api.service[84053]: DEBUG glance.common.config [None req-66459dec-345c-4f36-b450-f07f3deb716a None None] healthcheck.disable_by_file_path = None {{(pid=84053) log_opt_values /opt/stack/data/venv/lib/python3.12/site-packages/oslo_config/cfg.py:3560}}
Aug 20 06:29:11 devstack devstack@g-api.service[84053]: DEBUG glance.common.config [None req-66459dec-345c-4f36-b450-f07f3deb716a None None] healthcheck.ignore_proxied_requests = False {{(pid=84053) log_opt_values /opt/stack/data/venv/lib/python3.12/site-packages/oslo_config/cfg.py:3560}}
Aug 20 06:29:11 devstack devstack@g-api.service[84053]: DEBUG glance.common.config [None req-66459dec-345c-4f36-b450-f07f3deb716a None None] ******************************************************************************** {{(pid=84053) log_opt_values /opt/stack/data/venv/lib/python3.12/site-packages/oslo_config/cfg.py:3567}}
Aug 20 06:29:11 devstack devstack@g-api.service[84053]: WSGI app 0 (mountpoint='') ready in 5 seconds on interpreter 0x78e0052a4668 pid: 84053 (default app)
Aug 20 06:29:15 devstack devstack@g-api.service[84051]: DEBUG glance.api.middleware.version_negotiation [None req-a589dac5-5024-4e38-a6a4-f241c6754ba4 None None] Determining version of request: GET / Accept: application/json {{(pid=84051) process_request /opt/stack/glance/glance/api/middleware/version_negotiation.py:44}}
Aug 20 06:29:15 devstack devstack@g-api.service[84051]: DEBUG glance.api.middleware.version_negotiation [None req-a589dac5-5024-4e38-a6a4-f241c6754ba4 None None] Using url versioning {{(pid=84051) process_request /opt/stack/glance/glance/api/middleware/version_negotiation.py:57}}
Aug 20 06:29:15 devstack devstack@g-api.service[84051]: DEBUG glance.api.middleware.version_negotiation [None req-a589dac5-5024-4e38-a6a4-f241c6754ba4 None None] Unknown version. Returning version choices. {{(pid=84051) process_request /opt/stack/glance/glance/api/middleware/version_negotiation.py:64}}
Aug 20 06:29:15 devstack devstack@g-api.service[84051]: [pid: 84051|app: 0|req: 2/2] 127.0.0.1 () {34 vars in 519 bytes} [Thu Aug 20 06:29:15 2026] GET / => generated 1571 bytes in 3 msecs (HTTP/1.1 300) 3 headers in 106 bytes (1 switches on core 0)
Aug 20 06:29:15 devstack devstack@g-api.service[84053]: DEBUG glance.api.middleware.version_negotiation [None req-66459dec-345c-4f36-b450-f07f3deb716a None None] Determining version of request: POST /v2/images Accept: */* {{(pid=84053) process_request /opt/stack/glance/glance/api/middleware/version_negotiation.py:44}}
Aug 20 06:29:15 devstack devstack@g-api.service[84053]: DEBUG glance.api.middleware.version_negotiation [None req-66459dec-345c-4f36-b450-f07f3deb716a None None] Using url versioning {{(pid=84053) process_request /opt/stack/glance/glance/api/middleware/version_negotiation.py:57}}
Aug 20 06:29:15 devstack devstack@g-api.service[84053]: DEBUG glance.api.middleware.version_negotiation [None req-66459dec-345c-4f36-b450-f07f3deb716a None None] Matched version: v2 {{(pid=84053) process_request /opt/stack/glance/glance/api/middleware/version_negotiation.py:69}}
Aug 20 06:29:15 devstack devstack@g-api.service[84053]: DEBUG glance.api.middleware.version_negotiation [None req-66459dec-345c-4f36-b450-f07f3deb716a None None] new path /v2/images {{(pid=84053) process_request /opt/stack/glance/glance/api/middleware/version_negotiation.py:70}}
Aug 20 06:29:16 devstack devstack@g-api.service[84053]: [pid: 84053|app: 0|req: 1/3] 127.0.0.1 () {40 vars in 782 bytes} [Thu Aug 20 06:29:15 2026] POST /v2/images => generated 807 bytes in 1145 msecs (HTTP/1.1 201) 6 headers in 314 bytes (1 switches on core 0)
Aug 20 06:29:16 devstack devstack@g-api.service[84051]: DEBUG glance.api.middleware.version_negotiation [None req-a589dac5-5024-4e38-a6a4-f241c6754ba4 None None] Determining version of request: PUT /v2/images/d1e38ba8-9dbb-43b8-a959-8267fa8b2d93/file Accept: {{(pid=84051) process_request /opt/stack/glance/glance/api/middleware/version_negotiation.py:44}}
Aug 20 06:29:16 devstack devstack@g-api.service[84051]: DEBUG glance.api.middleware.version_negotiation [None req-a589dac5-5024-4e38-a6a4-f241c6754ba4 None None] Using url versioning {{(pid=84051) process_request /opt/stack/glance/glance/api/middleware/version_negotiation.py:57}}
Aug 20 06:29:16 devstack devstack@g-api.service[84051]: DEBUG glance.api.middleware.version_negotiation [None req-a589dac5-5024-4e38-a6a4-f241c6754ba4 None None] Matched version: v2 {{(pid=84051) process_request /opt/stack/glance/glance/api/middleware/version_negotiation.py:69}}
Aug 20 06:29:16 devstack devstack@g-api.service[84051]: DEBUG glance.api.middleware.version_negotiation [None req-a589dac5-5024-4e38-a6a4-f241c6754ba4 None None] new path /v2/images/d1e38ba8-9dbb-43b8-a959-8267fa8b2d93/file {{(pid=84051) process_request /opt/stack/glance/glance/api/middleware/version_negotiation.py:70}}
Aug 20 06:29:17 devstack devstack@g-api.service[84051]: INFO glance.api.v2.image_data [None req-ba2cf842-f929-4c07-95a5-1ad0bab72ba9 admin admin] Unable to create trust: no such option collect_timing in group [keystone_authtoken] Use the existing user token.
Aug 20 06:29:17 devstack devstack@g-api.service[84051]: DEBUG glance.location [None req-ba2cf842-f929-4c07-95a5-1ad0bab72ba9 admin admin] Enabling in-flight format inspection for qcow2 {{(pid=84051) set_data /opt/stack/glance/glance/location.py:596}}
Aug 20 06:29:17 devstack devstack@g-api.service[84051]: DEBUG oslo_utils.imageutils.format_inspector [None req-ba2cf842-f929-4c07-95a5-1ad0bab72ba9 admin admin] Format inspector for vmdk does not match, excluding from consideration (Signature KDMV not found: b'QFI\xfb') {{(pid=84051) _process_chunk /opt/stack/data/venv/lib/python3.12/site-packages/oslo_utils/imageutils/format_inspector.py:1758}}
Aug 20 06:29:17 devstack devstack@g-api.service[84051]: DEBUG oslo_utils.imageutils.format_inspector [None req-ba2cf842-f929-4c07-95a5-1ad0bab72ba9 admin admin] Format inspector for vhdx does not match, excluding from consideration (Region signature not found at 30000) {{(pid=84051) _process_chunk /opt/stack/data/venv/lib/python3.12/site-packages/oslo_utils/imageutils/format_inspector.py:1758}}
Aug 20 06:29:17 devstack devstack@g-api.service[84051]: DEBUG glance_store._drivers.filesystem [None req-ba2cf842-f929-4c07-95a5-1ad0bab72ba9 admin admin] Wrote 21692416 bytes to /opt/stack/data/glance/images/d1e38ba8-9dbb-43b8-a959-8267fa8b2d93 with checksum 87617e24a5e30cb3b87fda8c0764838f and multihash 9a9bce0083a00939ec17c11febbfc767aa211aaa54f51e75c5a8b271a9b5637c77205a518b7a2007cb391d23cceb01e0e4e8d64832317151bc85b734b92a7be0 {{(pid=84051) add /opt/stack/data/venv/lib/python3.12/site-packages/glance_store/_drivers/filesystem.py:899}}
Aug 20 06:29:17 devstack devstack@g-api.service[84051]: INFO glance.location [None req-ba2cf842-f929-4c07-95a5-1ad0bab72ba9 admin admin] Image format matched and virtual size computed: 117440512
Aug 20 06:29:18 devstack devstack@g-api.service[84051]: DEBUG glance_store.backend [None req-ba2cf842-f929-4c07-95a5-1ad0bab72ba9 admin admin] Skipping store.set_acls... not implemented. {{(pid=84051) set_acls /opt/stack/data/venv/lib/python3.12/site-packages/glance_store/backend.py:507}}
Aug 20 06:29:18 devstack devstack@g-api.service[84051]: [pid: 84051|app: 0|req: 3/4] 127.0.0.1 () {42 vars in 914 bytes} [Thu Aug 20 06:29:16 2026] PUT /v2/images/d1e38ba8-9dbb-43b8-a959-8267fa8b2d93/file => generated 0 bytes in 1682 msecs (HTTP/1.1 204) 4 headers in 171 bytes (1 switches on core 0)
Aug 20 06:29:18 devstack devstack@g-api.service[84053]: DEBUG glance.api.middleware.version_negotiation [None req-99bccc38-85b5-4059-8971-5909e61bc5e2 admin admin] Determining version of request: GET /v2/images/d1e38ba8-9dbb-43b8-a959-8267fa8b2d93 Accept: */* {{(pid=84053) process_request /opt/stack/glance/glance/api/middleware/version_negotiation.py:44}}
Aug 20 06:29:18 devstack devstack@g-api.service[84053]: DEBUG glance.api.middleware.version_negotiation [None req-99bccc38-85b5-4059-8971-5909e61bc5e2 admin admin] Using url versioning {{(pid=84053) process_request /opt/stack/glance/glance/api/middleware/version_negotiation.py:57}}
Aug 20 06:29:18 devstack devstack@g-api.service[84053]: DEBUG glance.api.middleware.version_negotiation [None req-99bccc38-85b5-4059-8971-5909e61bc5e2 admin admin] Matched version: v2 {{(pid=84053) process_request /opt/stack/glance/glance/api/middleware/version_negotiation.py:69}}
Aug 20 06:29:18 devstack devstack@g-api.service[84053]: DEBUG glance.api.middleware.version_negotiation [None req-99bccc38-85b5-4059-8971-5909e61bc5e2 admin admin] new path /v2/images/d1e38ba8-9dbb-43b8-a959-8267fa8b2d93 {{(pid=84053) process_request /opt/stack/glance/glance/api/middleware/version_negotiation.py:70}}
Aug 20 06:29:18 devstack devstack@g-api.service[84053]: [pid: 84053|app: 0|req: 2/5] 127.0.0.1 () {36 vars in 802 bytes} [Thu Aug 20 06:29:18 2026] GET /v2/images/d1e38ba8-9dbb-43b8-a959-8267fa8b2d93 => generated 976 bytes in 20 msecs (HTTP/1.1 200) 4 headers in 157 bytes (1 switches on core 0)
Aug 20 06:29:28 devstack devstack@g-api.service[84051]: DEBUG dbcounter [-] [84051] Writing DB stats glance:INSERT=5,glance:SELECT=16,glance:UPDATE=2 {{(pid=84051) stat_writer /opt/stack/data/venv/lib/python3.12/site-packages/dbcounter.py:115}}
Aug 20 06:29:28 devstack devstack@g-api.service[84053]: DEBUG dbcounter [-] [84053] Writing DB stats glance:INSERT=9,glance:SELECT=6 {{(pid=84053) stat_writer /opt/stack/data/venv/lib/python3.12/site-packages/dbcounter.py:115}}
Aug 20 06:30:00 devstack devstack@g-api.service[84051]: DEBUG glance.api.middleware.version_negotiation [None req-ba2cf842-f929-4c07-95a5-1ad0bab72ba9 admin admin] Determining version of request: GET / Accept: application/json {{(pid=84051) process_request /opt/stack/glance/glance/api/middleware/version_negotiation.py:44}}
Aug 20 06:30:00 devstack devstack@g-api.service[84051]: DEBUG glance.api.middleware.version_negotiation [None req-ba2cf842-f929-4c07-95a5-1ad0bab72ba9 admin admin] Using url versioning {{(pid=84051) process_request /opt/stack/glance/glance/api/middleware/version_negotiation.py:57}}
Aug 20 06:30:00 devstack devstack@g-api.service[84051]: DEBUG glance.api.middleware.version_negotiation [None req-ba2cf842-f929-4c07-95a5-1ad0bab72ba9 admin admin] Unknown version. Returning version choices. {{(pid=84051) process_request /opt/stack/glance/glance/api/middleware/version_negotiation.py:64}}
Aug 20 06:30:00 devstack devstack@g-api.service[84051]: [pid: 84051|app: 0|req: 4/6] 127.0.0.1 () {34 vars in 519 bytes} [Thu Aug 20 06:30:00 2026] GET / => generated 1571 bytes in 4 msecs (HTTP/1.1 300) 3 headers in 106 bytes (1 switches on core 0)
Aug 20 06:30:00 devstack devstack@g-api.service[84053]: DEBUG glance.api.middleware.version_negotiation [None req-961c885e-0ff9-44e7-a4a9-17dfc21eccfa admin admin] Determining version of request: GET /v2/images Accept: application/json {{(pid=84053) process_request /opt/stack/glance/glance/api/middleware/version_negotiation.py:44}}
Aug 20 06:30:00 devstack devstack@g-api.service[84053]: DEBUG glance.api.middleware.version_negotiation [None req-961c885e-0ff9-44e7-a4a9-17dfc21eccfa admin admin] Using url versioning {{(pid=84053) process_request /opt/stack/glance/glance/api/middleware/version_negotiation.py:57}}
Aug 20 06:30:00 devstack devstack@g-api.service[84053]: DEBUG glance.api.middleware.version_negotiation [None req-961c885e-0ff9-44e7-a4a9-17dfc21eccfa admin admin] Matched version: v2 {{(pid=84053) process_request /opt/stack/glance/glance/api/middleware/version_negotiation.py:69}}
Aug 20 06:30:00 devstack devstack@g-api.service[84053]: DEBUG glance.api.middleware.version_negotiation [None req-961c885e-0ff9-44e7-a4a9-17dfc21eccfa admin admin] new path /v2/images {{(pid=84053) process_request /opt/stack/glance/glance/api/middleware/version_negotiation.py:70}}
Aug 20 06:30:00 devstack devstack@g-api.service[84053]: [pid: 84053|app: 0|req: 3/7] 127.0.0.1 () {36 vars in 741 bytes} [Thu Aug 20 06:30:00 2026] GET /v2/images => generated 1045 bytes in 92 msecs (HTTP/1.1 200) 4 headers in 158 bytes (1 switches on core 0)
Aug 20 06:30:09 devstack devstack@g-api.service[84051]: DEBUG glance.api.middleware.version_negotiation [None req-ba2cf842-f929-4c07-95a5-1ad0bab72ba9 admin admin] Determining version of request: GET / Accept: application/json {{(pid=84051) process_request /opt/stack/glance/glance/api/middleware/version_negotiation.py:44}}
Aug 20 06:30:09 devstack devstack@g-api.service[84051]: DEBUG glance.api.middleware.version_negotiation [None req-ba2cf842-f929-4c07-95a5-1ad0bab72ba9 admin admin] Using url versioning {{(pid=84051) process_request /opt/stack/glance/glance/api/middleware/version_negotiation.py:57}}
Aug 20 06:30:09 devstack devstack@g-api.service[84051]: DEBUG glance.api.middleware.version_negotiation [None req-ba2cf842-f929-4c07-95a5-1ad0bab72ba9 admin admin] Unknown version. Returning version choices. {{(pid=84051) process_request /opt/stack/glance/glance/api/middleware/version_negotiation.py:64}}
Aug 20 06:30:09 devstack devstack@g-api.service[84051]: [pid: 84051|app: 0|req: 5/8] 127.0.0.1 () {34 vars in 519 bytes} [Thu Aug 20 06:30:09 2026] GET / => generated 1571 bytes in 2 msecs (HTTP/1.1 300) 3 headers in 106 bytes (1 switches on core 0)
Aug 20 06:30:09 devstack devstack@g-api.service[84053]: DEBUG glance.api.middleware.version_negotiation [None req-69f431e3-e14d-4cee-b49a-a9916a338263 admin admin] Determining version of request: GET /v2/images/d1e38ba8-9dbb-43b8-a959-8267fa8b2d93 Accept: */* {{(pid=84053) process_request /opt/stack/glance/glance/api/middleware/version_negotiation.py:44}}
Aug 20 06:30:09 devstack devstack@g-api.service[84053]: DEBUG glance.api.middleware.version_negotiation [None req-69f431e3-e14d-4cee-b49a-a9916a338263 admin admin] Using url versioning {{(pid=84053) process_request /opt/stack/glance/glance/api/middleware/version_negotiation.py:57}}
Aug 20 06:30:09 devstack devstack@g-api.service[84053]: DEBUG glance.api.middleware.version_negotiation [None req-69f431e3-e14d-4cee-b49a-a9916a338263 admin admin] Matched version: v2 {{(pid=84053) process_request /opt/stack/glance/glance/api/middleware/version_negotiation.py:69}}
Aug 20 06:30:09 devstack devstack@g-api.service[84053]: DEBUG glance.api.middleware.version_negotiation [None req-69f431e3-e14d-4cee-b49a-a9916a338263 admin admin] new path /v2/images/d1e38ba8-9dbb-43b8-a959-8267fa8b2d93 {{(pid=84053) process_request /opt/stack/glance/glance/api/middleware/version_negotiation.py:70}}
Aug 20 06:30:09 devstack devstack@g-api.service[84053]: [pid: 84053|app: 0|req: 4/9] 127.0.0.1 () {36 vars in 802 bytes} [Thu Aug 20 06:30:09 2026] GET /v2/images/d1e38ba8-9dbb-43b8-a959-8267fa8b2d93 => generated 976 bytes in 74 msecs (HTTP/1.1 200) 4 headers in 157 bytes (1 switches on core 0)
Aug 20 06:30:15 devstack devstack@g-api.service[84051]: DEBUG glance.api.middleware.version_negotiation [None req-ba2cf842-f929-4c07-95a5-1ad0bab72ba9 admin admin] Determining version of request: GET / Accept: application/json {{(pid=84051) process_request /opt/stack/glance/glance/api/middleware/version_negotiation.py:44}}
Aug 20 06:30:15 devstack devstack@g-api.service[84051]: DEBUG glance.api.middleware.version_negotiation [None req-ba2cf842-f929-4c07-95a5-1ad0bab72ba9 admin admin] Using url versioning {{(pid=84051) process_request /opt/stack/glance/glance/api/middleware/version_negotiation.py:57}}
Aug 20 06:30:15 devstack devstack@g-api.service[84051]: DEBUG glance.api.middleware.version_negotiation [None req-ba2cf842-f929-4c07-95a5-1ad0bab72ba9 admin admin] Unknown version. Returning version choices. {{(pid=84051) process_request /opt/stack/glance/glance/api/middleware/version_negotiation.py:64}}
Aug 20 06:30:15 devstack devstack@g-api.service[84051]: [pid: 84051|app: 0|req: 6/10] 127.0.0.1 () {34 vars in 519 bytes} [Thu Aug 20 06:30:15 2026] GET / => generated 1571 bytes in 2 msecs (HTTP/1.1 300) 3 headers in 106 bytes (1 switches on core 0)
Aug 20 06:30:15 devstack devstack@g-api.service[84053]: DEBUG glance.api.middleware.version_negotiation [None req-14cbcdbb-ca38-4d8d-bfaa-7be2b98daf06 admin admin] Determining version of request: GET /v2/images/d1e38ba8-9dbb-43b8-a959-8267fa8b2d93 Accept: */* {{(pid=84053) process_request /opt/stack/glance/glance/api/middleware/version_negotiation.py:44}}
Aug 20 06:30:15 devstack devstack@g-api.service[84053]: DEBUG glance.api.middleware.version_negotiation [None req-14cbcdbb-ca38-4d8d-bfaa-7be2b98daf06 admin admin] Using url versioning {{(pid=84053) process_request /opt/stack/glance/glance/api/middleware/version_negotiation.py:57}}
Aug 20 06:30:15 devstack devstack@g-api.service[84053]: DEBUG glance.api.middleware.version_negotiation [None req-14cbcdbb-ca38-4d8d-bfaa-7be2b98daf06 admin admin] Matched version: v2 {{(pid=84053) process_request /opt/stack/glance/glance/api/middleware/version_negotiation.py:69}}
Aug 20 06:30:15 devstack devstack@g-api.service[84053]: DEBUG glance.api.middleware.version_negotiation [None req-14cbcdbb-ca38-4d8d-bfaa-7be2b98daf06 admin admin] new path /v2/images/d1e38ba8-9dbb-43b8-a959-8267fa8b2d93 {{(pid=84053) process_request /opt/stack/glance/glance/api/middleware/version_negotiation.py:70}}
Aug 20 06:30:15 devstack devstack@g-api.service[84053]: [pid: 84053|app: 0|req: 5/11] 127.0.0.1 () {36 vars in 802 bytes} [Thu Aug 20 06:30:15 2026] GET /v2/images/d1e38ba8-9dbb-43b8-a959-8267fa8b2d93 => generated 976 bytes in 71 msecs (HTTP/1.1 200) 4 headers in 157 bytes (1 switches on core 0)
Aug 20 06:30:25 devstack devstack@g-api.service[84053]: DEBUG dbcounter [-] [84053] Writing DB stats glance:SELECT=5 {{(pid=84053) stat_writer /opt/stack/data/venv/lib/python3.12/site-packages/dbcounter.py:115}}
Aug 20 06:31:28 devstack devstack@g-api.service[84051]: DEBUG glance.api.middleware.version_negotiation [None req-ba2cf842-f929-4c07-95a5-1ad0bab72ba9 admin admin] Determining version of request: GET / Accept: application/json {{(pid=84051) process_request /opt/stack/glance/glance/api/middleware/version_negotiation.py:44}}
Aug 20 06:31:28 devstack devstack@g-api.service[84051]: DEBUG glance.api.middleware.version_negotiation [None req-ba2cf842-f929-4c07-95a5-1ad0bab72ba9 admin admin] Using url versioning {{(pid=84051) process_request /opt/stack/glance/glance/api/middleware/version_negotiation.py:57}}
Aug 20 06:31:28 devstack devstack@g-api.service[84051]: DEBUG glance.api.middleware.version_negotiation [None req-ba2cf842-f929-4c07-95a5-1ad0bab72ba9 admin admin] Unknown version. Returning version choices. {{(pid=84051) process_request /opt/stack/glance/glance/api/middleware/version_negotiation.py:64}}
Aug 20 06:31:28 devstack devstack@g-api.service[84051]: [pid: 84051|app: 0|req: 7/12] 127.0.0.1 () {36 vars in 488 bytes} [Thu Aug 20 06:31:28 2026] GET / => generated 1571 bytes in 2 msecs (HTTP/1.1 300) 3 headers in 106 bytes (1 switches on core 0)
Aug 20 06:34:11 devstack devstack@g-api.service[84053]: DEBUG glance.api.middleware.version_negotiation [None req-c5a95eeb-e469-4e95-ae2f-78b79b36814f admin admin] Determining version of request: GET / Accept: application/json {{(pid=84053) process_request /opt/stack/glance/glance/api/middleware/version_negotiation.py:44}}
Aug 20 06:34:11 devstack devstack@g-api.service[84053]: DEBUG glance.api.middleware.version_negotiation [None req-c5a95eeb-e469-4e95-ae2f-78b79b36814f admin admin] Using url versioning {{(pid=84053) process_request /opt/stack/glance/glance/api/middleware/version_negotiation.py:57}}
Aug 20 06:34:11 devstack devstack@g-api.service[84053]: DEBUG glance.api.middleware.version_negotiation [None req-c5a95eeb-e469-4e95-ae2f-78b79b36814f admin admin] Unknown version. Returning version choices. {{(pid=84053) process_request /opt/stack/glance/glance/api/middleware/version_negotiation.py:64}}
Aug 20 06:34:11 devstack devstack@g-api.service[84053]: [pid: 84053|app: 0|req: 6/13] 127.0.0.1 () {34 vars in 505 bytes} [Thu Aug 20 06:34:11 2026] GET / => generated 1571 bytes in 5 msecs (HTTP/1.1 300) 3 headers in 106 bytes (1 switches on core 0)
Aug 20 06:34:11 devstack devstack@g-api.service[84051]: DEBUG glance.api.middleware.version_negotiation [None req-ba2cf842-f929-4c07-95a5-1ad0bab72ba9 admin admin] Determining version of request: GET /v2/images/d1e38ba8-9dbb-43b8-a959-8267fa8b2d93 Accept: */* {{(pid=84051) process_request /opt/stack/glance/glance/api/middleware/version_negotiation.py:44}}
Aug 20 06:34:11 devstack devstack@g-api.service[84051]: DEBUG glance.api.middleware.version_negotiation [None req-ba2cf842-f929-4c07-95a5-1ad0bab72ba9 admin admin] Using url versioning {{(pid=84051) process_request /opt/stack/glance/glance/api/middleware/version_negotiation.py:57}}
Aug 20 06:34:11 devstack devstack@g-api.service[84051]: DEBUG glance.api.middleware.version_negotiation [None req-ba2cf842-f929-4c07-95a5-1ad0bab72ba9 admin admin] Matched version: v2 {{(pid=84051) process_request /opt/stack/glance/glance/api/middleware/version_negotiation.py:69}}
Aug 20 06:34:11 devstack devstack@g-api.service[84051]: DEBUG glance.api.middleware.version_negotiation [None req-ba2cf842-f929-4c07-95a5-1ad0bab72ba9 admin admin] new path /v2/images/d1e38ba8-9dbb-43b8-a959-8267fa8b2d93 {{(pid=84051) process_request /opt/stack/glance/glance/api/middleware/version_negotiation.py:70}}
Aug 20 06:34:11 devstack devstack@g-api.service[84051]: [pid: 84051|app: 0|req: 8/14] 127.0.0.1 () {42 vars in 1061 bytes} [Thu Aug 20 06:34:11 2026] GET /v2/images/d1e38ba8-9dbb-43b8-a959-8267fa8b2d93 => generated 976 bytes in 337 msecs (HTTP/1.1 200) 4 headers in 157 bytes (1 switches on core 0)
Aug 20 06:34:11 devstack devstack@g-api.service[84053]: DEBUG glance.api.middleware.version_negotiation [None req-c5a95eeb-e469-4e95-ae2f-78b79b36814f admin admin] Determining version of request: GET /v2/schemas/image Accept: */* {{(pid=84053) process_request /opt/stack/glance/glance/api/middleware/version_negotiation.py:44}}
Aug 20 06:34:11 devstack devstack@g-api.service[84053]: DEBUG glance.api.middleware.version_negotiation [None req-c5a95eeb-e469-4e95-ae2f-78b79b36814f admin admin] Using url versioning {{(pid=84053) process_request /opt/stack/glance/glance/api/middleware/version_negotiation.py:57}}
Aug 20 06:34:11 devstack devstack@g-api.service[84053]: DEBUG glance.api.middleware.version_negotiation [None req-c5a95eeb-e469-4e95-ae2f-78b79b36814f admin admin] Matched version: v2 {{(pid=84053) process_request /opt/stack/glance/glance/api/middleware/version_negotiation.py:69}}
Aug 20 06:34:11 devstack devstack@g-api.service[84053]: DEBUG glance.api.middleware.version_negotiation [None req-c5a95eeb-e469-4e95-ae2f-78b79b36814f admin admin] new path /v2/schemas/image {{(pid=84053) process_request /opt/stack/glance/glance/api/middleware/version_negotiation.py:70}}
Aug 20 06:34:11 devstack devstack@g-api.service[84053]: [pid: 84053|app: 0|req: 7/15] 127.0.0.1 () {42 vars in 1001 bytes} [Thu Aug 20 06:34:11 2026] GET /v2/schemas/image => generated 6083 bytes in 20 msecs (HTTP/1.1 200) 4 headers in 158 bytes (1 switches on core 0)
Aug 20 06:34:21 devstack devstack@g-api.service[84051]: DEBUG dbcounter [-] [84051] Writing DB stats glance:SELECT=2 {{(pid=84051) stat_writer /opt/stack/data/venv/lib/python3.12/site-packages/dbcounter.py:115}}
Aug 20 06:34:23 devstack devstack@g-api.service[84051]: DEBUG glance.api.middleware.version_negotiation [None req-5ba1b3e4-be30-447b-8660-17ad491df089 tempest-DeleteServersTestJSON-318249204 tempest-DeleteServersTestJSON-318249204-project-member] Determining version of request: GET /v2/images/d1e38ba8-9dbb-43b8-a959-8267fa8b2d93 Accept: */* {{(pid=84051) process_request /opt/stack/glance/glance/api/middleware/version_negotiation.py:44}}
Aug 20 06:34:23 devstack devstack@g-api.service[84051]: DEBUG glance.api.middleware.version_negotiation [None req-5ba1b3e4-be30-447b-8660-17ad491df089 tempest-DeleteServersTestJSON-318249204 tempest-DeleteServersTestJSON-318249204-project-member] Using url versioning {{(pid=84051) process_request /opt/stack/glance/glance/api/middleware/version_negotiation.py:57}}
Aug 20 06:34:23 devstack devstack@g-api.service[84051]: DEBUG glance.api.middleware.version_negotiation [None req-5ba1b3e4-be30-447b-8660-17ad491df089 tempest-DeleteServersTestJSON-318249204 tempest-DeleteServersTestJSON-318249204-project-member] Matched version: v2 {{(pid=84051) process_request /opt/stack/glance/glance/api/middleware/version_negotiation.py:69}}
Aug 20 06:34:23 devstack devstack@g-api.service[84051]: DEBUG glance.api.middleware.version_negotiation [None req-5ba1b3e4-be30-447b-8660-17ad491df089 tempest-DeleteServersTestJSON-318249204 tempest-DeleteServersTestJSON-318249204-project-member] new path /v2/images/d1e38ba8-9dbb-43b8-a959-8267fa8b2d93 {{(pid=84051) process_request /opt/stack/glance/glance/api/middleware/version_negotiation.py:70}}
Aug 20 06:34:23 devstack devstack@g-api.service[84051]: [pid: 84051|app: 0|req: 9/16] 127.0.0.1 () {42 vars in 1061 bytes} [Thu Aug 20 06:34:23 2026] GET /v2/images/d1e38ba8-9dbb-43b8-a959-8267fa8b2d93 => generated 976 bytes in 55 msecs (HTTP/1.1 200) 4 headers in 157 bytes (1 switches on core 0)
Aug 20 06:34:23 devstack devstack@g-api.service[84053]: DEBUG glance.api.middleware.version_negotiation [None req-5ba1b3e4-be30-447b-8660-17ad491df089 tempest-DeleteServersTestJSON-318249204 tempest-DeleteServersTestJSON-318249204-project-member] Determining version of request: GET /v2/schemas/image Accept: */* {{(pid=84053) process_request /opt/stack/glance/glance/api/middleware/version_negotiation.py:44}}
Aug 20 06:34:23 devstack devstack@g-api.service[84053]: DEBUG glance.api.middleware.version_negotiation [None req-5ba1b3e4-be30-447b-8660-17ad491df089 tempest-DeleteServersTestJSON-318249204 tempest-DeleteServersTestJSON-318249204-project-member] Using url versioning {{(pid=84053) process_request /opt/stack/glance/glance/api/middleware/version_negotiation.py:57}}
Aug 20 06:34:23 devstack devstack@g-api.service[84053]: DEBUG glance.api.middleware.version_negotiation [None req-5ba1b3e4-be30-447b-8660-17ad491df089 tempest-DeleteServersTestJSON-318249204 tempest-DeleteServersTestJSON-318249204-project-member] Matched version: v2 {{(pid=84053) process_request /opt/stack/glance/glance/api/middleware/version_negotiation.py:69}}
Aug 20 06:34:23 devstack devstack@g-api.service[84053]: DEBUG glance.api.middleware.version_negotiation [None req-5ba1b3e4-be30-447b-8660-17ad491df089 tempest-DeleteServersTestJSON-318249204 tempest-DeleteServersTestJSON-318249204-project-member] new path /v2/schemas/image {{(pid=84053) process_request /opt/stack/glance/glance/api/middleware/version_negotiation.py:70}}
Aug 20 06:34:23 devstack devstack@g-api.service[84053]: [pid: 84053|app: 0|req: 8/17] 127.0.0.1 () {42 vars in 1001 bytes} [Thu Aug 20 06:34:23 2026] GET /v2/schemas/image => generated 6083 bytes in 14 msecs (HTTP/1.1 200) 4 headers in 158 bytes (1 switches on core 0)
Aug 20 06:34:25 devstack devstack@g-api.service[84051]: DEBUG glance.api.middleware.version_negotiation [None req-e2d3676c-9c3e-42c8-a397-0cb06165949a tempest-ServerActionsTestOtherA-1452494096 tempest-ServerActionsTestOtherA-1452494096-project-member] Determining version of request: GET /v2/images/d1e38ba8-9dbb-43b8-a959-8267fa8b2d93 Accept: */* {{(pid=84051) process_request /opt/stack/glance/glance/api/middleware/version_negotiation.py:44}}
Aug 20 06:34:25 devstack devstack@g-api.service[84051]: DEBUG glance.api.middleware.version_negotiation [None req-e2d3676c-9c3e-42c8-a397-0cb06165949a tempest-ServerActionsTestOtherA-1452494096 tempest-ServerActionsTestOtherA-1452494096-project-member] Using url versioning {{(pid=84051) process_request /opt/stack/glance/glance/api/middleware/version_negotiation.py:57}}
Aug 20 06:34:25 devstack devstack@g-api.service[84051]: DEBUG glance.api.middleware.version_negotiation [None req-e2d3676c-9c3e-42c8-a397-0cb06165949a tempest-ServerActionsTestOtherA-1452494096 tempest-ServerActionsTestOtherA-1452494096-project-member] Matched version: v2 {{(pid=84051) process_request /opt/stack/glance/glance/api/middleware/version_negotiation.py:69}}
Aug 20 06:34:25 devstack devstack@g-api.service[84051]: DEBUG glance.api.middleware.version_negotiation [None req-e2d3676c-9c3e-42c8-a397-0cb06165949a tempest-ServerActionsTestOtherA-1452494096 tempest-ServerActionsTestOtherA-1452494096-project-member] new path /v2/images/d1e38ba8-9dbb-43b8-a959-8267fa8b2d93 {{(pid=84051) process_request /opt/stack/glance/glance/api/middleware/version_negotiation.py:70}}
Aug 20 06:34:25 devstack devstack@g-api.service[84051]: [pid: 84051|app: 0|req: 10/18] 127.0.0.1 () {42 vars in 1061 bytes} [Thu Aug 20 06:34:25 2026] GET /v2/images/d1e38ba8-9dbb-43b8-a959-8267fa8b2d93 => generated 976 bytes in 194 msecs (HTTP/1.1 200) 4 headers in 157 bytes (1 switches on core 0)
Aug 20 06:34:25 devstack devstack@g-api.service[84053]: DEBUG glance.api.middleware.version_negotiation [None req-e2d3676c-9c3e-42c8-a397-0cb06165949a tempest-ServerActionsTestOtherA-1452494096 tempest-ServerActionsTestOtherA-1452494096-project-member] Determining version of request: GET /v2/images/d1e38ba8-9dbb-43b8-a959-8267fa8b2d93/file Accept: */* {{(pid=84053) process_request /opt/stack/glance/glance/api/middleware/version_negotiation.py:44}}
Aug 20 06:34:25 devstack devstack@g-api.service[84053]: DEBUG glance.api.middleware.version_negotiation [None req-e2d3676c-9c3e-42c8-a397-0cb06165949a tempest-ServerActionsTestOtherA-1452494096 tempest-ServerActionsTestOtherA-1452494096-project-member] Using url versioning {{(pid=84053) process_request /opt/stack/glance/glance/api/middleware/version_negotiation.py:57}}
Aug 20 06:34:25 devstack devstack@g-api.service[84053]: DEBUG glance.api.middleware.version_negotiation [None req-e2d3676c-9c3e-42c8-a397-0cb06165949a tempest-ServerActionsTestOtherA-1452494096 tempest-ServerActionsTestOtherA-1452494096-project-member] Matched version: v2 {{(pid=84053) process_request /opt/stack/glance/glance/api/middleware/version_negotiation.py:69}}
Aug 20 06:34:25 devstack devstack@g-api.service[84053]: DEBUG glance.api.middleware.version_negotiation [None req-e2d3676c-9c3e-42c8-a397-0cb06165949a tempest-ServerActionsTestOtherA-1452494096 tempest-ServerActionsTestOtherA-1452494096-project-member] new path /v2/images/d1e38ba8-9dbb-43b8-a959-8267fa8b2d93/file {{(pid=84053) process_request /opt/stack/glance/glance/api/middleware/version_negotiation.py:70}}
Aug 20 06:34:25 devstack devstack@g-api.service[84053]: DEBUG glance_store._drivers.filesystem [None req-5ba1b3e4-be30-447b-8660-17ad491df089 tempest-DeleteServersTestJSON-318249204 tempest-DeleteServersTestJSON-318249204-project-member] Found image at /opt/stack/data/glance/images/d1e38ba8-9dbb-43b8-a959-8267fa8b2d93. Returning in ChunkedFile. {{(pid=84053) get /opt/stack/data/venv/lib/python3.12/site-packages/glance_store/_drivers/filesystem.py:724}}
Aug 20 06:34:25 devstack devstack@g-api.service[84053]: DEBUG glance.image_cache [None req-5ba1b3e4-be30-447b-8660-17ad491df089 tempest-DeleteServersTestJSON-318249204 tempest-DeleteServersTestJSON-318249204-project-member] Tee'ing image 'd1e38ba8-9dbb-43b8-a959-8267fa8b2d93' into cache {{(pid=84053) get_caching_iter /opt/stack/glance/glance/image_cache/__init__.py:356}}
Aug 20 06:34:25 devstack devstack@g-api.service[84053]: DEBUG glance.image_cache.drivers.centralized_db [None req-5ba1b3e4-be30-447b-8660-17ad491df089 tempest-DeleteServersTestJSON-318249204 tempest-DeleteServersTestJSON-318249204-project-member] Fetch finished, moving '/opt/stack/data/glance/cache/incomplete/d1e38ba8-9dbb-43b8-a959-8267fa8b2d93' to '/opt/stack/data/glance/cache/d1e38ba8-9dbb-43b8-a959-8267fa8b2d93' {{(pid=84053) commit /opt/stack/glance/glance/image_cache/drivers/centralized_db.py:243}}
Aug 20 06:34:25 devstack devstack@g-api.service[84053]: DEBUG glance.image_cache.drivers.centralized_db [None req-5ba1b3e4-be30-447b-8660-17ad491df089 tempest-DeleteServersTestJSON-318249204 tempest-DeleteServersTestJSON-318249204-project-member] Image cached successfully. {{(pid=84053) commit /opt/stack/glance/glance/image_cache/drivers/centralized_db.py:258}}
Aug 20 06:34:25 devstack devstack@g-api.service[84053]: [pid: 84053|app: 0|req: 9/19] 127.0.0.1 () {42 vars in 1071 bytes} [Thu Aug 20 06:34:25 2026] GET /v2/images/d1e38ba8-9dbb-43b8-a959-8267fa8b2d93/file => generated 21692416 bytes in 456 msecs (HTTP/1.1 200) 4 headers in 191 bytes (334 switches on core 0)
Aug 20 06:34:26 devstack devstack@g-api.service[84051]: DEBUG glance.api.middleware.version_negotiation [None req-5ba1b3e4-be30-447b-8660-17ad491df089 tempest-DeleteServersTestJSON-318249204 tempest-DeleteServersTestJSON-318249204-project-member] Determining version of request: GET /v2/images/d1e38ba8-9dbb-43b8-a959-8267fa8b2d93 Accept: */* {{(pid=84051) process_request /opt/stack/glance/glance/api/middleware/version_negotiation.py:44}}
Aug 20 06:34:26 devstack devstack@g-api.service[84051]: DEBUG glance.api.middleware.version_negotiation [None req-5ba1b3e4-be30-447b-8660-17ad491df089 tempest-DeleteServersTestJSON-318249204 tempest-DeleteServersTestJSON-318249204-project-member] Using url versioning {{(pid=84051) process_request /opt/stack/glance/glance/api/middleware/version_negotiation.py:57}}
Aug 20 06:34:26 devstack devstack@g-api.service[84051]: DEBUG glance.api.middleware.version_negotiation [None req-5ba1b3e4-be30-447b-8660-17ad491df089 tempest-DeleteServersTestJSON-318249204 tempest-DeleteServersTestJSON-318249204-project-member] Matched version: v2 {{(pid=84051) process_request /opt/stack/glance/glance/api/middleware/version_negotiation.py:69}}
Aug 20 06:34:26 devstack devstack@g-api.service[84051]: DEBUG glance.api.middleware.version_negotiation [None req-5ba1b3e4-be30-447b-8660-17ad491df089 tempest-DeleteServersTestJSON-318249204 tempest-DeleteServersTestJSON-318249204-project-member] new path /v2/images/d1e38ba8-9dbb-43b8-a959-8267fa8b2d93 {{(pid=84051) process_request /opt/stack/glance/glance/api/middleware/version_negotiation.py:70}}
Aug 20 06:34:26 devstack devstack@g-api.service[84051]: [pid: 84051|app: 0|req: 11/20] 127.0.0.1 () {42 vars in 1061 bytes} [Thu Aug 20 06:34:26 2026] GET /v2/images/d1e38ba8-9dbb-43b8-a959-8267fa8b2d93 => generated 976 bytes in 47 msecs (HTTP/1.1 200) 4 headers in 157 bytes (1 switches on core 0)
Aug 20 06:34:26 devstack devstack@g-api.service[84053]: DEBUG glance.api.middleware.version_negotiation [None req-5ba1b3e4-be30-447b-8660-17ad491df089 tempest-DeleteServersTestJSON-318249204 tempest-DeleteServersTestJSON-318249204-project-member] Determining version of request: GET /v2/schemas/image Accept: */* {{(pid=84053) process_request /opt/stack/glance/glance/api/middleware/version_negotiation.py:44}}
Aug 20 06:34:26 devstack devstack@g-api.service[84053]: DEBUG glance.api.middleware.version_negotiation [None req-5ba1b3e4-be30-447b-8660-17ad491df089 tempest-DeleteServersTestJSON-318249204 tempest-DeleteServersTestJSON-318249204-project-member] Using url versioning {{(pid=84053) process_request /opt/stack/glance/glance/api/middleware/version_negotiation.py:57}}
Aug 20 06:34:26 devstack devstack@g-api.service[84053]: DEBUG glance.api.middleware.version_negotiation [None req-5ba1b3e4-be30-447b-8660-17ad491df089 tempest-DeleteServersTestJSON-318249204 tempest-DeleteServersTestJSON-318249204-project-member] Matched version: v2 {{(pid=84053) process_request /opt/stack/glance/glance/api/middleware/version_negotiation.py:69}}
Aug 20 06:34:26 devstack devstack@g-api.service[84053]: DEBUG glance.api.middleware.version_negotiation [None req-5ba1b3e4-be30-447b-8660-17ad491df089 tempest-DeleteServersTestJSON-318249204 tempest-DeleteServersTestJSON-318249204-project-member] new path /v2/schemas/image {{(pid=84053) process_request /opt/stack/glance/glance/api/middleware/version_negotiation.py:70}}
Aug 20 06:34:26 devstack devstack@g-api.service[84053]: [pid: 84053|app: 0|req: 10/21] 127.0.0.1 () {42 vars in 1001 bytes} [Thu Aug 20 06:34:26 2026] GET /v2/schemas/image => generated 6083 bytes in 10 msecs (HTTP/1.1 200) 4 headers in 158 bytes (1 switches on core 0)
Aug 20 06:34:35 devstack devstack@g-api.service[84053]: DEBUG dbcounter [-] [84053] Writing DB stats glance:SELECT=5,glance:INSERT=1 {{(pid=84053) stat_writer /opt/stack/data/venv/lib/python3.12/site-packages/dbcounter.py:115}}
Aug 20 06:34:36 devstack devstack@g-api.service[84051]: DEBUG dbcounter [-] [84051] Writing DB stats glance:SELECT=6 {{(pid=84051) stat_writer /opt/stack/data/venv/lib/python3.12/site-packages/dbcounter.py:115}}
Aug 20 06:34:48 devstack devstack@g-api.service[84051]: DEBUG glance.api.middleware.version_negotiation [None req-5ba1b3e4-be30-447b-8660-17ad491df089 tempest-DeleteServersTestJSON-318249204 tempest-DeleteServersTestJSON-318249204-project-member] Determining version of request: GET / Accept: application/json {{(pid=84051) process_request /opt/stack/glance/glance/api/middleware/version_negotiation.py:44}}
Aug 20 06:34:48 devstack devstack@g-api.service[84051]: DEBUG glance.api.middleware.version_negotiation [None req-5ba1b3e4-be30-447b-8660-17ad491df089 tempest-DeleteServersTestJSON-318249204 tempest-DeleteServersTestJSON-318249204-project-member] Using url versioning {{(pid=84051) process_request /opt/stack/glance/glance/api/middleware/version_negotiation.py:57}}
Aug 20 06:34:48 devstack devstack@g-api.service[84051]: DEBUG glance.api.middleware.version_negotiation [None req-5ba1b3e4-be30-447b-8660-17ad491df089 tempest-DeleteServersTestJSON-318249204 tempest-DeleteServersTestJSON-318249204-project-member] Unknown version. Returning version choices. {{(pid=84051) process_request /opt/stack/glance/glance/api/middleware/version_negotiation.py:64}}
Aug 20 06:34:48 devstack devstack@g-api.service[84051]: [pid: 84051|app: 0|req: 12/22] 127.0.0.1 () {34 vars in 505 bytes} [Thu Aug 20 06:34:48 2026] GET / => generated 1571 bytes in 8 msecs (HTTP/1.1 300) 3 headers in 106 bytes (1 switches on core 0)
Aug 20 06:34:48 devstack devstack@g-api.service[84053]: DEBUG glance.api.middleware.version_negotiation [None req-5ba1b3e4-be30-447b-8660-17ad491df089 tempest-DeleteServersTestJSON-318249204 tempest-DeleteServersTestJSON-318249204-project-member] Determining version of request: GET /v2/images/d1e38ba8-9dbb-43b8-a959-8267fa8b2d93 Accept: */* {{(pid=84053) process_request /opt/stack/glance/glance/api/middleware/version_negotiation.py:44}}
Aug 20 06:34:48 devstack devstack@g-api.service[84053]: DEBUG glance.api.middleware.version_negotiation [None req-5ba1b3e4-be30-447b-8660-17ad491df089 tempest-DeleteServersTestJSON-318249204 tempest-DeleteServersTestJSON-318249204-project-member] Using url versioning {{(pid=84053) process_request /opt/stack/glance/glance/api/middleware/version_negotiation.py:57}}
Aug 20 06:34:48 devstack devstack@g-api.service[84053]: DEBUG glance.api.middleware.version_negotiation [None req-5ba1b3e4-be30-447b-8660-17ad491df089 tempest-DeleteServersTestJSON-318249204 tempest-DeleteServersTestJSON-318249204-project-member] Matched version: v2 {{(pid=84053) process_request /opt/stack/glance/glance/api/middleware/version_negotiation.py:69}}
Aug 20 06:34:48 devstack devstack@g-api.service[84053]: DEBUG glance.api.middleware.version_negotiation [None req-5ba1b3e4-be30-447b-8660-17ad491df089 tempest-DeleteServersTestJSON-318249204 tempest-DeleteServersTestJSON-318249204-project-member] new path /v2/images/d1e38ba8-9dbb-43b8-a959-8267fa8b2d93 {{(pid=84053) process_request /opt/stack/glance/glance/api/middleware/version_negotiation.py:70}}
Aug 20 06:34:48 devstack devstack@g-api.service[84053]: [pid: 84053|app: 0|req: 11/23] 127.0.0.1 () {42 vars in 1061 bytes} [Thu Aug 20 06:34:48 2026] GET /v2/images/d1e38ba8-9dbb-43b8-a959-8267fa8b2d93 => generated 976 bytes in 36 msecs (HTTP/1.1 200) 4 headers in 157 bytes (1 switches on core 0)
Aug 20 06:34:48 devstack devstack@g-api.service[84051]: DEBUG glance.api.middleware.version_negotiation [None req-5ba1b3e4-be30-447b-8660-17ad491df089 tempest-DeleteServersTestJSON-318249204 tempest-DeleteServersTestJSON-318249204-project-member] Determining version of request: GET /v2/schemas/image Accept: */* {{(pid=84051) process_request /opt/stack/glance/glance/api/middleware/version_negotiation.py:44}}
