Nov 18 03:09:56 devstack cinder-volume[80695]: DEBUG oslo_concurrency.processutils [None req-d973a172-4f76-41c3-b5c8-df1bf0513d58 tempest-GroupSnapshotsTest-1550608850 None] CMD "sudo cinder-rootwrap /etc/cinder/rootwrap.conf chmod ugo+rw /opt/stack/data/cinder/mnt/97a1d79de370630fb2029beff9055e62/volume-cab3b33d-893e-4640-bbe8-b55d9a102e34.13f6660d-3596-4974-b0c9-9eb1392f161f" returned: 0 in 0.837s {{(pid=80695) execute /opt/stack/data/venv/lib/python3.10/site-packages/oslo_concurrency/processutils.py:372}}
Nov 18 03:09:56 devstack cinder-volume[80695]: DEBUG oslo_concurrency.processutils [None req-d973a172-4f76-41c3-b5c8-df1bf0513d58 tempest-GroupSnapshotsTest-1550608850 None] Running cmd (subprocess): sudo cinder-rootwrap /etc/cinder/rootwrap.conf truncate -s0 /opt/stack/data/cinder/mnt/97a1d79de370630fb2029beff9055e62/volume-cab3b33d-893e-4640-bbe8-b55d9a102e34.info {{(pid=80695) execute /opt/stack/data/venv/lib/python3.10/site-packages/oslo_concurrency/processutils.py:349}}
Nov 18 03:09:56 devstack sudo[88194]: quobyte : PWD=/ ; USER=root ; COMMAND=/opt/stack/data/venv/bin/cinder-rootwrap /etc/cinder/rootwrap.conf truncate -s0 /opt/stack/data/cinder/mnt/97a1d79de370630fb2029beff9055e62/volume-cab3b33d-893e-4640-bbe8-b55d9a102e34.info
Nov 18 03:09:56 devstack sudo[88194]: pam_unix(sudo:session): session opened for user root(uid=0) by (uid=1000)
Nov 18 03:09:57 devstack cinder-volume[80695]: DEBUG oslo_service.periodic_task [None req-644d496f-f0ba-4181-b577-f7b3d0b0f50c None None] Running periodic task VolumeManager.publish_service_capabilities {{(pid=80695) run_periodic_tasks /opt/stack/data/venv/lib/python3.10/site-packages/oslo_service/periodic_task.py:210}}
Nov 18 03:09:57 devstack cinder-volume[80695]: DEBUG oslo_concurrency.lockutils [None req-644d496f-f0ba-4181-b577-f7b3d0b0f50c None None] Acquiring lock "quobyte_ensure" by "cinder.volume.drivers.quobyte.QuobyteDriver._ensure_shares_mounted" {{(pid=80695) inner /opt/stack/data/venv/lib/python3.10/site-packages/oslo_concurrency/lockutils.py:405}}
Nov 18 03:09:57 devstack cinder-volume[80695]: DEBUG oslo_concurrency.lockutils [None req-644d496f-f0ba-4181-b577-f7b3d0b0f50c None None] Lock "quobyte_ensure" acquired by "cinder.volume.drivers.quobyte.QuobyteDriver._ensure_shares_mounted" :: waited 0.000s {{(pid=80695) inner /opt/stack/data/venv/lib/python3.10/site-packages/oslo_concurrency/lockutils.py:410}}
Nov 18 03:09:57 devstack cinder-volume[80695]: DEBUG cinder.volume.drivers.quobyte [None req-644d496f-f0ba-4181-b577-f7b3d0b0f50c None None] Quobyte Volume URL set to: {'osci02.corp.quobyte.com/cinder-vol-65a303a0-0e5e-4245-bd1b-6f6e7be6ea3b': None} {{(pid=80695) _load_shares_config /opt/stack/cinder/cinder/volume/drivers/quobyte.py:604}}
Nov 18 03:09:57 devstack cinder-volume[80695]: DEBUG cinder.volume.drivers.quobyte [None req-644d496f-f0ba-4181-b577-f7b3d0b0f50c None None] Available shares ['osci02.corp.quobyte.com/cinder-vol-65a303a0-0e5e-4245-bd1b-6f6e7be6ea3b'] {{(pid=80695) _ensure_shares_mounted /opt/stack/cinder/cinder/volume/drivers/quobyte.py:634}}
Nov 18 03:09:57 devstack cinder-volume[80695]: DEBUG oslo_concurrency.lockutils [None req-644d496f-f0ba-4181-b577-f7b3d0b0f50c None None] Lock "quobyte_ensure" "released" by "cinder.volume.drivers.quobyte.QuobyteDriver._ensure_shares_mounted" :: held 0.017s {{(pid=80695) inner /opt/stack/data/venv/lib/python3.10/site-packages/oslo_concurrency/lockutils.py:424}}
Nov 18 03:09:57 devstack cinder-volume[80695]: DEBUG oslo_concurrency.processutils [None req-644d496f-f0ba-4181-b577-f7b3d0b0f50c None None] Running cmd (subprocess): sudo cinder-rootwrap /etc/cinder/rootwrap.conf df --portability --block-size 1 /opt/stack/data/cinder/mnt/97a1d79de370630fb2029beff9055e62 {{(pid=80695) execute /opt/stack/data/venv/lib/python3.10/site-packages/oslo_concurrency/processutils.py:349}}
Nov 18 03:09:57 devstack sudo[88197]: quobyte : PWD=/ ; USER=root ; COMMAND=/opt/stack/data/venv/bin/cinder-rootwrap /etc/cinder/rootwrap.conf df --portability --block-size 1 /opt/stack/data/cinder/mnt/97a1d79de370630fb2029beff9055e62
Nov 18 03:09:57 devstack sudo[88197]: pam_unix(sudo:session): session opened for user root(uid=0) by (uid=1000)
Nov 18 03:09:57 devstack sudo[88194]: pam_unix(sudo:session): session closed for user root
Nov 18 03:09:57 devstack cinder-volume[80695]: DEBUG oslo_concurrency.processutils [None req-d973a172-4f76-41c3-b5c8-df1bf0513d58 tempest-GroupSnapshotsTest-1550608850 None] CMD "sudo cinder-rootwrap /etc/cinder/rootwrap.conf truncate -s0 /opt/stack/data/cinder/mnt/97a1d79de370630fb2029beff9055e62/volume-cab3b33d-893e-4640-bbe8-b55d9a102e34.info" returned: 0 in 0.821s {{(pid=80695) execute /opt/stack/data/venv/lib/python3.10/site-packages/oslo_concurrency/processutils.py:372}}
Nov 18 03:09:57 devstack cinder-volume[80695]: WARNING cinder.volume.drivers.remotefs [None req-d973a172-4f76-41c3-b5c8-df1bf0513d58 tempest-GroupSnapshotsTest-1550608850 None] /opt/stack/data/cinder/mnt/97a1d79de370630fb2029beff9055e62/volume-cab3b33d-893e-4640-bbe8-b55d9a102e34.info is being set with open permissions: ugo+rw: NotImplementedError
Nov 18 03:09:57 devstack cinder-volume[80695]: DEBUG oslo_concurrency.processutils [None req-d973a172-4f76-41c3-b5c8-df1bf0513d58 tempest-GroupSnapshotsTest-1550608850 None] Running cmd (subprocess): sudo cinder-rootwrap /etc/cinder/rootwrap.conf chmod ugo+rw /opt/stack/data/cinder/mnt/97a1d79de370630fb2029beff9055e62/volume-cab3b33d-893e-4640-bbe8-b55d9a102e34.info {{(pid=80695) execute /opt/stack/data/venv/lib/python3.10/site-packages/oslo_concurrency/processutils.py:349}}
Nov 18 03:09:57 devstack sudo[88200]: quobyte : PWD=/ ; USER=root ; COMMAND=/opt/stack/data/venv/bin/cinder-rootwrap /etc/cinder/rootwrap.conf chmod ugo+rw /opt/stack/data/cinder/mnt/97a1d79de370630fb2029beff9055e62/volume-cab3b33d-893e-4640-bbe8-b55d9a102e34.info
Nov 18 03:09:57 devstack sudo[88200]: pam_unix(sudo:session): session opened for user root(uid=0) by (uid=1000)
Nov 18 03:09:58 devstack sudo[88197]: pam_unix(sudo:session): session closed for user root
Nov 18 03:09:58 devstack cinder-volume[80695]: DEBUG oslo_concurrency.processutils [None req-644d496f-f0ba-4181-b577-f7b3d0b0f50c None None] CMD "sudo cinder-rootwrap /etc/cinder/rootwrap.conf df --portability --block-size 1 /opt/stack/data/cinder/mnt/97a1d79de370630fb2029beff9055e62" returned: 0 in 0.964s {{(pid=80695) execute /opt/stack/data/venv/lib/python3.10/site-packages/oslo_concurrency/processutils.py:372}}
Nov 18 03:09:58 devstack cinder-volume[80695]: DEBUG cinder.manager [None req-644d496f-f0ba-4181-b577-f7b3d0b0f50c None None] Notifying Schedulers of capabilities ... {{(pid=80695) _publish_service_capabilities /opt/stack/cinder/cinder/manager.py:202}}
Nov 18 03:09:58 devstack sudo[88200]: pam_unix(sudo:session): session closed for user root
Nov 18 03:09:58 devstack cinder-volume[80695]: DEBUG oslo_concurrency.processutils [None req-d973a172-4f76-41c3-b5c8-df1bf0513d58 tempest-GroupSnapshotsTest-1550608850 None] CMD "sudo cinder-rootwrap /etc/cinder/rootwrap.conf chmod ugo+rw /opt/stack/data/cinder/mnt/97a1d79de370630fb2029beff9055e62/volume-cab3b33d-893e-4640-bbe8-b55d9a102e34.info" returned: 0 in 0.902s {{(pid=80695) execute /opt/stack/data/venv/lib/python3.10/site-packages/oslo_concurrency/processutils.py:372}}
Nov 18 03:09:58 devstack cinder-volume[80695]: DEBUG oslo_concurrency.lockutils [None req-d973a172-4f76-41c3-b5c8-df1bf0513d58 tempest-GroupSnapshotsTest-1550608850 None] Lock "quobyte" "released" by "cinder.volume.drivers.quobyte.QuobyteDriver.create_snapshot" :: held 5.663s {{(pid=80695) inner /opt/stack/data/venv/lib/python3.10/site-packages/oslo_concurrency/lockutils.py:424}}
Nov 18 03:09:58 devstack cinder-volume[80695]: DEBUG oslo_concurrency.lockutils [None req-d973a172-4f76-41c3-b5c8-df1bf0513d58 tempest-GroupSnapshotsTest-1550608850 None] Acquiring lock "quobyte" by "cinder.volume.drivers.quobyte.QuobyteDriver.create_snapshot" {{(pid=80695) inner /opt/stack/data/venv/lib/python3.10/site-packages/oslo_concurrency/lockutils.py:405}}
Nov 18 03:09:58 devstack cinder-volume[80695]: DEBUG oslo_concurrency.lockutils [None req-d973a172-4f76-41c3-b5c8-df1bf0513d58 tempest-GroupSnapshotsTest-1550608850 None] Lock "quobyte" acquired by "cinder.volume.drivers.quobyte.QuobyteDriver.create_snapshot" :: waited 0.000s {{(pid=80695) inner /opt/stack/data/venv/lib/python3.10/site-packages/oslo_concurrency/lockutils.py:410}}
Nov 18 03:09:58 devstack cinder-volume[80695]: DEBUG cinder.volume.drivers.remotefs [None req-d973a172-4f76-41c3-b5c8-df1bf0513d58 tempest-GroupSnapshotsTest-1550608850 None] Creating offline snapshot 14bf2276-16b7-4643-9d10-7487bd7c86e2 of volume dc4a126f-25f5-4f43-aea8-3f5607a3c7c5 {{(pid=80695) _create_snapshot /opt/stack/cinder/cinder/volume/drivers/remotefs.py:1694}}
Nov 18 03:09:58 devstack cinder-volume[80695]: DEBUG oslo.privsep.daemon [-] privsep: reply[277add51-bd60-4080-b675-525f0d34ac10]: (4, 'qcow2') {{(pid=81659) _call_back /opt/stack/data/venv/lib/python3.10/site-packages/oslo_privsep/daemon.py:515}}
Nov 18 03:09:58 devstack cinder-volume[80695]: DEBUG oslo_concurrency.processutils [None req-d973a172-4f76-41c3-b5c8-df1bf0513d58 tempest-GroupSnapshotsTest-1550608850 None] Running cmd (subprocess): /opt/stack/data/venv/bin/python3.10 -m oslo_concurrency.prlimit --as=1073741824 --cpu=60 -- sudo cinder-rootwrap /etc/cinder/rootwrap.conf env LC_ALL=C qemu-img info -f qcow2 --output=json --force-share /opt/stack/data/cinder/mnt/97a1d79de370630fb2029beff9055e62/volume-dc4a126f-25f5-4f43-aea8-3f5607a3c7c5 {{(pid=80695) execute /opt/stack/data/venv/lib/python3.10/site-packages/oslo_concurrency/processutils.py:349}}
Nov 18 03:09:58 devstack sudo[88206]: quobyte : PWD=/ ; USER=root ; COMMAND=/opt/stack/data/venv/bin/cinder-rootwrap /etc/cinder/rootwrap.conf env LC_ALL=C qemu-img info -f qcow2 --output=json --force-share /opt/stack/data/cinder/mnt/97a1d79de370630fb2029beff9055e62/volume-dc4a126f-25f5-4f43-aea8-3f5607a3c7c5
Nov 18 03:09:58 devstack sudo[88206]: pam_unix(sudo:session): session opened for user root(uid=0) by (uid=1000)
Nov 18 03:09:59 devstack sudo[88206]: pam_unix(sudo:session): session closed for user root
Nov 18 03:09:59 devstack cinder-volume[80695]: DEBUG oslo_concurrency.processutils [None req-d973a172-4f76-41c3-b5c8-df1bf0513d58 tempest-GroupSnapshotsTest-1550608850 None] CMD "/opt/stack/data/venv/bin/python3.10 -m oslo_concurrency.prlimit --as=1073741824 --cpu=60 -- sudo cinder-rootwrap /etc/cinder/rootwrap.conf env LC_ALL=C qemu-img info -f qcow2 --output=json --force-share /opt/stack/data/cinder/mnt/97a1d79de370630fb2029beff9055e62/volume-dc4a126f-25f5-4f43-aea8-3f5607a3c7c5" returned: 0 in 0.650s {{(pid=80695) execute /opt/stack/data/venv/lib/python3.10/site-packages/oslo_concurrency/processutils.py:372}}
Nov 18 03:09:59 devstack cinder-volume[80695]: DEBUG oslo_concurrency.processutils [None req-d973a172-4f76-41c3-b5c8-df1bf0513d58 tempest-GroupSnapshotsTest-1550608850 None] Running cmd (subprocess): sudo cinder-rootwrap /etc/cinder/rootwrap.conf qemu-img create -f qcow2 -o backing_file=/opt/stack/data/cinder/mnt/97a1d79de370630fb2029beff9055e62/volume-dc4a126f-25f5-4f43-aea8-3f5607a3c7c5,backing_fmt=qcow2 /opt/stack/data/cinder/mnt/97a1d79de370630fb2029beff9055e62/volume-dc4a126f-25f5-4f43-aea8-3f5607a3c7c5.14bf2276-16b7-4643-9d10-7487bd7c86e2 1G {{(pid=80695) execute /opt/stack/data/venv/lib/python3.10/site-packages/oslo_concurrency/processutils.py:349}}
Nov 18 03:09:59 devstack sudo[88211]: quobyte : PWD=/ ; USER=root ; COMMAND=/opt/stack/data/venv/bin/cinder-rootwrap /etc/cinder/rootwrap.conf qemu-img create -f qcow2 -o backing_file=/opt/stack/data/cinder/mnt/97a1d79de370630fb2029beff9055e62/volume-dc4a126f-25f5-4f43-aea8-3f5607a3c7c5,backing_fmt=qcow2 /opt/stack/data/cinder/mnt/97a1d79de370630fb2029beff9055e62/volume-dc4a126f-25f5-4f43-aea8-3f5607a3c7c5.14bf2276-16b7-4643-9d10-7487bd7c86e2 1G
Nov 18 03:09:59 devstack sudo[88211]: pam_unix(sudo:session): session opened for user root(uid=0) by (uid=1000)
Nov 18 03:10:00 devstack sudo[88211]: pam_unix(sudo:session): session closed for user root
Nov 18 03:10:00 devstack cinder-volume[80695]: DEBUG oslo_concurrency.processutils [None req-d973a172-4f76-41c3-b5c8-df1bf0513d58 tempest-GroupSnapshotsTest-1550608850 None] CMD "sudo cinder-rootwrap /etc/cinder/rootwrap.conf qemu-img create -f qcow2 -o backing_file=/opt/stack/data/cinder/mnt/97a1d79de370630fb2029beff9055e62/volume-dc4a126f-25f5-4f43-aea8-3f5607a3c7c5,backing_fmt=qcow2 /opt/stack/data/cinder/mnt/97a1d79de370630fb2029beff9055e62/volume-dc4a126f-25f5-4f43-aea8-3f5607a3c7c5.14bf2276-16b7-4643-9d10-7487bd7c86e2 1G" returned: 0 in 0.902s {{(pid=80695) execute /opt/stack/data/venv/lib/python3.10/site-packages/oslo_concurrency/processutils.py:372}}
Nov 18 03:10:00 devstack cinder-volume[80695]: DEBUG oslo_concurrency.processutils [None req-d973a172-4f76-41c3-b5c8-df1bf0513d58 tempest-GroupSnapshotsTest-1550608850 None] Running cmd (subprocess): sudo cinder-rootwrap /etc/cinder/rootwrap.conf qemu-img rebase -u -b volume-dc4a126f-25f5-4f43-aea8-3f5607a3c7c5 -F qcow2 /opt/stack/data/cinder/mnt/97a1d79de370630fb2029beff9055e62/volume-dc4a126f-25f5-4f43-aea8-3f5607a3c7c5.14bf2276-16b7-4643-9d10-7487bd7c86e2 {{(pid=80695) execute /opt/stack/data/venv/lib/python3.10/site-packages/oslo_concurrency/processutils.py:349}}
Nov 18 03:10:00 devstack sudo[88218]: quobyte : PWD=/ ; USER=root ; COMMAND=/opt/stack/data/venv/bin/cinder-rootwrap /etc/cinder/rootwrap.conf qemu-img rebase -u -b volume-dc4a126f-25f5-4f43-aea8-3f5607a3c7c5 -F qcow2 /opt/stack/data/cinder/mnt/97a1d79de370630fb2029beff9055e62/volume-dc4a126f-25f5-4f43-aea8-3f5607a3c7c5.14bf2276-16b7-4643-9d10-7487bd7c86e2
Nov 18 03:10:00 devstack sudo[88218]: pam_unix(sudo:session): session opened for user root(uid=0) by (uid=1000)
Nov 18 03:10:00 devstack sudo[88218]: pam_unix(sudo:session): session closed for user root
Nov 18 03:10:00 devstack cinder-volume[80695]: DEBUG oslo_concurrency.processutils [None req-d973a172-4f76-41c3-b5c8-df1bf0513d58 tempest-GroupSnapshotsTest-1550608850 None] CMD "sudo cinder-rootwrap /etc/cinder/rootwrap.conf qemu-img rebase -u -b volume-dc4a126f-25f5-4f43-aea8-3f5607a3c7c5 -F qcow2 /opt/stack/data/cinder/mnt/97a1d79de370630fb2029beff9055e62/volume-dc4a126f-25f5-4f43-aea8-3f5607a3c7c5.14bf2276-16b7-4643-9d10-7487bd7c86e2" returned: 0 in 0.664s {{(pid=80695) execute /opt/stack/data/venv/lib/python3.10/site-packages/oslo_concurrency/processutils.py:372}}
Nov 18 03:10:00 devstack cinder-volume[80695]: WARNING cinder.volume.drivers.remotefs [None req-d973a172-4f76-41c3-b5c8-df1bf0513d58 tempest-GroupSnapshotsTest-1550608850 None] /opt/stack/data/cinder/mnt/97a1d79de370630fb2029beff9055e62/volume-dc4a126f-25f5-4f43-aea8-3f5607a3c7c5.14bf2276-16b7-4643-9d10-7487bd7c86e2 is being set with open permissions: ugo+rw: NotImplementedError
Nov 18 03:10:00 devstack cinder-volume[80695]: DEBUG oslo_concurrency.processutils [None req-d973a172-4f76-41c3-b5c8-df1bf0513d58 tempest-GroupSnapshotsTest-1550608850 None] Running cmd (subprocess): sudo cinder-rootwrap /etc/cinder/rootwrap.conf chmod ugo+rw /opt/stack/data/cinder/mnt/97a1d79de370630fb2029beff9055e62/volume-dc4a126f-25f5-4f43-aea8-3f5607a3c7c5.14bf2276-16b7-4643-9d10-7487bd7c86e2 {{(pid=80695) execute /opt/stack/data/venv/lib/python3.10/site-packages/oslo_concurrency/processutils.py:349}}
Nov 18 03:10:01 devstack sudo[88223]: quobyte : PWD=/ ; USER=root ; COMMAND=/opt/stack/data/venv/bin/cinder-rootwrap /etc/cinder/rootwrap.conf chmod ugo+rw /opt/stack/data/cinder/mnt/97a1d79de370630fb2029beff9055e62/volume-dc4a126f-25f5-4f43-aea8-3f5607a3c7c5.14bf2276-16b7-4643-9d10-7487bd7c86e2
Nov 18 03:10:01 devstack sudo[88223]: pam_unix(sudo:session): session opened for user root(uid=0) by (uid=1000)
Nov 18 03:10:01 devstack sudo[88223]: pam_unix(sudo:session): session closed for user root
Nov 18 03:10:01 devstack cinder-volume[80695]: DEBUG oslo_concurrency.processutils [None req-d973a172-4f76-41c3-b5c8-df1bf0513d58 tempest-GroupSnapshotsTest-1550608850 None] CMD "sudo cinder-rootwrap /etc/cinder/rootwrap.conf chmod ugo+rw /opt/stack/data/cinder/mnt/97a1d79de370630fb2029beff9055e62/volume-dc4a126f-25f5-4f43-aea8-3f5607a3c7c5.14bf2276-16b7-4643-9d10-7487bd7c86e2" returned: 0 in 0.665s {{(pid=80695) execute /opt/stack/data/venv/lib/python3.10/site-packages/oslo_concurrency/processutils.py:372}}
Nov 18 03:10:01 devstack cinder-volume[80695]: DEBUG oslo_concurrency.processutils [None req-d973a172-4f76-41c3-b5c8-df1bf0513d58 tempest-GroupSnapshotsTest-1550608850 None] Running cmd (subprocess): sudo cinder-rootwrap /etc/cinder/rootwrap.conf truncate -s0 /opt/stack/data/cinder/mnt/97a1d79de370630fb2029beff9055e62/volume-dc4a126f-25f5-4f43-aea8-3f5607a3c7c5.info {{(pid=80695) execute /opt/stack/data/venv/lib/python3.10/site-packages/oslo_concurrency/processutils.py:349}}
Nov 18 03:10:01 devstack sudo[88230]: quobyte : PWD=/ ; USER=root ; COMMAND=/opt/stack/data/venv/bin/cinder-rootwrap /etc/cinder/rootwrap.conf truncate -s0 /opt/stack/data/cinder/mnt/97a1d79de370630fb2029beff9055e62/volume-dc4a126f-25f5-4f43-aea8-3f5607a3c7c5.info
Nov 18 03:10:01 devstack sudo[88230]: pam_unix(sudo:session): session opened for user root(uid=0) by (uid=1000)
Nov 18 03:10:02 devstack sudo[88230]: pam_unix(sudo:session): session closed for user root
Nov 18 03:10:02 devstack cinder-volume[80695]: DEBUG oslo_concurrency.processutils [None req-d973a172-4f76-41c3-b5c8-df1bf0513d58 tempest-GroupSnapshotsTest-1550608850 None] CMD "sudo cinder-rootwrap /etc/cinder/rootwrap.conf truncate -s0 /opt/stack/data/cinder/mnt/97a1d79de370630fb2029beff9055e62/volume-dc4a126f-25f5-4f43-aea8-3f5607a3c7c5.info" returned: 0 in 0.646s {{(pid=80695) execute /opt/stack/data/venv/lib/python3.10/site-packages/oslo_concurrency/processutils.py:372}}
Nov 18 03:10:02 devstack cinder-volume[80695]: WARNING cinder.volume.drivers.remotefs [None req-d973a172-4f76-41c3-b5c8-df1bf0513d58 tempest-GroupSnapshotsTest-1550608850 None] /opt/stack/data/cinder/mnt/97a1d79de370630fb2029beff9055e62/volume-dc4a126f-25f5-4f43-aea8-3f5607a3c7c5.info is being set with open permissions: ugo+rw: NotImplementedError
Nov 18 03:10:02 devstack cinder-volume[80695]: DEBUG oslo_concurrency.processutils [None req-d973a172-4f76-41c3-b5c8-df1bf0513d58 tempest-GroupSnapshotsTest-1550608850 None] Running cmd (subprocess): sudo cinder-rootwrap /etc/cinder/rootwrap.conf chmod ugo+rw /opt/stack/data/cinder/mnt/97a1d79de370630fb2029beff9055e62/volume-dc4a126f-25f5-4f43-aea8-3f5607a3c7c5.info {{(pid=80695) execute /opt/stack/data/venv/lib/python3.10/site-packages/oslo_concurrency/processutils.py:349}}
Nov 18 03:10:02 devstack sudo[88233]: quobyte : PWD=/ ; USER=root ; COMMAND=/opt/stack/data/venv/bin/cinder-rootwrap /etc/cinder/rootwrap.conf chmod ugo+rw /opt/stack/data/cinder/mnt/97a1d79de370630fb2029beff9055e62/volume-dc4a126f-25f5-4f43-aea8-3f5607a3c7c5.info
Nov 18 03:10:02 devstack sudo[88233]: pam_unix(sudo:session): session opened for user root(uid=0) by (uid=1000)
Nov 18 03:10:03 devstack cinder-volume[80695]: DEBUG dbcounter [-] [80695] Writing DB stats cinder:UPDATE=47,cinder:SELECT=40,cinder:INSERT=9 {{(pid=80695) stat_writer /opt/stack/data/venv/lib/python3.10/site-packages/dbcounter.py:115}}
Nov 18 03:10:03 devstack sudo[88233]: pam_unix(sudo:session): session closed for user root
Nov 18 03:10:03 devstack cinder-volume[80695]: DEBUG oslo_concurrency.processutils [None req-d973a172-4f76-41c3-b5c8-df1bf0513d58 tempest-GroupSnapshotsTest-1550608850 None] CMD "sudo cinder-rootwrap /etc/cinder/rootwrap.conf chmod ugo+rw /opt/stack/data/cinder/mnt/97a1d79de370630fb2029beff9055e62/volume-dc4a126f-25f5-4f43-aea8-3f5607a3c7c5.info" returned: 0 in 0.862s {{(pid=80695) execute /opt/stack/data/venv/lib/python3.10/site-packages/oslo_concurrency/processutils.py:372}}
Nov 18 03:10:03 devstack cinder-volume[80695]: DEBUG oslo_concurrency.lockutils [None req-d973a172-4f76-41c3-b5c8-df1bf0513d58 tempest-GroupSnapshotsTest-1550608850 None] Lock "quobyte" "released" by "cinder.volume.drivers.quobyte.QuobyteDriver.create_snapshot" :: held 4.483s {{(pid=80695) inner /opt/stack/data/venv/lib/python3.10/site-packages/oslo_concurrency/lockutils.py:424}}
Nov 18 03:10:03 devstack cinder-volume[80695]: INFO cinder.volume.manager [None req-d973a172-4f76-41c3-b5c8-df1bf0513d58 tempest-GroupSnapshotsTest-1550608850 None] group_snapshot 1a9576fc-5ed2-4ee4-b572-ea47c42787a8: created successfully
Nov 18 03:10:04 devstack cinder-volume[80695]: INFO cinder.volume.manager [None req-f2d63848-03f5-4b2d-a211-668532e5581e tempest-GroupSnapshotsTest-1550608850 None] group_snapshot 1a9576fc-5ed2-4ee4-b572-ea47c42787a8: deleting
Nov 18 03:10:04 devstack cinder-volume[80695]: WARNING cinder.volume.volume_utils [None req-f2d63848-03f5-4b2d-a211-668532e5581e tempest-GroupSnapshotsTest-1550608850 None] Volume driver (QuobyteDriver 1.1.13) is currently unsupported and may be removed in the next release of OpenStack. Use at your own risk.
Nov 18 03:10:04 devstack cinder-volume[80695]: DEBUG cinder.volume.manager [None req-f2d63848-03f5-4b2d-a211-668532e5581e tempest-GroupSnapshotsTest-1550608850 None] group_snapshot 1a9576fc-5ed2-4ee4-b572-ea47c42787a8: deleting {{(pid=80695) delete_group_snapshot /opt/stack/cinder/cinder/volume/manager.py:4318}}
Nov 18 03:10:04 devstack cinder-volume[80695]: DEBUG cinder.coordination [None req-f2d63848-03f5-4b2d-a211-668532e5581e tempest-GroupSnapshotsTest-1550608850 None] Acquiring lock "cinder-quobyte-cab3b33d-893e-4640-bbe8-b55d9a102e34" by "delete_snapshot" {{(pid=80695) __acquire /opt/stack/cinder/cinder/coordination.py:143}}
Nov 18 03:10:04 devstack cinder-volume[80695]: DEBUG cinder.coordination [None req-f2d63848-03f5-4b2d-a211-668532e5581e tempest-GroupSnapshotsTest-1550608850 None] Lock "cinder-quobyte-cab3b33d-893e-4640-bbe8-b55d9a102e34" acquired by "delete_snapshot" :: waited 0.098s {{(pid=80695) __acquire /opt/stack/cinder/cinder/coordination.py:146}}
Nov 18 03:10:04 devstack cinder-volume[80695]: DEBUG cinder.coordination [None req-f2d63848-03f5-4b2d-a211-668532e5581e tempest-GroupSnapshotsTest-1550608850 None] Acquiring lock "cinder-quobyte-13f6660d-3596-4974-b0c9-9eb1392f161f" by "_delete_snapshot" {{(pid=80695) __acquire /opt/stack/cinder/cinder/coordination.py:143}}
Nov 18 03:10:04 devstack cinder-volume[80695]: DEBUG cinder.coordination [None req-f2d63848-03f5-4b2d-a211-668532e5581e tempest-GroupSnapshotsTest-1550608850 None] Lock "cinder-quobyte-13f6660d-3596-4974-b0c9-9eb1392f161f" acquired by "_delete_snapshot" :: waited 0.054s {{(pid=80695) __acquire /opt/stack/cinder/cinder/coordination.py:146}}
Nov 18 03:10:04 devstack cinder-volume[80695]: DEBUG cinder.volume.drivers.remotefs [None req-f2d63848-03f5-4b2d-a211-668532e5581e tempest-GroupSnapshotsTest-1550608850 None] Deleting offline snapshot 13f6660d-3596-4974-b0c9-9eb1392f161f of volume cab3b33d-893e-4640-bbe8-b55d9a102e34 {{(pid=80695) _delete_snapshot /opt/stack/cinder/cinder/volume/drivers/remotefs.py:1278}}
Nov 18 03:10:04 devstack cinder-volume[80695]: DEBUG cinder.volume.drivers.remotefs [None req-f2d63848-03f5-4b2d-a211-668532e5581e tempest-GroupSnapshotsTest-1550608850 None] snapshot_file for this snap is: volume-cab3b33d-893e-4640-bbe8-b55d9a102e34.13f6660d-3596-4974-b0c9-9eb1392f161f {{(pid=80695) _delete_snapshot /opt/stack/cinder/cinder/volume/drivers/remotefs.py:1307}}
Nov 18 03:10:05 devstack cinder-volume[80695]: DEBUG oslo.privsep.daemon [-] privsep: reply[3ffb034c-85b6-470f-883b-ed5e044e7da9]: (4, 'qcow2') {{(pid=81659) _call_back /opt/stack/data/venv/lib/python3.10/site-packages/oslo_privsep/daemon.py:515}}
Nov 18 03:10:05 devstack cinder-volume[80695]: DEBUG oslo_concurrency.processutils [None req-f2d63848-03f5-4b2d-a211-668532e5581e tempest-GroupSnapshotsTest-1550608850 None] Running cmd (subprocess): /opt/stack/data/venv/bin/python3.10 -m oslo_concurrency.prlimit --as=1073741824 --cpu=60 -- sudo cinder-rootwrap /etc/cinder/rootwrap.conf env LC_ALL=C qemu-img info -f qcow2 --output=json --force-share /opt/stack/data/cinder/mnt/97a1d79de370630fb2029beff9055e62/volume-cab3b33d-893e-4640-bbe8-b55d9a102e34.13f6660d-3596-4974-b0c9-9eb1392f161f {{(pid=80695) execute /opt/stack/data/venv/lib/python3.10/site-packages/oslo_concurrency/processutils.py:349}}
Nov 18 03:10:05 devstack sudo[88489]: quobyte : PWD=/ ; USER=root ; COMMAND=/opt/stack/data/venv/bin/cinder-rootwrap /etc/cinder/rootwrap.conf env LC_ALL=C qemu-img info -f qcow2 --output=json --force-share /opt/stack/data/cinder/mnt/97a1d79de370630fb2029beff9055e62/volume-cab3b33d-893e-4640-bbe8-b55d9a102e34.13f6660d-3596-4974-b0c9-9eb1392f161f
Nov 18 03:10:05 devstack sudo[88489]: pam_unix(sudo:session): session opened for user root(uid=0) by (uid=1000)
Nov 18 03:10:07 devstack sudo[88489]: pam_unix(sudo:session): session closed for user root
Nov 18 03:10:07 devstack cinder-volume[80695]: DEBUG oslo_concurrency.processutils [None req-f2d63848-03f5-4b2d-a211-668532e5581e tempest-GroupSnapshotsTest-1550608850 None] CMD "/opt/stack/data/venv/bin/python3.10 -m oslo_concurrency.prlimit --as=1073741824 --cpu=60 -- sudo cinder-rootwrap /etc/cinder/rootwrap.conf env LC_ALL=C qemu-img info -f qcow2 --output=json --force-share /opt/stack/data/cinder/mnt/97a1d79de370630fb2029beff9055e62/volume-cab3b33d-893e-4640-bbe8-b55d9a102e34.13f6660d-3596-4974-b0c9-9eb1392f161f" returned: 0 in 2.084s {{(pid=80695) execute /opt/stack/data/venv/lib/python3.10/site-packages/oslo_concurrency/processutils.py:372}}
Nov 18 03:10:07 devstack cinder-volume[80695]: DEBUG cinder.volume.drivers.remotefs [None req-f2d63848-03f5-4b2d-a211-668532e5581e tempest-GroupSnapshotsTest-1550608850 None] Fetching qemu-img info with special backing_file_template: (/opt/stack/data/cinder/mnt/[0-9a-f]+/)?(volume-cab3b33d-893e-4640-bbe8-b55d9a102e34(.(tmp-snap-)?[0-9a-f-]+)?|volume_from_snapshot_cache/(tmp-snap-)?[0-9a-f-]+(.(child-|parent-)[0-9a-f-]+)?)$ {{(pid=80695) _qemu_img_info_base /opt/stack/cinder/cinder/volume/drivers/remotefs.py:886}}
Nov 18 03:10:07 devstack cinder-volume[80695]: DEBUG oslo.privsep.daemon [-] privsep: reply[a4259d1f-d1d7-4acb-bee8-e529ef6576f5]: (4, 'qcow2') {{(pid=81659) _call_back /opt/stack/data/venv/lib/python3.10/site-packages/oslo_privsep/daemon.py:515}}
Nov 18 03:10:07 devstack cinder-volume[80695]: DEBUG oslo_concurrency.processutils [None req-f2d63848-03f5-4b2d-a211-668532e5581e tempest-GroupSnapshotsTest-1550608850 None] Running cmd (subprocess): /opt/stack/data/venv/bin/python3.10 -m oslo_concurrency.prlimit --as=1073741824 --cpu=60 -- sudo cinder-rootwrap /etc/cinder/rootwrap.conf env LC_ALL=C qemu-img info -f qcow2 --output=json --force-share /opt/stack/data/cinder/mnt/97a1d79de370630fb2029beff9055e62/volume-cab3b33d-893e-4640-bbe8-b55d9a102e34 {{(pid=80695) execute /opt/stack/data/venv/lib/python3.10/site-packages/oslo_concurrency/processutils.py:349}}
Nov 18 03:10:07 devstack sudo[88586]: quobyte : PWD=/ ; USER=root ; COMMAND=/opt/stack/data/venv/bin/cinder-rootwrap /etc/cinder/rootwrap.conf env LC_ALL=C qemu-img info -f qcow2 --output=json --force-share /opt/stack/data/cinder/mnt/97a1d79de370630fb2029beff9055e62/volume-cab3b33d-893e-4640-bbe8-b55d9a102e34
Nov 18 03:10:07 devstack sudo[88586]: pam_unix(sudo:session): session opened for user root(uid=0) by (uid=1000)
Nov 18 03:10:08 devstack sudo[88586]: pam_unix(sudo:session): session closed for user root
Nov 18 03:10:08 devstack cinder-volume[80695]: DEBUG oslo_concurrency.processutils [None req-f2d63848-03f5-4b2d-a211-668532e5581e tempest-GroupSnapshotsTest-1550608850 None] CMD "/opt/stack/data/venv/bin/python3.10 -m oslo_concurrency.prlimit --as=1073741824 --cpu=60 -- sudo cinder-rootwrap /etc/cinder/rootwrap.conf env LC_ALL=C qemu-img info -f qcow2 --output=json --force-share /opt/stack/data/cinder/mnt/97a1d79de370630fb2029beff9055e62/volume-cab3b33d-893e-4640-bbe8-b55d9a102e34" returned: 0 in 1.736s {{(pid=80695) execute /opt/stack/data/venv/lib/python3.10/site-packages/oslo_concurrency/processutils.py:372}}
Nov 18 03:10:08 devstack cinder-volume[80695]: DEBUG oslo_concurrency.processutils [None req-f2d63848-03f5-4b2d-a211-668532e5581e tempest-GroupSnapshotsTest-1550608850 None] Running cmd (subprocess): sudo cinder-rootwrap /etc/cinder/rootwrap.conf qemu-img commit -d /opt/stack/data/cinder/mnt/97a1d79de370630fb2029beff9055e62/volume-cab3b33d-893e-4640-bbe8-b55d9a102e34.13f6660d-3596-4974-b0c9-9eb1392f161f {{(pid=80695) execute /opt/stack/data/venv/lib/python3.10/site-packages/oslo_concurrency/processutils.py:349}}
Nov 18 03:10:08 devstack sudo[88596]: quobyte : PWD=/ ; USER=root ; COMMAND=/opt/stack/data/venv/bin/cinder-rootwrap /etc/cinder/rootwrap.conf qemu-img commit -d /opt/stack/data/cinder/mnt/97a1d79de370630fb2029beff9055e62/volume-cab3b33d-893e-4640-bbe8-b55d9a102e34.13f6660d-3596-4974-b0c9-9eb1392f161f
Nov 18 03:10:08 devstack sudo[88596]: pam_unix(sudo:session): session opened for user root(uid=0) by (uid=1000)
Nov 18 03:10:10 devstack sudo[88596]: pam_unix(sudo:session): session closed for user root
Nov 18 03:10:10 devstack cinder-volume[80695]: DEBUG oslo_concurrency.processutils [None req-f2d63848-03f5-4b2d-a211-668532e5581e tempest-GroupSnapshotsTest-1550608850 None] CMD "sudo cinder-rootwrap /etc/cinder/rootwrap.conf qemu-img commit -d /opt/stack/data/cinder/mnt/97a1d79de370630fb2029beff9055e62/volume-cab3b33d-893e-4640-bbe8-b55d9a102e34.13f6660d-3596-4974-b0c9-9eb1392f161f" returned: 0 in 1.504s {{(pid=80695) execute /opt/stack/data/venv/lib/python3.10/site-packages/oslo_concurrency/processutils.py:372}}
Nov 18 03:10:10 devstack cinder-volume[80695]: DEBUG oslo_concurrency.processutils [None req-f2d63848-03f5-4b2d-a211-668532e5581e tempest-GroupSnapshotsTest-1550608850 None] Running cmd (subprocess): sudo cinder-rootwrap /etc/cinder/rootwrap.conf rm -f /opt/stack/data/cinder/mnt/97a1d79de370630fb2029beff9055e62/volume-cab3b33d-893e-4640-bbe8-b55d9a102e34.13f6660d-3596-4974-b0c9-9eb1392f161f {{(pid=80695) execute /opt/stack/data/venv/lib/python3.10/site-packages/oslo_concurrency/processutils.py:349}}
Nov 18 03:10:10 devstack sudo[88607]: quobyte : PWD=/ ; USER=root ; COMMAND=/opt/stack/data/venv/bin/cinder-rootwrap /etc/cinder/rootwrap.conf rm -f /opt/stack/data/cinder/mnt/97a1d79de370630fb2029beff9055e62/volume-cab3b33d-893e-4640-bbe8-b55d9a102e34.13f6660d-3596-4974-b0c9-9eb1392f161f
Nov 18 03:10:10 devstack sudo[88607]: pam_unix(sudo:session): session opened for user root(uid=0) by (uid=1000)
Nov 18 03:10:11 devstack sudo[88607]: pam_unix(sudo:session): session closed for user root
Nov 18 03:10:11 devstack cinder-volume[80695]: DEBUG oslo_concurrency.processutils [None req-f2d63848-03f5-4b2d-a211-668532e5581e tempest-GroupSnapshotsTest-1550608850 None] CMD "sudo cinder-rootwrap /etc/cinder/rootwrap.conf rm -f /opt/stack/data/cinder/mnt/97a1d79de370630fb2029beff9055e62/volume-cab3b33d-893e-4640-bbe8-b55d9a102e34.13f6660d-3596-4974-b0c9-9eb1392f161f" returned: 0 in 1.130s {{(pid=80695) execute /opt/stack/data/venv/lib/python3.10/site-packages/oslo_concurrency/processutils.py:372}}
Nov 18 03:10:11 devstack cinder-volume[80695]: DEBUG cinder.coordination [None req-f2d63848-03f5-4b2d-a211-668532e5581e tempest-GroupSnapshotsTest-1550608850 None] Lock "cinder-quobyte-13f6660d-3596-4974-b0c9-9eb1392f161f" released by "_delete_snapshot" :: held 6.765s {{(pid=80695) __release /opt/stack/cinder/cinder/coordination.py:157}}
Nov 18 03:10:11 devstack cinder-volume[80695]: DEBUG cinder.coordination [None req-f2d63848-03f5-4b2d-a211-668532e5581e tempest-GroupSnapshotsTest-1550608850 None] Lock "cinder-quobyte-cab3b33d-893e-4640-bbe8-b55d9a102e34" released by "delete_snapshot" :: held 6.846s {{(pid=80695) __release /opt/stack/cinder/cinder/coordination.py:157}}
Nov 18 03:10:11 devstack cinder-volume[80695]: DEBUG cinder.coordination [None req-f2d63848-03f5-4b2d-a211-668532e5581e tempest-GroupSnapshotsTest-1550608850 None] Acquiring lock "cinder-quobyte-dc4a126f-25f5-4f43-aea8-3f5607a3c7c5" by "delete_snapshot" {{(pid=80695) __acquire /opt/stack/cinder/cinder/coordination.py:143}}
Nov 18 03:10:11 devstack cinder-volume[80695]: DEBUG cinder.coordination [None req-f2d63848-03f5-4b2d-a211-668532e5581e tempest-GroupSnapshotsTest-1550608850 None] Lock "cinder-quobyte-dc4a126f-25f5-4f43-aea8-3f5607a3c7c5" acquired by "delete_snapshot" :: waited 0.016s {{(pid=80695) __acquire /opt/stack/cinder/cinder/coordination.py:146}}
Nov 18 03:10:11 devstack cinder-volume[80695]: DEBUG cinder.coordination [None req-f2d63848-03f5-4b2d-a211-668532e5581e tempest-GroupSnapshotsTest-1550608850 None] Acquiring lock "cinder-quobyte-14bf2276-16b7-4643-9d10-7487bd7c86e2" by "_delete_snapshot" {{(pid=80695) __acquire /opt/stack/cinder/cinder/coordination.py:143}}
Nov 18 03:10:11 devstack cinder-volume[80695]: DEBUG cinder.coordination [None req-f2d63848-03f5-4b2d-a211-668532e5581e tempest-GroupSnapshotsTest-1550608850 None] Lock "cinder-quobyte-14bf2276-16b7-4643-9d10-7487bd7c86e2" acquired by "_delete_snapshot" :: waited 0.014s {{(pid=80695) __acquire /opt/stack/cinder/cinder/coordination.py:146}}
Nov 18 03:10:11 devstack cinder-volume[80695]: DEBUG cinder.volume.drivers.remotefs [None req-f2d63848-03f5-4b2d-a211-668532e5581e tempest-GroupSnapshotsTest-1550608850 None] Deleting offline snapshot 14bf2276-16b7-4643-9d10-7487bd7c86e2 of volume dc4a126f-25f5-4f43-aea8-3f5607a3c7c5 {{(pid=80695) _delete_snapshot /opt/stack/cinder/cinder/volume/drivers/remotefs.py:1278}}
Nov 18 03:10:11 devstack cinder-volume[80695]: DEBUG cinder.volume.drivers.remotefs [None req-f2d63848-03f5-4b2d-a211-668532e5581e tempest-GroupSnapshotsTest-1550608850 None] snapshot_file for this snap is: volume-dc4a126f-25f5-4f43-aea8-3f5607a3c7c5.14bf2276-16b7-4643-9d10-7487bd7c86e2 {{(pid=80695) _delete_snapshot /opt/stack/cinder/cinder/volume/drivers/remotefs.py:1307}}
Nov 18 03:10:11 devstack cinder-volume[80695]: DEBUG oslo.privsep.daemon [-] privsep: reply[93e7fd58-0e33-4ea6-a87d-2f78aa38e8b5]: (4, 'qcow2') {{(pid=81659) _call_back /opt/stack/data/venv/lib/python3.10/site-packages/oslo_privsep/daemon.py:515}}
Nov 18 03:10:11 devstack cinder-volume[80695]: DEBUG oslo_concurrency.processutils [None req-f2d63848-03f5-4b2d-a211-668532e5581e tempest-GroupSnapshotsTest-1550608850 None] Running cmd (subprocess): /opt/stack/data/venv/bin/python3.10 -m oslo_concurrency.prlimit --as=1073741824 --cpu=60 -- sudo cinder-rootwrap /etc/cinder/rootwrap.conf env LC_ALL=C qemu-img info -f qcow2 --output=json --force-share /opt/stack/data/cinder/mnt/97a1d79de370630fb2029beff9055e62/volume-dc4a126f-25f5-4f43-aea8-3f5607a3c7c5.14bf2276-16b7-4643-9d10-7487bd7c86e2 {{(pid=80695) execute /opt/stack/data/venv/lib/python3.10/site-packages/oslo_concurrency/processutils.py:349}}
Nov 18 03:10:12 devstack sudo[88624]: quobyte : PWD=/ ; USER=root ; COMMAND=/opt/stack/data/venv/bin/cinder-rootwrap /etc/cinder/rootwrap.conf env LC_ALL=C qemu-img info -f qcow2 --output=json --force-share /opt/stack/data/cinder/mnt/97a1d79de370630fb2029beff9055e62/volume-dc4a126f-25f5-4f43-aea8-3f5607a3c7c5.14bf2276-16b7-4643-9d10-7487bd7c86e2
Nov 18 03:10:12 devstack sudo[88624]: pam_unix(sudo:session): session opened for user root(uid=0) by (uid=1000)
Nov 18 03:10:13 devstack sudo[88624]: pam_unix(sudo:session): session closed for user root
Nov 18 03:10:13 devstack cinder-volume[80695]: DEBUG oslo_concurrency.processutils [None req-f2d63848-03f5-4b2d-a211-668532e5581e tempest-GroupSnapshotsTest-1550608850 None] CMD "/opt/stack/data/venv/bin/python3.10 -m oslo_concurrency.prlimit --as=1073741824 --cpu=60 -- sudo cinder-rootwrap /etc/cinder/rootwrap.conf env LC_ALL=C qemu-img info -f qcow2 --output=json --force-share /opt/stack/data/cinder/mnt/97a1d79de370630fb2029beff9055e62/volume-dc4a126f-25f5-4f43-aea8-3f5607a3c7c5.14bf2276-16b7-4643-9d10-7487bd7c86e2" returned: 0 in 1.819s {{(pid=80695) execute /opt/stack/data/venv/lib/python3.10/site-packages/oslo_concurrency/processutils.py:372}}
Nov 18 03:10:13 devstack cinder-volume[80695]: DEBUG cinder.volume.drivers.remotefs [None req-f2d63848-03f5-4b2d-a211-668532e5581e tempest-GroupSnapshotsTest-1550608850 None] Fetching qemu-img info with special backing_file_template: (/opt/stack/data/cinder/mnt/[0-9a-f]+/)?(volume-dc4a126f-25f5-4f43-aea8-3f5607a3c7c5(.(tmp-snap-)?[0-9a-f-]+)?|volume_from_snapshot_cache/(tmp-snap-)?[0-9a-f-]+(.(child-|parent-)[0-9a-f-]+)?)$ {{(pid=80695) _qemu_img_info_base /opt/stack/cinder/cinder/volume/drivers/remotefs.py:886}}
Nov 18 03:10:13 devstack cinder-volume[80695]: DEBUG oslo.privsep.daemon [-] privsep: reply[3c33acf9-4110-4de0-b58f-f548cddcb078]: (4, 'qcow2') {{(pid=81659) _call_back /opt/stack/data/venv/lib/python3.10/site-packages/oslo_privsep/daemon.py:515}}
Nov 18 03:10:13 devstack cinder-volume[80695]: DEBUG oslo_concurrency.processutils [None req-f2d63848-03f5-4b2d-a211-668532e5581e tempest-GroupSnapshotsTest-1550608850 None] Running cmd (subprocess): /opt/stack/data/venv/bin/python3.10 -m oslo_concurrency.prlimit --as=1073741824 --cpu=60 -- sudo cinder-rootwrap /etc/cinder/rootwrap.conf env LC_ALL=C qemu-img info -f qcow2 --output=json --force-share /opt/stack/data/cinder/mnt/97a1d79de370630fb2029beff9055e62/volume-dc4a126f-25f5-4f43-aea8-3f5607a3c7c5 {{(pid=80695) execute /opt/stack/data/venv/lib/python3.10/site-packages/oslo_concurrency/processutils.py:349}}
Nov 18 03:10:14 devstack sudo[88672]: quobyte : PWD=/ ; USER=root ; COMMAND=/opt/stack/data/venv/bin/cinder-rootwrap /etc/cinder/rootwrap.conf env LC_ALL=C qemu-img info -f qcow2 --output=json --force-share /opt/stack/data/cinder/mnt/97a1d79de370630fb2029beff9055e62/volume-dc4a126f-25f5-4f43-aea8-3f5607a3c7c5
Nov 18 03:10:14 devstack sudo[88672]: pam_unix(sudo:session): session opened for user root(uid=0) by (uid=1000)
Nov 18 03:10:14 devstack cinder-volume[80695]: DEBUG dbcounter [-] [80695] Writing DB stats cinder:SELECT=6,cinder:UPDATE=3 {{(pid=80695) stat_writer /opt/stack/data/venv/lib/python3.10/site-packages/dbcounter.py:115}}
Nov 18 03:10:15 devstack sudo[88672]: pam_unix(sudo:session): session closed for user root
Nov 18 03:10:15 devstack cinder-volume[80695]: DEBUG oslo_concurrency.processutils [None req-f2d63848-03f5-4b2d-a211-668532e5581e tempest-GroupSnapshotsTest-1550608850 None] CMD "/opt/stack/data/venv/bin/python3.10 -m oslo_concurrency.prlimit --as=1073741824 --cpu=60 -- sudo cinder-rootwrap /etc/cinder/rootwrap.conf env LC_ALL=C qemu-img info -f qcow2 --output=json --force-share /opt/stack/data/cinder/mnt/97a1d79de370630fb2029beff9055e62/volume-dc4a126f-25f5-4f43-aea8-3f5607a3c7c5" returned: 0 in 1.501s {{(pid=80695) execute /opt/stack/data/venv/lib/python3.10/site-packages/oslo_concurrency/processutils.py:372}}
Nov 18 03:10:15 devstack cinder-volume[80695]: DEBUG oslo_concurrency.processutils [None req-f2d63848-03f5-4b2d-a211-668532e5581e tempest-GroupSnapshotsTest-1550608850 None] Running cmd (subprocess): sudo cinder-rootwrap /etc/cinder/rootwrap.conf qemu-img commit -d /opt/stack/data/cinder/mnt/97a1d79de370630fb2029beff9055e62/volume-dc4a126f-25f5-4f43-aea8-3f5607a3c7c5.14bf2276-16b7-4643-9d10-7487bd7c86e2 {{(pid=80695) execute /opt/stack/data/venv/lib/python3.10/site-packages/oslo_concurrency/processutils.py:349}}
Nov 18 03:10:15 devstack sudo[88682]: quobyte : PWD=/ ; USER=root ; COMMAND=/opt/stack/data/venv/bin/cinder-rootwrap /etc/cinder/rootwrap.conf qemu-img commit -d /opt/stack/data/cinder/mnt/97a1d79de370630fb2029beff9055e62/volume-dc4a126f-25f5-4f43-aea8-3f5607a3c7c5.14bf2276-16b7-4643-9d10-7487bd7c86e2
Nov 18 03:10:15 devstack sudo[88682]: pam_unix(sudo:session): session opened for user root(uid=0) by (uid=1000)
Nov 18 03:10:16 devstack sudo[88682]: pam_unix(sudo:session): session closed for user root
Nov 18 03:10:16 devstack cinder-volume[80695]: DEBUG oslo_concurrency.processutils [None req-f2d63848-03f5-4b2d-a211-668532e5581e tempest-GroupSnapshotsTest-1550608850 None] CMD "sudo cinder-rootwrap /etc/cinder/rootwrap.conf qemu-img commit -d /opt/stack/data/cinder/mnt/97a1d79de370630fb2029beff9055e62/volume-dc4a126f-25f5-4f43-aea8-3f5607a3c7c5.14bf2276-16b7-4643-9d10-7487bd7c86e2" returned: 0 in 1.362s {{(pid=80695) execute /opt/stack/data/venv/lib/python3.10/site-packages/oslo_concurrency/processutils.py:372}}
Nov 18 03:10:16 devstack cinder-volume[80695]: DEBUG oslo_concurrency.processutils [None req-f2d63848-03f5-4b2d-a211-668532e5581e tempest-GroupSnapshotsTest-1550608850 None] Running cmd (subprocess): sudo cinder-rootwrap /etc/cinder/rootwrap.conf rm -f /opt/stack/data/cinder/mnt/97a1d79de370630fb2029beff9055e62/volume-dc4a126f-25f5-4f43-aea8-3f5607a3c7c5.14bf2276-16b7-4643-9d10-7487bd7c86e2 {{(pid=80695) execute /opt/stack/data/venv/lib/python3.10/site-packages/oslo_concurrency/processutils.py:349}}
Nov 18 03:10:16 devstack sudo[88696]: quobyte : PWD=/ ; USER=root ; COMMAND=/opt/stack/data/venv/bin/cinder-rootwrap /etc/cinder/rootwrap.conf rm -f /opt/stack/data/cinder/mnt/97a1d79de370630fb2029beff9055e62/volume-dc4a126f-25f5-4f43-aea8-3f5607a3c7c5.14bf2276-16b7-4643-9d10-7487bd7c86e2
Nov 18 03:10:16 devstack sudo[88696]: pam_unix(sudo:session): session opened for user root(uid=0) by (uid=1000)
Nov 18 03:10:16 devstack cinder-volume[80695]: WARNING cinder.volume.volume_utils [req-02dd8f30-4023-41c2-acfb-760561d476c9 req-0eafd1be-0bb6-4016-bf19-88c1f980ab6f tempest-TaggedBootDevicesTest-589398235 None] Volume driver (QuobyteDriver 1.1.13) is currently unsupported and may be removed in the next release of OpenStack. Use at your own risk.
Nov 18 03:10:16 devstack cinder-volume[80695]: WARNING cinder.volume.volume_utils [req-02dd8f30-4023-41c2-acfb-760561d476c9 req-0eafd1be-0bb6-4016-bf19-88c1f980ab6f tempest-TaggedBootDevicesTest-589398235 None] Volume driver (QuobyteDriver 1.1.13) is currently unsupported and may be removed in the next release of OpenStack. Use at your own risk.
Nov 18 03:10:16 devstack cinder-volume[80695]: INFO cinder.volume.manager [req-02dd8f30-4023-41c2-acfb-760561d476c9 req-0eafd1be-0bb6-4016-bf19-88c1f980ab6f tempest-TaggedBootDevicesTest-589398235 None] Terminate volume connection completed successfully.
Nov 18 03:10:16 devstack cinder-volume[80695]: DEBUG cinder.volume.manager [req-02dd8f30-4023-41c2-acfb-760561d476c9 req-0eafd1be-0bb6-4016-bf19-88c1f980ab6f tempest-TaggedBootDevicesTest-589398235 None] Deleting attachment 64b280ce-9d20-48db-82be-cf47918bc0e8. {{(pid=80695) attachment_delete /opt/stack/cinder/cinder/volume/manager.py:5023}}
Nov 18 03:10:17 devstack sudo[88696]: pam_unix(sudo:session): session closed for user root
Nov 18 03:10:17 devstack cinder-volume[80695]: DEBUG oslo_concurrency.processutils [None req-f2d63848-03f5-4b2d-a211-668532e5581e tempest-GroupSnapshotsTest-1550608850 None] CMD "sudo cinder-rootwrap /etc/cinder/rootwrap.conf rm -f /opt/stack/data/cinder/mnt/97a1d79de370630fb2029beff9055e62/volume-dc4a126f-25f5-4f43-aea8-3f5607a3c7c5.14bf2276-16b7-4643-9d10-7487bd7c86e2" returned: 0 in 0.747s {{(pid=80695) execute /opt/stack/data/venv/lib/python3.10/site-packages/oslo_concurrency/processutils.py:372}}
Nov 18 03:10:17 devstack cinder-volume[80695]: DEBUG cinder.coordination [None req-f2d63848-03f5-4b2d-a211-668532e5581e tempest-GroupSnapshotsTest-1550608850 None] Lock "cinder-quobyte-14bf2276-16b7-4643-9d10-7487bd7c86e2" released by "_delete_snapshot" :: held 5.678s {{(pid=80695) __release /opt/stack/cinder/cinder/coordination.py:157}}
Nov 18 03:10:17 devstack cinder-volume[80695]: DEBUG cinder.coordination [None req-f2d63848-03f5-4b2d-a211-668532e5581e tempest-GroupSnapshotsTest-1550608850 None] Lock "cinder-quobyte-dc4a126f-25f5-4f43-aea8-3f5607a3c7c5" released by "delete_snapshot" :: held 5.702s {{(pid=80695) __release /opt/stack/cinder/cinder/coordination.py:157}}
Nov 18 03:10:17 devstack cinder-volume[80695]: WARNING cinder.volume.volume_utils [req-02dd8f30-4023-41c2-acfb-760561d476c9 req-ee2e502b-8403-4aad-a3e6-a861e3f189b5 tempest-TaggedBootDevicesTest-589398235 None] Volume driver (QuobyteDriver 1.1.13) is currently unsupported and may be removed in the next release of OpenStack. Use at your own risk.
Nov 18 03:10:17 devstack cinder-volume[80695]: WARNING cinder.quota [None req-f2d63848-03f5-4b2d-a211-668532e5581e tempest-GroupSnapshotsTest-1550608850 None] Deprecated: Default quota for resource: gigabytes_tempest-GroupSnapshotsTest-volume-type-1798881953 is set by the default quota flag: quota_gigabytes_tempest-GroupSnapshotsTest-volume-type-1798881953, it is now deprecated. Please use the default quota class for default quota.
Nov 18 03:10:17 devstack cinder-volume[80695]: WARNING cinder.quota [None req-f2d63848-03f5-4b2d-a211-668532e5581e tempest-GroupSnapshotsTest-1550608850 None] Deprecated: Default quota for resource: snapshots_tempest-GroupSnapshotsTest-volume-type-1798881953 is set by the default quota flag: quota_snapshots_tempest-GroupSnapshotsTest-volume-type-1798881953, it is now deprecated. Please use the default quota class for default quota.
Nov 18 03:10:17 devstack cinder-volume[80695]: WARNING cinder.volume.volume_utils [req-02dd8f30-4023-41c2-acfb-760561d476c9 req-ee2e502b-8403-4aad-a3e6-a861e3f189b5 tempest-TaggedBootDevicesTest-589398235 None] Volume driver (QuobyteDriver 1.1.13) is currently unsupported and may be removed in the next release of OpenStack. Use at your own risk.
Nov 18 03:10:17 devstack cinder-volume[80695]: INFO cinder.volume.manager [req-02dd8f30-4023-41c2-acfb-760561d476c9 req-ee2e502b-8403-4aad-a3e6-a861e3f189b5 tempest-TaggedBootDevicesTest-589398235 None] Terminate volume connection completed successfully.
Nov 18 03:10:17 devstack cinder-volume[80695]: DEBUG cinder.volume.manager [req-02dd8f30-4023-41c2-acfb-760561d476c9 req-ee2e502b-8403-4aad-a3e6-a861e3f189b5 tempest-TaggedBootDevicesTest-589398235 None] Deleting attachment 4b0dae91-09de-456b-9d25-013cf05195a4. {{(pid=80695) attachment_delete /opt/stack/cinder/cinder/volume/manager.py:5023}}
Nov 18 03:10:17 devstack cinder-volume[80695]: DEBUG cinder.quota [None req-f2d63848-03f5-4b2d-a211-668532e5581e tempest-GroupSnapshotsTest-1550608850 None] Created reservations ['bb8472de-c729-4b60-810e-d4a347299e00', '3b2b6804-4eb1-4ab2-b874-156c975f5f85', '63175a3a-24a6-4a91-9af7-0552f66fe48f', '4bdecd29-b5df-4e54-acac-c05957ebe813'] {{(pid=80695) reserve /opt/stack/cinder/cinder/quota.py:752}}
Nov 18 03:10:17 devstack cinder-volume[80695]: DEBUG cinder.quota [None req-f2d63848-03f5-4b2d-a211-668532e5581e tempest-GroupSnapshotsTest-1550608850 None] Created reservations ['210acd31-f390-41f1-bf6d-f6fa7c28c6ed', '1215dc36-dd66-4062-a2e6-bc84c557c6b1', 'a4b8ed46-ad3e-412d-b404-15326d3a6afe', '048e3772-bbd3-4ec7-b673-6b02fdaba572'] {{(pid=80695) reserve /opt/stack/cinder/cinder/quota.py:752}}
Nov 18 03:10:17 devstack cinder-volume[80695]: INFO cinder.volume.manager [None req-f2d63848-03f5-4b2d-a211-668532e5581e tempest-GroupSnapshotsTest-1550608850 None] group_snapshot 1a9576fc-5ed2-4ee4-b572-ea47c42787a8: deleted successfully
Nov 18 03:10:18 devstack cinder-volume[80695]: WARNING cinder.volume.volume_utils [req-02dd8f30-4023-41c2-acfb-760561d476c9 req-88a725b2-28ec-45b7-94ca-2b265e48e355 tempest-TaggedBootDevicesTest-589398235 None] Volume driver (QuobyteDriver 1.1.13) is currently unsupported and may be removed in the next release of OpenStack. Use at your own risk.
Nov 18 03:10:18 devstack cinder-volume[80695]: WARNING cinder.volume.volume_utils [req-02dd8f30-4023-41c2-acfb-760561d476c9 req-88a725b2-28ec-45b7-94ca-2b265e48e355 tempest-TaggedBootDevicesTest-589398235 None] Volume driver (QuobyteDriver 1.1.13) is currently unsupported and may be removed in the next release of OpenStack. Use at your own risk.
Nov 18 03:10:18 devstack cinder-volume[80695]: INFO cinder.volume.manager [req-02dd8f30-4023-41c2-acfb-760561d476c9 req-88a725b2-28ec-45b7-94ca-2b265e48e355 tempest-TaggedBootDevicesTest-589398235 None] Terminate volume connection completed successfully.
Nov 18 03:10:18 devstack cinder-volume[80695]: DEBUG cinder.volume.manager [req-02dd8f30-4023-41c2-acfb-760561d476c9 req-88a725b2-28ec-45b7-94ca-2b265e48e355 tempest-TaggedBootDevicesTest-589398235 None] Deleting attachment a3d81d5f-9dac-43d9-aa35-c2185ebf6732. {{(pid=80695) attachment_delete /opt/stack/cinder/cinder/volume/manager.py:5023}}
Nov 18 03:10:18 devstack cinder-volume[80695]: WARNING cinder.volume.volume_utils [None req-9ee41e81-7ae7-4981-bd09-e6f731c8b9ac tempest-GroupSnapshotsTest-1550608850 None] Volume driver (QuobyteDriver 1.1.13) is currently unsupported and may be removed in the next release of OpenStack. Use at your own risk.
Nov 18 03:10:18 devstack cinder-volume[80695]: DEBUG cinder.coordination [None req-9ee41e81-7ae7-4981-bd09-e6f731c8b9ac tempest-GroupSnapshotsTest-1550608850 None] Acquiring lock "cinder-quobyte-cab3b33d-893e-4640-bbe8-b55d9a102e34" by "delete_volume" {{(pid=80695) __acquire /opt/stack/cinder/cinder/coordination.py:143}}
Nov 18 03:10:18 devstack cinder-volume[80695]: DEBUG cinder.coordination [None req-9ee41e81-7ae7-4981-bd09-e6f731c8b9ac tempest-GroupSnapshotsTest-1550608850 None] Lock "cinder-quobyte-cab3b33d-893e-4640-bbe8-b55d9a102e34" acquired by "delete_volume" :: waited 0.019s {{(pid=80695) __acquire /opt/stack/cinder/cinder/coordination.py:146}}
Nov 18 03:10:18 devstack cinder-volume[80695]: DEBUG oslo.privsep.daemon [-] privsep: reply[23161cb0-cb64-4a71-9723-5350b4b7526e]: (4, 'qcow2') {{(pid=81659) _call_back /opt/stack/data/venv/lib/python3.10/site-packages/oslo_privsep/daemon.py:515}}
