Sep 04 05:48:52 devstack devstack@n-api.service[61806]: [pid: 61806|app: 0|req: 4/9] 192.168.122.10 () {64 vars in 1335 bytes} [Fri Sep 4 05:48:51 2026] POST /compute/v2.1/flavors/d1/os-extra_specs => generated 43 bytes in 55 msecs (HTTP/1.1 200) 9 headers in 358 bytes (1 switches on core 0)
Sep 04 05:48:55 devstack devstack@n-api.service[61807]: DEBUG nova.api.openstack.wsgi [None req-d5c85051-baf5-4bda-b77e-cbf8f47c5658 admin admin] Calling method '>' {{(pid=61807) _process_stack /opt/stack/nova/nova/api/openstack/wsgi.py:551}}
Sep 04 05:48:55 devstack devstack@n-api.service[61807]: INFO nova.api.openstack.requestlog [None req-d5c85051-baf5-4bda-b77e-cbf8f47c5658 admin admin] 192.168.122.10 "GET /compute/v2.1" status: 200 len: 392 microversion: 2.1 time: 0.012342
Sep 04 05:48:55 devstack devstack@n-api.service[61807]: [pid: 61807|app: 0|req: 6/10] 192.168.122.10 () {54 vars in 930 bytes} [Fri Sep 4 05:48:55 2026] GET /compute/v2.1 => generated 392 bytes in 13 msecs (HTTP/1.1 200) 9 headers in 357 bytes (1 switches on core 0)
Sep 04 05:48:55 devstack devstack@n-api.service[61806]: DEBUG nova.api.openstack.wsgi [None req-1934ef57-7a20-43da-987d-2f7c8c6579a1 admin admin] Action: 'create', calling method: >, body: {"flavor": {"name": "ds1G", "disk": 10, "vcpus": 1, "swap": 0, "ram": 1024, "OS-FLV-EXT-DATA:ephemeral": 0, "os-flavor-access:is_public": true, "id": "d2"}} {{(pid=61806) _process_stack /opt/stack/nova/nova/api/openstack/wsgi.py:549}}
Sep 04 05:48:55 devstack devstack@n-api.service[61806]: INFO nova.api.openstack.requestlog [None req-1934ef57-7a20-43da-987d-2f7c8c6579a1 admin admin] 192.168.122.10 "POST /compute/v2.1/flavors" status: 200 len: 410 microversion: 2.61 time: 0.167401
Sep 04 05:48:55 devstack devstack@n-api.service[61806]: [pid: 61806|app: 0|req: 5/11] 192.168.122.10 () {64 vars in 1282 bytes} [Fri Sep 4 05:48:55 2026] POST /compute/v2.1/flavors => generated 410 bytes in 169 msecs (HTTP/1.1 200) 9 headers in 359 bytes (1 switches on core 0)
Sep 04 05:48:55 devstack devstack@n-api.service[61807]: DEBUG nova.api.openstack.wsgi [None req-f7839dcc-50dc-413a-aa2c-451dd0d2f803 admin admin] Action: 'create', calling method: >, body: {"extra_specs": {"hw_rng:allowed": "True"}} {{(pid=61807) _process_stack /opt/stack/nova/nova/api/openstack/wsgi.py:549}}
Sep 04 05:48:55 devstack devstack@n-api.service[61807]: INFO nova.api.openstack.requestlog [None req-f7839dcc-50dc-413a-aa2c-451dd0d2f803 admin admin] 192.168.122.10 "POST /compute/v2.1/flavors/d2/os-extra_specs" status: 200 len: 43 microversion: 2.61 time: 0.082979
Sep 04 05:48:55 devstack devstack@n-api.service[61807]: [pid: 61807|app: 0|req: 7/12] 192.168.122.10 () {64 vars in 1335 bytes} [Fri Sep 4 05:48:55 2026] POST /compute/v2.1/flavors/d2/os-extra_specs => generated 43 bytes in 84 msecs (HTTP/1.1 200) 9 headers in 358 bytes (1 switches on core 0)
Sep 04 05:48:58 devstack devstack@n-api.service[61806]: DEBUG nova.api.openstack.wsgi [None req-1934ef57-7a20-43da-987d-2f7c8c6579a1 admin admin] Calling method '>' {{(pid=61806) _process_stack /opt/stack/nova/nova/api/openstack/wsgi.py:551}}
Sep 04 05:48:58 devstack devstack@n-api.service[61806]: INFO nova.api.openstack.requestlog [None req-1934ef57-7a20-43da-987d-2f7c8c6579a1 admin admin] 192.168.122.10 "GET /compute/v2.1" status: 200 len: 392 microversion: 2.1 time: 0.011961
Sep 04 05:48:58 devstack devstack@n-api.service[61806]: [pid: 61806|app: 0|req: 6/13] 192.168.122.10 () {54 vars in 930 bytes} [Fri Sep 4 05:48:58 2026] GET /compute/v2.1 => generated 392 bytes in 13 msecs (HTTP/1.1 200) 9 headers in 357 bytes (1 switches on core 0)
Sep 04 05:48:58 devstack devstack@n-api.service[61807]: DEBUG nova.api.openstack.wsgi [None req-1c604632-cab2-4cb9-8493-1790cc24bb22 admin admin] Action: 'create', calling method: >, body: {"flavor": {"name": "ds2G", "OS-FLV-EXT-DATA:ephemeral": 0, "ram": 2048, "swap": 0, "vcpus": 2, "id": "d3", "disk": 10, "os-flavor-access:is_public": true}} {{(pid=61807) _process_stack /opt/stack/nova/nova/api/openstack/wsgi.py:549}}
Sep 04 05:48:58 devstack devstack@n-api.service[61807]: INFO nova.api.openstack.requestlog [None req-1c604632-cab2-4cb9-8493-1790cc24bb22 admin admin] 192.168.122.10 "POST /compute/v2.1/flavors" status: 200 len: 410 microversion: 2.61 time: 0.221616
Sep 04 05:48:58 devstack devstack@n-api.service[61807]: [pid: 61807|app: 0|req: 8/14] 192.168.122.10 () {64 vars in 1282 bytes} [Fri Sep 4 05:48:58 2026] POST /compute/v2.1/flavors => generated 410 bytes in 223 msecs (HTTP/1.1 200) 9 headers in 359 bytes (1 switches on core 0)
Sep 04 05:48:58 devstack devstack@n-api.service[61806]: DEBUG nova.api.openstack.wsgi [None req-9c6f4fbf-9f0f-4d84-b7d5-53080415e4e6 admin admin] Action: 'create', calling method: >, body: {"extra_specs": {"hw_rng:allowed": "True"}} {{(pid=61806) _process_stack /opt/stack/nova/nova/api/openstack/wsgi.py:549}}
Sep 04 05:48:59 devstack devstack@n-api.service[61806]: INFO nova.api.openstack.requestlog [None req-9c6f4fbf-9f0f-4d84-b7d5-53080415e4e6 admin admin] 192.168.122.10 "POST /compute/v2.1/flavors/d3/os-extra_specs" status: 200 len: 43 microversion: 2.61 time: 0.054182
Sep 04 05:48:59 devstack devstack@n-api.service[61806]: [pid: 61806|app: 0|req: 7/15] 192.168.122.10 () {64 vars in 1335 bytes} [Fri Sep 4 05:48:58 2026] POST /compute/v2.1/flavors/d3/os-extra_specs => generated 43 bytes in 55 msecs (HTTP/1.1 200) 9 headers in 358 bytes (1 switches on core 0)
Sep 04 05:49:02 devstack devstack@n-api.service[61807]: DEBUG nova.api.openstack.wsgi [None req-1c604632-cab2-4cb9-8493-1790cc24bb22 admin admin] Calling method '>' {{(pid=61807) _process_stack /opt/stack/nova/nova/api/openstack/wsgi.py:551}}
Sep 04 05:49:02 devstack devstack@n-api.service[61807]: INFO nova.api.openstack.requestlog [None req-1c604632-cab2-4cb9-8493-1790cc24bb22 admin admin] 192.168.122.10 "GET /compute/v2.1" status: 200 len: 392 microversion: 2.1 time: 0.006315
Sep 04 05:49:02 devstack devstack@n-api.service[61807]: [pid: 61807|app: 0|req: 9/16] 192.168.122.10 () {54 vars in 930 bytes} [Fri Sep 4 05:49:02 2026] GET /compute/v2.1 => generated 392 bytes in 7 msecs (HTTP/1.1 200) 9 headers in 357 bytes (1 switches on core 0)
Sep 04 05:49:02 devstack devstack@n-api.service[61806]: DEBUG nova.api.openstack.wsgi [None req-ae19848f-011f-41d7-a718-4a819ae3d5ae admin admin] Action: 'create', calling method: >, body: {"flavor": {"os-flavor-access:is_public": true, "ram": 4096, "swap": 0, "OS-FLV-EXT-DATA:ephemeral": 0, "id": "d4", "disk": 20, "vcpus": 4, "name": "ds4G"}} {{(pid=61806) _process_stack /opt/stack/nova/nova/api/openstack/wsgi.py:549}}
Sep 04 05:49:02 devstack devstack@n-api.service[61806]: INFO nova.api.openstack.requestlog [None req-ae19848f-011f-41d7-a718-4a819ae3d5ae admin admin] 192.168.122.10 "POST /compute/v2.1/flavors" status: 200 len: 410 microversion: 2.61 time: 0.107515
Sep 04 05:49:02 devstack devstack@n-api.service[61806]: [pid: 61806|app: 0|req: 8/17] 192.168.122.10 () {64 vars in 1282 bytes} [Fri Sep 4 05:49:02 2026] POST /compute/v2.1/flavors => generated 410 bytes in 109 msecs (HTTP/1.1 200) 9 headers in 359 bytes (1 switches on core 0)
Sep 04 05:49:02 devstack devstack@n-api.service[61807]: DEBUG nova.api.openstack.wsgi [None req-3657c8e9-349f-4421-81df-9a004d2fe8d4 admin admin] Action: 'create', calling method: >, body: {"extra_specs": {"hw_rng:allowed": "True"}} {{(pid=61807) _process_stack /opt/stack/nova/nova/api/openstack/wsgi.py:549}}
Sep 04 05:49:02 devstack devstack@n-api.service[61807]: INFO nova.api.openstack.requestlog [None req-3657c8e9-349f-4421-81df-9a004d2fe8d4 admin admin] 192.168.122.10 "POST /compute/v2.1/flavors/d4/os-extra_specs" status: 200 len: 43 microversion: 2.61 time: 0.039080
Sep 04 05:49:02 devstack devstack@n-api.service[61807]: [pid: 61807|app: 0|req: 10/18] 192.168.122.10 () {64 vars in 1335 bytes} [Fri Sep 4 05:49:02 2026] POST /compute/v2.1/flavors/d4/os-extra_specs => generated 43 bytes in 41 msecs (HTTP/1.1 200) 9 headers in 358 bytes (1 switches on core 0)
Sep 04 05:49:05 devstack devstack@n-api.service[61806]: DEBUG nova.api.openstack.wsgi [None req-ae19848f-011f-41d7-a718-4a819ae3d5ae admin admin] Calling method '>' {{(pid=61806) _process_stack /opt/stack/nova/nova/api/openstack/wsgi.py:551}}
Sep 04 05:49:05 devstack devstack@n-api.service[61806]: INFO nova.api.openstack.requestlog [None req-ae19848f-011f-41d7-a718-4a819ae3d5ae admin admin] 192.168.122.10 "GET /compute/v2.1" status: 200 len: 392 microversion: 2.1 time: 0.010892
Sep 04 05:49:05 devstack devstack@n-api.service[61806]: [pid: 61806|app: 0|req: 9/19] 192.168.122.10 () {54 vars in 930 bytes} [Fri Sep 4 05:49:05 2026] GET /compute/v2.1 => generated 392 bytes in 12 msecs (HTTP/1.1 200) 9 headers in 357 bytes (1 switches on core 0)
Sep 04 05:49:05 devstack devstack@n-api.service[61807]: DEBUG nova.api.openstack.wsgi [None req-d1d484a1-8409-4728-ae54-8fd9f58cca36 admin admin] Calling method '>' {{(pid=61807) _process_stack /opt/stack/nova/nova/api/openstack/wsgi.py:551}}
Sep 04 05:49:05 devstack devstack@n-api.service[61807]: INFO nova.api.openstack.requestlog [None req-d1d484a1-8409-4728-ae54-8fd9f58cca36 admin admin] 192.168.122.10 "GET /compute/v2.1/flavors/detail?is_public=True" status: 200 len: 2136 microversion: 2.61 time: 0.118903
Sep 04 05:49:05 devstack devstack@n-api.service[61807]: [pid: 61807|app: 0|req: 11/20] 192.168.122.10 () {60 vars in 1291 bytes} [Fri Sep 4 05:49:05 2026] GET /compute/v2.1/flavors/detail?is_public=True => generated 2136 bytes in 120 msecs (HTTP/1.1 200) 9 headers in 360 bytes (1 switches on core 0)
Sep 04 05:49:08 devstack devstack@n-api.service[61806]: DEBUG nova.api.openstack.wsgi [None req-ae19848f-011f-41d7-a718-4a819ae3d5ae admin admin] Calling method '>' {{(pid=61806) _process_stack /opt/stack/nova/nova/api/openstack/wsgi.py:551}}
Sep 04 05:49:08 devstack devstack@n-api.service[61806]: INFO nova.api.openstack.requestlog [None req-ae19848f-011f-41d7-a718-4a819ae3d5ae admin admin] 192.168.122.10 "GET /compute/v2.1" status: 200 len: 392 microversion: 2.1 time: 0.004779
Sep 04 05:49:08 devstack devstack@n-api.service[61806]: [pid: 61806|app: 0|req: 10/21] 192.168.122.10 () {54 vars in 930 bytes} [Fri Sep 4 05:49:08 2026] GET /compute/v2.1 => generated 392 bytes in 5 msecs (HTTP/1.1 200) 9 headers in 357 bytes (1 switches on core 0)
Sep 04 05:49:08 devstack devstack@n-api.service[61807]: DEBUG nova.api.openstack.wsgi [None req-8e6b6d11-68cd-4316-98c0-9500fb51c39d admin admin] Action: 'create', calling method: >, body: {"flavor": {"ram": 512, "vcpus": 1, "disk": 1, "OS-FLV-EXT-DATA:ephemeral": 0, "swap": 0, "id": "1", "os-flavor-access:is_public": true, "name": "m1.tiny"}} {{(pid=61807) _process_stack /opt/stack/nova/nova/api/openstack/wsgi.py:549}}
Sep 04 05:49:08 devstack devstack@n-api.service[61807]: INFO nova.api.openstack.requestlog [None req-8e6b6d11-68cd-4316-98c0-9500fb51c39d admin admin] 192.168.122.10 "POST /compute/v2.1/flavors" status: 200 len: 408 microversion: 2.61 time: 0.090238
Sep 04 05:49:08 devstack devstack@n-api.service[61807]: [pid: 61807|app: 0|req: 12/22] 192.168.122.10 () {64 vars in 1282 bytes} [Fri Sep 4 05:49:08 2026] POST /compute/v2.1/flavors => generated 408 bytes in 91 msecs (HTTP/1.1 200) 9 headers in 359 bytes (1 switches on core 0)
Sep 04 05:49:08 devstack devstack@n-api.service[61806]: DEBUG nova.api.openstack.wsgi [None req-12204ee9-7d3c-46b0-95c2-a4ef5eb1e1fb admin admin] Action: 'create', calling method: >, body: {"extra_specs": {"hw_rng:allowed": "True"}} {{(pid=61806) _process_stack /opt/stack/nova/nova/api/openstack/wsgi.py:549}}
Sep 04 05:49:08 devstack devstack@n-api.service[61806]: INFO nova.api.openstack.requestlog [None req-12204ee9-7d3c-46b0-95c2-a4ef5eb1e1fb admin admin] 192.168.122.10 "POST /compute/v2.1/flavors/1/os-extra_specs" status: 200 len: 43 microversion: 2.61 time: 0.033572
Sep 04 05:49:08 devstack devstack@n-api.service[61806]: [pid: 61806|app: 0|req: 11/23] 192.168.122.10 () {64 vars in 1332 bytes} [Fri Sep 4 05:49:08 2026] POST /compute/v2.1/flavors/1/os-extra_specs => generated 43 bytes in 35 msecs (HTTP/1.1 200) 9 headers in 358 bytes (1 switches on core 0)
Sep 04 05:49:11 devstack devstack@n-api.service[61807]: DEBUG nova.api.openstack.wsgi [None req-8e6b6d11-68cd-4316-98c0-9500fb51c39d admin admin] Calling method '>' {{(pid=61807) _process_stack /opt/stack/nova/nova/api/openstack/wsgi.py:551}}
Sep 04 05:49:11 devstack devstack@n-api.service[61807]: INFO nova.api.openstack.requestlog [None req-8e6b6d11-68cd-4316-98c0-9500fb51c39d admin admin] 192.168.122.10 "GET /compute/v2.1" status: 200 len: 392 microversion: 2.1 time: 0.005558
Sep 04 05:49:11 devstack devstack@n-api.service[61807]: [pid: 61807|app: 0|req: 13/24] 192.168.122.10 () {54 vars in 930 bytes} [Fri Sep 4 05:49:11 2026] GET /compute/v2.1 => generated 392 bytes in 7 msecs (HTTP/1.1 200) 9 headers in 357 bytes (1 switches on core 0)
Sep 04 05:49:11 devstack devstack@n-api.service[61806]: DEBUG nova.api.openstack.wsgi [None req-d5cd81a4-1172-48c6-975e-9f4b7b0ef4de admin admin] Action: 'create', calling method: >, body: {"flavor": {"name": "m1.small", "vcpus": 1, "disk": 20, "os-flavor-access:is_public": true, "ram": 2048, "swap": 0, "OS-FLV-EXT-DATA:ephemeral": 0, "id": "2"}} {{(pid=61806) _process_stack /opt/stack/nova/nova/api/openstack/wsgi.py:549}}
Sep 04 05:49:11 devstack devstack@n-api.service[61806]: INFO nova.api.openstack.requestlog [None req-d5cd81a4-1172-48c6-975e-9f4b7b0ef4de admin admin] 192.168.122.10 "POST /compute/v2.1/flavors" status: 200 len: 411 microversion: 2.61 time: 0.087169
Sep 04 05:49:11 devstack devstack@n-api.service[61806]: [pid: 61806|app: 0|req: 12/25] 192.168.122.10 () {64 vars in 1282 bytes} [Fri Sep 4 05:49:11 2026] POST /compute/v2.1/flavors => generated 411 bytes in 89 msecs (HTTP/1.1 200) 9 headers in 359 bytes (1 switches on core 0)
Sep 04 05:49:12 devstack devstack@n-api.service[61807]: DEBUG nova.api.openstack.wsgi [None req-123d5111-d06e-4c41-ae58-35b39024a1e1 admin admin] Action: 'create', calling method: >, body: {"extra_specs": {"hw_rng:allowed": "True"}} {{(pid=61807) _process_stack /opt/stack/nova/nova/api/openstack/wsgi.py:549}}
Sep 04 05:49:12 devstack devstack@n-api.service[61807]: INFO nova.api.openstack.requestlog [None req-123d5111-d06e-4c41-ae58-35b39024a1e1 admin admin] 192.168.122.10 "POST /compute/v2.1/flavors/2/os-extra_specs" status: 200 len: 43 microversion: 2.61 time: 0.034686
Sep 04 05:49:12 devstack devstack@n-api.service[61807]: [pid: 61807|app: 0|req: 14/26] 192.168.122.10 () {64 vars in 1332 bytes} [Fri Sep 4 05:49:11 2026] POST /compute/v2.1/flavors/2/os-extra_specs => generated 43 bytes in 36 msecs (HTTP/1.1 200) 9 headers in 358 bytes (1 switches on core 0)
Sep 04 05:49:14 devstack devstack@n-api.service[61806]: DEBUG nova.api.openstack.wsgi [None req-d5cd81a4-1172-48c6-975e-9f4b7b0ef4de admin admin] Calling method '>' {{(pid=61806) _process_stack /opt/stack/nova/nova/api/openstack/wsgi.py:551}}
Sep 04 05:49:14 devstack devstack@n-api.service[61806]: INFO nova.api.openstack.requestlog [None req-d5cd81a4-1172-48c6-975e-9f4b7b0ef4de admin admin] 192.168.122.10 "GET /compute/v2.1" status: 200 len: 392 microversion: 2.1 time: 0.005612
Sep 04 05:49:14 devstack devstack@n-api.service[61806]: [pid: 61806|app: 0|req: 13/27] 192.168.122.10 () {54 vars in 930 bytes} [Fri Sep 4 05:49:14 2026] GET /compute/v2.1 => generated 392 bytes in 6 msecs (HTTP/1.1 200) 9 headers in 357 bytes (1 switches on core 0)
Sep 04 05:49:15 devstack devstack@n-api.service[61807]: DEBUG nova.api.openstack.wsgi [None req-7e806e71-2b2f-48b1-a263-eae013374f59 admin admin] Action: 'create', calling method: >, body: {"flavor": {"id": "3", "OS-FLV-EXT-DATA:ephemeral": 0, "ram": 4096, "swap": 0, "name": "m1.medium", "vcpus": 2, "os-flavor-access:is_public": true, "disk": 40}} {{(pid=61807) _process_stack /opt/stack/nova/nova/api/openstack/wsgi.py:549}}
Sep 04 05:49:15 devstack devstack@n-api.service[61807]: INFO nova.api.openstack.requestlog [None req-7e806e71-2b2f-48b1-a263-eae013374f59 admin admin] 192.168.122.10 "POST /compute/v2.1/flavors" status: 200 len: 412 microversion: 2.61 time: 0.082031
Sep 04 05:49:15 devstack devstack@n-api.service[61807]: [pid: 61807|app: 0|req: 15/28] 192.168.122.10 () {64 vars in 1282 bytes} [Fri Sep 4 05:49:14 2026] POST /compute/v2.1/flavors => generated 412 bytes in 83 msecs (HTTP/1.1 200) 9 headers in 359 bytes (1 switches on core 0)
Sep 04 05:49:15 devstack devstack@n-api.service[61806]: DEBUG nova.api.openstack.wsgi [None req-7ca324cd-137f-41a1-988f-a216cbd67b8f admin admin] Action: 'create', calling method: >, body: {"extra_specs": {"hw_rng:allowed": "True"}} {{(pid=61806) _process_stack /opt/stack/nova/nova/api/openstack/wsgi.py:549}}
Sep 04 05:49:15 devstack devstack@n-api.service[61806]: INFO nova.api.openstack.requestlog [None req-7ca324cd-137f-41a1-988f-a216cbd67b8f admin admin] 192.168.122.10 "POST /compute/v2.1/flavors/3/os-extra_specs" status: 200 len: 43 microversion: 2.61 time: 0.033147
Sep 04 05:49:15 devstack devstack@n-api.service[61806]: [pid: 61806|app: 0|req: 14/29] 192.168.122.10 () {64 vars in 1332 bytes} [Fri Sep 4 05:49:15 2026] POST /compute/v2.1/flavors/3/os-extra_specs => generated 43 bytes in 34 msecs (HTTP/1.1 200) 9 headers in 358 bytes (1 switches on core 0)
Sep 04 05:49:17 devstack devstack@n-api.service[61807]: DEBUG nova.api.openstack.wsgi [None req-7e806e71-2b2f-48b1-a263-eae013374f59 admin admin] Calling method '>' {{(pid=61807) _process_stack /opt/stack/nova/nova/api/openstack/wsgi.py:551}}
Sep 04 05:49:18 devstack devstack@n-api.service[61807]: INFO nova.api.openstack.requestlog [None req-7e806e71-2b2f-48b1-a263-eae013374f59 admin admin] 192.168.122.10 "GET /compute/v2.1" status: 200 len: 392 microversion: 2.1 time: 0.006023
Sep 04 05:49:18 devstack devstack@n-api.service[61807]: [pid: 61807|app: 0|req: 16/30] 192.168.122.10 () {54 vars in 930 bytes} [Fri Sep 4 05:49:17 2026] GET /compute/v2.1 => generated 392 bytes in 7 msecs (HTTP/1.1 200) 9 headers in 357 bytes (1 switches on core 0)
Sep 04 05:49:18 devstack devstack@n-api.service[61806]: DEBUG nova.api.openstack.wsgi [None req-859e04d6-5114-429b-8d97-06125c950554 admin admin] Action: 'create', calling method: >, body: {"flavor": {"ram": 8192, "vcpus": 4, "swap": 0, "OS-FLV-EXT-DATA:ephemeral": 0, "disk": 80, "name": "m1.large", "os-flavor-access:is_public": true, "id": "4"}} {{(pid=61806) _process_stack /opt/stack/nova/nova/api/openstack/wsgi.py:549}}
Sep 04 05:49:18 devstack devstack@n-api.service[61806]: INFO nova.api.openstack.requestlog [None req-859e04d6-5114-429b-8d97-06125c950554 admin admin] 192.168.122.10 "POST /compute/v2.1/flavors" status: 200 len: 411 microversion: 2.61 time: 0.086198
Sep 04 05:49:18 devstack devstack@n-api.service[61806]: [pid: 61806|app: 0|req: 15/31] 192.168.122.10 () {64 vars in 1282 bytes} [Fri Sep 4 05:49:18 2026] POST /compute/v2.1/flavors => generated 411 bytes in 87 msecs (HTTP/1.1 200) 9 headers in 359 bytes (1 switches on core 0)
Sep 04 05:49:18 devstack devstack@n-api.service[61807]: DEBUG nova.api.openstack.wsgi [None req-271b5441-bf9b-4c21-9b81-764be54794fe admin admin] Action: 'create', calling method: >, body: {"extra_specs": {"hw_rng:allowed": "True"}} {{(pid=61807) _process_stack /opt/stack/nova/nova/api/openstack/wsgi.py:549}}
Sep 04 05:49:18 devstack devstack@n-api.service[61807]: INFO nova.api.openstack.requestlog [None req-271b5441-bf9b-4c21-9b81-764be54794fe admin admin] 192.168.122.10 "POST /compute/v2.1/flavors/4/os-extra_specs" status: 200 len: 43 microversion: 2.61 time: 0.035931
Sep 04 05:49:18 devstack devstack@n-api.service[61807]: [pid: 61807|app: 0|req: 17/32] 192.168.122.10 () {64 vars in 1332 bytes} [Fri Sep 4 05:49:18 2026] POST /compute/v2.1/flavors/4/os-extra_specs => generated 43 bytes in 37 msecs (HTTP/1.1 200) 9 headers in 358 bytes (1 switches on core 0)
Sep 04 05:49:21 devstack devstack@n-api.service[61806]: DEBUG nova.api.openstack.wsgi [None req-859e04d6-5114-429b-8d97-06125c950554 admin admin] Calling method '>' {{(pid=61806) _process_stack /opt/stack/nova/nova/api/openstack/wsgi.py:551}}
Sep 04 05:49:21 devstack devstack@n-api.service[61806]: INFO nova.api.openstack.requestlog [None req-859e04d6-5114-429b-8d97-06125c950554 admin admin] 192.168.122.10 "GET /compute/v2.1" status: 200 len: 392 microversion: 2.1 time: 0.006139
Sep 04 05:49:21 devstack devstack@n-api.service[61806]: [pid: 61806|app: 0|req: 16/33] 192.168.122.10 () {54 vars in 930 bytes} [Fri Sep 4 05:49:21 2026] GET /compute/v2.1 => generated 392 bytes in 7 msecs (HTTP/1.1 200) 9 headers in 357 bytes (1 switches on core 0)
Sep 04 05:49:21 devstack devstack@n-api.service[61807]: DEBUG nova.api.openstack.wsgi [None req-78efeeeb-a7f6-4956-aae1-2051e0be7cf0 admin admin] Action: 'create', calling method: >, body: {"flavor": {"OS-FLV-EXT-DATA:ephemeral": 0, "swap": 0, "disk": 160, "os-flavor-access:is_public": true, "vcpus": 8, "ram": 16384, "name": "m1.xlarge", "id": "5"}} {{(pid=61807) _process_stack /opt/stack/nova/nova/api/openstack/wsgi.py:549}}
Sep 04 05:49:21 devstack devstack@n-api.service[61807]: INFO nova.api.openstack.requestlog [None req-78efeeeb-a7f6-4956-aae1-2051e0be7cf0 admin admin] 192.168.122.10 "POST /compute/v2.1/flavors" status: 200 len: 414 microversion: 2.61 time: 0.080923
Sep 04 05:49:21 devstack devstack@n-api.service[61807]: [pid: 61807|app: 0|req: 18/34] 192.168.122.10 () {64 vars in 1282 bytes} [Fri Sep 4 05:49:21 2026] POST /compute/v2.1/flavors => generated 414 bytes in 82 msecs (HTTP/1.1 200) 9 headers in 359 bytes (1 switches on core 0)
Sep 04 05:49:21 devstack devstack@n-api.service[61806]: DEBUG nova.api.openstack.wsgi [None req-4b0c15f5-e98d-4a62-9424-cd34dffd324d admin admin] Action: 'create', calling method: >, body: {"extra_specs": {"hw_rng:allowed": "True"}} {{(pid=61806) _process_stack /opt/stack/nova/nova/api/openstack/wsgi.py:549}}
Sep 04 05:49:21 devstack devstack@n-api.service[61806]: INFO nova.api.openstack.requestlog [None req-4b0c15f5-e98d-4a62-9424-cd34dffd324d admin admin] 192.168.122.10 "POST /compute/v2.1/flavors/5/os-extra_specs" status: 200 len: 43 microversion: 2.61 time: 0.036277
Sep 04 05:49:21 devstack devstack@n-api.service[61806]: [pid: 61806|app: 0|req: 17/35] 192.168.122.10 () {64 vars in 1332 bytes} [Fri Sep 4 05:49:21 2026] POST /compute/v2.1/flavors/5/os-extra_specs => generated 43 bytes in 37 msecs (HTTP/1.1 200) 9 headers in 358 bytes (1 switches on core 0)
Sep 04 05:49:28 devstack devstack@n-api.service[61807]: DEBUG nova.api.openstack.wsgi [None req-78efeeeb-a7f6-4956-aae1-2051e0be7cf0 admin admin] Calling method '>' {{(pid=61807) _process_stack /opt/stack/nova/nova/api/openstack/wsgi.py:551}}
Sep 04 05:49:28 devstack devstack@n-api.service[61807]: INFO nova.api.openstack.requestlog [None req-78efeeeb-a7f6-4956-aae1-2051e0be7cf0 admin admin] 192.168.122.10 "GET /compute/v2.1" status: 200 len: 392 microversion: 2.1 time: 0.004756
Sep 04 05:49:28 devstack devstack@n-api.service[61807]: [pid: 61807|app: 0|req: 19/36] 192.168.122.10 () {54 vars in 930 bytes} [Fri Sep 4 05:49:28 2026] GET /compute/v2.1 => generated 392 bytes in 6 msecs (HTTP/1.1 200) 9 headers in 357 bytes (1 switches on core 0)
Sep 04 05:49:28 devstack devstack@n-api.service[61806]: DEBUG nova.api.openstack.wsgi [None req-90e108ae-e27c-4b62-be47-bd71f5cc0c78 admin admin] Calling method '>' {{(pid=61806) _process_stack /opt/stack/nova/nova/api/openstack/wsgi.py:551}}
Sep 04 05:49:28 devstack devstack@n-api.service[61806]: DEBUG oslo_concurrency.lockutils [None req-90e108ae-e27c-4b62-be47-bd71f5cc0c78 admin admin] Acquiring lock "00000000-0000-0000-0000-000000000000" by "nova.context.set_target_cell..get_or_set_cached_cell_and_set_connections" {{(pid=61806) inner /opt/stack/data/venv/lib/python3.12/site-packages/oslo_concurrency/lockutils.py:512}}
Sep 04 05:49:28 devstack devstack@n-api.service[61806]: DEBUG oslo_concurrency.lockutils [None req-90e108ae-e27c-4b62-be47-bd71f5cc0c78 admin admin] Lock "00000000-0000-0000-0000-000000000000" acquired by "nova.context.set_target_cell..get_or_set_cached_cell_and_set_connections" :: waited 0.001s {{(pid=61806) inner /opt/stack/data/venv/lib/python3.12/site-packages/oslo_concurrency/lockutils.py:525}}
Sep 04 05:49:28 devstack devstack@n-api.service[61806]: DEBUG oslo_concurrency.lockutils [None req-90e108ae-e27c-4b62-be47-bd71f5cc0c78 admin admin] Lock "00000000-0000-0000-0000-000000000000" "released" by "nova.context.set_target_cell..get_or_set_cached_cell_and_set_connections" :: held 0.000s {{(pid=61806) inner /opt/stack/data/venv/lib/python3.12/site-packages/oslo_concurrency/lockutils.py:544}}
Sep 04 05:49:28 devstack devstack@n-api.service[61806]: DEBUG oslo_concurrency.lockutils [None req-90e108ae-e27c-4b62-be47-bd71f5cc0c78 admin admin] Acquiring lock "267221e9-a1c4-41b6-bf5e-169610ef6fcd" by "nova.context.set_target_cell..get_or_set_cached_cell_and_set_connections" {{(pid=61806) inner /opt/stack/data/venv/lib/python3.12/site-packages/oslo_concurrency/lockutils.py:512}}
Sep 04 05:49:28 devstack devstack@n-api.service[61806]: DEBUG oslo_concurrency.lockutils [None req-90e108ae-e27c-4b62-be47-bd71f5cc0c78 admin admin] Lock "267221e9-a1c4-41b6-bf5e-169610ef6fcd" acquired by "nova.context.set_target_cell..get_or_set_cached_cell_and_set_connections" :: waited 0.000s {{(pid=61806) inner /opt/stack/data/venv/lib/python3.12/site-packages/oslo_concurrency/lockutils.py:525}}
Sep 04 05:49:28 devstack devstack@n-api.service[61806]: DEBUG oslo_concurrency.lockutils [None req-90e108ae-e27c-4b62-be47-bd71f5cc0c78 admin admin] Lock "267221e9-a1c4-41b6-bf5e-169610ef6fcd" "released" by "nova.context.set_target_cell..get_or_set_cached_cell_and_set_connections" :: held 0.000s {{(pid=61806) inner /opt/stack/data/venv/lib/python3.12/site-packages/oslo_concurrency/lockutils.py:544}}
Sep 04 05:49:28 devstack devstack@n-api.service[61806]: INFO nova.api.openstack.requestlog [None req-90e108ae-e27c-4b62-be47-bd71f5cc0c78 admin admin] 192.168.122.10 "GET /compute/v2.1/os-services?binary=nova-compute&host=devstack" status: 200 len: 251 microversion: 2.69 time: 0.156049
Sep 04 05:49:28 devstack devstack@n-api.service[61806]: [pid: 61806|app: 0|req: 18/37] 192.168.122.10 () {60 vars in 1320 bytes} [Fri Sep 4 05:49:28 2026] GET /compute/v2.1/os-services?binary=nova-compute&host=devstack => generated 251 bytes in 157 msecs (HTTP/1.1 200) 9 headers in 359 bytes (1 switches on core 0)
Sep 04 05:49:31 devstack devstack@n-api.service[61807]: DEBUG dbcounter [-] [61807] Writing DB stats nova_api:SELECT=21,nova_api:SAVEPOINT=5,nova_api:INSERT=10,nova_api:RELEASE=5 {{(pid=61807) stat_writer /opt/stack/data/venv/lib/python3.12/site-packages/dbcounter.py:115}}
Sep 04 05:49:38 devstack devstack@n-api.service[61806]: DEBUG dbcounter [-] [61806] Writing DB stats nova_cell0:SELECT=1 {{(pid=61806) stat_writer /opt/stack/data/venv/lib/python3.12/site-packages/dbcounter.py:115}}
Sep 04 05:49:38 devstack devstack@n-api.service[61806]: DEBUG dbcounter [-] [61806] Writing DB stats nova_cell1:SELECT=1 {{(pid=61806) stat_writer /opt/stack/data/venv/lib/python3.12/site-packages/dbcounter.py:115}}
Sep 04 05:49:38 devstack devstack@n-api.service[61806]: DEBUG dbcounter [-] [61806] Writing DB stats nova_api:SELECT=23,nova_api:INSERT=10,nova_api:SAVEPOINT=5,nova_api:RELEASE=5 {{(pid=61806) stat_writer /opt/stack/data/venv/lib/python3.12/site-packages/dbcounter.py:115}}
Sep 04 05:50:01 devstack devstack@n-api.service[61807]: DEBUG nova.api.openstack.wsgi [None req-78efeeeb-a7f6-4956-aae1-2051e0be7cf0 admin admin] Calling method '>' {{(pid=61807) _process_stack /opt/stack/nova/nova/api/openstack/wsgi.py:551}}
Sep 04 05:50:01 devstack devstack@n-api.service[61807]: INFO nova.api.openstack.requestlog [None req-78efeeeb-a7f6-4956-aae1-2051e0be7cf0 admin admin] 192.168.122.10 "GET /compute/v2.1" status: 200 len: 392 microversion: 2.1 time: 0.004712
Sep 04 05:50:01 devstack devstack@n-api.service[61807]: [pid: 61807|app: 0|req: 20/38] 192.168.122.10 () {54 vars in 930 bytes} [Fri Sep 4 05:50:01 2026] GET /compute/v2.1 => generated 392 bytes in 5 msecs (HTTP/1.1 200) 9 headers in 357 bytes (1 switches on core 0)
Sep 04 05:50:01 devstack devstack@n-api.service[61806]: DEBUG nova.api.openstack.wsgi [None req-c4a96c22-b92f-4068-95a0-fd4082eda528 admin admin] Calling method '>' {{(pid=61806) _process_stack /opt/stack/nova/nova/api/openstack/wsgi.py:551}}
Sep 04 05:50:01 devstack devstack@n-api.service[61806]: INFO nova.api.openstack.requestlog [None req-c4a96c22-b92f-4068-95a0-fd4082eda528 admin admin] 192.168.122.10 "GET /compute/v2.1/flavors/detail?is_public=True" status: 200 len: 4262 microversion: 2.61 time: 0.082042
Sep 04 05:50:01 devstack devstack@n-api.service[61806]: [pid: 61806|app: 0|req: 19/39] 192.168.122.10 () {60 vars in 1291 bytes} [Fri Sep 4 05:50:01 2026] GET /compute/v2.1/flavors/detail?is_public=True => generated 4262 bytes in 83 msecs (HTTP/1.1 200) 9 headers in 360 bytes (1 switches on core 0)
Sep 04 05:50:07 devstack devstack@n-api.service[61807]: DEBUG nova.api.openstack.wsgi [None req-78efeeeb-a7f6-4956-aae1-2051e0be7cf0 admin admin] Calling method '>' {{(pid=61807) _process_stack /opt/stack/nova/nova/api/openstack/wsgi.py:551}}
Sep 04 05:50:07 devstack devstack@n-api.service[61807]: INFO nova.api.openstack.requestlog [None req-78efeeeb-a7f6-4956-aae1-2051e0be7cf0 admin admin] 192.168.122.10 "GET /compute/v2.1" status: 200 len: 392 microversion: 2.1 time: 0.006041
Sep 04 05:50:07 devstack devstack@n-api.service[61807]: [pid: 61807|app: 0|req: 21/40] 192.168.122.10 () {54 vars in 930 bytes} [Fri Sep 4 05:50:07 2026] GET /compute/v2.1 => generated 392 bytes in 7 msecs (HTTP/1.1 200) 9 headers in 357 bytes (1 switches on core 0)
Sep 04 05:50:07 devstack devstack@n-api.service[61806]: DEBUG nova.api.openstack.wsgi [None req-b41d41a7-dc10-4221-ad23-f5e89f1de4ac admin admin] Action: 'create', calling method: >, body: {"flavor": {"os-flavor-access:is_public": true, "name": "m1.nano", "vcpus": 1, "disk": 1, "id": "42", "ram": 192, "OS-FLV-EXT-DATA:ephemeral": 0, "swap": 0}} {{(pid=61806) _process_stack /opt/stack/nova/nova/api/openstack/wsgi.py:549}}
Sep 04 05:50:07 devstack devstack@n-api.service[61806]: INFO nova.api.openstack.requestlog [None req-b41d41a7-dc10-4221-ad23-f5e89f1de4ac admin admin] 192.168.122.10 "POST /compute/v2.1/flavors" status: 200 len: 411 microversion: 2.61 time: 0.083761
Sep 04 05:50:07 devstack devstack@n-api.service[61806]: [pid: 61806|app: 0|req: 20/41] 192.168.122.10 () {64 vars in 1282 bytes} [Fri Sep 4 05:50:07 2026] POST /compute/v2.1/flavors => generated 411 bytes in 85 msecs (HTTP/1.1 200) 9 headers in 359 bytes (1 switches on core 0)
Sep 04 05:50:07 devstack devstack@n-api.service[61807]: DEBUG nova.api.openstack.wsgi [None req-88af524c-beb2-4919-91c9-2f248acf433f admin admin] Action: 'create', calling method: >, body: {"extra_specs": {"hw_rng:allowed": "True"}} {{(pid=61807) _process_stack /opt/stack/nova/nova/api/openstack/wsgi.py:549}}
Sep 04 05:50:07 devstack devstack@n-api.service[61807]: INFO nova.api.openstack.requestlog [None req-88af524c-beb2-4919-91c9-2f248acf433f admin admin] 192.168.122.10 "POST /compute/v2.1/flavors/42/os-extra_specs" status: 200 len: 43 microversion: 2.61 time: 0.035178
Sep 04 05:50:07 devstack devstack@n-api.service[61807]: [pid: 61807|app: 0|req: 22/42] 192.168.122.10 () {64 vars in 1335 bytes} [Fri Sep 4 05:50:07 2026] POST /compute/v2.1/flavors/42/os-extra_specs => generated 43 bytes in 36 msecs (HTTP/1.1 200) 9 headers in 358 bytes (1 switches on core 0)
Sep 04 05:50:13 devstack devstack@n-api.service[61806]: DEBUG nova.api.openstack.wsgi [None req-b41d41a7-dc10-4221-ad23-f5e89f1de4ac admin admin] Calling method '>' {{(pid=61806) _process_stack /opt/stack/nova/nova/api/openstack/wsgi.py:551}}
Sep 04 05:50:13 devstack devstack@n-api.service[61806]: INFO nova.api.openstack.requestlog [None req-b41d41a7-dc10-4221-ad23-f5e89f1de4ac admin admin] 192.168.122.10 "GET /compute/v2.1" status: 200 len: 392 microversion: 2.1 time: 0.005681
Sep 04 05:50:13 devstack devstack@n-api.service[61806]: [pid: 61806|app: 0|req: 21/43] 192.168.122.10 () {54 vars in 930 bytes} [Fri Sep 4 05:50:13 2026] GET /compute/v2.1 => generated 392 bytes in 7 msecs (HTTP/1.1 200) 9 headers in 357 bytes (1 switches on core 0)
Sep 04 05:50:13 devstack devstack@n-api.service[61807]: DEBUG nova.api.openstack.wsgi [None req-a5d130d5-95a1-4b8c-802b-df27102dc0d4 admin admin] Action: 'create', calling method: >, body: {"flavor": {"OS-FLV-EXT-DATA:ephemeral": 0, "id": "84", "vcpus": 1, "disk": 1, "os-flavor-access:is_public": true, "ram": 256, "swap": 0, "name": "m1.micro"}} {{(pid=61807) _process_stack /opt/stack/nova/nova/api/openstack/wsgi.py:549}}
Sep 04 05:50:13 devstack devstack@n-api.service[61807]: INFO nova.api.openstack.requestlog [None req-a5d130d5-95a1-4b8c-802b-df27102dc0d4 admin admin] 192.168.122.10 "POST /compute/v2.1/flavors" status: 200 len: 412 microversion: 2.61 time: 0.081401
Sep 04 05:50:13 devstack devstack@n-api.service[61807]: [pid: 61807|app: 0|req: 23/44] 192.168.122.10 () {64 vars in 1282 bytes} [Fri Sep 4 05:50:13 2026] POST /compute/v2.1/flavors => generated 412 bytes in 82 msecs (HTTP/1.1 200) 9 headers in 359 bytes (1 switches on core 0)
Sep 04 05:50:13 devstack devstack@n-api.service[61806]: DEBUG nova.api.openstack.wsgi [None req-8f034511-eb28-4188-b8f5-110ff39fdbda admin admin] Action: 'create', calling method: >, body: {"extra_specs": {"hw_rng:allowed": "True"}} {{(pid=61806) _process_stack /opt/stack/nova/nova/api/openstack/wsgi.py:549}}
Sep 04 05:50:13 devstack devstack@n-api.service[61806]: INFO nova.api.openstack.requestlog [None req-8f034511-eb28-4188-b8f5-110ff39fdbda admin admin] 192.168.122.10 "POST /compute/v2.1/flavors/84/os-extra_specs" status: 200 len: 43 microversion: 2.61 time: 0.032944
Sep 04 05:50:13 devstack devstack@n-api.service[61806]: [pid: 61806|app: 0|req: 22/45] 192.168.122.10 () {64 vars in 1335 bytes} [Fri Sep 4 05:50:13 2026] POST /compute/v2.1/flavors/84/os-extra_specs => generated 43 bytes in 34 msecs (HTTP/1.1 200) 9 headers in 358 bytes (1 switches on core 0)
Sep 04 05:50:23 devstack devstack@n-api.service[61807]: DEBUG dbcounter [-] [61807] Writing DB stats nova_api:SELECT=4,nova_api:SAVEPOINT=1,nova_api:INSERT=2,nova_api:RELEASE=1 {{(pid=61807) stat_writer /opt/stack/data/venv/lib/python3.12/site-packages/dbcounter.py:115}}
Sep 04 05:50:23 devstack devstack@n-api.service[61806]: DEBUG dbcounter [-] [61806] Writing DB stats nova_api:SELECT=5,nova_api:INSERT=2,nova_api:SAVEPOINT=1,nova_api:RELEASE=1 {{(pid=61806) stat_writer /opt/stack/data/venv/lib/python3.12/site-packages/dbcounter.py:115}}
Sep 04 05:54:10 devstack devstack@n-api.service[61807]: DEBUG nova.api.openstack.wsgi [None req-8249a482-0ca9-4e78-8879-4b7a88bccd1f tempest-DeleteServersTestJSON-442042546 tempest-DeleteServersTestJSON-442042546-project-member] Action: 'create', calling method: >, body: {"server": {"name": "tempest-DeleteServersTestJSON-server-2048800746", "imageRef": "e49bac44-c124-47bb-b839-5895be946aa9", "flavorRef": "42", "networks": [{"uuid": "282ccf71-ed57-4b7a-a7c9-69a2f7c720af"}]}} {{(pid=61807) _process_stack /opt/stack/nova/nova/api/openstack/wsgi.py:549}}
Sep 04 05:54:11 devstack devstack@n-api.service[61807]: DEBUG oslo_concurrency.lockutils [None req-8249a482-0ca9-4e78-8879-4b7a88bccd1f tempest-DeleteServersTestJSON-442042546 tempest-DeleteServersTestJSON-442042546-project-member] Acquiring lock "00000000-0000-0000-0000-000000000000" by "nova.context.set_target_cell..get_or_set_cached_cell_and_set_connections" {{(pid=61807) inner /opt/stack/data/venv/lib/python3.12/site-packages/oslo_concurrency/lockutils.py:512}}
Sep 04 05:54:11 devstack devstack@n-api.service[61807]: DEBUG oslo_concurrency.lockutils [None req-8249a482-0ca9-4e78-8879-4b7a88bccd1f tempest-DeleteServersTestJSON-442042546 tempest-DeleteServersTestJSON-442042546-project-member] Lock "00000000-0000-0000-0000-000000000000" acquired by "nova.context.set_target_cell..get_or_set_cached_cell_and_set_connections" :: waited 0.001s {{(pid=61807) inner /opt/stack/data/venv/lib/python3.12/site-packages/oslo_concurrency/lockutils.py:525}}
Sep 04 05:54:11 devstack devstack@n-api.service[61807]: DEBUG oslo_concurrency.lockutils [None req-8249a482-0ca9-4e78-8879-4b7a88bccd1f tempest-DeleteServersTestJSON-442042546 tempest-DeleteServersTestJSON-442042546-project-member] Lock "00000000-0000-0000-0000-000000000000" "released" by "nova.context.set_target_cell..get_or_set_cached_cell_and_set_connections" :: held 0.001s {{(pid=61807) inner /opt/stack/data/venv/lib/python3.12/site-packages/oslo_concurrency/lockutils.py:544}}
Sep 04 05:54:11 devstack devstack@n-api.service[61807]: DEBUG oslo_concurrency.lockutils [None req-8249a482-0ca9-4e78-8879-4b7a88bccd1f tempest-DeleteServersTestJSON-442042546 tempest-DeleteServersTestJSON-442042546-project-member] Acquiring lock "267221e9-a1c4-41b6-bf5e-169610ef6fcd" by "nova.context.set_target_cell..get_or_set_cached_cell_and_set_connections" {{(pid=61807) inner /opt/stack/data/venv/lib/python3.12/site-packages/oslo_concurrency/lockutils.py:512}}
Sep 04 05:54:11 devstack devstack@n-api.service[61807]: DEBUG oslo_concurrency.lockutils [None req-8249a482-0ca9-4e78-8879-4b7a88bccd1f tempest-DeleteServersTestJSON-442042546 tempest-DeleteServersTestJSON-442042546-project-member] Lock "267221e9-a1c4-41b6-bf5e-169610ef6fcd" acquired by "nova.context.set_target_cell..get_or_set_cached_cell_and_set_connections" :: waited 0.001s {{(pid=61807) inner /opt/stack/data/venv/lib/python3.12/site-packages/oslo_concurrency/lockutils.py:525}}
Sep 04 05:54:11 devstack devstack@n-api.service[61807]: DEBUG oslo_concurrency.lockutils [None req-8249a482-0ca9-4e78-8879-4b7a88bccd1f tempest-DeleteServersTestJSON-442042546 tempest-DeleteServersTestJSON-442042546-project-member] Lock "267221e9-a1c4-41b6-bf5e-169610ef6fcd" "released" by "nova.context.set_target_cell..get_or_set_cached_cell_and_set_connections" :: held 0.001s {{(pid=61807) inner /opt/stack/data/venv/lib/python3.12/site-packages/oslo_concurrency/lockutils.py:544}}
Sep 04 05:54:11 devstack devstack@n-api.service[61807]: DEBUG nova.network.neutron [None req-8249a482-0ca9-4e78-8879-4b7a88bccd1f tempest-DeleteServersTestJSON-442042546 tempest-DeleteServersTestJSON-442042546-project-member] validate_networks() for [('282ccf71-ed57-4b7a-a7c9-69a2f7c720af', None, None, None, None, None)] {{(pid=61807) validate_networks /opt/stack/nova/nova/network/neutron.py:2686}}
Sep 04 05:54:11 devstack devstack@n-api.service[61807]: WARNING neutronclient.v2_0.client [None req-8249a482-0ca9-4e78-8879-4b7a88bccd1f tempest-DeleteServersTestJSON-442042546 tempest-DeleteServersTestJSON-442042546-project-member] The python binding code in neutronclient is deprecated in favor of OpenstackSDK, please use that as this will be removed in a future release.
Sep 04 05:54:16 devstack devstack@n-api.service[61806]: DEBUG nova.api.openstack.wsgi [None req-0e2afa36-e6b0-4268-a918-dbe49de436cd tempest-ServerActionsTestOtherA-696632990 tempest-ServerActionsTestOtherA-696632990-project-member] Action: 'create', calling method: >, body: {"keypair": {"name": "tempest-keypair-875565535", "public_key": "ecdsa-sha2-nistp384 AAAAE2VjZHNhLXNoYTItbmlzdHAzODQAAAAIbmlzdHAzODQAAABhBJp2iFNfdY5De5LrloP3/ALb6gvKQLsQ5HRR2ewapJ6caYmEkXj02m/xcH7HluGH0TPuYhfcsv+HXgMIRA1gNxAt9gbStHWU2u/eD2ynr2ZysFevrJlgso7vQVuQjAHNbg=="}} {{(pid=61806) _process_stack /opt/stack/nova/nova/api/openstack/wsgi.py:549}}
Sep 04 05:54:16 devstack devstack@n-api.service[61806]: DEBUG nova.quota [None req-0e2afa36-e6b0-4268-a918-dbe49de436cd tempest-ServerActionsTestOtherA-696632990 tempest-ServerActionsTestOtherA-696632990-project-member] Getting quotas for project 38dda44298664054a5dc8db4731ac3d7. Resources: {'key_pairs'} {{(pid=61806) _get_quotas /opt/stack/nova/nova/quota.py:389}}
Sep 04 05:54:16 devstack devstack@n-api.service[61806]: DEBUG nova.quota [None req-0e2afa36-e6b0-4268-a918-dbe49de436cd tempest-ServerActionsTestOtherA-696632990 tempest-ServerActionsTestOtherA-696632990-project-member] Getting quotas for user 764ca0d7d3b14691965c7c4c57854944 and project 38dda44298664054a5dc8db4731ac3d7. Resources: {'key_pairs'} {{(pid=61806) _get_quotas /opt/stack/nova/nova/quota.py:379}}
Sep 04 05:54:16 devstack devstack@n-api.service[61806]: INFO nova.api.openstack.requestlog [None req-0e2afa36-e6b0-4268-a918-dbe49de436cd tempest-ServerActionsTestOtherA-696632990 tempest-ServerActionsTestOtherA-696632990-project-member] 192.168.122.10 "POST /compute/v2.1/os-keypairs" status: 200 len: 385 microversion: 2.1 time: 0.443075
Sep 04 05:54:16 devstack devstack@n-api.service[61806]: [pid: 61806|app: 0|req: 23/46] 192.168.122.10 () {60 vars in 1156 bytes} [Fri Sep 4 05:54:16 2026] POST /compute/v2.1/os-keypairs => generated 385 bytes in 444 msecs (HTTP/1.1 200) 9 headers in 357 bytes (1 switches on core 0)
Sep 04 05:54:18 devstack devstack@n-api.service[61807]: WARNING neutronclient.v2_0.client [None req-8249a482-0ca9-4e78-8879-4b7a88bccd1f tempest-DeleteServersTestJSON-442042546 tempest-DeleteServersTestJSON-442042546-project-member] The python binding code in neutronclient is deprecated in favor of OpenstackSDK, please use that as this will be removed in a future release.
Sep 04 05:54:20 devstack devstack@n-api.service[61807]: DEBUG dbcounter [-] [61807] Writing DB stats nova_api:SELECT=1 {{(pid=61807) stat_writer /opt/stack/data/venv/lib/python3.12/site-packages/dbcounter.py:115}}
Sep 04 05:54:21 devstack devstack@n-api.service[61807]: DEBUG dbcounter [-] [61807] Writing DB stats nova_cell0:SELECT=1 {{(pid=61807) stat_writer /opt/stack/data/venv/lib/python3.12/site-packages/dbcounter.py:115}}
Sep 04 05:54:21 devstack devstack@n-api.service[61807]: DEBUG dbcounter [-] [61807] Writing DB stats nova_cell1:SELECT=1 {{(pid=61807) stat_writer /opt/stack/data/venv/lib/python3.12/site-packages/dbcounter.py:115}}
Sep 04 05:54:24 devstack devstack@n-api.service[61806]: DEBUG nova.api.openstack.wsgi [None req-c8c74b9f-b5cb-46dc-a6e7-148a30e55d35 tempest-ServerActionsTestOtherA-696632990 tempest-ServerActionsTestOtherA-696632990-project-member] Action: 'create', calling method: >, body: {"server": {"name": "tempest-ServerActionsTestOtherA-server-2080008657", "imageRef": "e49bac44-c124-47bb-b839-5895be946aa9", "flavorRef": "42", "adminPass": "***", "networks": [{"uuid": "c2eb4347-f91a-4184-83e3-5b192243c42d"}], "security_groups": [{"name": "tempest-securitygroup--228136971"}], "key_name": "tempest-keypair-875565535", "user_data": "}} {{(pid=61806) _process_stack /opt/stack/nova/nova/api/openstack/wsgi.py:549}}
Sep 04 05:54:24 devstack devstack@n-api.service[61807]: DEBUG nova.virt.hardware [None req-8249a482-0ca9-4e78-8879-4b7a88bccd1f tempest-DeleteServersTestJSON-442042546 tempest-DeleteServersTestJSON-442042546-project-member] Flavor limits 0:0:0 {{(pid=61807) get_cpu_topology_constraints /opt/stack/nova/nova/virt/hardware.py:589}}
Sep 04 05:54:24 devstack devstack@n-api.service[61807]: DEBUG nova.virt.hardware [None req-8249a482-0ca9-4e78-8879-4b7a88bccd1f tempest-DeleteServersTestJSON-442042546 tempest-DeleteServersTestJSON-442042546-project-member] Image limits 0:0:0 {{(pid=61807) get_cpu_topology_constraints /opt/stack/nova/nova/virt/hardware.py:593}}
Sep 04 05:54:24 devstack devstack@n-api.service[61807]: DEBUG nova.virt.hardware [None req-8249a482-0ca9-4e78-8879-4b7a88bccd1f tempest-DeleteServersTestJSON-442042546 tempest-DeleteServersTestJSON-442042546-project-member] Flavor pref 0:0:0 {{(pid=61807) get_cpu_topology_constraints /opt/stack/nova/nova/virt/hardware.py:629}}
Sep 04 05:54:24 devstack devstack@n-api.service[61807]: DEBUG nova.virt.hardware [None req-8249a482-0ca9-4e78-8879-4b7a88bccd1f tempest-DeleteServersTestJSON-442042546 tempest-DeleteServersTestJSON-442042546-project-member] Image pref 0:0:0 {{(pid=61807) get_cpu_topology_constraints /opt/stack/nova/nova/virt/hardware.py:633}}
Sep 04 05:54:24 devstack devstack@n-api.service[61807]: DEBUG nova.virt.hardware [None req-8249a482-0ca9-4e78-8879-4b7a88bccd1f tempest-DeleteServersTestJSON-442042546 tempest-DeleteServersTestJSON-442042546-project-member] Chose sockets=0, cores=0, threads=0; limits were sockets=65536, cores=65536, threads=65536 {{(pid=61807) get_cpu_topology_constraints /opt/stack/nova/nova/virt/hardware.py:671}}
Sep 04 05:54:24 devstack devstack@n-api.service[61807]: DEBUG oslo_concurrency.lockutils [None req-8249a482-0ca9-4e78-8879-4b7a88bccd1f tempest-DeleteServersTestJSON-442042546 tempest-DeleteServersTestJSON-442042546-project-member] Acquiring lock "00000000-0000-0000-0000-000000000000" by "nova.context.set_target_cell..get_or_set_cached_cell_and_set_connections" {{(pid=61807) inner /opt/stack/data/venv/lib/python3.12/site-packages/oslo_concurrency/lockutils.py:512}}
Sep 04 05:54:24 devstack devstack@n-api.service[61807]: DEBUG oslo_concurrency.lockutils [None req-8249a482-0ca9-4e78-8879-4b7a88bccd1f tempest-DeleteServersTestJSON-442042546 tempest-DeleteServersTestJSON-442042546-project-member] Lock "00000000-0000-0000-0000-000000000000" acquired by "nova.context.set_target_cell..get_or_set_cached_cell_and_set_connections" :: waited 0.001s {{(pid=61807) inner /opt/stack/data/venv/lib/python3.12/site-packages/oslo_concurrency/lockutils.py:525}}
Sep 04 05:54:24 devstack devstack@n-api.service[61807]: DEBUG oslo_concurrency.lockutils [None req-8249a482-0ca9-4e78-8879-4b7a88bccd1f tempest-DeleteServersTestJSON-442042546 tempest-DeleteServersTestJSON-442042546-project-member] Lock "00000000-0000-0000-0000-000000000000" "released" by "nova.context.set_target_cell..get_or_set_cached_cell_and_set_connections" :: held 0.000s {{(pid=61807) inner /opt/stack/data/venv/lib/python3.12/site-packages/oslo_concurrency/lockutils.py:544}}
Sep 04 05:54:24 devstack devstack@n-api.service[61807]: DEBUG oslo_concurrency.lockutils [None req-8249a482-0ca9-4e78-8879-4b7a88bccd1f tempest-DeleteServersTestJSON-442042546 tempest-DeleteServersTestJSON-442042546-project-member] Acquiring lock "267221e9-a1c4-41b6-bf5e-169610ef6fcd" by "nova.context.set_target_cell..get_or_set_cached_cell_and_set_connections" {{(pid=61807) inner /opt/stack/data/venv/lib/python3.12/site-packages/oslo_concurrency/lockutils.py:512}}
Sep 04 05:54:24 devstack devstack@n-api.service[61807]: DEBUG oslo_concurrency.lockutils [None req-8249a482-0ca9-4e78-8879-4b7a88bccd1f tempest-DeleteServersTestJSON-442042546 tempest-DeleteServersTestJSON-442042546-project-member] Lock "267221e9-a1c4-41b6-bf5e-169610ef6fcd" acquired by "nova.context.set_target_cell..get_or_set_cached_cell_and_set_connections" :: waited 0.001s {{(pid=61807) inner /opt/stack/data/venv/lib/python3.12/site-packages/oslo_concurrency/lockutils.py:525}}
Sep 04 05:54:24 devstack devstack@n-api.service[61807]: DEBUG oslo_concurrency.lockutils [None req-8249a482-0ca9-4e78-8879-4b7a88bccd1f tempest-DeleteServersTestJSON-442042546 tempest-DeleteServersTestJSON-442042546-project-member] Lock "267221e9-a1c4-41b6-bf5e-169610ef6fcd" "released" by "nova.context.set_target_cell..get_or_set_cached_cell_and_set_connections" :: held 0.003s {{(pid=61807) inner /opt/stack/data/venv/lib/python3.12/site-packages/oslo_concurrency/lockutils.py:544}}
Sep 04 05:54:24 devstack devstack@n-api.service[61807]: DEBUG nova.quota [None req-8249a482-0ca9-4e78-8879-4b7a88bccd1f tempest-DeleteServersTestJSON-442042546 tempest-DeleteServersTestJSON-442042546-project-member] Getting quotas for project f27669743eef40c8af3ff2b6bd6a946e. Resources: {'instances', 'cores', 'ram'} {{(pid=61807) _get_quotas /opt/stack/nova/nova/quota.py:389}}
Sep 04 05:54:24 devstack devstack@n-api.service[61807]: DEBUG nova.quota [None req-8249a482-0ca9-4e78-8879-4b7a88bccd1f tempest-DeleteServersTestJSON-442042546 tempest-DeleteServersTestJSON-442042546-project-member] Getting quotas for user 9cbddd2abf7b4e27be4d4b4f36a96dd6 and project f27669743eef40c8af3ff2b6bd6a946e. Resources: {'instances', 'cores', 'ram'} {{(pid=61807) _get_quotas /opt/stack/nova/nova/quota.py:379}}
Sep 04 05:54:24 devstack devstack@n-api.service[61807]: DEBUG nova.compute.api [None req-8249a482-0ca9-4e78-8879-4b7a88bccd1f tempest-DeleteServersTestJSON-442042546 tempest-DeleteServersTestJSON-442042546-project-member] Going to run 1 instances... {{(pid=61807) _provision_instances /opt/stack/nova/nova/compute/api.py:1482}}
Sep 04 05:54:24 devstack devstack@n-api.service[61807]: DEBUG nova.compute.api [None req-8249a482-0ca9-4e78-8879-4b7a88bccd1f tempest-DeleteServersTestJSON-442042546 tempest-DeleteServersTestJSON-442042546-project-member] [instance: 190e618d-30dc-42eb-9008-fd5c7c1a6f2c] block_device_mapping [BlockDeviceMapping(attachment_id=,boot_index=0,connection_info=None,created_at=,delete_on_termination=True,deleted=,deleted_at=,destination_type='local',device_name=None,device_type='disk',disk_bus=None,encrypted=False,encryption_format=None,encryption_options=None,encryption_secret_uuid=None,guest_format=None,id=,image_id='e49bac44-c124-47bb-b839-5895be946aa9',instance=,instance_uuid=,no_device=False,snapshot_id=None,source_type='image',tag=None,updated_at=,uuid=,volume_id=None,volume_size=None,volume_type=None)] {{(pid=61807) _bdm_validate_set_size_and_instance /opt/stack/nova/nova/compute/api.py:1944}}
Sep 04 05:54:24 devstack devstack@n-api.service[61806]: DEBUG oslo_concurrency.lockutils [None req-c8c74b9f-b5cb-46dc-a6e7-148a30e55d35 tempest-ServerActionsTestOtherA-696632990 tempest-ServerActionsTestOtherA-696632990-project-member] Acquiring lock "00000000-0000-0000-0000-000000000000" by "nova.context.set_target_cell..get_or_set_cached_cell_and_set_connections" {{(pid=61806) inner /opt/stack/data/venv/lib/python3.12/site-packages/oslo_concurrency/lockutils.py:512}}
