Apr 13 11:19:29 devstack cinder-volume[82099]: DEBUG cinder.coordination [None req-6324a024-f08c-4f71-876e-60c596c8081f tempest-SnapshotsActionsTest-256520426 None] Lock "cinder-quobyte-8a69ee0d-49c0-4dec-9002-ed30a332f8d1" released by "delete_snapshot" :: held 2.842s {{(pid=82099) __release /opt/stack/cinder/cinder/coordination.py:152}}
Apr 13 11:19:29 devstack cinder-volume[82099]: WARNING cinder.quota [None req-6324a024-f08c-4f71-876e-60c596c8081f tempest-SnapshotsActionsTest-256520426 None] Deprecated: Default quota for resource: snapshots_QuobyteHD is set by the default quota flag: quota_snapshots_QuobyteHD, it is now deprecated. Please use the default quota class for default quota.
Apr 13 11:19:29 devstack cinder-volume[82099]: DEBUG cinder.quota [None req-6324a024-f08c-4f71-876e-60c596c8081f tempest-SnapshotsActionsTest-256520426 None] Created reservations ['b2a7e9af-0cc6-42ac-907a-e037dd0c7930', '9cc312ad-a652-4105-b88c-afa5a69e990c', 'e91eb404-9c9c-47a1-821d-e648abad64ce', '0eb7291c-4920-4b3e-a7cf-382feac77ca7'] {{(pid=82099) reserve /opt/stack/cinder/cinder/quota.py:752}}
Apr 13 11:19:29 devstack cinder-volume[82099]: INFO cinder.volume.manager [None req-6324a024-f08c-4f71-876e-60c596c8081f tempest-SnapshotsActionsTest-256520426 None] Delete snapshot completed successfully.
Apr 13 11:19:29 devstack cinder-volume[82099]: DEBUG cinder.coordination [None req-6324a024-f08c-4f71-876e-60c596c8081f tempest-SnapshotsActionsTest-256520426 None] Lock "cinder-14017605-fd9a-448c-88f5-755c45fec522-delete_snapshot" released by "delete_snapshot" :: held 2.929s {{(pid=82099) __release /opt/stack/cinder/cinder/coordination.py:152}}
Apr 13 11:19:29 devstack cinder-volume[82099]: DEBUG oslo_concurrency.lockutils [None req-9ebc39d5-fa68-4410-9f21-558d9b88f990 tempest-SnapshotsActionsTest-1488247659 None] Acquiring lock "quobyte" by "cinder.volume.drivers.quobyte.QuobyteDriver.create_snapshot" {{(pid=82099) inner /opt/stack/data/venv/lib/python3.10/site-packages/oslo_concurrency/lockutils.py:506}}
Apr 13 11:19:29 devstack sudo[85045]: pam_unix(sudo:session): session closed for user root
Apr 13 11:19:29 devstack cinder-volume[82099]: DEBUG oslo_concurrency.processutils [None req-62b97ca5-e167-4f99-914d-0d72405629dc tempest-GroupSnapshotsTest-1365298579 None] CMD "/opt/stack/data/venv/bin/python3.10 -m oslo_concurrency.prlimit --as=1073741824 --cpu=60 -- sudo cinder-rootwrap /etc/cinder/rootwrap.conf env LC_ALL=C qemu-img info -f qcow2 --output=json --force-share /opt/stack/data/cinder/mnt/5c46e72101ba508220395b768cd9232f/volume-2ebada1c-840a-431d-b027-fc4100be1d1c" returned: 0 in 0.714s {{(pid=82099) execute /opt/stack/data/venv/lib/python3.10/site-packages/oslo_concurrency/processutils.py:468}}
Apr 13 11:19:29 devstack cinder-volume[82099]: DEBUG oslo_concurrency.processutils [None req-62b97ca5-e167-4f99-914d-0d72405629dc tempest-GroupSnapshotsTest-1365298579 None] Running cmd (subprocess): sudo cinder-rootwrap /etc/cinder/rootwrap.conf qemu-img create -f qcow2 -o backing_file=/opt/stack/data/cinder/mnt/5c46e72101ba508220395b768cd9232f/volume-2ebada1c-840a-431d-b027-fc4100be1d1c,backing_fmt=qcow2 /opt/stack/data/cinder/mnt/5c46e72101ba508220395b768cd9232f/volume-2ebada1c-840a-431d-b027-fc4100be1d1c.02c86662-1d78-4a80-9566-50b04865223c 1G {{(pid=82099) execute /opt/stack/data/venv/lib/python3.10/site-packages/oslo_concurrency/processutils.py:440}}
Apr 13 11:19:29 devstack sudo[85059]: quobyte : PWD=/ ; USER=root ; COMMAND=/opt/stack/data/venv/bin/cinder-rootwrap /etc/cinder/rootwrap.conf qemu-img create -f qcow2 -o backing_file=/opt/stack/data/cinder/mnt/5c46e72101ba508220395b768cd9232f/volume-2ebada1c-840a-431d-b027-fc4100be1d1c,backing_fmt=qcow2 /opt/stack/data/cinder/mnt/5c46e72101ba508220395b768cd9232f/volume-2ebada1c-840a-431d-b027-fc4100be1d1c.02c86662-1d78-4a80-9566-50b04865223c 1G
Apr 13 11:19:29 devstack sudo[85059]: pam_unix(sudo:session): session opened for user root(uid=0) by (uid=1000)
Apr 13 11:19:30 devstack sudo[85059]: pam_unix(sudo:session): session closed for user root
Apr 13 11:19:30 devstack cinder-volume[82099]: DEBUG oslo_concurrency.processutils [None req-62b97ca5-e167-4f99-914d-0d72405629dc tempest-GroupSnapshotsTest-1365298579 None] CMD "sudo cinder-rootwrap /etc/cinder/rootwrap.conf qemu-img create -f qcow2 -o backing_file=/opt/stack/data/cinder/mnt/5c46e72101ba508220395b768cd9232f/volume-2ebada1c-840a-431d-b027-fc4100be1d1c,backing_fmt=qcow2 /opt/stack/data/cinder/mnt/5c46e72101ba508220395b768cd9232f/volume-2ebada1c-840a-431d-b027-fc4100be1d1c.02c86662-1d78-4a80-9566-50b04865223c 1G" returned: 0 in 0.511s {{(pid=82099) execute /opt/stack/data/venv/lib/python3.10/site-packages/oslo_concurrency/processutils.py:468}}
Apr 13 11:19:30 devstack cinder-volume[82099]: DEBUG oslo_concurrency.processutils [None req-62b97ca5-e167-4f99-914d-0d72405629dc tempest-GroupSnapshotsTest-1365298579 None] Running cmd (subprocess): sudo cinder-rootwrap /etc/cinder/rootwrap.conf qemu-img rebase -u -b volume-2ebada1c-840a-431d-b027-fc4100be1d1c -F qcow2 /opt/stack/data/cinder/mnt/5c46e72101ba508220395b768cd9232f/volume-2ebada1c-840a-431d-b027-fc4100be1d1c.02c86662-1d78-4a80-9566-50b04865223c {{(pid=82099) execute /opt/stack/data/venv/lib/python3.10/site-packages/oslo_concurrency/processutils.py:440}}
Apr 13 11:19:30 devstack sudo[85072]: quobyte : PWD=/ ; USER=root ; COMMAND=/opt/stack/data/venv/bin/cinder-rootwrap /etc/cinder/rootwrap.conf qemu-img rebase -u -b volume-2ebada1c-840a-431d-b027-fc4100be1d1c -F qcow2 /opt/stack/data/cinder/mnt/5c46e72101ba508220395b768cd9232f/volume-2ebada1c-840a-431d-b027-fc4100be1d1c.02c86662-1d78-4a80-9566-50b04865223c
Apr 13 11:19:30 devstack sudo[85072]: pam_unix(sudo:session): session opened for user root(uid=0) by (uid=1000)
Apr 13 11:19:30 devstack cinder-volume[82099]: DEBUG oslo_concurrency.lockutils [req-f8eee0bf-1e74-41dd-8eaa-b775bcf683fa req-cbc3706b-7a28-4d61-bd98-b2b7263cf6c9 tempest-ServerBootFromVolumeStableRescueTest-285191462 None] Acquiring lock "quobyte" by "cinder.volume.drivers.quobyte.QuobyteDriver.initialize_connection" {{(pid=82099) inner /opt/stack/data/venv/lib/python3.10/site-packages/oslo_concurrency/lockutils.py:506}}
Apr 13 11:19:30 devstack sudo[85072]: pam_unix(sudo:session): session closed for user root
Apr 13 11:19:30 devstack cinder-volume[82099]: DEBUG oslo_concurrency.processutils [None req-62b97ca5-e167-4f99-914d-0d72405629dc tempest-GroupSnapshotsTest-1365298579 None] CMD "sudo cinder-rootwrap /etc/cinder/rootwrap.conf qemu-img rebase -u -b volume-2ebada1c-840a-431d-b027-fc4100be1d1c -F qcow2 /opt/stack/data/cinder/mnt/5c46e72101ba508220395b768cd9232f/volume-2ebada1c-840a-431d-b027-fc4100be1d1c.02c86662-1d78-4a80-9566-50b04865223c" returned: 0 in 0.459s {{(pid=82099) execute /opt/stack/data/venv/lib/python3.10/site-packages/oslo_concurrency/processutils.py:468}}
Apr 13 11:19:30 devstack cinder-volume[82099]: WARNING cinder.volume.drivers.remotefs [None req-62b97ca5-e167-4f99-914d-0d72405629dc tempest-GroupSnapshotsTest-1365298579 None] /opt/stack/data/cinder/mnt/5c46e72101ba508220395b768cd9232f/volume-2ebada1c-840a-431d-b027-fc4100be1d1c.02c86662-1d78-4a80-9566-50b04865223c is being set with open permissions: ugo+rw: NotImplementedError
Apr 13 11:19:30 devstack cinder-volume[82099]: DEBUG oslo_concurrency.processutils [None req-62b97ca5-e167-4f99-914d-0d72405629dc tempest-GroupSnapshotsTest-1365298579 None] Running cmd (subprocess): sudo cinder-rootwrap /etc/cinder/rootwrap.conf chmod ugo+rw /opt/stack/data/cinder/mnt/5c46e72101ba508220395b768cd9232f/volume-2ebada1c-840a-431d-b027-fc4100be1d1c.02c86662-1d78-4a80-9566-50b04865223c {{(pid=82099) execute /opt/stack/data/venv/lib/python3.10/site-packages/oslo_concurrency/processutils.py:440}}
Apr 13 11:19:30 devstack sudo[85077]: quobyte : PWD=/ ; USER=root ; COMMAND=/opt/stack/data/venv/bin/cinder-rootwrap /etc/cinder/rootwrap.conf chmod ugo+rw /opt/stack/data/cinder/mnt/5c46e72101ba508220395b768cd9232f/volume-2ebada1c-840a-431d-b027-fc4100be1d1c.02c86662-1d78-4a80-9566-50b04865223c
Apr 13 11:19:30 devstack sudo[85077]: pam_unix(sudo:session): session opened for user root(uid=0) by (uid=1000)
Apr 13 11:19:31 devstack sudo[85077]: pam_unix(sudo:session): session closed for user root
Apr 13 11:19:31 devstack cinder-volume[82099]: DEBUG oslo_concurrency.processutils [None req-62b97ca5-e167-4f99-914d-0d72405629dc tempest-GroupSnapshotsTest-1365298579 None] CMD "sudo cinder-rootwrap /etc/cinder/rootwrap.conf chmod ugo+rw /opt/stack/data/cinder/mnt/5c46e72101ba508220395b768cd9232f/volume-2ebada1c-840a-431d-b027-fc4100be1d1c.02c86662-1d78-4a80-9566-50b04865223c" returned: 0 in 0.439s {{(pid=82099) execute /opt/stack/data/venv/lib/python3.10/site-packages/oslo_concurrency/processutils.py:468}}
Apr 13 11:19:31 devstack cinder-volume[82099]: DEBUG oslo_concurrency.processutils [None req-62b97ca5-e167-4f99-914d-0d72405629dc tempest-GroupSnapshotsTest-1365298579 None] Running cmd (subprocess): sudo cinder-rootwrap /etc/cinder/rootwrap.conf truncate -s0 /opt/stack/data/cinder/mnt/5c46e72101ba508220395b768cd9232f/volume-2ebada1c-840a-431d-b027-fc4100be1d1c.info {{(pid=82099) execute /opt/stack/data/venv/lib/python3.10/site-packages/oslo_concurrency/processutils.py:440}}
Apr 13 11:19:31 devstack sudo[85080]: quobyte : PWD=/ ; USER=root ; COMMAND=/opt/stack/data/venv/bin/cinder-rootwrap /etc/cinder/rootwrap.conf truncate -s0 /opt/stack/data/cinder/mnt/5c46e72101ba508220395b768cd9232f/volume-2ebada1c-840a-431d-b027-fc4100be1d1c.info
Apr 13 11:19:31 devstack sudo[85080]: pam_unix(sudo:session): session opened for user root(uid=0) by (uid=1000)
Apr 13 11:19:31 devstack sudo[85080]: pam_unix(sudo:session): session closed for user root
Apr 13 11:19:31 devstack cinder-volume[82099]: DEBUG oslo_concurrency.processutils [None req-62b97ca5-e167-4f99-914d-0d72405629dc tempest-GroupSnapshotsTest-1365298579 None] CMD "sudo cinder-rootwrap /etc/cinder/rootwrap.conf truncate -s0 /opt/stack/data/cinder/mnt/5c46e72101ba508220395b768cd9232f/volume-2ebada1c-840a-431d-b027-fc4100be1d1c.info" returned: 0 in 0.426s {{(pid=82099) execute /opt/stack/data/venv/lib/python3.10/site-packages/oslo_concurrency/processutils.py:468}}
Apr 13 11:19:31 devstack cinder-volume[82099]: WARNING cinder.volume.drivers.remotefs [None req-62b97ca5-e167-4f99-914d-0d72405629dc tempest-GroupSnapshotsTest-1365298579 None] /opt/stack/data/cinder/mnt/5c46e72101ba508220395b768cd9232f/volume-2ebada1c-840a-431d-b027-fc4100be1d1c.info is being set with open permissions: ugo+rw: NotImplementedError
Apr 13 11:19:31 devstack cinder-volume[82099]: DEBUG oslo_concurrency.processutils [None req-62b97ca5-e167-4f99-914d-0d72405629dc tempest-GroupSnapshotsTest-1365298579 None] Running cmd (subprocess): sudo cinder-rootwrap /etc/cinder/rootwrap.conf chmod ugo+rw /opt/stack/data/cinder/mnt/5c46e72101ba508220395b768cd9232f/volume-2ebada1c-840a-431d-b027-fc4100be1d1c.info {{(pid=82099) execute /opt/stack/data/venv/lib/python3.10/site-packages/oslo_concurrency/processutils.py:440}}
Apr 13 11:19:31 devstack sudo[85083]: quobyte : PWD=/ ; USER=root ; COMMAND=/opt/stack/data/venv/bin/cinder-rootwrap /etc/cinder/rootwrap.conf chmod ugo+rw /opt/stack/data/cinder/mnt/5c46e72101ba508220395b768cd9232f/volume-2ebada1c-840a-431d-b027-fc4100be1d1c.info
Apr 13 11:19:31 devstack sudo[85083]: pam_unix(sudo:session): session opened for user root(uid=0) by (uid=1000)
Apr 13 11:19:32 devstack sudo[85083]: pam_unix(sudo:session): session closed for user root
Apr 13 11:19:32 devstack cinder-volume[82099]: DEBUG oslo_concurrency.processutils [None req-62b97ca5-e167-4f99-914d-0d72405629dc tempest-GroupSnapshotsTest-1365298579 None] CMD "sudo cinder-rootwrap /etc/cinder/rootwrap.conf chmod ugo+rw /opt/stack/data/cinder/mnt/5c46e72101ba508220395b768cd9232f/volume-2ebada1c-840a-431d-b027-fc4100be1d1c.info" returned: 0 in 0.413s {{(pid=82099) execute /opt/stack/data/venv/lib/python3.10/site-packages/oslo_concurrency/processutils.py:468}}
Apr 13 11:19:32 devstack cinder-volume[82099]: DEBUG oslo_concurrency.lockutils [None req-62b97ca5-e167-4f99-914d-0d72405629dc tempest-GroupSnapshotsTest-1365298579 None] Lock "quobyte" "released" by "cinder.volume.drivers.quobyte.QuobyteDriver.create_snapshot" :: held 3.039s {{(pid=82099) inner /opt/stack/data/venv/lib/python3.10/site-packages/oslo_concurrency/lockutils.py:538}}
Apr 13 11:19:32 devstack cinder-volume[82099]: DEBUG oslo_concurrency.lockutils [None req-62b97ca5-e167-4f99-914d-0d72405629dc tempest-GroupSnapshotsTest-1365298579 None] Acquiring lock "quobyte" by "cinder.volume.drivers.quobyte.QuobyteDriver.create_snapshot" {{(pid=82099) inner /opt/stack/data/venv/lib/python3.10/site-packages/oslo_concurrency/lockutils.py:506}}
Apr 13 11:19:32 devstack cinder-volume[82099]: DEBUG oslo_concurrency.lockutils [None req-62b97ca5-e167-4f99-914d-0d72405629dc tempest-GroupSnapshotsTest-1365298579 None] Lock "quobyte" acquired by "cinder.volume.drivers.quobyte.QuobyteDriver.create_snapshot" :: waited 0.000s {{(pid=82099) inner /opt/stack/data/venv/lib/python3.10/site-packages/oslo_concurrency/lockutils.py:519}}
Apr 13 11:19:32 devstack cinder-volume[82099]: DEBUG cinder.volume.drivers.remotefs [None req-62b97ca5-e167-4f99-914d-0d72405629dc tempest-GroupSnapshotsTest-1365298579 None] Creating offline snapshot 32d77cc9-cfc1-4d78-b637-a01078432ef0 of volume 685085c9-5244-4d5c-b72b-89b999f2bb7b {{(pid=82099) _create_snapshot /opt/stack/cinder/cinder/volume/drivers/remotefs.py:1815}}
Apr 13 11:19:32 devstack cinder-volume[82099]: DEBUG oslo.privsep.daemon [-] privsep: reply[4f0aa89a-e105-4a64-98dc-e70d28cf9cf4]: (4, 'qcow2') {{(pid=83086) _call_back /opt/stack/data/venv/lib/python3.10/site-packages/oslo_privsep/daemon.py:573}}
Apr 13 11:19:32 devstack cinder-volume[82099]: DEBUG oslo_concurrency.processutils [None req-62b97ca5-e167-4f99-914d-0d72405629dc tempest-GroupSnapshotsTest-1365298579 None] Running cmd (subprocess): /opt/stack/data/venv/bin/python3.10 -m oslo_concurrency.prlimit --as=1073741824 --cpu=60 -- sudo cinder-rootwrap /etc/cinder/rootwrap.conf env LC_ALL=C qemu-img info -f qcow2 --output=json --force-share /opt/stack/data/cinder/mnt/5c46e72101ba508220395b768cd9232f/volume-685085c9-5244-4d5c-b72b-89b999f2bb7b {{(pid=82099) execute /opt/stack/data/venv/lib/python3.10/site-packages/oslo_concurrency/processutils.py:440}}
Apr 13 11:19:32 devstack sudo[85086]: quobyte : PWD=/ ; USER=root ; COMMAND=/opt/stack/data/venv/bin/cinder-rootwrap /etc/cinder/rootwrap.conf env LC_ALL=C qemu-img info -f qcow2 --output=json --force-share /opt/stack/data/cinder/mnt/5c46e72101ba508220395b768cd9232f/volume-685085c9-5244-4d5c-b72b-89b999f2bb7b
Apr 13 11:19:32 devstack sudo[85086]: pam_unix(sudo:session): session opened for user root(uid=0) by (uid=1000)
Apr 13 11:19:32 devstack sudo[85086]: pam_unix(sudo:session): session closed for user root
Apr 13 11:19:32 devstack cinder-volume[82099]: DEBUG oslo_concurrency.processutils [None req-62b97ca5-e167-4f99-914d-0d72405629dc tempest-GroupSnapshotsTest-1365298579 None] CMD "/opt/stack/data/venv/bin/python3.10 -m oslo_concurrency.prlimit --as=1073741824 --cpu=60 -- sudo cinder-rootwrap /etc/cinder/rootwrap.conf env LC_ALL=C qemu-img info -f qcow2 --output=json --force-share /opt/stack/data/cinder/mnt/5c46e72101ba508220395b768cd9232f/volume-685085c9-5244-4d5c-b72b-89b999f2bb7b" returned: 0 in 0.497s {{(pid=82099) execute /opt/stack/data/venv/lib/python3.10/site-packages/oslo_concurrency/processutils.py:468}}
Apr 13 11:19:32 devstack cinder-volume[82099]: DEBUG oslo_concurrency.processutils [None req-62b97ca5-e167-4f99-914d-0d72405629dc tempest-GroupSnapshotsTest-1365298579 None] Running cmd (subprocess): sudo cinder-rootwrap /etc/cinder/rootwrap.conf qemu-img create -f qcow2 -o backing_file=/opt/stack/data/cinder/mnt/5c46e72101ba508220395b768cd9232f/volume-685085c9-5244-4d5c-b72b-89b999f2bb7b,backing_fmt=qcow2 /opt/stack/data/cinder/mnt/5c46e72101ba508220395b768cd9232f/volume-685085c9-5244-4d5c-b72b-89b999f2bb7b.32d77cc9-cfc1-4d78-b637-a01078432ef0 1G {{(pid=82099) execute /opt/stack/data/venv/lib/python3.10/site-packages/oslo_concurrency/processutils.py:440}}
Apr 13 11:19:32 devstack sudo[85091]: quobyte : PWD=/ ; USER=root ; COMMAND=/opt/stack/data/venv/bin/cinder-rootwrap /etc/cinder/rootwrap.conf qemu-img create -f qcow2 -o backing_file=/opt/stack/data/cinder/mnt/5c46e72101ba508220395b768cd9232f/volume-685085c9-5244-4d5c-b72b-89b999f2bb7b,backing_fmt=qcow2 /opt/stack/data/cinder/mnt/5c46e72101ba508220395b768cd9232f/volume-685085c9-5244-4d5c-b72b-89b999f2bb7b.32d77cc9-cfc1-4d78-b637-a01078432ef0 1G
Apr 13 11:19:32 devstack sudo[85091]: pam_unix(sudo:session): session opened for user root(uid=0) by (uid=1000)
Apr 13 11:19:33 devstack sudo[85091]: pam_unix(sudo:session): session closed for user root
Apr 13 11:19:33 devstack cinder-volume[82099]: DEBUG oslo_concurrency.processutils [None req-62b97ca5-e167-4f99-914d-0d72405629dc tempest-GroupSnapshotsTest-1365298579 None] CMD "sudo cinder-rootwrap /etc/cinder/rootwrap.conf qemu-img create -f qcow2 -o backing_file=/opt/stack/data/cinder/mnt/5c46e72101ba508220395b768cd9232f/volume-685085c9-5244-4d5c-b72b-89b999f2bb7b,backing_fmt=qcow2 /opt/stack/data/cinder/mnt/5c46e72101ba508220395b768cd9232f/volume-685085c9-5244-4d5c-b72b-89b999f2bb7b.32d77cc9-cfc1-4d78-b637-a01078432ef0 1G" returned: 0 in 0.526s {{(pid=82099) execute /opt/stack/data/venv/lib/python3.10/site-packages/oslo_concurrency/processutils.py:468}}
Apr 13 11:19:33 devstack cinder-volume[82099]: DEBUG oslo_concurrency.processutils [None req-62b97ca5-e167-4f99-914d-0d72405629dc tempest-GroupSnapshotsTest-1365298579 None] Running cmd (subprocess): sudo cinder-rootwrap /etc/cinder/rootwrap.conf qemu-img rebase -u -b volume-685085c9-5244-4d5c-b72b-89b999f2bb7b -F qcow2 /opt/stack/data/cinder/mnt/5c46e72101ba508220395b768cd9232f/volume-685085c9-5244-4d5c-b72b-89b999f2bb7b.32d77cc9-cfc1-4d78-b637-a01078432ef0 {{(pid=82099) execute /opt/stack/data/venv/lib/python3.10/site-packages/oslo_concurrency/processutils.py:440}}
Apr 13 11:19:33 devstack sudo[85096]: quobyte : PWD=/ ; USER=root ; COMMAND=/opt/stack/data/venv/bin/cinder-rootwrap /etc/cinder/rootwrap.conf qemu-img rebase -u -b volume-685085c9-5244-4d5c-b72b-89b999f2bb7b -F qcow2 /opt/stack/data/cinder/mnt/5c46e72101ba508220395b768cd9232f/volume-685085c9-5244-4d5c-b72b-89b999f2bb7b.32d77cc9-cfc1-4d78-b637-a01078432ef0
Apr 13 11:19:33 devstack sudo[85096]: pam_unix(sudo:session): session opened for user root(uid=0) by (uid=1000)
Apr 13 11:19:33 devstack sudo[85096]: pam_unix(sudo:session): session closed for user root
Apr 13 11:19:33 devstack cinder-volume[82099]: DEBUG oslo_concurrency.processutils [None req-62b97ca5-e167-4f99-914d-0d72405629dc tempest-GroupSnapshotsTest-1365298579 None] CMD "sudo cinder-rootwrap /etc/cinder/rootwrap.conf qemu-img rebase -u -b volume-685085c9-5244-4d5c-b72b-89b999f2bb7b -F qcow2 /opt/stack/data/cinder/mnt/5c46e72101ba508220395b768cd9232f/volume-685085c9-5244-4d5c-b72b-89b999f2bb7b.32d77cc9-cfc1-4d78-b637-a01078432ef0" returned: 0 in 0.453s {{(pid=82099) execute /opt/stack/data/venv/lib/python3.10/site-packages/oslo_concurrency/processutils.py:468}}
Apr 13 11:19:33 devstack cinder-volume[82099]: WARNING cinder.volume.drivers.remotefs [None req-62b97ca5-e167-4f99-914d-0d72405629dc tempest-GroupSnapshotsTest-1365298579 None] /opt/stack/data/cinder/mnt/5c46e72101ba508220395b768cd9232f/volume-685085c9-5244-4d5c-b72b-89b999f2bb7b.32d77cc9-cfc1-4d78-b637-a01078432ef0 is being set with open permissions: ugo+rw: NotImplementedError
Apr 13 11:19:33 devstack cinder-volume[82099]: DEBUG oslo_concurrency.processutils [None req-62b97ca5-e167-4f99-914d-0d72405629dc tempest-GroupSnapshotsTest-1365298579 None] Running cmd (subprocess): sudo cinder-rootwrap /etc/cinder/rootwrap.conf chmod ugo+rw /opt/stack/data/cinder/mnt/5c46e72101ba508220395b768cd9232f/volume-685085c9-5244-4d5c-b72b-89b999f2bb7b.32d77cc9-cfc1-4d78-b637-a01078432ef0 {{(pid=82099) execute /opt/stack/data/venv/lib/python3.10/site-packages/oslo_concurrency/processutils.py:440}}
Apr 13 11:19:33 devstack sudo[85101]: quobyte : PWD=/ ; USER=root ; COMMAND=/opt/stack/data/venv/bin/cinder-rootwrap /etc/cinder/rootwrap.conf chmod ugo+rw /opt/stack/data/cinder/mnt/5c46e72101ba508220395b768cd9232f/volume-685085c9-5244-4d5c-b72b-89b999f2bb7b.32d77cc9-cfc1-4d78-b637-a01078432ef0
Apr 13 11:19:33 devstack sudo[85101]: pam_unix(sudo:session): session opened for user root(uid=0) by (uid=1000)
Apr 13 11:19:34 devstack sudo[85101]: pam_unix(sudo:session): session closed for user root
Apr 13 11:19:34 devstack cinder-volume[82099]: DEBUG oslo_concurrency.processutils [None req-62b97ca5-e167-4f99-914d-0d72405629dc tempest-GroupSnapshotsTest-1365298579 None] CMD "sudo cinder-rootwrap /etc/cinder/rootwrap.conf chmod ugo+rw /opt/stack/data/cinder/mnt/5c46e72101ba508220395b768cd9232f/volume-685085c9-5244-4d5c-b72b-89b999f2bb7b.32d77cc9-cfc1-4d78-b637-a01078432ef0" returned: 0 in 0.432s {{(pid=82099) execute /opt/stack/data/venv/lib/python3.10/site-packages/oslo_concurrency/processutils.py:468}}
Apr 13 11:19:34 devstack cinder-volume[82099]: DEBUG oslo_concurrency.processutils [None req-62b97ca5-e167-4f99-914d-0d72405629dc tempest-GroupSnapshotsTest-1365298579 None] Running cmd (subprocess): sudo cinder-rootwrap /etc/cinder/rootwrap.conf truncate -s0 /opt/stack/data/cinder/mnt/5c46e72101ba508220395b768cd9232f/volume-685085c9-5244-4d5c-b72b-89b999f2bb7b.info {{(pid=82099) execute /opt/stack/data/venv/lib/python3.10/site-packages/oslo_concurrency/processutils.py:440}}
Apr 13 11:19:34 devstack sudo[85104]: quobyte : PWD=/ ; USER=root ; COMMAND=/opt/stack/data/venv/bin/cinder-rootwrap /etc/cinder/rootwrap.conf truncate -s0 /opt/stack/data/cinder/mnt/5c46e72101ba508220395b768cd9232f/volume-685085c9-5244-4d5c-b72b-89b999f2bb7b.info
Apr 13 11:19:34 devstack sudo[85104]: pam_unix(sudo:session): session opened for user root(uid=0) by (uid=1000)
Apr 13 11:19:34 devstack sudo[85104]: pam_unix(sudo:session): session closed for user root
Apr 13 11:19:34 devstack cinder-volume[82099]: DEBUG oslo_concurrency.processutils [None req-62b97ca5-e167-4f99-914d-0d72405629dc tempest-GroupSnapshotsTest-1365298579 None] CMD "sudo cinder-rootwrap /etc/cinder/rootwrap.conf truncate -s0 /opt/stack/data/cinder/mnt/5c46e72101ba508220395b768cd9232f/volume-685085c9-5244-4d5c-b72b-89b999f2bb7b.info" returned: 0 in 0.459s {{(pid=82099) execute /opt/stack/data/venv/lib/python3.10/site-packages/oslo_concurrency/processutils.py:468}}
Apr 13 11:19:34 devstack cinder-volume[82099]: WARNING cinder.volume.drivers.remotefs [None req-62b97ca5-e167-4f99-914d-0d72405629dc tempest-GroupSnapshotsTest-1365298579 None] /opt/stack/data/cinder/mnt/5c46e72101ba508220395b768cd9232f/volume-685085c9-5244-4d5c-b72b-89b999f2bb7b.info is being set with open permissions: ugo+rw: NotImplementedError
Apr 13 11:19:34 devstack cinder-volume[82099]: DEBUG oslo_concurrency.processutils [None req-62b97ca5-e167-4f99-914d-0d72405629dc tempest-GroupSnapshotsTest-1365298579 None] Running cmd (subprocess): sudo cinder-rootwrap /etc/cinder/rootwrap.conf chmod ugo+rw /opt/stack/data/cinder/mnt/5c46e72101ba508220395b768cd9232f/volume-685085c9-5244-4d5c-b72b-89b999f2bb7b.info {{(pid=82099) execute /opt/stack/data/venv/lib/python3.10/site-packages/oslo_concurrency/processutils.py:440}}
Apr 13 11:19:34 devstack sudo[85107]: quobyte : PWD=/ ; USER=root ; COMMAND=/opt/stack/data/venv/bin/cinder-rootwrap /etc/cinder/rootwrap.conf chmod ugo+rw /opt/stack/data/cinder/mnt/5c46e72101ba508220395b768cd9232f/volume-685085c9-5244-4d5c-b72b-89b999f2bb7b.info
Apr 13 11:19:34 devstack sudo[85107]: pam_unix(sudo:session): session opened for user root(uid=0) by (uid=1000)
Apr 13 11:19:34 devstack sudo[85107]: pam_unix(sudo:session): session closed for user root
Apr 13 11:19:34 devstack cinder-volume[82099]: DEBUG oslo_concurrency.processutils [None req-62b97ca5-e167-4f99-914d-0d72405629dc tempest-GroupSnapshotsTest-1365298579 None] CMD "sudo cinder-rootwrap /etc/cinder/rootwrap.conf chmod ugo+rw /opt/stack/data/cinder/mnt/5c46e72101ba508220395b768cd9232f/volume-685085c9-5244-4d5c-b72b-89b999f2bb7b.info" returned: 0 in 0.419s {{(pid=82099) execute /opt/stack/data/venv/lib/python3.10/site-packages/oslo_concurrency/processutils.py:468}}
Apr 13 11:19:35 devstack cinder-volume[82099]: DEBUG oslo_concurrency.lockutils [None req-62b97ca5-e167-4f99-914d-0d72405629dc tempest-GroupSnapshotsTest-1365298579 None] Lock "quobyte" "released" by "cinder.volume.drivers.quobyte.QuobyteDriver.create_snapshot" :: held 2.838s {{(pid=82099) inner /opt/stack/data/venv/lib/python3.10/site-packages/oslo_concurrency/lockutils.py:538}}
Apr 13 11:19:35 devstack cinder-volume[82099]: DEBUG oslo_concurrency.lockutils [None req-9ebc39d5-fa68-4410-9f21-558d9b88f990 tempest-SnapshotsActionsTest-1488247659 None] Lock "quobyte" acquired by "cinder.volume.drivers.quobyte.QuobyteDriver.create_snapshot" :: waited 5.159s {{(pid=82099) inner /opt/stack/data/venv/lib/python3.10/site-packages/oslo_concurrency/lockutils.py:519}}
Apr 13 11:19:35 devstack cinder-volume[82099]: DEBUG cinder.volume.drivers.remotefs [None req-9ebc39d5-fa68-4410-9f21-558d9b88f990 tempest-SnapshotsActionsTest-1488247659 None] Creating offline snapshot 3f6ee5e4-647b-430e-b24c-fdce5315c583 of volume 8a69ee0d-49c0-4dec-9002-ed30a332f8d1 {{(pid=82099) _create_snapshot /opt/stack/cinder/cinder/volume/drivers/remotefs.py:1815}}
Apr 13 11:19:35 devstack cinder-volume[82099]: DEBUG oslo.privsep.daemon [-] privsep: reply[cdb6b7b8-b27c-40b7-a2a4-b1f68d839559]: (4, 'qcow2') {{(pid=83086) _call_back /opt/stack/data/venv/lib/python3.10/site-packages/oslo_privsep/daemon.py:573}}
Apr 13 11:19:35 devstack cinder-volume[82099]: DEBUG oslo_concurrency.processutils [None req-9ebc39d5-fa68-4410-9f21-558d9b88f990 tempest-SnapshotsActionsTest-1488247659 None] Running cmd (subprocess): /opt/stack/data/venv/bin/python3.10 -m oslo_concurrency.prlimit --as=1073741824 --cpu=60 -- sudo cinder-rootwrap /etc/cinder/rootwrap.conf env LC_ALL=C qemu-img info -f qcow2 --output=json --force-share /opt/stack/data/cinder/mnt/5c46e72101ba508220395b768cd9232f/volume-8a69ee0d-49c0-4dec-9002-ed30a332f8d1.2cf81647-19ac-4b0a-9ed5-3d96a98d4867 {{(pid=82099) execute /opt/stack/data/venv/lib/python3.10/site-packages/oslo_concurrency/processutils.py:440}}
Apr 13 11:19:35 devstack cinder-volume[82099]: INFO cinder.volume.manager [None req-62b97ca5-e167-4f99-914d-0d72405629dc tempest-GroupSnapshotsTest-1365298579 None] group_snapshot 53305c67-452b-4bdd-9e0b-8688de610441: created successfully
Apr 13 11:19:35 devstack sudo[85110]: quobyte : PWD=/ ; USER=root ; COMMAND=/opt/stack/data/venv/bin/cinder-rootwrap /etc/cinder/rootwrap.conf env LC_ALL=C qemu-img info -f qcow2 --output=json --force-share /opt/stack/data/cinder/mnt/5c46e72101ba508220395b768cd9232f/volume-8a69ee0d-49c0-4dec-9002-ed30a332f8d1.2cf81647-19ac-4b0a-9ed5-3d96a98d4867
Apr 13 11:19:35 devstack sudo[85110]: pam_unix(sudo:session): session opened for user root(uid=0) by (uid=1000)
Apr 13 11:19:35 devstack cinder-volume[82099]: INFO cinder.volume.manager [None req-8e32d9f1-31b1-43e4-a12a-b845def33c1f tempest-GroupSnapshotsTest-1365298579 None] group_snapshot 53305c67-452b-4bdd-9e0b-8688de610441: deleting
Apr 13 11:19:35 devstack cinder-volume[82099]: DEBUG cinder.volume.manager [None req-8e32d9f1-31b1-43e4-a12a-b845def33c1f tempest-GroupSnapshotsTest-1365298579 None] group_snapshot 53305c67-452b-4bdd-9e0b-8688de610441: deleting {{(pid=82099) delete_group_snapshot /opt/stack/cinder/cinder/volume/manager.py:4350}}
Apr 13 11:19:35 devstack cinder-volume[82099]: DEBUG cinder.coordination [None req-8e32d9f1-31b1-43e4-a12a-b845def33c1f tempest-GroupSnapshotsTest-1365298579 None] Acquiring lock "cinder-quobyte-2ebada1c-840a-431d-b027-fc4100be1d1c" by "delete_snapshot" {{(pid=82099) __acquire /opt/stack/cinder/cinder/coordination.py:138}}
Apr 13 11:19:35 devstack cinder-volume[82099]: DEBUG cinder.coordination [None req-8e32d9f1-31b1-43e4-a12a-b845def33c1f tempest-GroupSnapshotsTest-1365298579 None] Lock "cinder-quobyte-2ebada1c-840a-431d-b027-fc4100be1d1c" acquired by "delete_snapshot" :: waited 0.011s {{(pid=82099) __acquire /opt/stack/cinder/cinder/coordination.py:141}}
Apr 13 11:19:35 devstack cinder-volume[82099]: DEBUG cinder.coordination [None req-8e32d9f1-31b1-43e4-a12a-b845def33c1f tempest-GroupSnapshotsTest-1365298579 None] Acquiring lock "cinder-quobyte-02c86662-1d78-4a80-9566-50b04865223c" by "_delete_snapshot" {{(pid=82099) __acquire /opt/stack/cinder/cinder/coordination.py:138}}
Apr 13 11:19:35 devstack cinder-volume[82099]: DEBUG cinder.coordination [None req-8e32d9f1-31b1-43e4-a12a-b845def33c1f tempest-GroupSnapshotsTest-1365298579 None] Lock "cinder-quobyte-02c86662-1d78-4a80-9566-50b04865223c" acquired by "_delete_snapshot" :: waited 0.010s {{(pid=82099) __acquire /opt/stack/cinder/cinder/coordination.py:141}}
Apr 13 11:19:35 devstack cinder-volume[82099]: DEBUG cinder.volume.drivers.remotefs [None req-8e32d9f1-31b1-43e4-a12a-b845def33c1f tempest-GroupSnapshotsTest-1365298579 None] Deleting offline snapshot 02c86662-1d78-4a80-9566-50b04865223c of volume 2ebada1c-840a-431d-b027-fc4100be1d1c {{(pid=82099) _delete_snapshot /opt/stack/cinder/cinder/volume/drivers/remotefs.py:1288}}
Apr 13 11:19:35 devstack cinder-volume[82099]: DEBUG cinder.volume.drivers.remotefs [None req-8e32d9f1-31b1-43e4-a12a-b845def33c1f tempest-GroupSnapshotsTest-1365298579 None] snapshot_file for this snap is: volume-2ebada1c-840a-431d-b027-fc4100be1d1c.02c86662-1d78-4a80-9566-50b04865223c {{(pid=82099) _delete_snapshot /opt/stack/cinder/cinder/volume/drivers/remotefs.py:1317}}
Apr 13 11:19:35 devstack cinder-volume[82099]: DEBUG oslo.privsep.daemon [-] privsep: reply[2170bf18-4b56-4fb1-bfd2-c9f4af1b2448]: (4, 'qcow2') {{(pid=83086) _call_back /opt/stack/data/venv/lib/python3.10/site-packages/oslo_privsep/daemon.py:573}}
Apr 13 11:19:35 devstack cinder-volume[82099]: DEBUG oslo_concurrency.processutils [None req-8e32d9f1-31b1-43e4-a12a-b845def33c1f tempest-GroupSnapshotsTest-1365298579 None] Running cmd (subprocess): /opt/stack/data/venv/bin/python3.10 -m oslo_concurrency.prlimit --as=1073741824 --cpu=60 -- sudo cinder-rootwrap /etc/cinder/rootwrap.conf env LC_ALL=C qemu-img info -f qcow2 --output=json --force-share /opt/stack/data/cinder/mnt/5c46e72101ba508220395b768cd9232f/volume-2ebada1c-840a-431d-b027-fc4100be1d1c.02c86662-1d78-4a80-9566-50b04865223c {{(pid=82099) execute /opt/stack/data/venv/lib/python3.10/site-packages/oslo_concurrency/processutils.py:440}}
Apr 13 11:19:35 devstack sudo[85115]: quobyte : PWD=/ ; USER=root ; COMMAND=/opt/stack/data/venv/bin/cinder-rootwrap /etc/cinder/rootwrap.conf env LC_ALL=C qemu-img info -f qcow2 --output=json --force-share /opt/stack/data/cinder/mnt/5c46e72101ba508220395b768cd9232f/volume-2ebada1c-840a-431d-b027-fc4100be1d1c.02c86662-1d78-4a80-9566-50b04865223c
Apr 13 11:19:35 devstack sudo[85115]: pam_unix(sudo:session): session opened for user root(uid=0) by (uid=1000)
Apr 13 11:19:35 devstack sudo[85110]: pam_unix(sudo:session): session closed for user root
Apr 13 11:19:35 devstack cinder-volume[82099]: DEBUG oslo_concurrency.processutils [None req-9ebc39d5-fa68-4410-9f21-558d9b88f990 tempest-SnapshotsActionsTest-1488247659 None] CMD "/opt/stack/data/venv/bin/python3.10 -m oslo_concurrency.prlimit --as=1073741824 --cpu=60 -- sudo cinder-rootwrap /etc/cinder/rootwrap.conf env LC_ALL=C qemu-img info -f qcow2 --output=json --force-share /opt/stack/data/cinder/mnt/5c46e72101ba508220395b768cd9232f/volume-8a69ee0d-49c0-4dec-9002-ed30a332f8d1.2cf81647-19ac-4b0a-9ed5-3d96a98d4867" returned: 0 in 0.554s {{(pid=82099) execute /opt/stack/data/venv/lib/python3.10/site-packages/oslo_concurrency/processutils.py:468}}
Apr 13 11:19:35 devstack cinder-volume[82099]: DEBUG cinder.volume.drivers.remotefs [None req-9ebc39d5-fa68-4410-9f21-558d9b88f990 tempest-SnapshotsActionsTest-1488247659 None] Fetching qemu-img info with special backing_file_template: (/opt/stack/data/cinder/mnt/[0-9a-f]+/)?(volume-8a69ee0d-49c0-4dec-9002-ed30a332f8d1(.(tmp-snap-)?[0-9a-f-]+)?|volume_from_snapshot_cache/(tmp-snap-)?[0-9a-f-]+(.(child-|parent-)[0-9a-f-]+)?)$ {{(pid=82099) _qemu_img_info_base /opt/stack/cinder/cinder/volume/drivers/remotefs.py:896}}
Apr 13 11:19:35 devstack cinder-volume[82099]: DEBUG oslo_concurrency.processutils [None req-9ebc39d5-fa68-4410-9f21-558d9b88f990 tempest-SnapshotsActionsTest-1488247659 None] Running cmd (subprocess): sudo cinder-rootwrap /etc/cinder/rootwrap.conf qemu-img create -f qcow2 -o backing_file=/opt/stack/data/cinder/mnt/5c46e72101ba508220395b768cd9232f/volume-8a69ee0d-49c0-4dec-9002-ed30a332f8d1.2cf81647-19ac-4b0a-9ed5-3d96a98d4867,backing_fmt=qcow2 /opt/stack/data/cinder/mnt/5c46e72101ba508220395b768cd9232f/volume-8a69ee0d-49c0-4dec-9002-ed30a332f8d1.3f6ee5e4-647b-430e-b24c-fdce5315c583 1G {{(pid=82099) execute /opt/stack/data/venv/lib/python3.10/site-packages/oslo_concurrency/processutils.py:440}}
Apr 13 11:19:35 devstack sudo[85117]: quobyte : PWD=/ ; USER=root ; COMMAND=/opt/stack/data/venv/bin/cinder-rootwrap /etc/cinder/rootwrap.conf qemu-img create -f qcow2 -o backing_file=/opt/stack/data/cinder/mnt/5c46e72101ba508220395b768cd9232f/volume-8a69ee0d-49c0-4dec-9002-ed30a332f8d1.2cf81647-19ac-4b0a-9ed5-3d96a98d4867,backing_fmt=qcow2 /opt/stack/data/cinder/mnt/5c46e72101ba508220395b768cd9232f/volume-8a69ee0d-49c0-4dec-9002-ed30a332f8d1.3f6ee5e4-647b-430e-b24c-fdce5315c583 1G
Apr 13 11:19:35 devstack sudo[85117]: pam_unix(sudo:session): session opened for user root(uid=0) by (uid=1000)
Apr 13 11:19:36 devstack sudo[85115]: pam_unix(sudo:session): session closed for user root
Apr 13 11:19:36 devstack cinder-volume[82099]: DEBUG oslo_concurrency.processutils [None req-8e32d9f1-31b1-43e4-a12a-b845def33c1f tempest-GroupSnapshotsTest-1365298579 None] CMD "/opt/stack/data/venv/bin/python3.10 -m oslo_concurrency.prlimit --as=1073741824 --cpu=60 -- sudo cinder-rootwrap /etc/cinder/rootwrap.conf env LC_ALL=C qemu-img info -f qcow2 --output=json --force-share /opt/stack/data/cinder/mnt/5c46e72101ba508220395b768cd9232f/volume-2ebada1c-840a-431d-b027-fc4100be1d1c.02c86662-1d78-4a80-9566-50b04865223c" returned: 0 in 0.557s {{(pid=82099) execute /opt/stack/data/venv/lib/python3.10/site-packages/oslo_concurrency/processutils.py:468}}
Apr 13 11:19:36 devstack cinder-volume[82099]: DEBUG cinder.volume.drivers.remotefs [None req-8e32d9f1-31b1-43e4-a12a-b845def33c1f tempest-GroupSnapshotsTest-1365298579 None] Fetching qemu-img info with special backing_file_template: (/opt/stack/data/cinder/mnt/[0-9a-f]+/)?(volume-2ebada1c-840a-431d-b027-fc4100be1d1c(.(tmp-snap-)?[0-9a-f-]+)?|volume_from_snapshot_cache/(tmp-snap-)?[0-9a-f-]+(.(child-|parent-)[0-9a-f-]+)?)$ {{(pid=82099) _qemu_img_info_base /opt/stack/cinder/cinder/volume/drivers/remotefs.py:896}}
Apr 13 11:19:36 devstack cinder-volume[82099]: DEBUG oslo.privsep.daemon [-] privsep: reply[27e85c1a-e809-4ef8-8707-b64287d5136d]: (4, 'qcow2') {{(pid=83086) _call_back /opt/stack/data/venv/lib/python3.10/site-packages/oslo_privsep/daemon.py:573}}
Apr 13 11:19:36 devstack cinder-volume[82099]: DEBUG oslo_concurrency.processutils [None req-8e32d9f1-31b1-43e4-a12a-b845def33c1f tempest-GroupSnapshotsTest-1365298579 None] Running cmd (subprocess): /opt/stack/data/venv/bin/python3.10 -m oslo_concurrency.prlimit --as=1073741824 --cpu=60 -- sudo cinder-rootwrap /etc/cinder/rootwrap.conf env LC_ALL=C qemu-img info -f qcow2 --output=json --force-share /opt/stack/data/cinder/mnt/5c46e72101ba508220395b768cd9232f/volume-2ebada1c-840a-431d-b027-fc4100be1d1c {{(pid=82099) execute /opt/stack/data/venv/lib/python3.10/site-packages/oslo_concurrency/processutils.py:440}}
Apr 13 11:19:36 devstack sudo[85125]: quobyte : PWD=/ ; USER=root ; COMMAND=/opt/stack/data/venv/bin/cinder-rootwrap /etc/cinder/rootwrap.conf env LC_ALL=C qemu-img info -f qcow2 --output=json --force-share /opt/stack/data/cinder/mnt/5c46e72101ba508220395b768cd9232f/volume-2ebada1c-840a-431d-b027-fc4100be1d1c
Apr 13 11:19:36 devstack sudo[85125]: pam_unix(sudo:session): session opened for user root(uid=0) by (uid=1000)
Apr 13 11:19:36 devstack sudo[85117]: pam_unix(sudo:session): session closed for user root
Apr 13 11:19:36 devstack cinder-volume[82099]: DEBUG oslo_concurrency.processutils [None req-9ebc39d5-fa68-4410-9f21-558d9b88f990 tempest-SnapshotsActionsTest-1488247659 None] CMD "sudo cinder-rootwrap /etc/cinder/rootwrap.conf qemu-img create -f qcow2 -o backing_file=/opt/stack/data/cinder/mnt/5c46e72101ba508220395b768cd9232f/volume-8a69ee0d-49c0-4dec-9002-ed30a332f8d1.2cf81647-19ac-4b0a-9ed5-3d96a98d4867,backing_fmt=qcow2 /opt/stack/data/cinder/mnt/5c46e72101ba508220395b768cd9232f/volume-8a69ee0d-49c0-4dec-9002-ed30a332f8d1.3f6ee5e4-647b-430e-b24c-fdce5315c583 1G" returned: 0 in 0.563s {{(pid=82099) execute /opt/stack/data/venv/lib/python3.10/site-packages/oslo_concurrency/processutils.py:468}}
Apr 13 11:19:36 devstack cinder-volume[82099]: DEBUG oslo_concurrency.processutils [None req-9ebc39d5-fa68-4410-9f21-558d9b88f990 tempest-SnapshotsActionsTest-1488247659 None] Running cmd (subprocess): sudo cinder-rootwrap /etc/cinder/rootwrap.conf qemu-img rebase -u -b volume-8a69ee0d-49c0-4dec-9002-ed30a332f8d1.2cf81647-19ac-4b0a-9ed5-3d96a98d4867 -F qcow2 /opt/stack/data/cinder/mnt/5c46e72101ba508220395b768cd9232f/volume-8a69ee0d-49c0-4dec-9002-ed30a332f8d1.3f6ee5e4-647b-430e-b24c-fdce5315c583 {{(pid=82099) execute /opt/stack/data/venv/lib/python3.10/site-packages/oslo_concurrency/processutils.py:440}}
Apr 13 11:19:36 devstack sudo[85127]: quobyte : PWD=/ ; USER=root ; COMMAND=/opt/stack/data/venv/bin/cinder-rootwrap /etc/cinder/rootwrap.conf qemu-img rebase -u -b volume-8a69ee0d-49c0-4dec-9002-ed30a332f8d1.2cf81647-19ac-4b0a-9ed5-3d96a98d4867 -F qcow2 /opt/stack/data/cinder/mnt/5c46e72101ba508220395b768cd9232f/volume-8a69ee0d-49c0-4dec-9002-ed30a332f8d1.3f6ee5e4-647b-430e-b24c-fdce5315c583
Apr 13 11:19:36 devstack sudo[85127]: pam_unix(sudo:session): session opened for user root(uid=0) by (uid=1000)
Apr 13 11:19:36 devstack sudo[85125]: pam_unix(sudo:session): session closed for user root
Apr 13 11:19:36 devstack cinder-volume[82099]: DEBUG oslo_concurrency.processutils [None req-8e32d9f1-31b1-43e4-a12a-b845def33c1f tempest-GroupSnapshotsTest-1365298579 None] CMD "/opt/stack/data/venv/bin/python3.10 -m oslo_concurrency.prlimit --as=1073741824 --cpu=60 -- sudo cinder-rootwrap /etc/cinder/rootwrap.conf env LC_ALL=C qemu-img info -f qcow2 --output=json --force-share /opt/stack/data/cinder/mnt/5c46e72101ba508220395b768cd9232f/volume-2ebada1c-840a-431d-b027-fc4100be1d1c" returned: 0 in 0.488s {{(pid=82099) execute /opt/stack/data/venv/lib/python3.10/site-packages/oslo_concurrency/processutils.py:468}}
Apr 13 11:19:36 devstack cinder-volume[82099]: DEBUG oslo_concurrency.processutils [None req-8e32d9f1-31b1-43e4-a12a-b845def33c1f tempest-GroupSnapshotsTest-1365298579 None] Running cmd (subprocess): sudo cinder-rootwrap /etc/cinder/rootwrap.conf qemu-img commit -d /opt/stack/data/cinder/mnt/5c46e72101ba508220395b768cd9232f/volume-2ebada1c-840a-431d-b027-fc4100be1d1c.02c86662-1d78-4a80-9566-50b04865223c {{(pid=82099) execute /opt/stack/data/venv/lib/python3.10/site-packages/oslo_concurrency/processutils.py:440}}
Apr 13 11:19:36 devstack sudo[85135]: quobyte : PWD=/ ; USER=root ; COMMAND=/opt/stack/data/venv/bin/cinder-rootwrap /etc/cinder/rootwrap.conf qemu-img commit -d /opt/stack/data/cinder/mnt/5c46e72101ba508220395b768cd9232f/volume-2ebada1c-840a-431d-b027-fc4100be1d1c.02c86662-1d78-4a80-9566-50b04865223c
Apr 13 11:19:36 devstack sudo[85135]: pam_unix(sudo:session): session opened for user root(uid=0) by (uid=1000)
Apr 13 11:19:36 devstack sudo[85127]: pam_unix(sudo:session): session closed for user root
Apr 13 11:19:36 devstack cinder-volume[82099]: DEBUG oslo_concurrency.processutils [None req-9ebc39d5-fa68-4410-9f21-558d9b88f990 tempest-SnapshotsActionsTest-1488247659 None] CMD "sudo cinder-rootwrap /etc/cinder/rootwrap.conf qemu-img rebase -u -b volume-8a69ee0d-49c0-4dec-9002-ed30a332f8d1.2cf81647-19ac-4b0a-9ed5-3d96a98d4867 -F qcow2 /opt/stack/data/cinder/mnt/5c46e72101ba508220395b768cd9232f/volume-8a69ee0d-49c0-4dec-9002-ed30a332f8d1.3f6ee5e4-647b-430e-b24c-fdce5315c583" returned: 0 in 0.458s {{(pid=82099) execute /opt/stack/data/venv/lib/python3.10/site-packages/oslo_concurrency/processutils.py:468}}
Apr 13 11:19:36 devstack cinder-volume[82099]: WARNING cinder.volume.drivers.remotefs [None req-9ebc39d5-fa68-4410-9f21-558d9b88f990 tempest-SnapshotsActionsTest-1488247659 None] /opt/stack/data/cinder/mnt/5c46e72101ba508220395b768cd9232f/volume-8a69ee0d-49c0-4dec-9002-ed30a332f8d1.3f6ee5e4-647b-430e-b24c-fdce5315c583 is being set with open permissions: ugo+rw
Apr 13 11:19:36 devstack cinder-volume[82099]: DEBUG oslo_concurrency.processutils [None req-9ebc39d5-fa68-4410-9f21-558d9b88f990 tempest-SnapshotsActionsTest-1488247659 None] Running cmd (subprocess): sudo cinder-rootwrap /etc/cinder/rootwrap.conf chmod ugo+rw /opt/stack/data/cinder/mnt/5c46e72101ba508220395b768cd9232f/volume-8a69ee0d-49c0-4dec-9002-ed30a332f8d1.3f6ee5e4-647b-430e-b24c-fdce5315c583 {{(pid=82099) execute /opt/stack/data/venv/lib/python3.10/site-packages/oslo_concurrency/processutils.py:440}}
Apr 13 11:19:36 devstack sudo[85137]: quobyte : PWD=/ ; USER=root ; COMMAND=/opt/stack/data/venv/bin/cinder-rootwrap /etc/cinder/rootwrap.conf chmod ugo+rw /opt/stack/data/cinder/mnt/5c46e72101ba508220395b768cd9232f/volume-8a69ee0d-49c0-4dec-9002-ed30a332f8d1.3f6ee5e4-647b-430e-b24c-fdce5315c583
Apr 13 11:19:36 devstack sudo[85137]: pam_unix(sudo:session): session opened for user root(uid=0) by (uid=1000)
Apr 13 11:19:37 devstack sudo[85135]: pam_unix(sudo:session): session closed for user root
Apr 13 11:19:37 devstack cinder-volume[82099]: DEBUG oslo_concurrency.processutils [None req-8e32d9f1-31b1-43e4-a12a-b845def33c1f tempest-GroupSnapshotsTest-1365298579 None] CMD "sudo cinder-rootwrap /etc/cinder/rootwrap.conf qemu-img commit -d /opt/stack/data/cinder/mnt/5c46e72101ba508220395b768cd9232f/volume-2ebada1c-840a-431d-b027-fc4100be1d1c.02c86662-1d78-4a80-9566-50b04865223c" returned: 0 in 0.490s {{(pid=82099) execute /opt/stack/data/venv/lib/python3.10/site-packages/oslo_concurrency/processutils.py:468}}
Apr 13 11:19:37 devstack cinder-volume[82099]: DEBUG oslo_concurrency.processutils [None req-8e32d9f1-31b1-43e4-a12a-b845def33c1f tempest-GroupSnapshotsTest-1365298579 None] Running cmd (subprocess): sudo cinder-rootwrap /etc/cinder/rootwrap.conf rm -f /opt/stack/data/cinder/mnt/5c46e72101ba508220395b768cd9232f/volume-2ebada1c-840a-431d-b027-fc4100be1d1c.02c86662-1d78-4a80-9566-50b04865223c {{(pid=82099) execute /opt/stack/data/venv/lib/python3.10/site-packages/oslo_concurrency/processutils.py:440}}
Apr 13 11:19:37 devstack sudo[85143]: quobyte : PWD=/ ; USER=root ; COMMAND=/opt/stack/data/venv/bin/cinder-rootwrap /etc/cinder/rootwrap.conf rm -f /opt/stack/data/cinder/mnt/5c46e72101ba508220395b768cd9232f/volume-2ebada1c-840a-431d-b027-fc4100be1d1c.02c86662-1d78-4a80-9566-50b04865223c
Apr 13 11:19:37 devstack sudo[85143]: pam_unix(sudo:session): session opened for user root(uid=0) by (uid=1000)
Apr 13 11:19:37 devstack sudo[85137]: pam_unix(sudo:session): session closed for user root
Apr 13 11:19:37 devstack cinder-volume[82099]: DEBUG oslo_concurrency.processutils [None req-9ebc39d5-fa68-4410-9f21-558d9b88f990 tempest-SnapshotsActionsTest-1488247659 None] CMD "sudo cinder-rootwrap /etc/cinder/rootwrap.conf chmod ugo+rw /opt/stack/data/cinder/mnt/5c46e72101ba508220395b768cd9232f/volume-8a69ee0d-49c0-4dec-9002-ed30a332f8d1.3f6ee5e4-647b-430e-b24c-fdce5315c583" returned: 0 in 0.499s {{(pid=82099) execute /opt/stack/data/venv/lib/python3.10/site-packages/oslo_concurrency/processutils.py:468}}
Apr 13 11:19:37 devstack cinder-volume[82099]: DEBUG oslo_concurrency.lockutils [None req-9ebc39d5-fa68-4410-9f21-558d9b88f990 tempest-SnapshotsActionsTest-1488247659 None] Lock "quobyte" "released" by "cinder.volume.drivers.quobyte.QuobyteDriver.create_snapshot" :: held 2.139s {{(pid=82099) inner /opt/stack/data/venv/lib/python3.10/site-packages/oslo_concurrency/lockutils.py:538}}
Apr 13 11:19:37 devstack cinder-volume[82099]: DEBUG oslo_concurrency.lockutils [req-f8eee0bf-1e74-41dd-8eaa-b775bcf683fa req-cbc3706b-7a28-4d61-bd98-b2b7263cf6c9 tempest-ServerBootFromVolumeStableRescueTest-285191462 None] Lock "quobyte" acquired by "cinder.volume.drivers.quobyte.QuobyteDriver.initialize_connection" :: waited 6.684s {{(pid=82099) inner /opt/stack/data/venv/lib/python3.10/site-packages/oslo_concurrency/lockutils.py:519}}
Apr 13 11:19:37 devstack cinder-volume[82099]: DEBUG oslo.privsep.daemon [-] privsep: reply[2f7e2ebd-6d86-4ad9-8130-fe277a061dd8]: (4, 'raw') {{(pid=83086) _call_back /opt/stack/data/venv/lib/python3.10/site-packages/oslo_privsep/daemon.py:573}}
Apr 13 11:19:37 devstack cinder-volume[82099]: DEBUG oslo_concurrency.processutils [req-f8eee0bf-1e74-41dd-8eaa-b775bcf683fa req-cbc3706b-7a28-4d61-bd98-b2b7263cf6c9 tempest-ServerBootFromVolumeStableRescueTest-285191462 None] Running cmd (subprocess): /opt/stack/data/venv/bin/python3.10 -m oslo_concurrency.prlimit --as=1073741824 --cpu=60 -- sudo cinder-rootwrap /etc/cinder/rootwrap.conf env LC_ALL=C qemu-img info -f raw --output=json --force-share /opt/stack/data/cinder/mnt/5c46e72101ba508220395b768cd9232f/volume-629edfef-41c3-4021-88ff-348ad18255fb {{(pid=82099) execute /opt/stack/data/venv/lib/python3.10/site-packages/oslo_concurrency/processutils.py:440}}
Apr 13 11:19:37 devstack cinder-volume[82099]: INFO cinder.volume.manager [None req-9ebc39d5-fa68-4410-9f21-558d9b88f990 tempest-SnapshotsActionsTest-1488247659 None] Create snapshot completed successfully
Apr 13 11:19:37 devstack sudo[85145]: quobyte : PWD=/ ; USER=root ; COMMAND=/opt/stack/data/venv/bin/cinder-rootwrap /etc/cinder/rootwrap.conf env LC_ALL=C qemu-img info -f raw --output=json --force-share /opt/stack/data/cinder/mnt/5c46e72101ba508220395b768cd9232f/volume-629edfef-41c3-4021-88ff-348ad18255fb
Apr 13 11:19:37 devstack sudo[85145]: pam_unix(sudo:session): session opened for user root(uid=0) by (uid=1000)
Apr 13 11:19:37 devstack sudo[85143]: pam_unix(sudo:session): session closed for user root
Apr 13 11:19:37 devstack cinder-volume[82099]: DEBUG oslo_concurrency.processutils [None req-8e32d9f1-31b1-43e4-a12a-b845def33c1f tempest-GroupSnapshotsTest-1365298579 None] CMD "sudo cinder-rootwrap /etc/cinder/rootwrap.conf rm -f /opt/stack/data/cinder/mnt/5c46e72101ba508220395b768cd9232f/volume-2ebada1c-840a-431d-b027-fc4100be1d1c.02c86662-1d78-4a80-9566-50b04865223c" returned: 0 in 0.397s {{(pid=82099) execute /opt/stack/data/venv/lib/python3.10/site-packages/oslo_concurrency/processutils.py:468}}
Apr 13 11:19:37 devstack cinder-volume[82099]: DEBUG cinder.coordination [None req-8e32d9f1-31b1-43e4-a12a-b845def33c1f tempest-GroupSnapshotsTest-1365298579 None] Lock "cinder-quobyte-02c86662-1d78-4a80-9566-50b04865223c" released by "_delete_snapshot" :: held 1.993s {{(pid=82099) __release /opt/stack/cinder/cinder/coordination.py:152}}
Apr 13 11:19:37 devstack cinder-volume[82099]: DEBUG cinder.coordination [None req-8e32d9f1-31b1-43e4-a12a-b845def33c1f tempest-GroupSnapshotsTest-1365298579 None] Lock "cinder-quobyte-2ebada1c-840a-431d-b027-fc4100be1d1c" released by "delete_snapshot" :: held 2.010s {{(pid=82099) __release /opt/stack/cinder/cinder/coordination.py:152}}
Apr 13 11:19:37 devstack cinder-volume[82099]: DEBUG cinder.coordination [None req-8e32d9f1-31b1-43e4-a12a-b845def33c1f tempest-GroupSnapshotsTest-1365298579 None] Acquiring lock "cinder-quobyte-685085c9-5244-4d5c-b72b-89b999f2bb7b" by "delete_snapshot" {{(pid=82099) __acquire /opt/stack/cinder/cinder/coordination.py:138}}
Apr 13 11:19:37 devstack cinder-volume[82099]: DEBUG cinder.coordination [None req-8e32d9f1-31b1-43e4-a12a-b845def33c1f tempest-GroupSnapshotsTest-1365298579 None] Lock "cinder-quobyte-685085c9-5244-4d5c-b72b-89b999f2bb7b" acquired by "delete_snapshot" :: waited 0.010s {{(pid=82099) __acquire /opt/stack/cinder/cinder/coordination.py:141}}
Apr 13 11:19:37 devstack cinder-volume[82099]: DEBUG cinder.coordination [None req-8e32d9f1-31b1-43e4-a12a-b845def33c1f tempest-GroupSnapshotsTest-1365298579 None] Acquiring lock "cinder-quobyte-32d77cc9-cfc1-4d78-b637-a01078432ef0" by "_delete_snapshot" {{(pid=82099) __acquire /opt/stack/cinder/cinder/coordination.py:138}}
Apr 13 11:19:37 devstack cinder-volume[82099]: DEBUG cinder.coordination [None req-8e32d9f1-31b1-43e4-a12a-b845def33c1f tempest-GroupSnapshotsTest-1365298579 None] Lock "cinder-quobyte-32d77cc9-cfc1-4d78-b637-a01078432ef0" acquired by "_delete_snapshot" :: waited 0.009s {{(pid=82099) __acquire /opt/stack/cinder/cinder/coordination.py:141}}
Apr 13 11:19:37 devstack cinder-volume[82099]: DEBUG cinder.volume.drivers.remotefs [None req-8e32d9f1-31b1-43e4-a12a-b845def33c1f tempest-GroupSnapshotsTest-1365298579 None] Deleting offline snapshot 32d77cc9-cfc1-4d78-b637-a01078432ef0 of volume 685085c9-5244-4d5c-b72b-89b999f2bb7b {{(pid=82099) _delete_snapshot /opt/stack/cinder/cinder/volume/drivers/remotefs.py:1288}}
Apr 13 11:19:37 devstack cinder-volume[82099]: DEBUG cinder.volume.drivers.remotefs [None req-8e32d9f1-31b1-43e4-a12a-b845def33c1f tempest-GroupSnapshotsTest-1365298579 None] snapshot_file for this snap is: volume-685085c9-5244-4d5c-b72b-89b999f2bb7b.32d77cc9-cfc1-4d78-b637-a01078432ef0 {{(pid=82099) _delete_snapshot /opt/stack/cinder/cinder/volume/drivers/remotefs.py:1317}}
Apr 13 11:19:37 devstack cinder-volume[82099]: DEBUG oslo.privsep.daemon [-] privsep: reply[6ea2b61d-55d3-4b81-b9f9-457a981afd5b]: (4, 'qcow2') {{(pid=83086) _call_back /opt/stack/data/venv/lib/python3.10/site-packages/oslo_privsep/daemon.py:573}}
