Sep 02 16:24:51 devstack cinder-volume[87051]: DEBUG oslo_concurrency.lockutils [None req-c5516ca1-4be9-4060-9ccd-7b51c3d45193 tempest-VolumesListTestJSON-916319018 None] Acquiring lock "quobyte" by "cinder.volume.drivers.quobyte.QuobyteDriver.create_volume" {{(pid=87051) inner /opt/stack/data/venv/lib/python3.12/site-packages/oslo_concurrency/lockutils.py:512}}
Sep 02 16:24:51 devstack cinder-volume[87051]: DEBUG oslo_concurrency.processutils [None req-90a330d6-a028-4a77-ad1c-216b5e6e5bad tempest-SnapshotsActionsTest-277765125 None] CMD "/opt/stack/data/venv/bin/python3.12 -m oslo_concurrency.prlimit --as=1073741824 --cpu=60 -- sudo cinder-rootwrap /etc/cinder/rootwrap.conf env LC_ALL=C qemu-img info -f qcow2 --output=json --force-share /opt/stack/data/cinder/mnt/df564eefa9cb392868ebf49472526dca/volume-497ba0a4-6764-4a5f-ac1e-a6e273e3d8db" returned: 0 in 0.580s {{(pid=87051) execute /opt/stack/data/venv/lib/python3.12/site-packages/oslo_concurrency/processutils.py:468}}
Sep 02 16:24:51 devstack cinder-volume[87051]: DEBUG oslo_concurrency.processutils [None req-90a330d6-a028-4a77-ad1c-216b5e6e5bad tempest-SnapshotsActionsTest-277765125 None] Running cmd (subprocess): sudo cinder-rootwrap /etc/cinder/rootwrap.conf qemu-img create -f qcow2 -o backing_file=/opt/stack/data/cinder/mnt/df564eefa9cb392868ebf49472526dca/volume-497ba0a4-6764-4a5f-ac1e-a6e273e3d8db,backing_fmt=qcow2 /opt/stack/data/cinder/mnt/df564eefa9cb392868ebf49472526dca/volume-497ba0a4-6764-4a5f-ac1e-a6e273e3d8db.75e30bda-fdd2-48de-9264-357f82ea4e37 1G {{(pid=87051) execute /opt/stack/data/venv/lib/python3.12/site-packages/oslo_concurrency/processutils.py:440}}
Sep 02 16:24:51 devstack sudo[96172]: quobyte : PWD=/ ; USER=root ; COMMAND=/opt/stack/data/venv/bin/cinder-rootwrap /etc/cinder/rootwrap.conf qemu-img create -f qcow2 -o backing_file=/opt/stack/data/cinder/mnt/df564eefa9cb392868ebf49472526dca/volume-497ba0a4-6764-4a5f-ac1e-a6e273e3d8db,backing_fmt=qcow2 /opt/stack/data/cinder/mnt/df564eefa9cb392868ebf49472526dca/volume-497ba0a4-6764-4a5f-ac1e-a6e273e3d8db.75e30bda-fdd2-48de-9264-357f82ea4e37 1G
Sep 02 16:24:51 devstack sudo[96172]: pam_unix(sudo:session): session opened for user root(uid=0) by (uid=1000)
Sep 02 16:24:51 devstack sudo[96172]: pam_unix(sudo:session): session closed for user root
Sep 02 16:24:51 devstack cinder-volume[87051]: DEBUG oslo_concurrency.processutils [None req-90a330d6-a028-4a77-ad1c-216b5e6e5bad tempest-SnapshotsActionsTest-277765125 None] CMD "sudo cinder-rootwrap /etc/cinder/rootwrap.conf qemu-img create -f qcow2 -o backing_file=/opt/stack/data/cinder/mnt/df564eefa9cb392868ebf49472526dca/volume-497ba0a4-6764-4a5f-ac1e-a6e273e3d8db,backing_fmt=qcow2 /opt/stack/data/cinder/mnt/df564eefa9cb392868ebf49472526dca/volume-497ba0a4-6764-4a5f-ac1e-a6e273e3d8db.75e30bda-fdd2-48de-9264-357f82ea4e37 1G" returned: 0 in 0.396s {{(pid=87051) execute /opt/stack/data/venv/lib/python3.12/site-packages/oslo_concurrency/processutils.py:468}}
Sep 02 16:24:51 devstack cinder-volume[87051]: DEBUG oslo_concurrency.processutils [None req-90a330d6-a028-4a77-ad1c-216b5e6e5bad tempest-SnapshotsActionsTest-277765125 None] Running cmd (subprocess): sudo cinder-rootwrap /etc/cinder/rootwrap.conf qemu-img rebase -u -b volume-497ba0a4-6764-4a5f-ac1e-a6e273e3d8db -F qcow2 /opt/stack/data/cinder/mnt/df564eefa9cb392868ebf49472526dca/volume-497ba0a4-6764-4a5f-ac1e-a6e273e3d8db.75e30bda-fdd2-48de-9264-357f82ea4e37 {{(pid=87051) execute /opt/stack/data/venv/lib/python3.12/site-packages/oslo_concurrency/processutils.py:440}}
Sep 02 16:24:51 devstack sudo[96177]: quobyte : PWD=/ ; USER=root ; COMMAND=/opt/stack/data/venv/bin/cinder-rootwrap /etc/cinder/rootwrap.conf qemu-img rebase -u -b volume-497ba0a4-6764-4a5f-ac1e-a6e273e3d8db -F qcow2 /opt/stack/data/cinder/mnt/df564eefa9cb392868ebf49472526dca/volume-497ba0a4-6764-4a5f-ac1e-a6e273e3d8db.75e30bda-fdd2-48de-9264-357f82ea4e37
Sep 02 16:24:51 devstack sudo[96177]: pam_unix(sudo:session): session opened for user root(uid=0) by (uid=1000)
Sep 02 16:24:51 devstack sudo[96177]: pam_unix(sudo:session): session closed for user root
Sep 02 16:24:51 devstack cinder-volume[87051]: DEBUG oslo_concurrency.processutils [None req-90a330d6-a028-4a77-ad1c-216b5e6e5bad tempest-SnapshotsActionsTest-277765125 None] CMD "sudo cinder-rootwrap /etc/cinder/rootwrap.conf qemu-img rebase -u -b volume-497ba0a4-6764-4a5f-ac1e-a6e273e3d8db -F qcow2 /opt/stack/data/cinder/mnt/df564eefa9cb392868ebf49472526dca/volume-497ba0a4-6764-4a5f-ac1e-a6e273e3d8db.75e30bda-fdd2-48de-9264-357f82ea4e37" returned: 0 in 0.316s {{(pid=87051) execute /opt/stack/data/venv/lib/python3.12/site-packages/oslo_concurrency/processutils.py:468}}
Sep 02 16:24:51 devstack cinder-volume[87051]: WARNING cinder.volume.drivers.remotefs [None req-90a330d6-a028-4a77-ad1c-216b5e6e5bad tempest-SnapshotsActionsTest-277765125 None] /opt/stack/data/cinder/mnt/df564eefa9cb392868ebf49472526dca/volume-497ba0a4-6764-4a5f-ac1e-a6e273e3d8db.75e30bda-fdd2-48de-9264-357f82ea4e37 is being set with open permissions: ugo+rw
Sep 02 16:24:51 devstack cinder-volume[87051]: DEBUG oslo_concurrency.processutils [None req-90a330d6-a028-4a77-ad1c-216b5e6e5bad tempest-SnapshotsActionsTest-277765125 None] Running cmd (subprocess): sudo cinder-rootwrap /etc/cinder/rootwrap.conf chmod ugo+rw /opt/stack/data/cinder/mnt/df564eefa9cb392868ebf49472526dca/volume-497ba0a4-6764-4a5f-ac1e-a6e273e3d8db.75e30bda-fdd2-48de-9264-357f82ea4e37 {{(pid=87051) execute /opt/stack/data/venv/lib/python3.12/site-packages/oslo_concurrency/processutils.py:440}}
Sep 02 16:24:52 devstack sudo[96182]: quobyte : PWD=/ ; USER=root ; COMMAND=/opt/stack/data/venv/bin/cinder-rootwrap /etc/cinder/rootwrap.conf chmod ugo+rw /opt/stack/data/cinder/mnt/df564eefa9cb392868ebf49472526dca/volume-497ba0a4-6764-4a5f-ac1e-a6e273e3d8db.75e30bda-fdd2-48de-9264-357f82ea4e37
Sep 02 16:24:52 devstack sudo[96182]: pam_unix(sudo:session): session opened for user root(uid=0) by (uid=1000)
Sep 02 16:24:52 devstack sudo[96182]: pam_unix(sudo:session): session closed for user root
Sep 02 16:24:52 devstack cinder-volume[87051]: DEBUG oslo_concurrency.processutils [None req-90a330d6-a028-4a77-ad1c-216b5e6e5bad tempest-SnapshotsActionsTest-277765125 None] CMD "sudo cinder-rootwrap /etc/cinder/rootwrap.conf chmod ugo+rw /opt/stack/data/cinder/mnt/df564eefa9cb392868ebf49472526dca/volume-497ba0a4-6764-4a5f-ac1e-a6e273e3d8db.75e30bda-fdd2-48de-9264-357f82ea4e37" returned: 0 in 0.279s {{(pid=87051) execute /opt/stack/data/venv/lib/python3.12/site-packages/oslo_concurrency/processutils.py:468}}
Sep 02 16:24:52 devstack cinder-volume[87051]: DEBUG oslo_concurrency.processutils [None req-90a330d6-a028-4a77-ad1c-216b5e6e5bad tempest-SnapshotsActionsTest-277765125 None] Running cmd (subprocess): sudo cinder-rootwrap /etc/cinder/rootwrap.conf truncate -s0 /opt/stack/data/cinder/mnt/df564eefa9cb392868ebf49472526dca/volume-497ba0a4-6764-4a5f-ac1e-a6e273e3d8db.info {{(pid=87051) execute /opt/stack/data/venv/lib/python3.12/site-packages/oslo_concurrency/processutils.py:440}}
Sep 02 16:24:52 devstack sudo[96185]: quobyte : PWD=/ ; USER=root ; COMMAND=/opt/stack/data/venv/bin/cinder-rootwrap /etc/cinder/rootwrap.conf truncate -s0 /opt/stack/data/cinder/mnt/df564eefa9cb392868ebf49472526dca/volume-497ba0a4-6764-4a5f-ac1e-a6e273e3d8db.info
Sep 02 16:24:52 devstack sudo[96185]: pam_unix(sudo:session): session opened for user root(uid=0) by (uid=1000)
Sep 02 16:24:52 devstack sudo[96185]: pam_unix(sudo:session): session closed for user root
Sep 02 16:24:52 devstack cinder-volume[87051]: DEBUG oslo_concurrency.processutils [None req-90a330d6-a028-4a77-ad1c-216b5e6e5bad tempest-SnapshotsActionsTest-277765125 None] CMD "sudo cinder-rootwrap /etc/cinder/rootwrap.conf truncate -s0 /opt/stack/data/cinder/mnt/df564eefa9cb392868ebf49472526dca/volume-497ba0a4-6764-4a5f-ac1e-a6e273e3d8db.info" returned: 0 in 0.336s {{(pid=87051) execute /opt/stack/data/venv/lib/python3.12/site-packages/oslo_concurrency/processutils.py:468}}
Sep 02 16:24:52 devstack cinder-volume[87051]: WARNING cinder.volume.drivers.remotefs [None req-90a330d6-a028-4a77-ad1c-216b5e6e5bad tempest-SnapshotsActionsTest-277765125 None] /opt/stack/data/cinder/mnt/df564eefa9cb392868ebf49472526dca/volume-497ba0a4-6764-4a5f-ac1e-a6e273e3d8db.info is being set with open permissions: ugo+rw
Sep 02 16:24:52 devstack cinder-volume[87051]: DEBUG oslo_concurrency.processutils [None req-90a330d6-a028-4a77-ad1c-216b5e6e5bad tempest-SnapshotsActionsTest-277765125 None] Running cmd (subprocess): sudo cinder-rootwrap /etc/cinder/rootwrap.conf chmod ugo+rw /opt/stack/data/cinder/mnt/df564eefa9cb392868ebf49472526dca/volume-497ba0a4-6764-4a5f-ac1e-a6e273e3d8db.info {{(pid=87051) execute /opt/stack/data/venv/lib/python3.12/site-packages/oslo_concurrency/processutils.py:440}}
Sep 02 16:24:52 devstack sudo[96188]: quobyte : PWD=/ ; USER=root ; COMMAND=/opt/stack/data/venv/bin/cinder-rootwrap /etc/cinder/rootwrap.conf chmod ugo+rw /opt/stack/data/cinder/mnt/df564eefa9cb392868ebf49472526dca/volume-497ba0a4-6764-4a5f-ac1e-a6e273e3d8db.info
Sep 02 16:24:52 devstack sudo[96188]: pam_unix(sudo:session): session opened for user root(uid=0) by (uid=1000)
Sep 02 16:24:52 devstack cinder-volume[87051]: INFO cinder.volume.manager [req-54550aad-9294-4385-ab58-bcd5faf96bf6 req-a26a8169-eb14-417d-aaba-d203b79ddb06 tempest-AttachVolumeNegativeTest-639539955 None] Terminate volume connection completed successfully.
Sep 02 16:24:52 devstack cinder-volume[87051]: DEBUG cinder.volume.manager [req-54550aad-9294-4385-ab58-bcd5faf96bf6 req-a26a8169-eb14-417d-aaba-d203b79ddb06 tempest-AttachVolumeNegativeTest-639539955 None] Deleting attachment 0d0f2707-be85-4096-b953-12a17a5661bd. {{(pid=87051) attachment_delete /opt/stack/cinder/cinder/volume/manager.py:5055}}
Sep 02 16:24:52 devstack sudo[96188]: pam_unix(sudo:session): session closed for user root
Sep 02 16:24:52 devstack cinder-volume[87051]: DEBUG oslo_concurrency.processutils [None req-90a330d6-a028-4a77-ad1c-216b5e6e5bad tempest-SnapshotsActionsTest-277765125 None] CMD "sudo cinder-rootwrap /etc/cinder/rootwrap.conf chmod ugo+rw /opt/stack/data/cinder/mnt/df564eefa9cb392868ebf49472526dca/volume-497ba0a4-6764-4a5f-ac1e-a6e273e3d8db.info" returned: 0 in 0.305s {{(pid=87051) execute /opt/stack/data/venv/lib/python3.12/site-packages/oslo_concurrency/processutils.py:468}}
Sep 02 16:24:52 devstack cinder-volume[87051]: DEBUG oslo_concurrency.lockutils [None req-90a330d6-a028-4a77-ad1c-216b5e6e5bad tempest-SnapshotsActionsTest-277765125 None] Lock "quobyte" "released" by "cinder.volume.drivers.quobyte.QuobyteDriver.create_snapshot" :: held 2.330s {{(pid=87051) inner /opt/stack/data/venv/lib/python3.12/site-packages/oslo_concurrency/lockutils.py:544}}
Sep 02 16:24:52 devstack cinder-volume[87051]: DEBUG oslo_concurrency.lockutils [None req-c5516ca1-4be9-4060-9ccd-7b51c3d45193 tempest-VolumesListTestJSON-916319018 None] Lock "quobyte" acquired by "cinder.volume.drivers.quobyte.QuobyteDriver.create_volume" :: waited 1.706s {{(pid=87051) inner /opt/stack/data/venv/lib/python3.12/site-packages/oslo_concurrency/lockutils.py:525}}
Sep 02 16:24:52 devstack cinder-volume[87051]: DEBUG cinder.volume.drivers.quobyte [None req-c5516ca1-4be9-4060-9ccd-7b51c3d45193 tempest-VolumesListTestJSON-916319018 None] ==> create_volume: call "{'self': , 'volume': Volume(_name_id=None,admin_metadata=,attach_status='detached',availability_zone='nova',bootable=False,cluster=,cluster_name=None,consistencygroup=,consistencygroup_id=None,created_at=2026-09-02T14:24:51Z,deleted=False,deleted_at=None,display_description=None,display_name='tempest-VolumesListTestJSON-Volume-1469554127',ec2_id=None,encryption_key_id=None,glance_metadata=,group=,group_id=None,host='devstack@QuobyteHD#QuobyteHD',id=2de150f2-a317-4600-a7b7-655548afad7f,launched_at=None,metadata={Type='work'},migration_status=None,multiattach=False,previous_status=None,project_id='61914c93cc1440f597d524a0d7063350',provider_auth=None,provider_geometry=None,provider_id=None,provider_location=None,replication_driver_data=None,replication_extended_status=None,replication_status=None,scheduled_at=2026-09-02T14:24:51Z,service_uuid=None,shared_targets=True,size=1,snapshot_id=None,snapshots=,source_volid=None,status='creating',terminated_at=None,updated_at=2026-09-02T14:24:51Z,use_quota=True,user_id='0c779237ab50455faf0e1a1d034afe51',volume_attachment=VolumeAttachmentList,volume_type=VolumeType(791a8dad-6ab1-4d18-a97f-6f4a74ce935c),volume_type_id=791a8dad-6ab1-4d18-a97f-6f4a74ce935c)}" {{(pid=87051) trace_logging_wrapper /opt/stack/cinder/cinder/volume/volume_utils.py:1497}}
Sep 02 16:24:52 devstack cinder-volume[87051]: DEBUG cinder.volume.drivers.remotefs [None req-c5516ca1-4be9-4060-9ccd-7b51c3d45193 tempest-VolumesListTestJSON-916319018 None] Creating volume 2de150f2-a317-4600-a7b7-655548afad7f {{(pid=87051) create_volume /opt/stack/cinder/cinder/volume/drivers/remotefs.py:292}}
Sep 02 16:24:52 devstack cinder-volume[87051]: DEBUG oslo_concurrency.lockutils [None req-c5516ca1-4be9-4060-9ccd-7b51c3d45193 tempest-VolumesListTestJSON-916319018 None] Acquiring lock "quobyte_ensure" by "cinder.volume.drivers.quobyte.QuobyteDriver._ensure_shares_mounted" {{(pid=87051) inner /opt/stack/data/venv/lib/python3.12/site-packages/oslo_concurrency/lockutils.py:512}}
Sep 02 16:24:52 devstack cinder-volume[87051]: DEBUG oslo_concurrency.lockutils [None req-c5516ca1-4be9-4060-9ccd-7b51c3d45193 tempest-VolumesListTestJSON-916319018 None] Lock "quobyte_ensure" acquired by "cinder.volume.drivers.quobyte.QuobyteDriver._ensure_shares_mounted" :: waited 0.001s {{(pid=87051) inner /opt/stack/data/venv/lib/python3.12/site-packages/oslo_concurrency/lockutils.py:525}}
Sep 02 16:24:52 devstack cinder-volume[87051]: DEBUG cinder.volume.drivers.quobyte [None req-c5516ca1-4be9-4060-9ccd-7b51c3d45193 tempest-VolumesListTestJSON-916319018 None] Quobyte Volume URL set to: {'osci02.corp.quobyte.com/cinder-vol-fd47e891-285c-4803-93c2-be159bd2d9fd': None} {{(pid=87051) _load_shares_config /opt/stack/cinder/cinder/volume/drivers/quobyte.py:662}}
Sep 02 16:24:52 devstack cinder-volume[87051]: DEBUG cinder.volume.drivers.quobyte [None req-c5516ca1-4be9-4060-9ccd-7b51c3d45193 tempest-VolumesListTestJSON-916319018 None] Available shares ['osci02.corp.quobyte.com/cinder-vol-fd47e891-285c-4803-93c2-be159bd2d9fd'] {{(pid=87051) _ensure_shares_mounted /opt/stack/cinder/cinder/volume/drivers/quobyte.py:692}}
Sep 02 16:24:52 devstack cinder-volume[87051]: DEBUG oslo_concurrency.lockutils [None req-c5516ca1-4be9-4060-9ccd-7b51c3d45193 tempest-VolumesListTestJSON-916319018 None] Lock "quobyte_ensure" "released" by "cinder.volume.drivers.quobyte.QuobyteDriver._ensure_shares_mounted" :: held 0.010s {{(pid=87051) inner /opt/stack/data/venv/lib/python3.12/site-packages/oslo_concurrency/lockutils.py:544}}
Sep 02 16:24:52 devstack cinder-volume[87051]: DEBUG cinder.volume.drivers.quobyte [None req-c5516ca1-4be9-4060-9ccd-7b51c3d45193 tempest-VolumesListTestJSON-916319018 None] Selected osci02.corp.quobyte.com/cinder-vol-fd47e891-285c-4803-93c2-be159bd2d9fd as target Quobyte volume. {{(pid=87051) _find_share /opt/stack/cinder/cinder/volume/drivers/quobyte.py:713}}
Sep 02 16:24:52 devstack cinder-volume[87051]: INFO cinder.volume.drivers.remotefs [None req-c5516ca1-4be9-4060-9ccd-7b51c3d45193 tempest-VolumesListTestJSON-916319018 None] casted to osci02.corp.quobyte.com/cinder-vol-fd47e891-285c-4803-93c2-be159bd2d9fd
Sep 02 16:24:52 devstack cinder-volume[87051]: DEBUG oslo_concurrency.processutils [None req-c5516ca1-4be9-4060-9ccd-7b51c3d45193 tempest-VolumesListTestJSON-916319018 None] Running cmd (subprocess): sudo cinder-rootwrap /etc/cinder/rootwrap.conf qemu-img create -f qcow2 -o preallocation=metadata /opt/stack/data/cinder/mnt/df564eefa9cb392868ebf49472526dca/volume-2de150f2-a317-4600-a7b7-655548afad7f 1073741824 {{(pid=87051) execute /opt/stack/data/venv/lib/python3.12/site-packages/oslo_concurrency/processutils.py:440}}
Sep 02 16:24:53 devstack cinder-volume[87051]: INFO cinder.volume.manager [None req-90a330d6-a028-4a77-ad1c-216b5e6e5bad tempest-SnapshotsActionsTest-277765125 None] Create snapshot completed successfully
Sep 02 16:24:53 devstack sudo[96217]: quobyte : PWD=/ ; USER=root ; COMMAND=/opt/stack/data/venv/bin/cinder-rootwrap /etc/cinder/rootwrap.conf qemu-img create -f qcow2 -o preallocation=metadata /opt/stack/data/cinder/mnt/df564eefa9cb392868ebf49472526dca/volume-2de150f2-a317-4600-a7b7-655548afad7f 1073741824
Sep 02 16:24:53 devstack sudo[96217]: pam_unix(sudo:session): session opened for user root(uid=0) by (uid=1000)
Sep 02 16:24:53 devstack sudo[96217]: pam_unix(sudo:session): session closed for user root
Sep 02 16:24:53 devstack cinder-volume[87051]: DEBUG oslo_concurrency.processutils [None req-c5516ca1-4be9-4060-9ccd-7b51c3d45193 tempest-VolumesListTestJSON-916319018 None] CMD "sudo cinder-rootwrap /etc/cinder/rootwrap.conf qemu-img create -f qcow2 -o preallocation=metadata /opt/stack/data/cinder/mnt/df564eefa9cb392868ebf49472526dca/volume-2de150f2-a317-4600-a7b7-655548afad7f 1073741824" returned: 0 in 0.466s {{(pid=87051) execute /opt/stack/data/venv/lib/python3.12/site-packages/oslo_concurrency/processutils.py:468}}
Sep 02 16:24:53 devstack cinder-volume[87051]: DEBUG oslo_concurrency.processutils [None req-c5516ca1-4be9-4060-9ccd-7b51c3d45193 tempest-VolumesListTestJSON-916319018 None] Running cmd (subprocess): sudo cinder-rootwrap /etc/cinder/rootwrap.conf chmod ugo+rw /opt/stack/data/cinder/mnt/df564eefa9cb392868ebf49472526dca/volume-2de150f2-a317-4600-a7b7-655548afad7f {{(pid=87051) execute /opt/stack/data/venv/lib/python3.12/site-packages/oslo_concurrency/processutils.py:440}}
Sep 02 16:24:53 devstack sudo[96222]: quobyte : PWD=/ ; USER=root ; COMMAND=/opt/stack/data/venv/bin/cinder-rootwrap /etc/cinder/rootwrap.conf chmod ugo+rw /opt/stack/data/cinder/mnt/df564eefa9cb392868ebf49472526dca/volume-2de150f2-a317-4600-a7b7-655548afad7f
Sep 02 16:24:53 devstack sudo[96222]: pam_unix(sudo:session): session opened for user root(uid=0) by (uid=1000)
Sep 02 16:24:53 devstack sudo[96222]: pam_unix(sudo:session): session closed for user root
Sep 02 16:24:53 devstack cinder-volume[87051]: DEBUG oslo_concurrency.processutils [None req-c5516ca1-4be9-4060-9ccd-7b51c3d45193 tempest-VolumesListTestJSON-916319018 None] CMD "sudo cinder-rootwrap /etc/cinder/rootwrap.conf chmod ugo+rw /opt/stack/data/cinder/mnt/df564eefa9cb392868ebf49472526dca/volume-2de150f2-a317-4600-a7b7-655548afad7f" returned: 0 in 0.293s {{(pid=87051) execute /opt/stack/data/venv/lib/python3.12/site-packages/oslo_concurrency/processutils.py:468}}
Sep 02 16:24:53 devstack cinder-volume[87051]: DEBUG cinder.volume.drivers.quobyte [None req-c5516ca1-4be9-4060-9ccd-7b51c3d45193 tempest-VolumesListTestJSON-916319018 None] <== create_volume: return (817ms) {'provider_location': 'osci02.corp.quobyte.com/cinder-vol-fd47e891-285c-4803-93c2-be159bd2d9fd'} {{(pid=87051) trace_logging_wrapper /opt/stack/cinder/cinder/volume/volume_utils.py:1522}}
Sep 02 16:24:53 devstack cinder-volume[87051]: DEBUG oslo_concurrency.lockutils [None req-c5516ca1-4be9-4060-9ccd-7b51c3d45193 tempest-VolumesListTestJSON-916319018 None] Lock "quobyte" "released" by "cinder.volume.drivers.quobyte.QuobyteDriver.create_volume" :: held 0.820s {{(pid=87051) inner /opt/stack/data/venv/lib/python3.12/site-packages/oslo_concurrency/lockutils.py:544}}
Sep 02 16:24:53 devstack cinder-volume[87051]: DEBUG cinder.volume.manager [None req-c5516ca1-4be9-4060-9ccd-7b51c3d45193 tempest-VolumesListTestJSON-916319018 None] Task 'cinder.volume.flows.manager.create_volume.CreateVolumeFromSpecTask;volume:create' (21a0915a-f3c5-4214-8227-c05fae21a139) transitioned into state 'SUCCESS' from state 'RUNNING' with result '{'status': 'creating', 'volume_name': 'volume-2de150f2-a317-4600-a7b7-655548afad7f', 'volume_size': 1}' {{(pid=87051) _task_receiver /opt/stack/data/venv/lib/python3.12/site-packages/taskflow/listeners/logging.py:218}}
Sep 02 16:24:53 devstack cinder-volume[87051]: DEBUG cinder.volume.manager [None req-c5516ca1-4be9-4060-9ccd-7b51c3d45193 tempest-VolumesListTestJSON-916319018 None] Task 'cinder.volume.flows.manager.create_volume.CreateVolumeOnFinishTask;volume:create, create.end' (48a5b7a3-3dc2-477f-93de-e65233c921b9) transitioned into state 'RUNNING' from state 'PENDING' {{(pid=87051) _task_receiver /opt/stack/data/venv/lib/python3.12/site-packages/taskflow/listeners/logging.py:242}}
Sep 02 16:24:53 devstack cinder-volume[87051]: INFO cinder.volume.flows.manager.create_volume [None req-c5516ca1-4be9-4060-9ccd-7b51c3d45193 tempest-VolumesListTestJSON-916319018 None] Volume volume-2de150f2-a317-4600-a7b7-655548afad7f (2de150f2-a317-4600-a7b7-655548afad7f): created successfully
Sep 02 16:24:53 devstack cinder-volume[87051]: DEBUG cinder.volume.manager [None req-c5516ca1-4be9-4060-9ccd-7b51c3d45193 tempest-VolumesListTestJSON-916319018 None] Task 'cinder.volume.flows.manager.create_volume.CreateVolumeOnFinishTask;volume:create, create.end' (48a5b7a3-3dc2-477f-93de-e65233c921b9) transitioned into state 'SUCCESS' from state 'RUNNING' with result 'None' {{(pid=87051) _task_receiver /opt/stack/data/venv/lib/python3.12/site-packages/taskflow/listeners/logging.py:218}}
Sep 02 16:24:53 devstack cinder-volume[87051]: DEBUG cinder.volume.manager [None req-c5516ca1-4be9-4060-9ccd-7b51c3d45193 tempest-VolumesListTestJSON-916319018 None] Flow 'volume_create_manager' (3d07a7f0-bb37-422f-b6fc-7319282bad6c) transitioned into state 'SUCCESS' from state 'RUNNING' {{(pid=87051) _flow_receiver /opt/stack/data/venv/lib/python3.12/site-packages/taskflow/listeners/logging.py:160}}
Sep 02 16:24:53 devstack cinder-volume[87051]: INFO cinder.volume.manager [None req-c5516ca1-4be9-4060-9ccd-7b51c3d45193 tempest-VolumesListTestJSON-916319018 None] Created volume successfully.
Sep 02 16:24:54 devstack cinder-volume[87051]: DEBUG oslo_concurrency.lockutils [None req-f1d3a9f5-be1e-44ee-bd18-2ac0979c0b5f tempest-SnapshotsActionsTest-277765125 None] Acquiring lock "quobyte" by "cinder.volume.drivers.quobyte.QuobyteDriver.create_snapshot" {{(pid=87051) inner /opt/stack/data/venv/lib/python3.12/site-packages/oslo_concurrency/lockutils.py:512}}
Sep 02 16:24:54 devstack cinder-volume[87051]: DEBUG oslo_concurrency.lockutils [None req-f1d3a9f5-be1e-44ee-bd18-2ac0979c0b5f tempest-SnapshotsActionsTest-277765125 None] Lock "quobyte" acquired by "cinder.volume.drivers.quobyte.QuobyteDriver.create_snapshot" :: waited 0.001s {{(pid=87051) inner /opt/stack/data/venv/lib/python3.12/site-packages/oslo_concurrency/lockutils.py:525}}
Sep 02 16:24:54 devstack cinder-volume[87051]: DEBUG cinder.volume.drivers.remotefs [None req-f1d3a9f5-be1e-44ee-bd18-2ac0979c0b5f tempest-SnapshotsActionsTest-277765125 None] Creating offline snapshot 1ec6fb68-9079-4941-99dd-8aeae4288b48 of volume 497ba0a4-6764-4a5f-ac1e-a6e273e3d8db {{(pid=87051) _create_snapshot /opt/stack/cinder/cinder/volume/drivers/remotefs.py:1816}}
Sep 02 16:24:55 devstack cinder-volume[87051]: DEBUG oslo.privsep.daemon [-] privsep: reply[4f5d8131-ce9c-4deb-9b44-37e716d6445d]: (4, 'qcow2') {{(pid=88698) _call_back /opt/stack/data/venv/lib/python3.12/site-packages/oslo_privsep/daemon.py:580}}
Sep 02 16:24:55 devstack cinder-volume[87051]: DEBUG oslo_concurrency.processutils [None req-f1d3a9f5-be1e-44ee-bd18-2ac0979c0b5f tempest-SnapshotsActionsTest-277765125 None] Running cmd (subprocess): /opt/stack/data/venv/bin/python3.12 -m oslo_concurrency.prlimit --as=1073741824 --cpu=60 -- sudo cinder-rootwrap /etc/cinder/rootwrap.conf env LC_ALL=C qemu-img info -f qcow2 --output=json --force-share /opt/stack/data/cinder/mnt/df564eefa9cb392868ebf49472526dca/volume-497ba0a4-6764-4a5f-ac1e-a6e273e3d8db.75e30bda-fdd2-48de-9264-357f82ea4e37 {{(pid=87051) execute /opt/stack/data/venv/lib/python3.12/site-packages/oslo_concurrency/processutils.py:440}}
Sep 02 16:24:55 devstack sudo[96251]: quobyte : PWD=/ ; USER=root ; COMMAND=/opt/stack/data/venv/bin/cinder-rootwrap /etc/cinder/rootwrap.conf env LC_ALL=C qemu-img info -f qcow2 --output=json --force-share /opt/stack/data/cinder/mnt/df564eefa9cb392868ebf49472526dca/volume-497ba0a4-6764-4a5f-ac1e-a6e273e3d8db.75e30bda-fdd2-48de-9264-357f82ea4e37
Sep 02 16:24:55 devstack sudo[96251]: pam_unix(sudo:session): session opened for user root(uid=0) by (uid=1000)
Sep 02 16:24:55 devstack sudo[96251]: pam_unix(sudo:session): session closed for user root
Sep 02 16:24:55 devstack cinder-volume[87051]: DEBUG oslo_concurrency.processutils [None req-f1d3a9f5-be1e-44ee-bd18-2ac0979c0b5f tempest-SnapshotsActionsTest-277765125 None] CMD "/opt/stack/data/venv/bin/python3.12 -m oslo_concurrency.prlimit --as=1073741824 --cpu=60 -- sudo cinder-rootwrap /etc/cinder/rootwrap.conf env LC_ALL=C qemu-img info -f qcow2 --output=json --force-share /opt/stack/data/cinder/mnt/df564eefa9cb392868ebf49472526dca/volume-497ba0a4-6764-4a5f-ac1e-a6e273e3d8db.75e30bda-fdd2-48de-9264-357f82ea4e37" returned: 0 in 0.733s {{(pid=87051) execute /opt/stack/data/venv/lib/python3.12/site-packages/oslo_concurrency/processutils.py:468}}
Sep 02 16:24:55 devstack cinder-volume[87051]: DEBUG cinder.volume.drivers.remotefs [None req-f1d3a9f5-be1e-44ee-bd18-2ac0979c0b5f tempest-SnapshotsActionsTest-277765125 None] Fetching qemu-img info with special backing_file_template: (/opt/stack/data/cinder/mnt/[0-9a-f]+/)?(volume-497ba0a4-6764-4a5f-ac1e-a6e273e3d8db(.(tmp-snap-)?[0-9a-f-]+)?|volume_from_snapshot_cache/(tmp-snap-)?[0-9a-f-]+(.(child-|parent-)[0-9a-f-]+)?)$ {{(pid=87051) _qemu_img_info_base /opt/stack/cinder/cinder/volume/drivers/remotefs.py:896}}
Sep 02 16:24:55 devstack cinder-volume[87051]: DEBUG oslo_concurrency.processutils [None req-f1d3a9f5-be1e-44ee-bd18-2ac0979c0b5f tempest-SnapshotsActionsTest-277765125 None] Running cmd (subprocess): sudo cinder-rootwrap /etc/cinder/rootwrap.conf qemu-img create -f qcow2 -o backing_file=/opt/stack/data/cinder/mnt/df564eefa9cb392868ebf49472526dca/volume-497ba0a4-6764-4a5f-ac1e-a6e273e3d8db.75e30bda-fdd2-48de-9264-357f82ea4e37,backing_fmt=qcow2 /opt/stack/data/cinder/mnt/df564eefa9cb392868ebf49472526dca/volume-497ba0a4-6764-4a5f-ac1e-a6e273e3d8db.1ec6fb68-9079-4941-99dd-8aeae4288b48 1G {{(pid=87051) execute /opt/stack/data/venv/lib/python3.12/site-packages/oslo_concurrency/processutils.py:440}}
Sep 02 16:24:55 devstack sudo[96258]: quobyte : PWD=/ ; USER=root ; COMMAND=/opt/stack/data/venv/bin/cinder-rootwrap /etc/cinder/rootwrap.conf qemu-img create -f qcow2 -o backing_file=/opt/stack/data/cinder/mnt/df564eefa9cb392868ebf49472526dca/volume-497ba0a4-6764-4a5f-ac1e-a6e273e3d8db.75e30bda-fdd2-48de-9264-357f82ea4e37,backing_fmt=qcow2 /opt/stack/data/cinder/mnt/df564eefa9cb392868ebf49472526dca/volume-497ba0a4-6764-4a5f-ac1e-a6e273e3d8db.1ec6fb68-9079-4941-99dd-8aeae4288b48 1G
Sep 02 16:24:55 devstack sudo[96258]: pam_unix(sudo:session): session opened for user root(uid=0) by (uid=1000)
Sep 02 16:24:56 devstack sudo[96258]: pam_unix(sudo:session): session closed for user root
Sep 02 16:24:56 devstack cinder-volume[87051]: DEBUG oslo_concurrency.processutils [None req-f1d3a9f5-be1e-44ee-bd18-2ac0979c0b5f tempest-SnapshotsActionsTest-277765125 None] CMD "sudo cinder-rootwrap /etc/cinder/rootwrap.conf qemu-img create -f qcow2 -o backing_file=/opt/stack/data/cinder/mnt/df564eefa9cb392868ebf49472526dca/volume-497ba0a4-6764-4a5f-ac1e-a6e273e3d8db.75e30bda-fdd2-48de-9264-357f82ea4e37,backing_fmt=qcow2 /opt/stack/data/cinder/mnt/df564eefa9cb392868ebf49472526dca/volume-497ba0a4-6764-4a5f-ac1e-a6e273e3d8db.1ec6fb68-9079-4941-99dd-8aeae4288b48 1G" returned: 0 in 0.643s {{(pid=87051) execute /opt/stack/data/venv/lib/python3.12/site-packages/oslo_concurrency/processutils.py:468}}
Sep 02 16:24:56 devstack cinder-volume[87051]: DEBUG oslo_concurrency.processutils [None req-f1d3a9f5-be1e-44ee-bd18-2ac0979c0b5f tempest-SnapshotsActionsTest-277765125 None] Running cmd (subprocess): sudo cinder-rootwrap /etc/cinder/rootwrap.conf qemu-img rebase -u -b volume-497ba0a4-6764-4a5f-ac1e-a6e273e3d8db.75e30bda-fdd2-48de-9264-357f82ea4e37 -F qcow2 /opt/stack/data/cinder/mnt/df564eefa9cb392868ebf49472526dca/volume-497ba0a4-6764-4a5f-ac1e-a6e273e3d8db.1ec6fb68-9079-4941-99dd-8aeae4288b48 {{(pid=87051) execute /opt/stack/data/venv/lib/python3.12/site-packages/oslo_concurrency/processutils.py:440}}
Sep 02 16:24:56 devstack sudo[96265]: quobyte : PWD=/ ; USER=root ; COMMAND=/opt/stack/data/venv/bin/cinder-rootwrap /etc/cinder/rootwrap.conf qemu-img rebase -u -b volume-497ba0a4-6764-4a5f-ac1e-a6e273e3d8db.75e30bda-fdd2-48de-9264-357f82ea4e37 -F qcow2 /opt/stack/data/cinder/mnt/df564eefa9cb392868ebf49472526dca/volume-497ba0a4-6764-4a5f-ac1e-a6e273e3d8db.1ec6fb68-9079-4941-99dd-8aeae4288b48
Sep 02 16:24:56 devstack sudo[96265]: pam_unix(sudo:session): session opened for user root(uid=0) by (uid=1000)
Sep 02 16:24:56 devstack sudo[96265]: pam_unix(sudo:session): session closed for user root
Sep 02 16:24:56 devstack cinder-volume[87051]: DEBUG oslo_concurrency.processutils [None req-f1d3a9f5-be1e-44ee-bd18-2ac0979c0b5f tempest-SnapshotsActionsTest-277765125 None] CMD "sudo cinder-rootwrap /etc/cinder/rootwrap.conf qemu-img rebase -u -b volume-497ba0a4-6764-4a5f-ac1e-a6e273e3d8db.75e30bda-fdd2-48de-9264-357f82ea4e37 -F qcow2 /opt/stack/data/cinder/mnt/df564eefa9cb392868ebf49472526dca/volume-497ba0a4-6764-4a5f-ac1e-a6e273e3d8db.1ec6fb68-9079-4941-99dd-8aeae4288b48" returned: 0 in 0.431s {{(pid=87051) execute /opt/stack/data/venv/lib/python3.12/site-packages/oslo_concurrency/processutils.py:468}}
Sep 02 16:24:56 devstack cinder-volume[87051]: WARNING cinder.volume.drivers.remotefs [None req-f1d3a9f5-be1e-44ee-bd18-2ac0979c0b5f tempest-SnapshotsActionsTest-277765125 None] /opt/stack/data/cinder/mnt/df564eefa9cb392868ebf49472526dca/volume-497ba0a4-6764-4a5f-ac1e-a6e273e3d8db.1ec6fb68-9079-4941-99dd-8aeae4288b48 is being set with open permissions: ugo+rw
Sep 02 16:24:56 devstack cinder-volume[87051]: DEBUG oslo_concurrency.processutils [None req-f1d3a9f5-be1e-44ee-bd18-2ac0979c0b5f tempest-SnapshotsActionsTest-277765125 None] Running cmd (subprocess): sudo cinder-rootwrap /etc/cinder/rootwrap.conf chmod ugo+rw /opt/stack/data/cinder/mnt/df564eefa9cb392868ebf49472526dca/volume-497ba0a4-6764-4a5f-ac1e-a6e273e3d8db.1ec6fb68-9079-4941-99dd-8aeae4288b48 {{(pid=87051) execute /opt/stack/data/venv/lib/python3.12/site-packages/oslo_concurrency/processutils.py:440}}
Sep 02 16:24:56 devstack sudo[96272]: quobyte : PWD=/ ; USER=root ; COMMAND=/opt/stack/data/venv/bin/cinder-rootwrap /etc/cinder/rootwrap.conf chmod ugo+rw /opt/stack/data/cinder/mnt/df564eefa9cb392868ebf49472526dca/volume-497ba0a4-6764-4a5f-ac1e-a6e273e3d8db.1ec6fb68-9079-4941-99dd-8aeae4288b48
Sep 02 16:24:56 devstack sudo[96272]: pam_unix(sudo:session): session opened for user root(uid=0) by (uid=1000)
Sep 02 16:24:57 devstack sudo[96272]: pam_unix(sudo:session): session closed for user root
Sep 02 16:24:57 devstack cinder-volume[87051]: DEBUG oslo_concurrency.processutils [None req-f1d3a9f5-be1e-44ee-bd18-2ac0979c0b5f tempest-SnapshotsActionsTest-277765125 None] CMD "sudo cinder-rootwrap /etc/cinder/rootwrap.conf chmod ugo+rw /opt/stack/data/cinder/mnt/df564eefa9cb392868ebf49472526dca/volume-497ba0a4-6764-4a5f-ac1e-a6e273e3d8db.1ec6fb68-9079-4941-99dd-8aeae4288b48" returned: 0 in 0.428s {{(pid=87051) execute /opt/stack/data/venv/lib/python3.12/site-packages/oslo_concurrency/processutils.py:468}}
Sep 02 16:24:57 devstack cinder-volume[87051]: DEBUG oslo_concurrency.lockutils [None req-f1d3a9f5-be1e-44ee-bd18-2ac0979c0b5f tempest-SnapshotsActionsTest-277765125 None] Lock "quobyte" "released" by "cinder.volume.drivers.quobyte.QuobyteDriver.create_snapshot" :: held 2.413s {{(pid=87051) inner /opt/stack/data/venv/lib/python3.12/site-packages/oslo_concurrency/lockutils.py:544}}
Sep 02 16:24:57 devstack cinder-volume[87051]: INFO cinder.volume.manager [None req-f1d3a9f5-be1e-44ee-bd18-2ac0979c0b5f tempest-SnapshotsActionsTest-277765125 None] Create snapshot completed successfully
Sep 02 16:24:57 devstack cinder-volume[87051]: DEBUG cinder.coordination [None req-c509d46d-262f-4681-8e96-4c72b0a5ccb3 tempest-VolumesListTestJSON-916319018 None] Acquiring lock "cinder-2de150f2-a317-4600-a7b7-655548afad7f-delete_volume" by "delete_volume" {{(pid=87051) __acquire /opt/stack/cinder/cinder/coordination.py:138}}
Sep 02 16:24:57 devstack cinder-volume[87051]: DEBUG cinder.coordination [None req-c509d46d-262f-4681-8e96-4c72b0a5ccb3 tempest-VolumesListTestJSON-916319018 None] Lock "cinder-2de150f2-a317-4600-a7b7-655548afad7f-delete_volume" acquired by "delete_volume" :: waited 0.027s {{(pid=87051) __acquire /opt/stack/cinder/cinder/coordination.py:141}}
Sep 02 16:24:57 devstack cinder-volume[87051]: DEBUG cinder.coordination [None req-c509d46d-262f-4681-8e96-4c72b0a5ccb3 tempest-VolumesListTestJSON-916319018 None] Acquiring lock "cinder-quobyte-2de150f2-a317-4600-a7b7-655548afad7f" by "delete_volume" {{(pid=87051) __acquire /opt/stack/cinder/cinder/coordination.py:138}}
Sep 02 16:24:57 devstack cinder-volume[87051]: DEBUG cinder.coordination [None req-c509d46d-262f-4681-8e96-4c72b0a5ccb3 tempest-VolumesListTestJSON-916319018 None] Lock "cinder-quobyte-2de150f2-a317-4600-a7b7-655548afad7f" acquired by "delete_volume" :: waited 0.015s {{(pid=87051) __acquire /opt/stack/cinder/cinder/coordination.py:141}}
Sep 02 16:24:57 devstack cinder-volume[87051]: DEBUG oslo.privsep.daemon [-] privsep: reply[3570fbc7-a45f-482b-ae2f-0547674e3496]: (4, 'qcow2') {{(pid=88698) _call_back /opt/stack/data/venv/lib/python3.12/site-packages/oslo_privsep/daemon.py:580}}
Sep 02 16:24:57 devstack cinder-volume[87051]: DEBUG oslo_concurrency.processutils [None req-c509d46d-262f-4681-8e96-4c72b0a5ccb3 tempest-VolumesListTestJSON-916319018 None] Running cmd (subprocess): /opt/stack/data/venv/bin/python3.12 -m oslo_concurrency.prlimit --as=1073741824 --cpu=60 -- sudo cinder-rootwrap /etc/cinder/rootwrap.conf env LC_ALL=C qemu-img info -f qcow2 --output=json --force-share /opt/stack/data/cinder/mnt/df564eefa9cb392868ebf49472526dca/volume-2de150f2-a317-4600-a7b7-655548afad7f {{(pid=87051) execute /opt/stack/data/venv/lib/python3.12/site-packages/oslo_concurrency/processutils.py:440}}
Sep 02 16:24:58 devstack sudo[96295]: quobyte : PWD=/ ; USER=root ; COMMAND=/opt/stack/data/venv/bin/cinder-rootwrap /etc/cinder/rootwrap.conf env LC_ALL=C qemu-img info -f qcow2 --output=json --force-share /opt/stack/data/cinder/mnt/df564eefa9cb392868ebf49472526dca/volume-2de150f2-a317-4600-a7b7-655548afad7f
Sep 02 16:24:58 devstack sudo[96295]: pam_unix(sudo:session): session opened for user root(uid=0) by (uid=1000)
Sep 02 16:24:58 devstack cinder-volume[87051]: DEBUG cinder.coordination [None req-85709853-0ed2-4a54-9c3a-8fd999e2d37a tempest-SnapshotsActionsTest-748147536 None] Acquiring lock "cinder-1ec6fb68-9079-4941-99dd-8aeae4288b48-delete_snapshot" by "delete_snapshot" {{(pid=87051) __acquire /opt/stack/cinder/cinder/coordination.py:138}}
Sep 02 16:24:58 devstack sudo[96295]: pam_unix(sudo:session): session closed for user root
Sep 02 16:24:58 devstack cinder-volume[87051]: DEBUG oslo_concurrency.processutils [None req-c509d46d-262f-4681-8e96-4c72b0a5ccb3 tempest-VolumesListTestJSON-916319018 None] CMD "/opt/stack/data/venv/bin/python3.12 -m oslo_concurrency.prlimit --as=1073741824 --cpu=60 -- sudo cinder-rootwrap /etc/cinder/rootwrap.conf env LC_ALL=C qemu-img info -f qcow2 --output=json --force-share /opt/stack/data/cinder/mnt/df564eefa9cb392868ebf49472526dca/volume-2de150f2-a317-4600-a7b7-655548afad7f" returned: 0 in 0.396s {{(pid=87051) execute /opt/stack/data/venv/lib/python3.12/site-packages/oslo_concurrency/processutils.py:468}}
Sep 02 16:24:58 devstack cinder-volume[87051]: DEBUG oslo_concurrency.processutils [None req-c509d46d-262f-4681-8e96-4c72b0a5ccb3 tempest-VolumesListTestJSON-916319018 None] Running cmd (subprocess): sudo cinder-rootwrap /etc/cinder/rootwrap.conf rm -f /opt/stack/data/cinder/mnt/df564eefa9cb392868ebf49472526dca/volume-2de150f2-a317-4600-a7b7-655548afad7f {{(pid=87051) execute /opt/stack/data/venv/lib/python3.12/site-packages/oslo_concurrency/processutils.py:440}}
Sep 02 16:24:58 devstack cinder-volume[87051]: DEBUG cinder.coordination [None req-85709853-0ed2-4a54-9c3a-8fd999e2d37a tempest-SnapshotsActionsTest-748147536 None] Lock "cinder-1ec6fb68-9079-4941-99dd-8aeae4288b48-delete_snapshot" acquired by "delete_snapshot" :: waited 0.034s {{(pid=87051) __acquire /opt/stack/cinder/cinder/coordination.py:141}}
Sep 02 16:24:58 devstack cinder-volume[87051]: DEBUG cinder.coordination [None req-85709853-0ed2-4a54-9c3a-8fd999e2d37a tempest-SnapshotsActionsTest-748147536 None] Acquiring lock "cinder-quobyte-497ba0a4-6764-4a5f-ac1e-a6e273e3d8db" by "delete_snapshot" {{(pid=87051) __acquire /opt/stack/cinder/cinder/coordination.py:138}}
Sep 02 16:24:58 devstack sudo[96301]: quobyte : PWD=/ ; USER=root ; COMMAND=/opt/stack/data/venv/bin/cinder-rootwrap /etc/cinder/rootwrap.conf rm -f /opt/stack/data/cinder/mnt/df564eefa9cb392868ebf49472526dca/volume-2de150f2-a317-4600-a7b7-655548afad7f
Sep 02 16:24:58 devstack sudo[96301]: pam_unix(sudo:session): session opened for user root(uid=0) by (uid=1000)
Sep 02 16:24:58 devstack cinder-volume[87051]: DEBUG cinder.coordination [None req-85709853-0ed2-4a54-9c3a-8fd999e2d37a tempest-SnapshotsActionsTest-748147536 None] Lock "cinder-quobyte-497ba0a4-6764-4a5f-ac1e-a6e273e3d8db" acquired by "delete_snapshot" :: waited 0.032s {{(pid=87051) __acquire /opt/stack/cinder/cinder/coordination.py:141}}
Sep 02 16:24:58 devstack cinder-volume[87051]: DEBUG cinder.coordination [None req-85709853-0ed2-4a54-9c3a-8fd999e2d37a tempest-SnapshotsActionsTest-748147536 None] Acquiring lock "cinder-quobyte-1ec6fb68-9079-4941-99dd-8aeae4288b48" by "_delete_snapshot" {{(pid=87051) __acquire /opt/stack/cinder/cinder/coordination.py:138}}
Sep 02 16:24:58 devstack cinder-volume[87051]: DEBUG cinder.coordination [None req-85709853-0ed2-4a54-9c3a-8fd999e2d37a tempest-SnapshotsActionsTest-748147536 None] Lock "cinder-quobyte-1ec6fb68-9079-4941-99dd-8aeae4288b48" acquired by "_delete_snapshot" :: waited 0.023s {{(pid=87051) __acquire /opt/stack/cinder/cinder/coordination.py:141}}
Sep 02 16:24:58 devstack cinder-volume[87051]: DEBUG cinder.volume.drivers.remotefs [None req-85709853-0ed2-4a54-9c3a-8fd999e2d37a tempest-SnapshotsActionsTest-748147536 None] Deleting offline snapshot 1ec6fb68-9079-4941-99dd-8aeae4288b48 of volume 497ba0a4-6764-4a5f-ac1e-a6e273e3d8db {{(pid=87051) _delete_snapshot /opt/stack/cinder/cinder/volume/drivers/remotefs.py:1288}}
Sep 02 16:24:58 devstack cinder-volume[87051]: DEBUG cinder.volume.drivers.remotefs [None req-85709853-0ed2-4a54-9c3a-8fd999e2d37a tempest-SnapshotsActionsTest-748147536 None] snapshot_file for this snap is: volume-497ba0a4-6764-4a5f-ac1e-a6e273e3d8db.1ec6fb68-9079-4941-99dd-8aeae4288b48 {{(pid=87051) _delete_snapshot /opt/stack/cinder/cinder/volume/drivers/remotefs.py:1317}}
Sep 02 16:24:58 devstack cinder-volume[87051]: DEBUG oslo.privsep.daemon [-] privsep: reply[40f5f342-113e-439d-8109-dda3fa043ace]: (4, 'qcow2') {{(pid=88698) _call_back /opt/stack/data/venv/lib/python3.12/site-packages/oslo_privsep/daemon.py:580}}
Sep 02 16:24:58 devstack cinder-volume[87051]: DEBUG oslo_concurrency.processutils [None req-85709853-0ed2-4a54-9c3a-8fd999e2d37a tempest-SnapshotsActionsTest-748147536 None] Running cmd (subprocess): /opt/stack/data/venv/bin/python3.12 -m oslo_concurrency.prlimit --as=1073741824 --cpu=60 -- sudo cinder-rootwrap /etc/cinder/rootwrap.conf env LC_ALL=C qemu-img info -f qcow2 --output=json --force-share /opt/stack/data/cinder/mnt/df564eefa9cb392868ebf49472526dca/volume-497ba0a4-6764-4a5f-ac1e-a6e273e3d8db.1ec6fb68-9079-4941-99dd-8aeae4288b48 {{(pid=87051) execute /opt/stack/data/venv/lib/python3.12/site-packages/oslo_concurrency/processutils.py:440}}
Sep 02 16:24:58 devstack sudo[96303]: quobyte : PWD=/ ; USER=root ; COMMAND=/opt/stack/data/venv/bin/cinder-rootwrap /etc/cinder/rootwrap.conf env LC_ALL=C qemu-img info -f qcow2 --output=json --force-share /opt/stack/data/cinder/mnt/df564eefa9cb392868ebf49472526dca/volume-497ba0a4-6764-4a5f-ac1e-a6e273e3d8db.1ec6fb68-9079-4941-99dd-8aeae4288b48
Sep 02 16:24:58 devstack sudo[96303]: pam_unix(sudo:session): session opened for user root(uid=0) by (uid=1000)
Sep 02 16:24:58 devstack sudo[96301]: pam_unix(sudo:session): session closed for user root
Sep 02 16:24:58 devstack cinder-volume[87051]: DEBUG oslo_concurrency.processutils [None req-c509d46d-262f-4681-8e96-4c72b0a5ccb3 tempest-VolumesListTestJSON-916319018 None] CMD "sudo cinder-rootwrap /etc/cinder/rootwrap.conf rm -f /opt/stack/data/cinder/mnt/df564eefa9cb392868ebf49472526dca/volume-2de150f2-a317-4600-a7b7-655548afad7f" returned: 0 in 0.307s {{(pid=87051) execute /opt/stack/data/venv/lib/python3.12/site-packages/oslo_concurrency/processutils.py:468}}
Sep 02 16:24:58 devstack cinder-volume[87051]: DEBUG cinder.coordination [None req-c509d46d-262f-4681-8e96-4c72b0a5ccb3 tempest-VolumesListTestJSON-916319018 None] Lock "cinder-quobyte-2de150f2-a317-4600-a7b7-655548afad7f" released by "delete_volume" :: held 0.744s {{(pid=87051) __release /opt/stack/cinder/cinder/coordination.py:152}}
Sep 02 16:24:58 devstack cinder-volume[87051]: DEBUG cinder.quota [None req-c509d46d-262f-4681-8e96-4c72b0a5ccb3 tempest-VolumesListTestJSON-916319018 None] Created reservations ['d63b46c8-4723-40a1-abda-c32f0e05a106', 'f3125cd7-afb7-4953-9331-e43c30fadc21', 'cad1cc0d-5f45-48db-adf5-d860b50199c1', '2cea495f-8a8d-4961-a955-22b33fc2739f'] {{(pid=87051) reserve /opt/stack/cinder/cinder/quota.py:752}}
Sep 02 16:24:58 devstack cinder-volume[87051]: DEBUG oslo_concurrency.lockutils [None req-c509d46d-262f-4681-8e96-4c72b0a5ccb3 tempest-VolumesListTestJSON-916319018 None] Acquiring lock "quobyte_ensure" by "cinder.volume.drivers.quobyte.QuobyteDriver._ensure_shares_mounted" {{(pid=87051) inner /opt/stack/data/venv/lib/python3.12/site-packages/oslo_concurrency/lockutils.py:512}}
Sep 02 16:24:58 devstack cinder-volume[87051]: DEBUG oslo_concurrency.lockutils [None req-c509d46d-262f-4681-8e96-4c72b0a5ccb3 tempest-VolumesListTestJSON-916319018 None] Lock "quobyte_ensure" acquired by "cinder.volume.drivers.quobyte.QuobyteDriver._ensure_shares_mounted" :: waited 0.001s {{(pid=87051) inner /opt/stack/data/venv/lib/python3.12/site-packages/oslo_concurrency/lockutils.py:525}}
Sep 02 16:24:58 devstack cinder-volume[87051]: DEBUG cinder.volume.drivers.quobyte [None req-c509d46d-262f-4681-8e96-4c72b0a5ccb3 tempest-VolumesListTestJSON-916319018 None] Quobyte Volume URL set to: {'osci02.corp.quobyte.com/cinder-vol-fd47e891-285c-4803-93c2-be159bd2d9fd': None} {{(pid=87051) _load_shares_config /opt/stack/cinder/cinder/volume/drivers/quobyte.py:662}}
Sep 02 16:24:58 devstack cinder-volume[87051]: DEBUG cinder.volume.drivers.quobyte [None req-c509d46d-262f-4681-8e96-4c72b0a5ccb3 tempest-VolumesListTestJSON-916319018 None] Available shares ['osci02.corp.quobyte.com/cinder-vol-fd47e891-285c-4803-93c2-be159bd2d9fd'] {{(pid=87051) _ensure_shares_mounted /opt/stack/cinder/cinder/volume/drivers/quobyte.py:692}}
Sep 02 16:24:58 devstack cinder-volume[87051]: DEBUG oslo_concurrency.lockutils [None req-c509d46d-262f-4681-8e96-4c72b0a5ccb3 tempest-VolumesListTestJSON-916319018 None] Lock "quobyte_ensure" "released" by "cinder.volume.drivers.quobyte.QuobyteDriver._ensure_shares_mounted" :: held 0.007s {{(pid=87051) inner /opt/stack/data/venv/lib/python3.12/site-packages/oslo_concurrency/lockutils.py:544}}
Sep 02 16:24:58 devstack cinder-volume[87051]: DEBUG oslo_concurrency.processutils [None req-c509d46d-262f-4681-8e96-4c72b0a5ccb3 tempest-VolumesListTestJSON-916319018 None] Running cmd (subprocess): sudo cinder-rootwrap /etc/cinder/rootwrap.conf df --portability --block-size 1 /opt/stack/data/cinder/mnt/df564eefa9cb392868ebf49472526dca {{(pid=87051) execute /opt/stack/data/venv/lib/python3.12/site-packages/oslo_concurrency/processutils.py:440}}
Sep 02 16:24:58 devstack sudo[96306]: quobyte : PWD=/ ; USER=root ; COMMAND=/opt/stack/data/venv/bin/cinder-rootwrap /etc/cinder/rootwrap.conf df --portability --block-size 1 /opt/stack/data/cinder/mnt/df564eefa9cb392868ebf49472526dca
Sep 02 16:24:58 devstack sudo[96306]: pam_unix(sudo:session): session opened for user root(uid=0) by (uid=1000)
Sep 02 16:24:58 devstack sudo[96303]: pam_unix(sudo:session): session closed for user root
Sep 02 16:24:58 devstack cinder-volume[87051]: DEBUG oslo_concurrency.processutils [None req-85709853-0ed2-4a54-9c3a-8fd999e2d37a tempest-SnapshotsActionsTest-748147536 None] CMD "/opt/stack/data/venv/bin/python3.12 -m oslo_concurrency.prlimit --as=1073741824 --cpu=60 -- sudo cinder-rootwrap /etc/cinder/rootwrap.conf env LC_ALL=C qemu-img info -f qcow2 --output=json --force-share /opt/stack/data/cinder/mnt/df564eefa9cb392868ebf49472526dca/volume-497ba0a4-6764-4a5f-ac1e-a6e273e3d8db.1ec6fb68-9079-4941-99dd-8aeae4288b48" returned: 0 in 0.402s {{(pid=87051) execute /opt/stack/data/venv/lib/python3.12/site-packages/oslo_concurrency/processutils.py:468}}
Sep 02 16:24:58 devstack cinder-volume[87051]: DEBUG cinder.volume.drivers.remotefs [None req-85709853-0ed2-4a54-9c3a-8fd999e2d37a tempest-SnapshotsActionsTest-748147536 None] Fetching qemu-img info with special backing_file_template: (/opt/stack/data/cinder/mnt/[0-9a-f]+/)?(volume-497ba0a4-6764-4a5f-ac1e-a6e273e3d8db(.(tmp-snap-)?[0-9a-f-]+)?|volume_from_snapshot_cache/(tmp-snap-)?[0-9a-f-]+(.(child-|parent-)[0-9a-f-]+)?)$ {{(pid=87051) _qemu_img_info_base /opt/stack/cinder/cinder/volume/drivers/remotefs.py:896}}
Sep 02 16:24:58 devstack cinder-volume[87051]: DEBUG oslo.privsep.daemon [-] privsep: reply[f31a2dfd-a457-447f-9d7f-9f94b186ae27]: (4, 'qcow2') {{(pid=88698) _call_back /opt/stack/data/venv/lib/python3.12/site-packages/oslo_privsep/daemon.py:580}}
Sep 02 16:24:58 devstack cinder-volume[87051]: DEBUG oslo_concurrency.processutils [None req-85709853-0ed2-4a54-9c3a-8fd999e2d37a tempest-SnapshotsActionsTest-748147536 None] Running cmd (subprocess): /opt/stack/data/venv/bin/python3.12 -m oslo_concurrency.prlimit --as=1073741824 --cpu=60 -- sudo cinder-rootwrap /etc/cinder/rootwrap.conf env LC_ALL=C qemu-img info -f qcow2 --output=json --force-share /opt/stack/data/cinder/mnt/df564eefa9cb392868ebf49472526dca/volume-497ba0a4-6764-4a5f-ac1e-a6e273e3d8db.75e30bda-fdd2-48de-9264-357f82ea4e37 {{(pid=87051) execute /opt/stack/data/venv/lib/python3.12/site-packages/oslo_concurrency/processutils.py:440}}
Sep 02 16:24:59 devstack sudo[96306]: pam_unix(sudo:session): session closed for user root
Sep 02 16:24:59 devstack cinder-volume[87051]: DEBUG oslo_concurrency.processutils [None req-c509d46d-262f-4681-8e96-4c72b0a5ccb3 tempest-VolumesListTestJSON-916319018 None] CMD "sudo cinder-rootwrap /etc/cinder/rootwrap.conf df --portability --block-size 1 /opt/stack/data/cinder/mnt/df564eefa9cb392868ebf49472526dca" returned: 0 in 0.308s {{(pid=87051) execute /opt/stack/data/venv/lib/python3.12/site-packages/oslo_concurrency/processutils.py:468}}
Sep 02 16:24:59 devstack cinder-volume[87051]: DEBUG cinder.manager [None req-c509d46d-262f-4681-8e96-4c72b0a5ccb3 tempest-VolumesListTestJSON-916319018 None] Notifying Schedulers of capabilities ... {{(pid=87051) _publish_service_capabilities /opt/stack/cinder/cinder/manager.py:219}}
Sep 02 16:24:59 devstack cinder-volume[87051]: INFO cinder.volume.manager [None req-c509d46d-262f-4681-8e96-4c72b0a5ccb3 tempest-VolumesListTestJSON-916319018 None] Deleted volume successfully.
Sep 02 16:24:59 devstack sudo[96312]: quobyte : PWD=/ ; USER=root ; COMMAND=/opt/stack/data/venv/bin/cinder-rootwrap /etc/cinder/rootwrap.conf env LC_ALL=C qemu-img info -f qcow2 --output=json --force-share /opt/stack/data/cinder/mnt/df564eefa9cb392868ebf49472526dca/volume-497ba0a4-6764-4a5f-ac1e-a6e273e3d8db.75e30bda-fdd2-48de-9264-357f82ea4e37
Sep 02 16:24:59 devstack sudo[96312]: pam_unix(sudo:session): session opened for user root(uid=0) by (uid=1000)
Sep 02 16:24:59 devstack cinder-volume[87051]: DEBUG cinder.coordination [None req-afb31fbc-bb04-4c18-916d-4929158b664e tempest-VolumesListTestJSON-916319018 None] Acquiring lock "cinder-c78506a2-f8f3-4457-b1af-d41c1b003e1b-delete_volume" by "delete_volume" {{(pid=87051) __acquire /opt/stack/cinder/cinder/coordination.py:138}}
Sep 02 16:24:59 devstack cinder-volume[87051]: DEBUG cinder.coordination [None req-29445c54-8bfc-49d0-bda9-8e4bf906f258 tempest-AttachVolumeNegativeTest-639539955 None] Acquiring lock "cinder-301f7ba5-810d-437e-b1ff-8424f9d48424-delete_volume" by "delete_volume" {{(pid=87051) __acquire /opt/stack/cinder/cinder/coordination.py:138}}
Sep 02 16:24:59 devstack cinder-volume[87051]: DEBUG cinder.coordination [None req-29445c54-8bfc-49d0-bda9-8e4bf906f258 tempest-AttachVolumeNegativeTest-639539955 None] Lock "cinder-301f7ba5-810d-437e-b1ff-8424f9d48424-delete_volume" acquired by "delete_volume" :: waited 0.039s {{(pid=87051) __acquire /opt/stack/cinder/cinder/coordination.py:141}}
Sep 02 16:24:59 devstack cinder-volume[87051]: DEBUG cinder.coordination [None req-afb31fbc-bb04-4c18-916d-4929158b664e tempest-VolumesListTestJSON-916319018 None] Lock "cinder-c78506a2-f8f3-4457-b1af-d41c1b003e1b-delete_volume" acquired by "delete_volume" :: waited 0.064s {{(pid=87051) __acquire /opt/stack/cinder/cinder/coordination.py:141}}
Sep 02 16:24:59 devstack cinder-volume[87051]: DEBUG cinder.coordination [None req-c509d46d-262f-4681-8e96-4c72b0a5ccb3 tempest-VolumesListTestJSON-916319018 None] Lock "cinder-2de150f2-a317-4600-a7b7-655548afad7f-delete_volume" released by "delete_volume" :: held 1.325s {{(pid=87051) __release /opt/stack/cinder/cinder/coordination.py:152}}
