Sep 02 16:24:17 devstack cinder-volume[87051]: DEBUG cinder.volume.manager [None req-f251268e-926c-4df4-9c97-9daaf0baad70 tempest-GroupsV314Test-1408423783 None] Task 'cinder.volume.flows.manager.create_volume.NotifyVolumeActionTask;volume:create, create.start' (e4b5994a-3075-4a3c-8d2e-d07342061197) transitioned into state 'SUCCESS' from state 'RUNNING' with result 'None' {{(pid=87051) _task_receiver /opt/stack/data/venv/lib/python3.12/site-packages/taskflow/listeners/logging.py:218}}
Sep 02 16:24:17 devstack cinder-volume[87051]: DEBUG cinder.volume.manager [None req-f251268e-926c-4df4-9c97-9daaf0baad70 tempest-GroupsV314Test-1408423783 None] Task 'cinder.volume.flows.manager.create_volume.CreateVolumeFromSpecTask;volume:create' (01a7f846-bbf1-4c56-979c-0df34313a6d5) transitioned into state 'RUNNING' from state 'PENDING' {{(pid=87051) _task_receiver /opt/stack/data/venv/lib/python3.12/site-packages/taskflow/listeners/logging.py:242}}
Sep 02 16:24:17 devstack cinder-volume[87051]: INFO cinder.volume.flows.manager.create_volume [None req-f251268e-926c-4df4-9c97-9daaf0baad70 tempest-GroupsV314Test-1408423783 None] Volume 507a2afa-83a7-4f54-bd89-a30efde0abd1: being created as raw with specification: {'status': 'creating', 'volume_name': 'volume-507a2afa-83a7-4f54-bd89-a30efde0abd1', 'volume_size': 1}
Sep 02 16:24:17 devstack cinder-volume[87051]: DEBUG oslo_concurrency.lockutils [None req-f251268e-926c-4df4-9c97-9daaf0baad70 tempest-GroupsV314Test-1408423783 None] Acquiring lock "quobyte" by "cinder.volume.drivers.quobyte.QuobyteDriver.create_volume" {{(pid=87051) inner /opt/stack/data/venv/lib/python3.12/site-packages/oslo_concurrency/lockutils.py:512}}
Sep 02 16:24:17 devstack sudo[95328]: pam_unix(sudo:session): session closed for user root
Sep 02 16:24:17 devstack cinder-volume[87051]: DEBUG oslo_concurrency.processutils [None req-5b0a7b32-534a-4451-9420-ea6da4f6ad85 tempest-VolumesExtendTest-88132966 None] CMD "sudo cinder-rootwrap /etc/cinder/rootwrap.conf qemu-img create -f qcow2 -o preallocation=metadata /opt/stack/data/cinder/mnt/df564eefa9cb392868ebf49472526dca/volume-48abae9d-7f05-49a5-8e44-cc5d7d825674 1073741824" returned: 0 in 0.457s {{(pid=87051) execute /opt/stack/data/venv/lib/python3.12/site-packages/oslo_concurrency/processutils.py:468}}
Sep 02 16:24:17 devstack cinder-volume[87051]: DEBUG oslo_concurrency.processutils [None req-5b0a7b32-534a-4451-9420-ea6da4f6ad85 tempest-VolumesExtendTest-88132966 None] Running cmd (subprocess): sudo cinder-rootwrap /etc/cinder/rootwrap.conf chmod ugo+rw /opt/stack/data/cinder/mnt/df564eefa9cb392868ebf49472526dca/volume-48abae9d-7f05-49a5-8e44-cc5d7d825674 {{(pid=87051) execute /opt/stack/data/venv/lib/python3.12/site-packages/oslo_concurrency/processutils.py:440}}
Sep 02 16:24:17 devstack sudo[95334]: quobyte : PWD=/ ; USER=root ; COMMAND=/opt/stack/data/venv/bin/cinder-rootwrap /etc/cinder/rootwrap.conf chmod ugo+rw /opt/stack/data/cinder/mnt/df564eefa9cb392868ebf49472526dca/volume-48abae9d-7f05-49a5-8e44-cc5d7d825674
Sep 02 16:24:17 devstack sudo[95334]: pam_unix(sudo:session): session opened for user root(uid=0) by (uid=1000)
Sep 02 16:24:18 devstack sudo[95334]: pam_unix(sudo:session): session closed for user root
Sep 02 16:24:18 devstack cinder-volume[87051]: DEBUG oslo_concurrency.processutils [None req-5b0a7b32-534a-4451-9420-ea6da4f6ad85 tempest-VolumesExtendTest-88132966 None] CMD "sudo cinder-rootwrap /etc/cinder/rootwrap.conf chmod ugo+rw /opt/stack/data/cinder/mnt/df564eefa9cb392868ebf49472526dca/volume-48abae9d-7f05-49a5-8e44-cc5d7d825674" returned: 0 in 0.290s {{(pid=87051) execute /opt/stack/data/venv/lib/python3.12/site-packages/oslo_concurrency/processutils.py:468}}
Sep 02 16:24:18 devstack cinder-volume[87051]: DEBUG cinder.volume.drivers.quobyte [None req-5b0a7b32-534a-4451-9420-ea6da4f6ad85 tempest-VolumesExtendTest-88132966 None] <== create_volume: return (796ms) {'provider_location': 'osci02.corp.quobyte.com/cinder-vol-fd47e891-285c-4803-93c2-be159bd2d9fd'} {{(pid=87051) trace_logging_wrapper /opt/stack/cinder/cinder/volume/volume_utils.py:1522}}
Sep 02 16:24:18 devstack cinder-volume[87051]: DEBUG oslo_concurrency.lockutils [None req-5b0a7b32-534a-4451-9420-ea6da4f6ad85 tempest-VolumesExtendTest-88132966 None] Lock "quobyte" "released" by "cinder.volume.drivers.quobyte.QuobyteDriver.create_volume" :: held 0.800s {{(pid=87051) inner /opt/stack/data/venv/lib/python3.12/site-packages/oslo_concurrency/lockutils.py:544}}
Sep 02 16:24:18 devstack cinder-volume[87051]: DEBUG oslo_concurrency.lockutils [None req-f251268e-926c-4df4-9c97-9daaf0baad70 tempest-GroupsV314Test-1408423783 None] Lock "quobyte" acquired by "cinder.volume.drivers.quobyte.QuobyteDriver.create_volume" :: waited 0.668s {{(pid=87051) inner /opt/stack/data/venv/lib/python3.12/site-packages/oslo_concurrency/lockutils.py:525}}
Sep 02 16:24:18 devstack cinder-volume[87051]: DEBUG cinder.volume.drivers.quobyte [None req-f251268e-926c-4df4-9c97-9daaf0baad70 tempest-GroupsV314Test-1408423783 None] ==> create_volume: call "{'self': , 'volume': Volume(_name_id=None,admin_metadata=,attach_status='detached',availability_zone='nova',bootable=False,cluster=,cluster_name=None,consistencygroup=,consistencygroup_id=ff9200d3-ff67-4682-aed7-b31453522976,created_at=2026-09-02T14:24:17Z,deleted=False,deleted_at=None,display_description=None,display_name='tempest-volume-309369827',ec2_id=None,encryption_key_id=None,glance_metadata=,group=,group_id=ff9200d3-ff67-4682-aed7-b31453522976,host='devstack@QuobyteHD#QuobyteHD',id=507a2afa-83a7-4f54-bd89-a30efde0abd1,launched_at=None,metadata={},migration_status=None,multiattach=False,previous_status=None,project_id='8ce35e85beee4688a813f1a028d1542a',provider_auth=None,provider_geometry=None,provider_id=None,provider_location=None,replication_driver_data=None,replication_extended_status=None,replication_status=None,scheduled_at=2026-09-02T14:24:17Z,service_uuid=None,shared_targets=True,size=1,snapshot_id=None,snapshots=,source_volid=None,status='creating',terminated_at=None,updated_at=2026-09-02T14:24:17Z,use_quota=True,user_id='90618a9eaa7c4b1f9b63a6a0c5460c28',volume_attachment=VolumeAttachmentList,volume_type=VolumeType(09101bcf-2ec4-4d13-ae4b-cc5a979285df),volume_type_id=09101bcf-2ec4-4d13-ae4b-cc5a979285df)}" {{(pid=87051) trace_logging_wrapper /opt/stack/cinder/cinder/volume/volume_utils.py:1497}}
Sep 02 16:24:18 devstack cinder-volume[87051]: DEBUG cinder.volume.drivers.remotefs [None req-f251268e-926c-4df4-9c97-9daaf0baad70 tempest-GroupsV314Test-1408423783 None] Creating volume 507a2afa-83a7-4f54-bd89-a30efde0abd1 {{(pid=87051) create_volume /opt/stack/cinder/cinder/volume/drivers/remotefs.py:292}}
Sep 02 16:24:18 devstack cinder-volume[87051]: DEBUG oslo_concurrency.lockutils [None req-f251268e-926c-4df4-9c97-9daaf0baad70 tempest-GroupsV314Test-1408423783 None] Acquiring lock "quobyte_ensure" by "cinder.volume.drivers.quobyte.QuobyteDriver._ensure_shares_mounted" {{(pid=87051) inner /opt/stack/data/venv/lib/python3.12/site-packages/oslo_concurrency/lockutils.py:512}}
Sep 02 16:24:18 devstack cinder-volume[87051]: DEBUG oslo_concurrency.lockutils [None req-f251268e-926c-4df4-9c97-9daaf0baad70 tempest-GroupsV314Test-1408423783 None] Lock "quobyte_ensure" acquired by "cinder.volume.drivers.quobyte.QuobyteDriver._ensure_shares_mounted" :: waited 0.001s {{(pid=87051) inner /opt/stack/data/venv/lib/python3.12/site-packages/oslo_concurrency/lockutils.py:525}}
Sep 02 16:24:18 devstack cinder-volume[87051]: DEBUG cinder.volume.drivers.quobyte [None req-f251268e-926c-4df4-9c97-9daaf0baad70 tempest-GroupsV314Test-1408423783 None] Quobyte Volume URL set to: {'osci02.corp.quobyte.com/cinder-vol-fd47e891-285c-4803-93c2-be159bd2d9fd': None} {{(pid=87051) _load_shares_config /opt/stack/cinder/cinder/volume/drivers/quobyte.py:662}}
Sep 02 16:24:18 devstack cinder-volume[87051]: DEBUG cinder.volume.drivers.quobyte [None req-f251268e-926c-4df4-9c97-9daaf0baad70 tempest-GroupsV314Test-1408423783 None] Available shares ['osci02.corp.quobyte.com/cinder-vol-fd47e891-285c-4803-93c2-be159bd2d9fd'] {{(pid=87051) _ensure_shares_mounted /opt/stack/cinder/cinder/volume/drivers/quobyte.py:692}}
Sep 02 16:24:18 devstack cinder-volume[87051]: DEBUG oslo_concurrency.lockutils [None req-f251268e-926c-4df4-9c97-9daaf0baad70 tempest-GroupsV314Test-1408423783 None] Lock "quobyte_ensure" "released" by "cinder.volume.drivers.quobyte.QuobyteDriver._ensure_shares_mounted" :: held 0.009s {{(pid=87051) inner /opt/stack/data/venv/lib/python3.12/site-packages/oslo_concurrency/lockutils.py:544}}
Sep 02 16:24:18 devstack cinder-volume[87051]: DEBUG cinder.volume.drivers.quobyte [None req-f251268e-926c-4df4-9c97-9daaf0baad70 tempest-GroupsV314Test-1408423783 None] Selected osci02.corp.quobyte.com/cinder-vol-fd47e891-285c-4803-93c2-be159bd2d9fd as target Quobyte volume. {{(pid=87051) _find_share /opt/stack/cinder/cinder/volume/drivers/quobyte.py:713}}
Sep 02 16:24:18 devstack cinder-volume[87051]: INFO cinder.volume.drivers.remotefs [None req-f251268e-926c-4df4-9c97-9daaf0baad70 tempest-GroupsV314Test-1408423783 None] casted to osci02.corp.quobyte.com/cinder-vol-fd47e891-285c-4803-93c2-be159bd2d9fd
Sep 02 16:24:18 devstack cinder-volume[87051]: DEBUG oslo_concurrency.processutils [None req-f251268e-926c-4df4-9c97-9daaf0baad70 tempest-GroupsV314Test-1408423783 None] Running cmd (subprocess): sudo cinder-rootwrap /etc/cinder/rootwrap.conf qemu-img create -f qcow2 -o preallocation=metadata /opt/stack/data/cinder/mnt/df564eefa9cb392868ebf49472526dca/volume-507a2afa-83a7-4f54-bd89-a30efde0abd1 1073741824 {{(pid=87051) execute /opt/stack/data/venv/lib/python3.12/site-packages/oslo_concurrency/processutils.py:440}}
Sep 02 16:24:18 devstack sudo[95338]: quobyte : PWD=/ ; USER=root ; COMMAND=/opt/stack/data/venv/bin/cinder-rootwrap /etc/cinder/rootwrap.conf qemu-img create -f qcow2 -o preallocation=metadata /opt/stack/data/cinder/mnt/df564eefa9cb392868ebf49472526dca/volume-507a2afa-83a7-4f54-bd89-a30efde0abd1 1073741824
Sep 02 16:24:18 devstack sudo[95338]: pam_unix(sudo:session): session opened for user root(uid=0) by (uid=1000)
Sep 02 16:24:18 devstack cinder-volume[87051]: DEBUG cinder.volume.manager [None req-5b0a7b32-534a-4451-9420-ea6da4f6ad85 tempest-VolumesExtendTest-88132966 None] Task 'cinder.volume.flows.manager.create_volume.CreateVolumeFromSpecTask;volume:create' (8e5425e2-3f56-4cae-b1f5-406b51a5850f) transitioned into state 'SUCCESS' from state 'RUNNING' with result '{'status': 'creating', 'volume_name': 'volume-48abae9d-7f05-49a5-8e44-cc5d7d825674', 'volume_size': 1}' {{(pid=87051) _task_receiver /opt/stack/data/venv/lib/python3.12/site-packages/taskflow/listeners/logging.py:218}}
Sep 02 16:24:18 devstack cinder-volume[87051]: DEBUG cinder.volume.manager [None req-5b0a7b32-534a-4451-9420-ea6da4f6ad85 tempest-VolumesExtendTest-88132966 None] Task 'cinder.volume.flows.manager.create_volume.CreateVolumeOnFinishTask;volume:create, create.end' (d2fda059-a47e-4ae2-8c98-e8cfd311b0ba) transitioned into state 'RUNNING' from state 'PENDING' {{(pid=87051) _task_receiver /opt/stack/data/venv/lib/python3.12/site-packages/taskflow/listeners/logging.py:242}}
Sep 02 16:24:18 devstack cinder-volume[87051]: INFO cinder.volume.flows.manager.create_volume [None req-5b0a7b32-534a-4451-9420-ea6da4f6ad85 tempest-VolumesExtendTest-88132966 None] Volume volume-48abae9d-7f05-49a5-8e44-cc5d7d825674 (48abae9d-7f05-49a5-8e44-cc5d7d825674): created successfully
Sep 02 16:24:18 devstack cinder-volume[87051]: DEBUG cinder.volume.manager [None req-5b0a7b32-534a-4451-9420-ea6da4f6ad85 tempest-VolumesExtendTest-88132966 None] Task 'cinder.volume.flows.manager.create_volume.CreateVolumeOnFinishTask;volume:create, create.end' (d2fda059-a47e-4ae2-8c98-e8cfd311b0ba) transitioned into state 'SUCCESS' from state 'RUNNING' with result 'None' {{(pid=87051) _task_receiver /opt/stack/data/venv/lib/python3.12/site-packages/taskflow/listeners/logging.py:218}}
Sep 02 16:24:18 devstack cinder-volume[87051]: DEBUG cinder.volume.manager [None req-5b0a7b32-534a-4451-9420-ea6da4f6ad85 tempest-VolumesExtendTest-88132966 None] Flow 'volume_create_manager' (61df32b9-9bde-4c7b-8afd-fb7fd3c1ffab) transitioned into state 'SUCCESS' from state 'RUNNING' {{(pid=87051) _flow_receiver /opt/stack/data/venv/lib/python3.12/site-packages/taskflow/listeners/logging.py:160}}
Sep 02 16:24:18 devstack cinder-volume[87051]: INFO cinder.volume.manager [None req-5b0a7b32-534a-4451-9420-ea6da4f6ad85 tempest-VolumesExtendTest-88132966 None] Created volume successfully.
Sep 02 16:24:18 devstack sudo[95338]: pam_unix(sudo:session): session closed for user root
Sep 02 16:24:18 devstack cinder-volume[87051]: DEBUG oslo_concurrency.processutils [None req-f251268e-926c-4df4-9c97-9daaf0baad70 tempest-GroupsV314Test-1408423783 None] CMD "sudo cinder-rootwrap /etc/cinder/rootwrap.conf qemu-img create -f qcow2 -o preallocation=metadata /opt/stack/data/cinder/mnt/df564eefa9cb392868ebf49472526dca/volume-507a2afa-83a7-4f54-bd89-a30efde0abd1 1073741824" returned: 0 in 0.640s {{(pid=87051) execute /opt/stack/data/venv/lib/python3.12/site-packages/oslo_concurrency/processutils.py:468}}
Sep 02 16:24:18 devstack cinder-volume[87051]: DEBUG oslo_concurrency.processutils [None req-f251268e-926c-4df4-9c97-9daaf0baad70 tempest-GroupsV314Test-1408423783 None] Running cmd (subprocess): sudo cinder-rootwrap /etc/cinder/rootwrap.conf chmod ugo+rw /opt/stack/data/cinder/mnt/df564eefa9cb392868ebf49472526dca/volume-507a2afa-83a7-4f54-bd89-a30efde0abd1 {{(pid=87051) execute /opt/stack/data/venv/lib/python3.12/site-packages/oslo_concurrency/processutils.py:440}}
Sep 02 16:24:18 devstack sudo[95363]: quobyte : PWD=/ ; USER=root ; COMMAND=/opt/stack/data/venv/bin/cinder-rootwrap /etc/cinder/rootwrap.conf chmod ugo+rw /opt/stack/data/cinder/mnt/df564eefa9cb392868ebf49472526dca/volume-507a2afa-83a7-4f54-bd89-a30efde0abd1
Sep 02 16:24:18 devstack sudo[95363]: pam_unix(sudo:session): session opened for user root(uid=0) by (uid=1000)
Sep 02 16:24:19 devstack sudo[95363]: pam_unix(sudo:session): session closed for user root
Sep 02 16:24:19 devstack cinder-volume[87051]: DEBUG oslo_concurrency.processutils [None req-f251268e-926c-4df4-9c97-9daaf0baad70 tempest-GroupsV314Test-1408423783 None] CMD "sudo cinder-rootwrap /etc/cinder/rootwrap.conf chmod ugo+rw /opt/stack/data/cinder/mnt/df564eefa9cb392868ebf49472526dca/volume-507a2afa-83a7-4f54-bd89-a30efde0abd1" returned: 0 in 0.506s {{(pid=87051) execute /opt/stack/data/venv/lib/python3.12/site-packages/oslo_concurrency/processutils.py:468}}
Sep 02 16:24:19 devstack cinder-volume[87051]: DEBUG cinder.volume.drivers.quobyte [None req-f251268e-926c-4df4-9c97-9daaf0baad70 tempest-GroupsV314Test-1408423783 None] <== create_volume: return (1201ms) {'provider_location': 'osci02.corp.quobyte.com/cinder-vol-fd47e891-285c-4803-93c2-be159bd2d9fd'} {{(pid=87051) trace_logging_wrapper /opt/stack/cinder/cinder/volume/volume_utils.py:1522}}
Sep 02 16:24:19 devstack cinder-volume[87051]: DEBUG oslo_concurrency.lockutils [None req-f251268e-926c-4df4-9c97-9daaf0baad70 tempest-GroupsV314Test-1408423783 None] Lock "quobyte" "released" by "cinder.volume.drivers.quobyte.QuobyteDriver.create_volume" :: held 1.207s {{(pid=87051) inner /opt/stack/data/venv/lib/python3.12/site-packages/oslo_concurrency/lockutils.py:544}}
Sep 02 16:24:19 devstack cinder-volume[87051]: DEBUG cinder.volume.manager [None req-f251268e-926c-4df4-9c97-9daaf0baad70 tempest-GroupsV314Test-1408423783 None] Task 'cinder.volume.flows.manager.create_volume.CreateVolumeFromSpecTask;volume:create' (01a7f846-bbf1-4c56-979c-0df34313a6d5) transitioned into state 'SUCCESS' from state 'RUNNING' with result '{'status': 'creating', 'volume_name': 'volume-507a2afa-83a7-4f54-bd89-a30efde0abd1', 'volume_size': 1}' {{(pid=87051) _task_receiver /opt/stack/data/venv/lib/python3.12/site-packages/taskflow/listeners/logging.py:218}}
Sep 02 16:24:19 devstack cinder-volume[87051]: DEBUG cinder.volume.manager [None req-f251268e-926c-4df4-9c97-9daaf0baad70 tempest-GroupsV314Test-1408423783 None] Task 'cinder.volume.flows.manager.create_volume.CreateVolumeOnFinishTask;volume:create, create.end' (79279a5e-0c73-4c50-8999-4155d41ab766) transitioned into state 'RUNNING' from state 'PENDING' {{(pid=87051) _task_receiver /opt/stack/data/venv/lib/python3.12/site-packages/taskflow/listeners/logging.py:242}}
Sep 02 16:24:19 devstack cinder-volume[87051]: INFO cinder.volume.flows.manager.create_volume [None req-f251268e-926c-4df4-9c97-9daaf0baad70 tempest-GroupsV314Test-1408423783 None] Volume volume-507a2afa-83a7-4f54-bd89-a30efde0abd1 (507a2afa-83a7-4f54-bd89-a30efde0abd1): created successfully
Sep 02 16:24:19 devstack cinder-volume[87051]: DEBUG cinder.volume.manager [None req-f251268e-926c-4df4-9c97-9daaf0baad70 tempest-GroupsV314Test-1408423783 None] Task 'cinder.volume.flows.manager.create_volume.CreateVolumeOnFinishTask;volume:create, create.end' (79279a5e-0c73-4c50-8999-4155d41ab766) transitioned into state 'SUCCESS' from state 'RUNNING' with result 'None' {{(pid=87051) _task_receiver /opt/stack/data/venv/lib/python3.12/site-packages/taskflow/listeners/logging.py:218}}
Sep 02 16:24:19 devstack cinder-volume[87051]: DEBUG cinder.volume.manager [None req-f251268e-926c-4df4-9c97-9daaf0baad70 tempest-GroupsV314Test-1408423783 None] Flow 'volume_create_manager' (9badf436-8cc9-41b2-9be6-d8904f8bf6ae) transitioned into state 'SUCCESS' from state 'RUNNING' {{(pid=87051) _flow_receiver /opt/stack/data/venv/lib/python3.12/site-packages/taskflow/listeners/logging.py:160}}
Sep 02 16:24:19 devstack cinder-volume[87051]: INFO cinder.volume.manager [None req-f251268e-926c-4df4-9c97-9daaf0baad70 tempest-GroupsV314Test-1408423783 None] Created volume successfully.
Sep 02 16:24:19 devstack cinder-volume[87051]: DEBUG oslo_concurrency.lockutils [None req-70d97c89-afd2-4804-8054-9d089954fa02 tempest-VolumesExtendTest-88132966 None] Acquiring lock "quobyte" by "cinder.volume.drivers.quobyte.QuobyteDriver.create_snapshot" {{(pid=87051) inner /opt/stack/data/venv/lib/python3.12/site-packages/oslo_concurrency/lockutils.py:512}}
Sep 02 16:24:19 devstack cinder-volume[87051]: DEBUG oslo_concurrency.lockutils [None req-70d97c89-afd2-4804-8054-9d089954fa02 tempest-VolumesExtendTest-88132966 None] Lock "quobyte" acquired by "cinder.volume.drivers.quobyte.QuobyteDriver.create_snapshot" :: waited 0.001s {{(pid=87051) inner /opt/stack/data/venv/lib/python3.12/site-packages/oslo_concurrency/lockutils.py:525}}
Sep 02 16:24:19 devstack cinder-volume[87051]: DEBUG cinder.volume.drivers.remotefs [None req-70d97c89-afd2-4804-8054-9d089954fa02 tempest-VolumesExtendTest-88132966 None] Creating offline snapshot 7b89c277-05e7-43ef-b640-4b273c951a73 of volume 48abae9d-7f05-49a5-8e44-cc5d7d825674 {{(pid=87051) _create_snapshot /opt/stack/cinder/cinder/volume/drivers/remotefs.py:1816}}
Sep 02 16:24:19 devstack cinder-volume[87051]: DEBUG oslo.privsep.daemon [-] privsep: reply[8577a56b-01cf-483c-a87c-ef64089d0f2d]: (4, 'qcow2') {{(pid=88698) _call_back /opt/stack/data/venv/lib/python3.12/site-packages/oslo_privsep/daemon.py:580}}
Sep 02 16:24:19 devstack cinder-volume[87051]: DEBUG oslo_concurrency.processutils [None req-70d97c89-afd2-4804-8054-9d089954fa02 tempest-VolumesExtendTest-88132966 None] Running cmd (subprocess): /opt/stack/data/venv/bin/python3.12 -m oslo_concurrency.prlimit --as=1073741824 --cpu=60 -- sudo cinder-rootwrap /etc/cinder/rootwrap.conf env LC_ALL=C qemu-img info -f qcow2 --output=json --force-share /opt/stack/data/cinder/mnt/df564eefa9cb392868ebf49472526dca/volume-48abae9d-7f05-49a5-8e44-cc5d7d825674 {{(pid=87051) execute /opt/stack/data/venv/lib/python3.12/site-packages/oslo_concurrency/processutils.py:440}}
Sep 02 16:24:20 devstack sudo[95412]: quobyte : PWD=/ ; USER=root ; COMMAND=/opt/stack/data/venv/bin/cinder-rootwrap /etc/cinder/rootwrap.conf env LC_ALL=C qemu-img info -f qcow2 --output=json --force-share /opt/stack/data/cinder/mnt/df564eefa9cb392868ebf49472526dca/volume-48abae9d-7f05-49a5-8e44-cc5d7d825674
Sep 02 16:24:20 devstack sudo[95412]: pam_unix(sudo:session): session opened for user root(uid=0) by (uid=1000)
Sep 02 16:24:20 devstack sudo[95412]: pam_unix(sudo:session): session closed for user root
Sep 02 16:24:20 devstack cinder-volume[87051]: DEBUG oslo_concurrency.processutils [None req-70d97c89-afd2-4804-8054-9d089954fa02 tempest-VolumesExtendTest-88132966 None] CMD "/opt/stack/data/venv/bin/python3.12 -m oslo_concurrency.prlimit --as=1073741824 --cpu=60 -- sudo cinder-rootwrap /etc/cinder/rootwrap.conf env LC_ALL=C qemu-img info -f qcow2 --output=json --force-share /opt/stack/data/cinder/mnt/df564eefa9cb392868ebf49472526dca/volume-48abae9d-7f05-49a5-8e44-cc5d7d825674" returned: 0 in 0.524s {{(pid=87051) execute /opt/stack/data/venv/lib/python3.12/site-packages/oslo_concurrency/processutils.py:468}}
Sep 02 16:24:20 devstack cinder-volume[87051]: DEBUG oslo_concurrency.processutils [None req-70d97c89-afd2-4804-8054-9d089954fa02 tempest-VolumesExtendTest-88132966 None] Running cmd (subprocess): sudo cinder-rootwrap /etc/cinder/rootwrap.conf qemu-img create -f qcow2 -o backing_file=/opt/stack/data/cinder/mnt/df564eefa9cb392868ebf49472526dca/volume-48abae9d-7f05-49a5-8e44-cc5d7d825674,backing_fmt=qcow2 /opt/stack/data/cinder/mnt/df564eefa9cb392868ebf49472526dca/volume-48abae9d-7f05-49a5-8e44-cc5d7d825674.7b89c277-05e7-43ef-b640-4b273c951a73 1G {{(pid=87051) execute /opt/stack/data/venv/lib/python3.12/site-packages/oslo_concurrency/processutils.py:440}}
Sep 02 16:24:20 devstack sudo[95422]: quobyte : PWD=/ ; USER=root ; COMMAND=/opt/stack/data/venv/bin/cinder-rootwrap /etc/cinder/rootwrap.conf qemu-img create -f qcow2 -o backing_file=/opt/stack/data/cinder/mnt/df564eefa9cb392868ebf49472526dca/volume-48abae9d-7f05-49a5-8e44-cc5d7d825674,backing_fmt=qcow2 /opt/stack/data/cinder/mnt/df564eefa9cb392868ebf49472526dca/volume-48abae9d-7f05-49a5-8e44-cc5d7d825674.7b89c277-05e7-43ef-b640-4b273c951a73 1G
Sep 02 16:24:20 devstack sudo[95422]: pam_unix(sudo:session): session opened for user root(uid=0) by (uid=1000)
Sep 02 16:24:20 devstack cinder-volume[87051]: DEBUG oslo_concurrency.lockutils [None req-548a6b8a-a0ce-486f-85d4-b5f3c742de53 tempest-GroupsV314Test-1408423783 None] Acquiring lock "quobyte" by "cinder.volume.drivers.quobyte.QuobyteDriver.create_cloned_volume" {{(pid=87051) inner /opt/stack/data/venv/lib/python3.12/site-packages/oslo_concurrency/lockutils.py:512}}
Sep 02 16:24:21 devstack sudo[95422]: pam_unix(sudo:session): session closed for user root
Sep 02 16:24:21 devstack cinder-volume[87051]: DEBUG oslo_concurrency.processutils [None req-70d97c89-afd2-4804-8054-9d089954fa02 tempest-VolumesExtendTest-88132966 None] CMD "sudo cinder-rootwrap /etc/cinder/rootwrap.conf qemu-img create -f qcow2 -o backing_file=/opt/stack/data/cinder/mnt/df564eefa9cb392868ebf49472526dca/volume-48abae9d-7f05-49a5-8e44-cc5d7d825674,backing_fmt=qcow2 /opt/stack/data/cinder/mnt/df564eefa9cb392868ebf49472526dca/volume-48abae9d-7f05-49a5-8e44-cc5d7d825674.7b89c277-05e7-43ef-b640-4b273c951a73 1G" returned: 0 in 0.667s {{(pid=87051) execute /opt/stack/data/venv/lib/python3.12/site-packages/oslo_concurrency/processutils.py:468}}
Sep 02 16:24:21 devstack cinder-volume[87051]: DEBUG oslo_concurrency.processutils [None req-70d97c89-afd2-4804-8054-9d089954fa02 tempest-VolumesExtendTest-88132966 None] Running cmd (subprocess): sudo cinder-rootwrap /etc/cinder/rootwrap.conf qemu-img rebase -u -b volume-48abae9d-7f05-49a5-8e44-cc5d7d825674 -F qcow2 /opt/stack/data/cinder/mnt/df564eefa9cb392868ebf49472526dca/volume-48abae9d-7f05-49a5-8e44-cc5d7d825674.7b89c277-05e7-43ef-b640-4b273c951a73 {{(pid=87051) execute /opt/stack/data/venv/lib/python3.12/site-packages/oslo_concurrency/processutils.py:440}}
Sep 02 16:24:21 devstack sudo[95427]: quobyte : PWD=/ ; USER=root ; COMMAND=/opt/stack/data/venv/bin/cinder-rootwrap /etc/cinder/rootwrap.conf qemu-img rebase -u -b volume-48abae9d-7f05-49a5-8e44-cc5d7d825674 -F qcow2 /opt/stack/data/cinder/mnt/df564eefa9cb392868ebf49472526dca/volume-48abae9d-7f05-49a5-8e44-cc5d7d825674.7b89c277-05e7-43ef-b640-4b273c951a73
Sep 02 16:24:21 devstack sudo[95427]: pam_unix(sudo:session): session opened for user root(uid=0) by (uid=1000)
Sep 02 16:24:21 devstack sudo[95427]: pam_unix(sudo:session): session closed for user root
Sep 02 16:24:21 devstack cinder-volume[87051]: DEBUG oslo_concurrency.processutils [None req-70d97c89-afd2-4804-8054-9d089954fa02 tempest-VolumesExtendTest-88132966 None] CMD "sudo cinder-rootwrap /etc/cinder/rootwrap.conf qemu-img rebase -u -b volume-48abae9d-7f05-49a5-8e44-cc5d7d825674 -F qcow2 /opt/stack/data/cinder/mnt/df564eefa9cb392868ebf49472526dca/volume-48abae9d-7f05-49a5-8e44-cc5d7d825674.7b89c277-05e7-43ef-b640-4b273c951a73" returned: 0 in 0.423s {{(pid=87051) execute /opt/stack/data/venv/lib/python3.12/site-packages/oslo_concurrency/processutils.py:468}}
Sep 02 16:24:21 devstack cinder-volume[87051]: WARNING cinder.volume.drivers.remotefs [None req-70d97c89-afd2-4804-8054-9d089954fa02 tempest-VolumesExtendTest-88132966 None] /opt/stack/data/cinder/mnt/df564eefa9cb392868ebf49472526dca/volume-48abae9d-7f05-49a5-8e44-cc5d7d825674.7b89c277-05e7-43ef-b640-4b273c951a73 is being set with open permissions: ugo+rw
Sep 02 16:24:21 devstack cinder-volume[87051]: DEBUG oslo_concurrency.processutils [None req-70d97c89-afd2-4804-8054-9d089954fa02 tempest-VolumesExtendTest-88132966 None] Running cmd (subprocess): sudo cinder-rootwrap /etc/cinder/rootwrap.conf chmod ugo+rw /opt/stack/data/cinder/mnt/df564eefa9cb392868ebf49472526dca/volume-48abae9d-7f05-49a5-8e44-cc5d7d825674.7b89c277-05e7-43ef-b640-4b273c951a73 {{(pid=87051) execute /opt/stack/data/venv/lib/python3.12/site-packages/oslo_concurrency/processutils.py:440}}
Sep 02 16:24:21 devstack sudo[95432]: quobyte : PWD=/ ; USER=root ; COMMAND=/opt/stack/data/venv/bin/cinder-rootwrap /etc/cinder/rootwrap.conf chmod ugo+rw /opt/stack/data/cinder/mnt/df564eefa9cb392868ebf49472526dca/volume-48abae9d-7f05-49a5-8e44-cc5d7d825674.7b89c277-05e7-43ef-b640-4b273c951a73
Sep 02 16:24:21 devstack sudo[95432]: pam_unix(sudo:session): session opened for user root(uid=0) by (uid=1000)
Sep 02 16:24:21 devstack sudo[95432]: pam_unix(sudo:session): session closed for user root
Sep 02 16:24:21 devstack cinder-volume[87051]: DEBUG oslo_concurrency.processutils [None req-70d97c89-afd2-4804-8054-9d089954fa02 tempest-VolumesExtendTest-88132966 None] CMD "sudo cinder-rootwrap /etc/cinder/rootwrap.conf chmod ugo+rw /opt/stack/data/cinder/mnt/df564eefa9cb392868ebf49472526dca/volume-48abae9d-7f05-49a5-8e44-cc5d7d825674.7b89c277-05e7-43ef-b640-4b273c951a73" returned: 0 in 0.273s {{(pid=87051) execute /opt/stack/data/venv/lib/python3.12/site-packages/oslo_concurrency/processutils.py:468}}
Sep 02 16:24:21 devstack cinder-volume[87051]: DEBUG oslo_concurrency.processutils [None req-70d97c89-afd2-4804-8054-9d089954fa02 tempest-VolumesExtendTest-88132966 None] Running cmd (subprocess): sudo cinder-rootwrap /etc/cinder/rootwrap.conf truncate -s0 /opt/stack/data/cinder/mnt/df564eefa9cb392868ebf49472526dca/volume-48abae9d-7f05-49a5-8e44-cc5d7d825674.info {{(pid=87051) execute /opt/stack/data/venv/lib/python3.12/site-packages/oslo_concurrency/processutils.py:440}}
Sep 02 16:24:21 devstack sudo[95435]: quobyte : PWD=/ ; USER=root ; COMMAND=/opt/stack/data/venv/bin/cinder-rootwrap /etc/cinder/rootwrap.conf truncate -s0 /opt/stack/data/cinder/mnt/df564eefa9cb392868ebf49472526dca/volume-48abae9d-7f05-49a5-8e44-cc5d7d825674.info
Sep 02 16:24:21 devstack sudo[95435]: pam_unix(sudo:session): session opened for user root(uid=0) by (uid=1000)
Sep 02 16:24:22 devstack sudo[95435]: pam_unix(sudo:session): session closed for user root
Sep 02 16:24:22 devstack cinder-volume[87051]: DEBUG oslo_concurrency.processutils [None req-70d97c89-afd2-4804-8054-9d089954fa02 tempest-VolumesExtendTest-88132966 None] CMD "sudo cinder-rootwrap /etc/cinder/rootwrap.conf truncate -s0 /opt/stack/data/cinder/mnt/df564eefa9cb392868ebf49472526dca/volume-48abae9d-7f05-49a5-8e44-cc5d7d825674.info" returned: 0 in 0.296s {{(pid=87051) execute /opt/stack/data/venv/lib/python3.12/site-packages/oslo_concurrency/processutils.py:468}}
Sep 02 16:24:22 devstack cinder-volume[87051]: WARNING cinder.volume.drivers.remotefs [None req-70d97c89-afd2-4804-8054-9d089954fa02 tempest-VolumesExtendTest-88132966 None] /opt/stack/data/cinder/mnt/df564eefa9cb392868ebf49472526dca/volume-48abae9d-7f05-49a5-8e44-cc5d7d825674.info is being set with open permissions: ugo+rw
Sep 02 16:24:22 devstack cinder-volume[87051]: DEBUG oslo_concurrency.processutils [None req-70d97c89-afd2-4804-8054-9d089954fa02 tempest-VolumesExtendTest-88132966 None] Running cmd (subprocess): sudo cinder-rootwrap /etc/cinder/rootwrap.conf chmod ugo+rw /opt/stack/data/cinder/mnt/df564eefa9cb392868ebf49472526dca/volume-48abae9d-7f05-49a5-8e44-cc5d7d825674.info {{(pid=87051) execute /opt/stack/data/venv/lib/python3.12/site-packages/oslo_concurrency/processutils.py:440}}
Sep 02 16:24:22 devstack sudo[95438]: quobyte : PWD=/ ; USER=root ; COMMAND=/opt/stack/data/venv/bin/cinder-rootwrap /etc/cinder/rootwrap.conf chmod ugo+rw /opt/stack/data/cinder/mnt/df564eefa9cb392868ebf49472526dca/volume-48abae9d-7f05-49a5-8e44-cc5d7d825674.info
Sep 02 16:24:22 devstack sudo[95438]: pam_unix(sudo:session): session opened for user root(uid=0) by (uid=1000)
Sep 02 16:24:22 devstack sudo[95438]: pam_unix(sudo:session): session closed for user root
Sep 02 16:24:22 devstack cinder-volume[87051]: DEBUG oslo_concurrency.processutils [None req-70d97c89-afd2-4804-8054-9d089954fa02 tempest-VolumesExtendTest-88132966 None] CMD "sudo cinder-rootwrap /etc/cinder/rootwrap.conf chmod ugo+rw /opt/stack/data/cinder/mnt/df564eefa9cb392868ebf49472526dca/volume-48abae9d-7f05-49a5-8e44-cc5d7d825674.info" returned: 0 in 0.398s {{(pid=87051) execute /opt/stack/data/venv/lib/python3.12/site-packages/oslo_concurrency/processutils.py:468}}
Sep 02 16:24:22 devstack cinder-volume[87051]: DEBUG oslo_concurrency.lockutils [None req-70d97c89-afd2-4804-8054-9d089954fa02 tempest-VolumesExtendTest-88132966 None] Lock "quobyte" "released" by "cinder.volume.drivers.quobyte.QuobyteDriver.create_snapshot" :: held 2.732s {{(pid=87051) inner /opt/stack/data/venv/lib/python3.12/site-packages/oslo_concurrency/lockutils.py:544}}
Sep 02 16:24:22 devstack cinder-volume[87051]: DEBUG oslo_concurrency.lockutils [None req-548a6b8a-a0ce-486f-85d4-b5f3c742de53 tempest-GroupsV314Test-1408423783 None] Lock "quobyte" acquired by "cinder.volume.drivers.quobyte.QuobyteDriver.create_cloned_volume" :: waited 1.848s {{(pid=87051) inner /opt/stack/data/venv/lib/python3.12/site-packages/oslo_concurrency/lockutils.py:525}}
Sep 02 16:24:22 devstack cinder-volume[87051]: INFO cinder.volume.drivers.remotefs [None req-548a6b8a-a0ce-486f-85d4-b5f3c742de53 tempest-GroupsV314Test-1408423783 None] Cloning volume 507a2afa-83a7-4f54-bd89-a30efde0abd1 to volume 4ab64b59-cdb3-4ea3-b681-ccac4095b685
Sep 02 16:24:22 devstack cinder-volume[87051]: INFO cinder.volume.manager [None req-70d97c89-afd2-4804-8054-9d089954fa02 tempest-VolumesExtendTest-88132966 None] Create snapshot completed successfully
Sep 02 16:24:22 devstack cinder-volume[87051]: DEBUG cinder.volume.drivers.remotefs [None req-548a6b8a-a0ce-486f-85d4-b5f3c742de53 tempest-GroupsV314Test-1408423783 None] Creating offline snapshot f8ade119-f501-4a6d-9792-5cb812e87cb1 of volume 507a2afa-83a7-4f54-bd89-a30efde0abd1 {{(pid=87051) _create_snapshot /opt/stack/cinder/cinder/volume/drivers/remotefs.py:1816}}
Sep 02 16:24:22 devstack cinder-volume[87051]: DEBUG oslo.privsep.daemon [-] privsep: reply[7b268ba6-593b-4fea-95dd-dfbb3e317bb6]: (4, 'qcow2') {{(pid=88698) _call_back /opt/stack/data/venv/lib/python3.12/site-packages/oslo_privsep/daemon.py:580}}
Sep 02 16:24:22 devstack cinder-volume[87051]: DEBUG oslo_concurrency.processutils [None req-548a6b8a-a0ce-486f-85d4-b5f3c742de53 tempest-GroupsV314Test-1408423783 None] Running cmd (subprocess): /opt/stack/data/venv/bin/python3.12 -m oslo_concurrency.prlimit --as=1073741824 --cpu=60 -- sudo cinder-rootwrap /etc/cinder/rootwrap.conf env LC_ALL=C qemu-img info -f qcow2 --output=json --force-share /opt/stack/data/cinder/mnt/df564eefa9cb392868ebf49472526dca/volume-507a2afa-83a7-4f54-bd89-a30efde0abd1 {{(pid=87051) execute /opt/stack/data/venv/lib/python3.12/site-packages/oslo_concurrency/processutils.py:440}}
Sep 02 16:24:22 devstack sudo[95442]: quobyte : PWD=/ ; USER=root ; COMMAND=/opt/stack/data/venv/bin/cinder-rootwrap /etc/cinder/rootwrap.conf env LC_ALL=C qemu-img info -f qcow2 --output=json --force-share /opt/stack/data/cinder/mnt/df564eefa9cb392868ebf49472526dca/volume-507a2afa-83a7-4f54-bd89-a30efde0abd1
Sep 02 16:24:22 devstack sudo[95442]: pam_unix(sudo:session): session opened for user root(uid=0) by (uid=1000)
Sep 02 16:24:23 devstack cinder-volume[87051]: DEBUG oslo_concurrency.lockutils [None req-9e05b26e-d555-4dd0-ae9c-f1aebdf83c9f tempest-VolumesExtendTest-88132966 None] Acquiring lock "quobyte" by "cinder.volume.drivers.quobyte.QuobyteDriver.extend_volume" {{(pid=87051) inner /opt/stack/data/venv/lib/python3.12/site-packages/oslo_concurrency/lockutils.py:512}}
Sep 02 16:24:23 devstack sudo[95442]: pam_unix(sudo:session): session closed for user root
Sep 02 16:24:23 devstack cinder-volume[87051]: DEBUG oslo_concurrency.processutils [None req-548a6b8a-a0ce-486f-85d4-b5f3c742de53 tempest-GroupsV314Test-1408423783 None] CMD "/opt/stack/data/venv/bin/python3.12 -m oslo_concurrency.prlimit --as=1073741824 --cpu=60 -- sudo cinder-rootwrap /etc/cinder/rootwrap.conf env LC_ALL=C qemu-img info -f qcow2 --output=json --force-share /opt/stack/data/cinder/mnt/df564eefa9cb392868ebf49472526dca/volume-507a2afa-83a7-4f54-bd89-a30efde0abd1" returned: 0 in 0.439s {{(pid=87051) execute /opt/stack/data/venv/lib/python3.12/site-packages/oslo_concurrency/processutils.py:468}}
Sep 02 16:24:23 devstack cinder-volume[87051]: DEBUG oslo_concurrency.processutils [None req-548a6b8a-a0ce-486f-85d4-b5f3c742de53 tempest-GroupsV314Test-1408423783 None] Running cmd (subprocess): sudo cinder-rootwrap /etc/cinder/rootwrap.conf qemu-img create -f qcow2 -o backing_file=/opt/stack/data/cinder/mnt/df564eefa9cb392868ebf49472526dca/volume-507a2afa-83a7-4f54-bd89-a30efde0abd1,backing_fmt=qcow2 /opt/stack/data/cinder/mnt/df564eefa9cb392868ebf49472526dca/volume-507a2afa-83a7-4f54-bd89-a30efde0abd1.f8ade119-f501-4a6d-9792-5cb812e87cb1 1G {{(pid=87051) execute /opt/stack/data/venv/lib/python3.12/site-packages/oslo_concurrency/processutils.py:440}}
Sep 02 16:24:23 devstack sudo[95448]: quobyte : PWD=/ ; USER=root ; COMMAND=/opt/stack/data/venv/bin/cinder-rootwrap /etc/cinder/rootwrap.conf qemu-img create -f qcow2 -o backing_file=/opt/stack/data/cinder/mnt/df564eefa9cb392868ebf49472526dca/volume-507a2afa-83a7-4f54-bd89-a30efde0abd1,backing_fmt=qcow2 /opt/stack/data/cinder/mnt/df564eefa9cb392868ebf49472526dca/volume-507a2afa-83a7-4f54-bd89-a30efde0abd1.f8ade119-f501-4a6d-9792-5cb812e87cb1 1G
Sep 02 16:24:23 devstack sudo[95448]: pam_unix(sudo:session): session opened for user root(uid=0) by (uid=1000)
Sep 02 16:24:23 devstack sudo[95448]: pam_unix(sudo:session): session closed for user root
Sep 02 16:24:23 devstack cinder-volume[87051]: DEBUG oslo_concurrency.processutils [None req-548a6b8a-a0ce-486f-85d4-b5f3c742de53 tempest-GroupsV314Test-1408423783 None] CMD "sudo cinder-rootwrap /etc/cinder/rootwrap.conf qemu-img create -f qcow2 -o backing_file=/opt/stack/data/cinder/mnt/df564eefa9cb392868ebf49472526dca/volume-507a2afa-83a7-4f54-bd89-a30efde0abd1,backing_fmt=qcow2 /opt/stack/data/cinder/mnt/df564eefa9cb392868ebf49472526dca/volume-507a2afa-83a7-4f54-bd89-a30efde0abd1.f8ade119-f501-4a6d-9792-5cb812e87cb1 1G" returned: 0 in 0.408s {{(pid=87051) execute /opt/stack/data/venv/lib/python3.12/site-packages/oslo_concurrency/processutils.py:468}}
Sep 02 16:24:23 devstack cinder-volume[87051]: DEBUG oslo_concurrency.processutils [None req-548a6b8a-a0ce-486f-85d4-b5f3c742de53 tempest-GroupsV314Test-1408423783 None] Running cmd (subprocess): sudo cinder-rootwrap /etc/cinder/rootwrap.conf qemu-img rebase -u -b volume-507a2afa-83a7-4f54-bd89-a30efde0abd1 -F qcow2 /opt/stack/data/cinder/mnt/df564eefa9cb392868ebf49472526dca/volume-507a2afa-83a7-4f54-bd89-a30efde0abd1.f8ade119-f501-4a6d-9792-5cb812e87cb1 {{(pid=87051) execute /opt/stack/data/venv/lib/python3.12/site-packages/oslo_concurrency/processutils.py:440}}
Sep 02 16:24:23 devstack sudo[95453]: quobyte : PWD=/ ; USER=root ; COMMAND=/opt/stack/data/venv/bin/cinder-rootwrap /etc/cinder/rootwrap.conf qemu-img rebase -u -b volume-507a2afa-83a7-4f54-bd89-a30efde0abd1 -F qcow2 /opt/stack/data/cinder/mnt/df564eefa9cb392868ebf49472526dca/volume-507a2afa-83a7-4f54-bd89-a30efde0abd1.f8ade119-f501-4a6d-9792-5cb812e87cb1
Sep 02 16:24:23 devstack sudo[95453]: pam_unix(sudo:session): session opened for user root(uid=0) by (uid=1000)
Sep 02 16:24:23 devstack sudo[95453]: pam_unix(sudo:session): session closed for user root
Sep 02 16:24:23 devstack cinder-volume[87051]: DEBUG oslo_concurrency.processutils [None req-548a6b8a-a0ce-486f-85d4-b5f3c742de53 tempest-GroupsV314Test-1408423783 None] CMD "sudo cinder-rootwrap /etc/cinder/rootwrap.conf qemu-img rebase -u -b volume-507a2afa-83a7-4f54-bd89-a30efde0abd1 -F qcow2 /opt/stack/data/cinder/mnt/df564eefa9cb392868ebf49472526dca/volume-507a2afa-83a7-4f54-bd89-a30efde0abd1.f8ade119-f501-4a6d-9792-5cb812e87cb1" returned: 0 in 0.311s {{(pid=87051) execute /opt/stack/data/venv/lib/python3.12/site-packages/oslo_concurrency/processutils.py:468}}
Sep 02 16:24:23 devstack cinder-volume[87051]: WARNING cinder.volume.drivers.remotefs [None req-548a6b8a-a0ce-486f-85d4-b5f3c742de53 tempest-GroupsV314Test-1408423783 None] /opt/stack/data/cinder/mnt/df564eefa9cb392868ebf49472526dca/volume-507a2afa-83a7-4f54-bd89-a30efde0abd1.f8ade119-f501-4a6d-9792-5cb812e87cb1 is being set with open permissions: ugo+rw: NotImplementedError
Sep 02 16:24:23 devstack cinder-volume[87051]: DEBUG oslo_concurrency.processutils [None req-548a6b8a-a0ce-486f-85d4-b5f3c742de53 tempest-GroupsV314Test-1408423783 None] Running cmd (subprocess): sudo cinder-rootwrap /etc/cinder/rootwrap.conf chmod ugo+rw /opt/stack/data/cinder/mnt/df564eefa9cb392868ebf49472526dca/volume-507a2afa-83a7-4f54-bd89-a30efde0abd1.f8ade119-f501-4a6d-9792-5cb812e87cb1 {{(pid=87051) execute /opt/stack/data/venv/lib/python3.12/site-packages/oslo_concurrency/processutils.py:440}}
Sep 02 16:24:23 devstack sudo[95458]: quobyte : PWD=/ ; USER=root ; COMMAND=/opt/stack/data/venv/bin/cinder-rootwrap /etc/cinder/rootwrap.conf chmod ugo+rw /opt/stack/data/cinder/mnt/df564eefa9cb392868ebf49472526dca/volume-507a2afa-83a7-4f54-bd89-a30efde0abd1.f8ade119-f501-4a6d-9792-5cb812e87cb1
Sep 02 16:24:23 devstack sudo[95458]: pam_unix(sudo:session): session opened for user root(uid=0) by (uid=1000)
Sep 02 16:24:24 devstack sudo[95458]: pam_unix(sudo:session): session closed for user root
Sep 02 16:24:24 devstack cinder-volume[87051]: DEBUG oslo_concurrency.processutils [None req-548a6b8a-a0ce-486f-85d4-b5f3c742de53 tempest-GroupsV314Test-1408423783 None] CMD "sudo cinder-rootwrap /etc/cinder/rootwrap.conf chmod ugo+rw /opt/stack/data/cinder/mnt/df564eefa9cb392868ebf49472526dca/volume-507a2afa-83a7-4f54-bd89-a30efde0abd1.f8ade119-f501-4a6d-9792-5cb812e87cb1" returned: 0 in 0.251s {{(pid=87051) execute /opt/stack/data/venv/lib/python3.12/site-packages/oslo_concurrency/processutils.py:468}}
Sep 02 16:24:24 devstack cinder-volume[87051]: DEBUG oslo_concurrency.processutils [None req-548a6b8a-a0ce-486f-85d4-b5f3c742de53 tempest-GroupsV314Test-1408423783 None] Running cmd (subprocess): sudo cinder-rootwrap /etc/cinder/rootwrap.conf truncate -s0 /opt/stack/data/cinder/mnt/df564eefa9cb392868ebf49472526dca/volume-507a2afa-83a7-4f54-bd89-a30efde0abd1.info {{(pid=87051) execute /opt/stack/data/venv/lib/python3.12/site-packages/oslo_concurrency/processutils.py:440}}
Sep 02 16:24:24 devstack sudo[95461]: quobyte : PWD=/ ; USER=root ; COMMAND=/opt/stack/data/venv/bin/cinder-rootwrap /etc/cinder/rootwrap.conf truncate -s0 /opt/stack/data/cinder/mnt/df564eefa9cb392868ebf49472526dca/volume-507a2afa-83a7-4f54-bd89-a30efde0abd1.info
Sep 02 16:24:24 devstack sudo[95461]: pam_unix(sudo:session): session opened for user root(uid=0) by (uid=1000)
Sep 02 16:24:24 devstack sudo[95461]: pam_unix(sudo:session): session closed for user root
Sep 02 16:24:24 devstack cinder-volume[87051]: DEBUG oslo_concurrency.processutils [None req-548a6b8a-a0ce-486f-85d4-b5f3c742de53 tempest-GroupsV314Test-1408423783 None] CMD "sudo cinder-rootwrap /etc/cinder/rootwrap.conf truncate -s0 /opt/stack/data/cinder/mnt/df564eefa9cb392868ebf49472526dca/volume-507a2afa-83a7-4f54-bd89-a30efde0abd1.info" returned: 0 in 0.277s {{(pid=87051) execute /opt/stack/data/venv/lib/python3.12/site-packages/oslo_concurrency/processutils.py:468}}
Sep 02 16:24:24 devstack cinder-volume[87051]: WARNING cinder.volume.drivers.remotefs [None req-548a6b8a-a0ce-486f-85d4-b5f3c742de53 tempest-GroupsV314Test-1408423783 None] /opt/stack/data/cinder/mnt/df564eefa9cb392868ebf49472526dca/volume-507a2afa-83a7-4f54-bd89-a30efde0abd1.info is being set with open permissions: ugo+rw: NotImplementedError
Sep 02 16:24:24 devstack cinder-volume[87051]: DEBUG oslo_concurrency.processutils [None req-548a6b8a-a0ce-486f-85d4-b5f3c742de53 tempest-GroupsV314Test-1408423783 None] Running cmd (subprocess): sudo cinder-rootwrap /etc/cinder/rootwrap.conf chmod ugo+rw /opt/stack/data/cinder/mnt/df564eefa9cb392868ebf49472526dca/volume-507a2afa-83a7-4f54-bd89-a30efde0abd1.info {{(pid=87051) execute /opt/stack/data/venv/lib/python3.12/site-packages/oslo_concurrency/processutils.py:440}}
Sep 02 16:24:24 devstack sudo[95464]: quobyte : PWD=/ ; USER=root ; COMMAND=/opt/stack/data/venv/bin/cinder-rootwrap /etc/cinder/rootwrap.conf chmod ugo+rw /opt/stack/data/cinder/mnt/df564eefa9cb392868ebf49472526dca/volume-507a2afa-83a7-4f54-bd89-a30efde0abd1.info
Sep 02 16:24:24 devstack sudo[95464]: pam_unix(sudo:session): session opened for user root(uid=0) by (uid=1000)
Sep 02 16:24:24 devstack sudo[95464]: pam_unix(sudo:session): session closed for user root
Sep 02 16:24:24 devstack cinder-volume[87051]: DEBUG oslo_concurrency.processutils [None req-548a6b8a-a0ce-486f-85d4-b5f3c742de53 tempest-GroupsV314Test-1408423783 None] CMD "sudo cinder-rootwrap /etc/cinder/rootwrap.conf chmod ugo+rw /opt/stack/data/cinder/mnt/df564eefa9cb392868ebf49472526dca/volume-507a2afa-83a7-4f54-bd89-a30efde0abd1.info" returned: 0 in 0.299s {{(pid=87051) execute /opt/stack/data/venv/lib/python3.12/site-packages/oslo_concurrency/processutils.py:468}}
Sep 02 16:24:24 devstack cinder-volume[87051]: DEBUG cinder.coordination [None req-548a6b8a-a0ce-486f-85d4-b5f3c742de53 tempest-GroupsV314Test-1408423783 None] Acquiring lock "cinder-quobyte-4ab64b59-cdb3-4ea3-b681-ccac4095b685" by "_copy_volume_from_snapshot" {{(pid=87051) __acquire /opt/stack/cinder/cinder/coordination.py:138}}
Sep 02 16:24:24 devstack cinder-volume[87051]: DEBUG cinder.coordination [None req-548a6b8a-a0ce-486f-85d4-b5f3c742de53 tempest-GroupsV314Test-1408423783 None] Lock "cinder-quobyte-4ab64b59-cdb3-4ea3-b681-ccac4095b685" acquired by "_copy_volume_from_snapshot" :: waited 0.021s {{(pid=87051) __acquire /opt/stack/cinder/cinder/coordination.py:141}}
Sep 02 16:24:24 devstack cinder-volume[87051]: DEBUG cinder.volume.drivers.quobyte [None req-548a6b8a-a0ce-486f-85d4-b5f3c742de53 tempest-GroupsV314Test-1408423783 None] snapshot: f8ade119-f501-4a6d-9792-5cb812e87cb1, volume: 4ab64b59-cdb3-4ea3-b681-ccac4095b685, {{(pid=87051) _copy_volume_from_snapshot /opt/stack/cinder/cinder/volume/drivers/quobyte.py:402}}
Sep 02 16:24:24 devstack cinder-volume[87051]: DEBUG oslo_concurrency.lockutils [None req-548a6b8a-a0ce-486f-85d4-b5f3c742de53 tempest-GroupsV314Test-1408423783 None] Acquiring lock "quobyte_ensure" by "cinder.volume.drivers.quobyte.QuobyteDriver._ensure_shares_mounted" {{(pid=87051) inner /opt/stack/data/venv/lib/python3.12/site-packages/oslo_concurrency/lockutils.py:512}}
Sep 02 16:24:24 devstack cinder-volume[87051]: DEBUG oslo_concurrency.lockutils [None req-548a6b8a-a0ce-486f-85d4-b5f3c742de53 tempest-GroupsV314Test-1408423783 None] Lock "quobyte_ensure" acquired by "cinder.volume.drivers.quobyte.QuobyteDriver._ensure_shares_mounted" :: waited 0.001s {{(pid=87051) inner /opt/stack/data/venv/lib/python3.12/site-packages/oslo_concurrency/lockutils.py:525}}
Sep 02 16:24:24 devstack cinder-volume[87051]: DEBUG cinder.volume.drivers.quobyte [None req-548a6b8a-a0ce-486f-85d4-b5f3c742de53 tempest-GroupsV314Test-1408423783 None] Quobyte Volume URL set to: {'osci02.corp.quobyte.com/cinder-vol-fd47e891-285c-4803-93c2-be159bd2d9fd': None} {{(pid=87051) _load_shares_config /opt/stack/cinder/cinder/volume/drivers/quobyte.py:662}}
Sep 02 16:24:24 devstack cinder-volume[87051]: DEBUG cinder.volume.drivers.quobyte [None req-548a6b8a-a0ce-486f-85d4-b5f3c742de53 tempest-GroupsV314Test-1408423783 None] Available shares ['osci02.corp.quobyte.com/cinder-vol-fd47e891-285c-4803-93c2-be159bd2d9fd'] {{(pid=87051) _ensure_shares_mounted /opt/stack/cinder/cinder/volume/drivers/quobyte.py:692}}
Sep 02 16:24:24 devstack cinder-volume[87051]: DEBUG oslo_concurrency.lockutils [None req-548a6b8a-a0ce-486f-85d4-b5f3c742de53 tempest-GroupsV314Test-1408423783 None] Lock "quobyte_ensure" "released" by "cinder.volume.drivers.quobyte.QuobyteDriver._ensure_shares_mounted" :: held 0.006s {{(pid=87051) inner /opt/stack/data/venv/lib/python3.12/site-packages/oslo_concurrency/lockutils.py:544}}
Sep 02 16:24:24 devstack cinder-volume[87051]: DEBUG oslo.privsep.daemon [-] privsep: reply[57f43bde-0db7-499a-848e-8a4adc605d39]: (4, 'qcow2') {{(pid=88698) _call_back /opt/stack/data/venv/lib/python3.12/site-packages/oslo_privsep/daemon.py:580}}
Sep 02 16:24:24 devstack cinder-volume[87051]: DEBUG oslo_concurrency.processutils [None req-548a6b8a-a0ce-486f-85d4-b5f3c742de53 tempest-GroupsV314Test-1408423783 None] Running cmd (subprocess): /opt/stack/data/venv/bin/python3.12 -m oslo_concurrency.prlimit --as=1073741824 --cpu=60 -- sudo cinder-rootwrap /etc/cinder/rootwrap.conf env LC_ALL=C qemu-img info -f qcow2 --output=json --force-share /opt/stack/data/cinder/mnt/df564eefa9cb392868ebf49472526dca/volume-507a2afa-83a7-4f54-bd89-a30efde0abd1.f8ade119-f501-4a6d-9792-5cb812e87cb1 {{(pid=87051) execute /opt/stack/data/venv/lib/python3.12/site-packages/oslo_concurrency/processutils.py:440}}
Sep 02 16:24:24 devstack sudo[95467]: quobyte : PWD=/ ; USER=root ; COMMAND=/opt/stack/data/venv/bin/cinder-rootwrap /etc/cinder/rootwrap.conf env LC_ALL=C qemu-img info -f qcow2 --output=json --force-share /opt/stack/data/cinder/mnt/df564eefa9cb392868ebf49472526dca/volume-507a2afa-83a7-4f54-bd89-a30efde0abd1.f8ade119-f501-4a6d-9792-5cb812e87cb1
Sep 02 16:24:24 devstack sudo[95467]: pam_unix(sudo:session): session opened for user root(uid=0) by (uid=1000)
Sep 02 16:24:25 devstack sudo[95467]: pam_unix(sudo:session): session closed for user root
Sep 02 16:24:25 devstack cinder-volume[87051]: DEBUG oslo_concurrency.processutils [None req-548a6b8a-a0ce-486f-85d4-b5f3c742de53 tempest-GroupsV314Test-1408423783 None] CMD "/opt/stack/data/venv/bin/python3.12 -m oslo_concurrency.prlimit --as=1073741824 --cpu=60 -- sudo cinder-rootwrap /etc/cinder/rootwrap.conf env LC_ALL=C qemu-img info -f qcow2 --output=json --force-share /opt/stack/data/cinder/mnt/df564eefa9cb392868ebf49472526dca/volume-507a2afa-83a7-4f54-bd89-a30efde0abd1.f8ade119-f501-4a6d-9792-5cb812e87cb1" returned: 0 in 0.403s {{(pid=87051) execute /opt/stack/data/venv/lib/python3.12/site-packages/oslo_concurrency/processutils.py:468}}
Sep 02 16:24:25 devstack cinder-volume[87051]: DEBUG cinder.volume.drivers.remotefs [None req-548a6b8a-a0ce-486f-85d4-b5f3c742de53 tempest-GroupsV314Test-1408423783 None] Fetching qemu-img info with special backing_file_template: (/opt/stack/data/cinder/mnt/[0-9a-f]+/)?(volume-507a2afa-83a7-4f54-bd89-a30efde0abd1(.(tmp-snap-)?[0-9a-f-]+)?|volume_from_snapshot_cache/(tmp-snap-)?[0-9a-f-]+(.(child-|parent-)[0-9a-f-]+)?)$ {{(pid=87051) _qemu_img_info_base /opt/stack/cinder/cinder/volume/drivers/remotefs.py:896}}
Sep 02 16:24:25 devstack cinder-volume[87051]: DEBUG oslo.privsep.daemon [-] privsep: reply[7be15886-427e-4903-ab48-03eb5a182fd2]: (4, 'qcow2') {{(pid=88698) _call_back /opt/stack/data/venv/lib/python3.12/site-packages/oslo_privsep/daemon.py:580}}
Sep 02 16:24:25 devstack cinder-volume[87051]: DEBUG oslo_concurrency.processutils [None req-548a6b8a-a0ce-486f-85d4-b5f3c742de53 tempest-GroupsV314Test-1408423783 None] Running cmd (subprocess): /opt/stack/data/venv/bin/python3.12 -m oslo_concurrency.prlimit --as=1073741824 --cpu=60 -- sudo cinder-rootwrap /etc/cinder/rootwrap.conf env LC_ALL=C qemu-img info -f qcow2 --output=json --force-share /opt/stack/data/cinder/mnt/df564eefa9cb392868ebf49472526dca/volume-507a2afa-83a7-4f54-bd89-a30efde0abd1 {{(pid=87051) execute /opt/stack/data/venv/lib/python3.12/site-packages/oslo_concurrency/processutils.py:440}}
Sep 02 16:24:25 devstack sudo[95472]: quobyte : PWD=/ ; USER=root ; COMMAND=/opt/stack/data/venv/bin/cinder-rootwrap /etc/cinder/rootwrap.conf env LC_ALL=C qemu-img info -f qcow2 --output=json --force-share /opt/stack/data/cinder/mnt/df564eefa9cb392868ebf49472526dca/volume-507a2afa-83a7-4f54-bd89-a30efde0abd1
Sep 02 16:24:25 devstack sudo[95472]: pam_unix(sudo:session): session opened for user root(uid=0) by (uid=1000)
Sep 02 16:24:25 devstack sudo[95472]: pam_unix(sudo:session): session closed for user root
