Aug 14 17:29:54 devstack devstack@g-api.service[84405]: DEBUG glance.common.config [None req-632f90c7-cdbf-4e5f-8c7a-b3acbaf0c755 None None] barbican_service_user.cafile = None {{(pid=84405) log_opt_values /opt/stack/data/venv/lib/python3.12/site-packages/oslo_config/cfg.py:3560}}
Aug 14 17:29:54 devstack devstack@g-api.service[84405]: DEBUG glance.common.config [None req-632f90c7-cdbf-4e5f-8c7a-b3acbaf0c755 None None] barbican_service_user.certfile = None {{(pid=84405) log_opt_values /opt/stack/data/venv/lib/python3.12/site-packages/oslo_config/cfg.py:3560}}
Aug 14 17:29:54 devstack devstack@g-api.service[84405]: DEBUG glance.common.config [None req-632f90c7-cdbf-4e5f-8c7a-b3acbaf0c755 None None] barbican_service_user.collect_timing = False {{(pid=84405) log_opt_values /opt/stack/data/venv/lib/python3.12/site-packages/oslo_config/cfg.py:3560}}
Aug 14 17:29:54 devstack devstack@g-api.service[84405]: DEBUG glance.common.config [None req-632f90c7-cdbf-4e5f-8c7a-b3acbaf0c755 None None] barbican_service_user.insecure = False {{(pid=84405) log_opt_values /opt/stack/data/venv/lib/python3.12/site-packages/oslo_config/cfg.py:3560}}
Aug 14 17:29:54 devstack devstack@g-api.service[84405]: DEBUG glance.common.config [None req-632f90c7-cdbf-4e5f-8c7a-b3acbaf0c755 None None] barbican_service_user.keyfile = None {{(pid=84405) log_opt_values /opt/stack/data/venv/lib/python3.12/site-packages/oslo_config/cfg.py:3560}}
Aug 14 17:29:54 devstack devstack@g-api.service[84405]: DEBUG glance.common.config [None req-632f90c7-cdbf-4e5f-8c7a-b3acbaf0c755 None None] barbican_service_user.split_loggers = False {{(pid=84405) log_opt_values /opt/stack/data/venv/lib/python3.12/site-packages/oslo_config/cfg.py:3560}}
Aug 14 17:29:54 devstack devstack@g-api.service[84405]: DEBUG glance.common.config [None req-632f90c7-cdbf-4e5f-8c7a-b3acbaf0c755 None None] barbican_service_user.timeout = None {{(pid=84405) log_opt_values /opt/stack/data/venv/lib/python3.12/site-packages/oslo_config/cfg.py:3560}}
Aug 14 17:29:54 devstack devstack@g-api.service[84405]: DEBUG glance.common.config [None req-632f90c7-cdbf-4e5f-8c7a-b3acbaf0c755 None None] database.asyncio_connection = **** {{(pid=84405) log_opt_values /opt/stack/data/venv/lib/python3.12/site-packages/oslo_config/cfg.py:3560}}
Aug 14 17:29:54 devstack devstack@g-api.service[84405]: DEBUG glance.common.config [None req-632f90c7-cdbf-4e5f-8c7a-b3acbaf0c755 None None] database.asyncio_slave_connection = **** {{(pid=84405) log_opt_values /opt/stack/data/venv/lib/python3.12/site-packages/oslo_config/cfg.py:3560}}
Aug 14 17:29:54 devstack devstack@g-api.service[84405]: DEBUG glance.common.config [None req-632f90c7-cdbf-4e5f-8c7a-b3acbaf0c755 None None] database.backend = sqlalchemy {{(pid=84405) log_opt_values /opt/stack/data/venv/lib/python3.12/site-packages/oslo_config/cfg.py:3560}}
Aug 14 17:29:54 devstack devstack@g-api.service[84405]: DEBUG glance.common.config [None req-632f90c7-cdbf-4e5f-8c7a-b3acbaf0c755 None None] database.connection = **** {{(pid=84405) log_opt_values /opt/stack/data/venv/lib/python3.12/site-packages/oslo_config/cfg.py:3560}}
Aug 14 17:29:54 devstack devstack@g-api.service[84405]: DEBUG glance.common.config [None req-632f90c7-cdbf-4e5f-8c7a-b3acbaf0c755 None None] database.connection_debug = 0 {{(pid=84405) log_opt_values /opt/stack/data/venv/lib/python3.12/site-packages/oslo_config/cfg.py:3560}}
Aug 14 17:29:54 devstack devstack@g-api.service[84405]: DEBUG glance.common.config [None req-632f90c7-cdbf-4e5f-8c7a-b3acbaf0c755 None None] database.connection_parameters = {{(pid=84405) log_opt_values /opt/stack/data/venv/lib/python3.12/site-packages/oslo_config/cfg.py:3560}}
Aug 14 17:29:54 devstack devstack@g-api.service[84405]: DEBUG glance.common.config [None req-632f90c7-cdbf-4e5f-8c7a-b3acbaf0c755 None None] database.connection_recycle_time = 3600 {{(pid=84405) log_opt_values /opt/stack/data/venv/lib/python3.12/site-packages/oslo_config/cfg.py:3560}}
Aug 14 17:29:54 devstack devstack@g-api.service[84405]: DEBUG glance.common.config [None req-632f90c7-cdbf-4e5f-8c7a-b3acbaf0c755 None None] database.connection_trace = False {{(pid=84405) log_opt_values /opt/stack/data/venv/lib/python3.12/site-packages/oslo_config/cfg.py:3560}}
Aug 14 17:29:54 devstack devstack@g-api.service[84405]: DEBUG glance.common.config [None req-632f90c7-cdbf-4e5f-8c7a-b3acbaf0c755 None None] database.db_inc_retry_interval = True {{(pid=84405) log_opt_values /opt/stack/data/venv/lib/python3.12/site-packages/oslo_config/cfg.py:3560}}
Aug 14 17:29:54 devstack devstack@g-api.service[84405]: DEBUG glance.common.config [None req-632f90c7-cdbf-4e5f-8c7a-b3acbaf0c755 None None] database.db_max_retries = 20 {{(pid=84405) log_opt_values /opt/stack/data/venv/lib/python3.12/site-packages/oslo_config/cfg.py:3560}}
Aug 14 17:29:54 devstack devstack@g-api.service[84405]: DEBUG glance.common.config [None req-632f90c7-cdbf-4e5f-8c7a-b3acbaf0c755 None None] database.db_max_retry_interval = 10 {{(pid=84405) log_opt_values /opt/stack/data/venv/lib/python3.12/site-packages/oslo_config/cfg.py:3560}}
Aug 14 17:29:54 devstack devstack@g-api.service[84405]: DEBUG glance.common.config [None req-632f90c7-cdbf-4e5f-8c7a-b3acbaf0c755 None None] database.db_retry_interval = 1 {{(pid=84405) log_opt_values /opt/stack/data/venv/lib/python3.12/site-packages/oslo_config/cfg.py:3560}}
Aug 14 17:29:54 devstack devstack@g-api.service[84405]: DEBUG glance.common.config [None req-632f90c7-cdbf-4e5f-8c7a-b3acbaf0c755 None None] database.max_overflow = 50 {{(pid=84405) log_opt_values /opt/stack/data/venv/lib/python3.12/site-packages/oslo_config/cfg.py:3560}}
Aug 14 17:29:54 devstack devstack@g-api.service[84405]: DEBUG glance.common.config [None req-632f90c7-cdbf-4e5f-8c7a-b3acbaf0c755 None None] database.max_pool_size = 5 {{(pid=84405) log_opt_values /opt/stack/data/venv/lib/python3.12/site-packages/oslo_config/cfg.py:3560}}
Aug 14 17:29:54 devstack devstack@g-api.service[84405]: DEBUG glance.common.config [None req-632f90c7-cdbf-4e5f-8c7a-b3acbaf0c755 None None] database.max_retries = 10 {{(pid=84405) log_opt_values /opt/stack/data/venv/lib/python3.12/site-packages/oslo_config/cfg.py:3560}}
Aug 14 17:29:54 devstack devstack@g-api.service[84405]: DEBUG glance.common.config [None req-632f90c7-cdbf-4e5f-8c7a-b3acbaf0c755 None None] database.mysql_sql_mode = TRADITIONAL {{(pid=84405) log_opt_values /opt/stack/data/venv/lib/python3.12/site-packages/oslo_config/cfg.py:3560}}
Aug 14 17:29:54 devstack devstack@g-api.service[84405]: DEBUG glance.common.config [None req-632f90c7-cdbf-4e5f-8c7a-b3acbaf0c755 None None] database.mysql_wsrep_sync_wait = None {{(pid=84405) log_opt_values /opt/stack/data/venv/lib/python3.12/site-packages/oslo_config/cfg.py:3560}}
Aug 14 17:29:54 devstack devstack@g-api.service[84405]: DEBUG glance.common.config [None req-632f90c7-cdbf-4e5f-8c7a-b3acbaf0c755 None None] database.pool_timeout = None {{(pid=84405) log_opt_values /opt/stack/data/venv/lib/python3.12/site-packages/oslo_config/cfg.py:3560}}
Aug 14 17:29:54 devstack devstack@g-api.service[84405]: DEBUG glance.common.config [None req-632f90c7-cdbf-4e5f-8c7a-b3acbaf0c755 None None] database.retry_interval = 10 {{(pid=84405) log_opt_values /opt/stack/data/venv/lib/python3.12/site-packages/oslo_config/cfg.py:3560}}
Aug 14 17:29:54 devstack devstack@g-api.service[84405]: DEBUG glance.common.config [None req-632f90c7-cdbf-4e5f-8c7a-b3acbaf0c755 None None] database.slave_connection = **** {{(pid=84405) log_opt_values /opt/stack/data/venv/lib/python3.12/site-packages/oslo_config/cfg.py:3560}}
Aug 14 17:29:54 devstack devstack@g-api.service[84405]: DEBUG glance.common.config [None req-632f90c7-cdbf-4e5f-8c7a-b3acbaf0c755 None None] database.sqlite_synchronous = True {{(pid=84405) log_opt_values /opt/stack/data/venv/lib/python3.12/site-packages/oslo_config/cfg.py:3560}}
Aug 14 17:29:54 devstack devstack@g-api.service[84405]: DEBUG glance.common.config [None req-632f90c7-cdbf-4e5f-8c7a-b3acbaf0c755 None None] database.synchronous_reader = True {{(pid=84405) log_opt_values /opt/stack/data/venv/lib/python3.12/site-packages/oslo_config/cfg.py:3560}}
Aug 14 17:29:54 devstack devstack@g-api.service[84405]: DEBUG glance.common.config [None req-632f90c7-cdbf-4e5f-8c7a-b3acbaf0c755 None None] database.use_db_reconnect = False {{(pid=84405) log_opt_values /opt/stack/data/venv/lib/python3.12/site-packages/oslo_config/cfg.py:3560}}
Aug 14 17:29:54 devstack devstack@g-api.service[84405]: DEBUG glance.common.config [None req-632f90c7-cdbf-4e5f-8c7a-b3acbaf0c755 None None] healthcheck.allowed_source_ranges = [] {{(pid=84405) log_opt_values /opt/stack/data/venv/lib/python3.12/site-packages/oslo_config/cfg.py:3560}}
Aug 14 17:29:54 devstack devstack@g-api.service[84405]: DEBUG glance.common.config [None req-632f90c7-cdbf-4e5f-8c7a-b3acbaf0c755 None None] healthcheck.backends = ['disable_by_file'] {{(pid=84405) log_opt_values /opt/stack/data/venv/lib/python3.12/site-packages/oslo_config/cfg.py:3560}}
Aug 14 17:29:54 devstack devstack@g-api.service[84405]: DEBUG glance.common.config [None req-632f90c7-cdbf-4e5f-8c7a-b3acbaf0c755 None None] healthcheck.detailed = False {{(pid=84405) log_opt_values /opt/stack/data/venv/lib/python3.12/site-packages/oslo_config/cfg.py:3560}}
Aug 14 17:29:54 devstack devstack@g-api.service[84405]: DEBUG glance.common.config [None req-632f90c7-cdbf-4e5f-8c7a-b3acbaf0c755 None None] healthcheck.disable_by_file_path = None {{(pid=84405) log_opt_values /opt/stack/data/venv/lib/python3.12/site-packages/oslo_config/cfg.py:3560}}
Aug 14 17:29:54 devstack devstack@g-api.service[84405]: DEBUG glance.common.config [None req-632f90c7-cdbf-4e5f-8c7a-b3acbaf0c755 None None] healthcheck.ignore_proxied_requests = False {{(pid=84405) log_opt_values /opt/stack/data/venv/lib/python3.12/site-packages/oslo_config/cfg.py:3560}}
Aug 14 17:29:54 devstack devstack@g-api.service[84405]: DEBUG glance.common.config [None req-632f90c7-cdbf-4e5f-8c7a-b3acbaf0c755 None None] ******************************************************************************** {{(pid=84405) log_opt_values /opt/stack/data/venv/lib/python3.12/site-packages/oslo_config/cfg.py:3567}}
Aug 14 17:29:54 devstack devstack@g-api.service[84405]: WSGI app 0 (mountpoint='') ready in 5 seconds on interpreter 0x787d210a4668 pid: 84405 (default app)
Aug 14 17:29:57 devstack devstack@g-api.service[84404]: DEBUG glance.api.middleware.version_negotiation [None req-e63e310d-e5ec-4699-ad0c-d5df98f3a8d0 None None] Determining version of request: GET / Accept: application/json {{(pid=84404) process_request /opt/stack/glance/glance/api/middleware/version_negotiation.py:44}}
Aug 14 17:29:57 devstack devstack@g-api.service[84404]: DEBUG glance.api.middleware.version_negotiation [None req-e63e310d-e5ec-4699-ad0c-d5df98f3a8d0 None None] Using url versioning {{(pid=84404) process_request /opt/stack/glance/glance/api/middleware/version_negotiation.py:57}}
Aug 14 17:29:57 devstack devstack@g-api.service[84404]: DEBUG glance.api.middleware.version_negotiation [None req-e63e310d-e5ec-4699-ad0c-d5df98f3a8d0 None None] Unknown version. Returning version choices. {{(pid=84404) process_request /opt/stack/glance/glance/api/middleware/version_negotiation.py:64}}
Aug 14 17:29:57 devstack devstack@g-api.service[84404]: [pid: 84404|app: 0|req: 2/2] 127.0.0.1 () {34 vars in 519 bytes} [Fri Aug 14 17:29:57 2026] GET / => generated 1571 bytes in 2 msecs (HTTP/1.1 300) 3 headers in 106 bytes (1 switches on core 0)
Aug 14 17:29:57 devstack devstack@g-api.service[84405]: DEBUG glance.api.middleware.version_negotiation [None req-632f90c7-cdbf-4e5f-8c7a-b3acbaf0c755 None None] Determining version of request: POST /v2/images Accept: */* {{(pid=84405) process_request /opt/stack/glance/glance/api/middleware/version_negotiation.py:44}}
Aug 14 17:29:57 devstack devstack@g-api.service[84405]: DEBUG glance.api.middleware.version_negotiation [None req-632f90c7-cdbf-4e5f-8c7a-b3acbaf0c755 None None] Using url versioning {{(pid=84405) process_request /opt/stack/glance/glance/api/middleware/version_negotiation.py:57}}
Aug 14 17:29:57 devstack devstack@g-api.service[84405]: DEBUG glance.api.middleware.version_negotiation [None req-632f90c7-cdbf-4e5f-8c7a-b3acbaf0c755 None None] Matched version: v2 {{(pid=84405) process_request /opt/stack/glance/glance/api/middleware/version_negotiation.py:69}}
Aug 14 17:29:57 devstack devstack@g-api.service[84405]: DEBUG glance.api.middleware.version_negotiation [None req-632f90c7-cdbf-4e5f-8c7a-b3acbaf0c755 None None] new path /v2/images {{(pid=84405) process_request /opt/stack/glance/glance/api/middleware/version_negotiation.py:70}}
Aug 14 17:29:58 devstack devstack@g-api.service[84405]: [pid: 84405|app: 0|req: 1/3] 127.0.0.1 () {40 vars in 782 bytes} [Fri Aug 14 17:29:57 2026] POST /v2/images => generated 807 bytes in 1286 msecs (HTTP/1.1 201) 6 headers in 314 bytes (1 switches on core 0)
Aug 14 17:29:58 devstack devstack@g-api.service[84404]: DEBUG glance.api.middleware.version_negotiation [None req-e63e310d-e5ec-4699-ad0c-d5df98f3a8d0 None None] Determining version of request: PUT /v2/images/f43a172c-9d40-4bef-9702-66a639d8349b/file Accept: {{(pid=84404) process_request /opt/stack/glance/glance/api/middleware/version_negotiation.py:44}}
Aug 14 17:29:58 devstack devstack@g-api.service[84404]: DEBUG glance.api.middleware.version_negotiation [None req-e63e310d-e5ec-4699-ad0c-d5df98f3a8d0 None None] Using url versioning {{(pid=84404) process_request /opt/stack/glance/glance/api/middleware/version_negotiation.py:57}}
Aug 14 17:29:58 devstack devstack@g-api.service[84404]: DEBUG glance.api.middleware.version_negotiation [None req-e63e310d-e5ec-4699-ad0c-d5df98f3a8d0 None None] Matched version: v2 {{(pid=84404) process_request /opt/stack/glance/glance/api/middleware/version_negotiation.py:69}}
Aug 14 17:29:58 devstack devstack@g-api.service[84404]: DEBUG glance.api.middleware.version_negotiation [None req-e63e310d-e5ec-4699-ad0c-d5df98f3a8d0 None None] new path /v2/images/f43a172c-9d40-4bef-9702-66a639d8349b/file {{(pid=84404) process_request /opt/stack/glance/glance/api/middleware/version_negotiation.py:70}}
Aug 14 17:29:59 devstack devstack@g-api.service[84404]: INFO glance.api.v2.image_data [None req-eafcc151-bd7a-4b1a-bbf3-cde49afc8764 admin admin] Unable to create trust: no such option collect_timing in group [keystone_authtoken] Use the existing user token.
Aug 14 17:30:00 devstack devstack@g-api.service[84404]: DEBUG glance.location [None req-eafcc151-bd7a-4b1a-bbf3-cde49afc8764 admin admin] Enabling in-flight format inspection for qcow2 {{(pid=84404) set_data /opt/stack/glance/glance/location.py:596}}
Aug 14 17:30:00 devstack devstack@g-api.service[84404]: DEBUG oslo_utils.imageutils.format_inspector [None req-eafcc151-bd7a-4b1a-bbf3-cde49afc8764 admin admin] Format inspector for vmdk does not match, excluding from consideration (Signature KDMV not found: b'QFI\xfb') {{(pid=84404) _process_chunk /opt/stack/data/venv/lib/python3.12/site-packages/oslo_utils/imageutils/format_inspector.py:1758}}
Aug 14 17:30:00 devstack devstack@g-api.service[84404]: DEBUG oslo_utils.imageutils.format_inspector [None req-eafcc151-bd7a-4b1a-bbf3-cde49afc8764 admin admin] Format inspector for vhdx does not match, excluding from consideration (Region signature not found at 30000) {{(pid=84404) _process_chunk /opt/stack/data/venv/lib/python3.12/site-packages/oslo_utils/imageutils/format_inspector.py:1758}}
Aug 14 17:30:00 devstack devstack@g-api.service[84404]: DEBUG glance_store._drivers.filesystem [None req-eafcc151-bd7a-4b1a-bbf3-cde49afc8764 admin admin] Wrote 21692416 bytes to /opt/stack/data/glance/images/f43a172c-9d40-4bef-9702-66a639d8349b with checksum 87617e24a5e30cb3b87fda8c0764838f and multihash 9a9bce0083a00939ec17c11febbfc767aa211aaa54f51e75c5a8b271a9b5637c77205a518b7a2007cb391d23cceb01e0e4e8d64832317151bc85b734b92a7be0 {{(pid=84404) add /opt/stack/data/venv/lib/python3.12/site-packages/glance_store/_drivers/filesystem.py:899}}
Aug 14 17:30:00 devstack devstack@g-api.service[84404]: INFO glance.location [None req-eafcc151-bd7a-4b1a-bbf3-cde49afc8764 admin admin] Image format matched and virtual size computed: 117440512
Aug 14 17:30:00 devstack devstack@g-api.service[84404]: DEBUG glance_store.backend [None req-eafcc151-bd7a-4b1a-bbf3-cde49afc8764 admin admin] Skipping store.set_acls... not implemented. {{(pid=84404) set_acls /opt/stack/data/venv/lib/python3.12/site-packages/glance_store/backend.py:507}}
Aug 14 17:30:00 devstack devstack@g-api.service[84404]: [pid: 84404|app: 0|req: 3/4] 127.0.0.1 () {42 vars in 914 bytes} [Fri Aug 14 17:29:58 2026] PUT /v2/images/f43a172c-9d40-4bef-9702-66a639d8349b/file => generated 0 bytes in 1805 msecs (HTTP/1.1 204) 4 headers in 171 bytes (1 switches on core 0)
Aug 14 17:30:00 devstack devstack@g-api.service[84405]: DEBUG glance.api.middleware.version_negotiation [None req-644fafa7-e273-4ba0-a621-05fc78788e02 admin admin] Determining version of request: GET /v2/images/f43a172c-9d40-4bef-9702-66a639d8349b Accept: */* {{(pid=84405) process_request /opt/stack/glance/glance/api/middleware/version_negotiation.py:44}}
Aug 14 17:30:00 devstack devstack@g-api.service[84405]: DEBUG glance.api.middleware.version_negotiation [None req-644fafa7-e273-4ba0-a621-05fc78788e02 admin admin] Using url versioning {{(pid=84405) process_request /opt/stack/glance/glance/api/middleware/version_negotiation.py:57}}
Aug 14 17:30:00 devstack devstack@g-api.service[84405]: DEBUG glance.api.middleware.version_negotiation [None req-644fafa7-e273-4ba0-a621-05fc78788e02 admin admin] Matched version: v2 {{(pid=84405) process_request /opt/stack/glance/glance/api/middleware/version_negotiation.py:69}}
Aug 14 17:30:00 devstack devstack@g-api.service[84405]: DEBUG glance.api.middleware.version_negotiation [None req-644fafa7-e273-4ba0-a621-05fc78788e02 admin admin] new path /v2/images/f43a172c-9d40-4bef-9702-66a639d8349b {{(pid=84405) process_request /opt/stack/glance/glance/api/middleware/version_negotiation.py:70}}
Aug 14 17:30:00 devstack devstack@g-api.service[84405]: [pid: 84405|app: 0|req: 2/5] 127.0.0.1 () {36 vars in 802 bytes} [Fri Aug 14 17:30:00 2026] GET /v2/images/f43a172c-9d40-4bef-9702-66a639d8349b => generated 976 bytes in 21 msecs (HTTP/1.1 200) 4 headers in 157 bytes (1 switches on core 0)
Aug 14 17:30:10 devstack devstack@g-api.service[84404]: DEBUG dbcounter [-] [84404] Writing DB stats glance:INSERT=5,glance:SELECT=16,glance:UPDATE=2 {{(pid=84404) stat_writer /opt/stack/data/venv/lib/python3.12/site-packages/dbcounter.py:115}}
Aug 14 17:30:10 devstack devstack@g-api.service[84405]: DEBUG dbcounter [-] [84405] Writing DB stats glance:INSERT=9,glance:SELECT=6 {{(pid=84405) stat_writer /opt/stack/data/venv/lib/python3.12/site-packages/dbcounter.py:115}}
Aug 14 17:30:44 devstack devstack@g-api.service[84404]: DEBUG glance.api.middleware.version_negotiation [None req-eafcc151-bd7a-4b1a-bbf3-cde49afc8764 admin admin] Determining version of request: GET / Accept: application/json {{(pid=84404) process_request /opt/stack/glance/glance/api/middleware/version_negotiation.py:44}}
Aug 14 17:30:44 devstack devstack@g-api.service[84404]: DEBUG glance.api.middleware.version_negotiation [None req-eafcc151-bd7a-4b1a-bbf3-cde49afc8764 admin admin] Using url versioning {{(pid=84404) process_request /opt/stack/glance/glance/api/middleware/version_negotiation.py:57}}
Aug 14 17:30:44 devstack devstack@g-api.service[84404]: DEBUG glance.api.middleware.version_negotiation [None req-eafcc151-bd7a-4b1a-bbf3-cde49afc8764 admin admin] Unknown version. Returning version choices. {{(pid=84404) process_request /opt/stack/glance/glance/api/middleware/version_negotiation.py:64}}
Aug 14 17:30:44 devstack devstack@g-api.service[84404]: [pid: 84404|app: 0|req: 4/6] 127.0.0.1 () {34 vars in 519 bytes} [Fri Aug 14 17:30:44 2026] GET / => generated 1571 bytes in 3 msecs (HTTP/1.1 300) 3 headers in 106 bytes (1 switches on core 0)
Aug 14 17:30:44 devstack devstack@g-api.service[84405]: DEBUG glance.api.middleware.version_negotiation [None req-4b6c31e7-8e01-4b73-bd31-34abe806dc3b admin admin] Determining version of request: GET /v2/images Accept: application/json {{(pid=84405) process_request /opt/stack/glance/glance/api/middleware/version_negotiation.py:44}}
Aug 14 17:30:44 devstack devstack@g-api.service[84405]: DEBUG glance.api.middleware.version_negotiation [None req-4b6c31e7-8e01-4b73-bd31-34abe806dc3b admin admin] Using url versioning {{(pid=84405) process_request /opt/stack/glance/glance/api/middleware/version_negotiation.py:57}}
Aug 14 17:30:44 devstack devstack@g-api.service[84405]: DEBUG glance.api.middleware.version_negotiation [None req-4b6c31e7-8e01-4b73-bd31-34abe806dc3b admin admin] Matched version: v2 {{(pid=84405) process_request /opt/stack/glance/glance/api/middleware/version_negotiation.py:69}}
Aug 14 17:30:44 devstack devstack@g-api.service[84405]: DEBUG glance.api.middleware.version_negotiation [None req-4b6c31e7-8e01-4b73-bd31-34abe806dc3b admin admin] new path /v2/images {{(pid=84405) process_request /opt/stack/glance/glance/api/middleware/version_negotiation.py:70}}
Aug 14 17:30:44 devstack devstack@g-api.service[84405]: [pid: 84405|app: 0|req: 3/7] 127.0.0.1 () {36 vars in 741 bytes} [Fri Aug 14 17:30:44 2026] GET /v2/images => generated 1045 bytes in 89 msecs (HTTP/1.1 200) 4 headers in 158 bytes (1 switches on core 0)
Aug 14 17:30:54 devstack devstack@g-api.service[84404]: DEBUG glance.api.middleware.version_negotiation [None req-eafcc151-bd7a-4b1a-bbf3-cde49afc8764 admin admin] Determining version of request: GET / Accept: application/json {{(pid=84404) process_request /opt/stack/glance/glance/api/middleware/version_negotiation.py:44}}
Aug 14 17:30:54 devstack devstack@g-api.service[84404]: DEBUG glance.api.middleware.version_negotiation [None req-eafcc151-bd7a-4b1a-bbf3-cde49afc8764 admin admin] Using url versioning {{(pid=84404) process_request /opt/stack/glance/glance/api/middleware/version_negotiation.py:57}}
Aug 14 17:30:54 devstack devstack@g-api.service[84404]: DEBUG glance.api.middleware.version_negotiation [None req-eafcc151-bd7a-4b1a-bbf3-cde49afc8764 admin admin] Unknown version. Returning version choices. {{(pid=84404) process_request /opt/stack/glance/glance/api/middleware/version_negotiation.py:64}}
Aug 14 17:30:54 devstack devstack@g-api.service[84404]: [pid: 84404|app: 0|req: 5/8] 127.0.0.1 () {34 vars in 519 bytes} [Fri Aug 14 17:30:54 2026] GET / => generated 1571 bytes in 2 msecs (HTTP/1.1 300) 3 headers in 106 bytes (1 switches on core 0)
Aug 14 17:30:54 devstack devstack@g-api.service[84405]: DEBUG glance.api.middleware.version_negotiation [None req-7c727ee1-5ee0-48cb-ab6e-72998d7fa6f1 admin admin] Determining version of request: GET /v2/images/f43a172c-9d40-4bef-9702-66a639d8349b Accept: */* {{(pid=84405) process_request /opt/stack/glance/glance/api/middleware/version_negotiation.py:44}}
Aug 14 17:30:54 devstack devstack@g-api.service[84405]: DEBUG glance.api.middleware.version_negotiation [None req-7c727ee1-5ee0-48cb-ab6e-72998d7fa6f1 admin admin] Using url versioning {{(pid=84405) process_request /opt/stack/glance/glance/api/middleware/version_negotiation.py:57}}
Aug 14 17:30:54 devstack devstack@g-api.service[84405]: DEBUG glance.api.middleware.version_negotiation [None req-7c727ee1-5ee0-48cb-ab6e-72998d7fa6f1 admin admin] Matched version: v2 {{(pid=84405) process_request /opt/stack/glance/glance/api/middleware/version_negotiation.py:69}}
Aug 14 17:30:54 devstack devstack@g-api.service[84405]: DEBUG glance.api.middleware.version_negotiation [None req-7c727ee1-5ee0-48cb-ab6e-72998d7fa6f1 admin admin] new path /v2/images/f43a172c-9d40-4bef-9702-66a639d8349b {{(pid=84405) process_request /opt/stack/glance/glance/api/middleware/version_negotiation.py:70}}
Aug 14 17:30:54 devstack devstack@g-api.service[84405]: [pid: 84405|app: 0|req: 4/9] 127.0.0.1 () {36 vars in 802 bytes} [Fri Aug 14 17:30:54 2026] GET /v2/images/f43a172c-9d40-4bef-9702-66a639d8349b => generated 976 bytes in 76 msecs (HTTP/1.1 200) 4 headers in 157 bytes (1 switches on core 0)
Aug 14 17:31:01 devstack devstack@g-api.service[84404]: DEBUG glance.api.middleware.version_negotiation [None req-eafcc151-bd7a-4b1a-bbf3-cde49afc8764 admin admin] Determining version of request: GET / Accept: application/json {{(pid=84404) process_request /opt/stack/glance/glance/api/middleware/version_negotiation.py:44}}
Aug 14 17:31:01 devstack devstack@g-api.service[84404]: DEBUG glance.api.middleware.version_negotiation [None req-eafcc151-bd7a-4b1a-bbf3-cde49afc8764 admin admin] Using url versioning {{(pid=84404) process_request /opt/stack/glance/glance/api/middleware/version_negotiation.py:57}}
Aug 14 17:31:01 devstack devstack@g-api.service[84404]: DEBUG glance.api.middleware.version_negotiation [None req-eafcc151-bd7a-4b1a-bbf3-cde49afc8764 admin admin] Unknown version. Returning version choices. {{(pid=84404) process_request /opt/stack/glance/glance/api/middleware/version_negotiation.py:64}}
Aug 14 17:31:01 devstack devstack@g-api.service[84404]: [pid: 84404|app: 0|req: 6/10] 127.0.0.1 () {34 vars in 519 bytes} [Fri Aug 14 17:31:01 2026] GET / => generated 1571 bytes in 3 msecs (HTTP/1.1 300) 3 headers in 106 bytes (1 switches on core 0)
Aug 14 17:31:01 devstack devstack@g-api.service[84405]: DEBUG glance.api.middleware.version_negotiation [None req-a6dad5f0-b87d-4b0b-8d33-64a45496d8f7 admin admin] Determining version of request: GET /v2/images/f43a172c-9d40-4bef-9702-66a639d8349b Accept: */* {{(pid=84405) process_request /opt/stack/glance/glance/api/middleware/version_negotiation.py:44}}
Aug 14 17:31:01 devstack devstack@g-api.service[84405]: DEBUG glance.api.middleware.version_negotiation [None req-a6dad5f0-b87d-4b0b-8d33-64a45496d8f7 admin admin] Using url versioning {{(pid=84405) process_request /opt/stack/glance/glance/api/middleware/version_negotiation.py:57}}
Aug 14 17:31:01 devstack devstack@g-api.service[84405]: DEBUG glance.api.middleware.version_negotiation [None req-a6dad5f0-b87d-4b0b-8d33-64a45496d8f7 admin admin] Matched version: v2 {{(pid=84405) process_request /opt/stack/glance/glance/api/middleware/version_negotiation.py:69}}
Aug 14 17:31:01 devstack devstack@g-api.service[84405]: DEBUG glance.api.middleware.version_negotiation [None req-a6dad5f0-b87d-4b0b-8d33-64a45496d8f7 admin admin] new path /v2/images/f43a172c-9d40-4bef-9702-66a639d8349b {{(pid=84405) process_request /opt/stack/glance/glance/api/middleware/version_negotiation.py:70}}
Aug 14 17:31:01 devstack devstack@g-api.service[84405]: [pid: 84405|app: 0|req: 5/11] 127.0.0.1 () {36 vars in 802 bytes} [Fri Aug 14 17:31:01 2026] GET /v2/images/f43a172c-9d40-4bef-9702-66a639d8349b => generated 976 bytes in 84 msecs (HTTP/1.1 200) 4 headers in 157 bytes (1 switches on core 0)
Aug 14 17:31:11 devstack devstack@g-api.service[84405]: DEBUG dbcounter [-] [84405] Writing DB stats glance:SELECT=5 {{(pid=84405) stat_writer /opt/stack/data/venv/lib/python3.12/site-packages/dbcounter.py:115}}
Aug 14 17:32:18 devstack devstack@g-api.service[84404]: DEBUG glance.api.middleware.version_negotiation [None req-eafcc151-bd7a-4b1a-bbf3-cde49afc8764 admin admin] Determining version of request: GET / Accept: application/json {{(pid=84404) process_request /opt/stack/glance/glance/api/middleware/version_negotiation.py:44}}
Aug 14 17:32:18 devstack devstack@g-api.service[84404]: DEBUG glance.api.middleware.version_negotiation [None req-eafcc151-bd7a-4b1a-bbf3-cde49afc8764 admin admin] Using url versioning {{(pid=84404) process_request /opt/stack/glance/glance/api/middleware/version_negotiation.py:57}}
Aug 14 17:32:18 devstack devstack@g-api.service[84404]: DEBUG glance.api.middleware.version_negotiation [None req-eafcc151-bd7a-4b1a-bbf3-cde49afc8764 admin admin] Unknown version. Returning version choices. {{(pid=84404) process_request /opt/stack/glance/glance/api/middleware/version_negotiation.py:64}}
Aug 14 17:32:18 devstack devstack@g-api.service[84404]: [pid: 84404|app: 0|req: 7/12] 127.0.0.1 () {36 vars in 488 bytes} [Fri Aug 14 17:32:18 2026] GET / => generated 1571 bytes in 3 msecs (HTTP/1.1 300) 3 headers in 106 bytes (1 switches on core 0)
Aug 14 17:35:35 devstack devstack@g-api.service[84405]: DEBUG glance.api.middleware.version_negotiation [None req-5a501177-a918-471c-a323-00a0515a23bd admin admin] Determining version of request: GET / Accept: application/json {{(pid=84405) process_request /opt/stack/glance/glance/api/middleware/version_negotiation.py:44}}
Aug 14 17:35:35 devstack devstack@g-api.service[84405]: DEBUG glance.api.middleware.version_negotiation [None req-5a501177-a918-471c-a323-00a0515a23bd admin admin] Using url versioning {{(pid=84405) process_request /opt/stack/glance/glance/api/middleware/version_negotiation.py:57}}
Aug 14 17:35:35 devstack devstack@g-api.service[84405]: DEBUG glance.api.middleware.version_negotiation [None req-5a501177-a918-471c-a323-00a0515a23bd admin admin] Unknown version. Returning version choices. {{(pid=84405) process_request /opt/stack/glance/glance/api/middleware/version_negotiation.py:64}}
Aug 14 17:35:35 devstack devstack@g-api.service[84405]: [pid: 84405|app: 0|req: 6/13] 127.0.0.1 () {34 vars in 505 bytes} [Fri Aug 14 17:35:35 2026] GET / => generated 1571 bytes in 12 msecs (HTTP/1.1 300) 3 headers in 106 bytes (1 switches on core 0)
Aug 14 17:35:35 devstack devstack@g-api.service[84404]: DEBUG glance.api.middleware.version_negotiation [None req-eafcc151-bd7a-4b1a-bbf3-cde49afc8764 admin admin] Determining version of request: GET /v2/images/f43a172c-9d40-4bef-9702-66a639d8349b Accept: */* {{(pid=84404) process_request /opt/stack/glance/glance/api/middleware/version_negotiation.py:44}}
Aug 14 17:35:35 devstack devstack@g-api.service[84404]: DEBUG glance.api.middleware.version_negotiation [None req-eafcc151-bd7a-4b1a-bbf3-cde49afc8764 admin admin] Using url versioning {{(pid=84404) process_request /opt/stack/glance/glance/api/middleware/version_negotiation.py:57}}
Aug 14 17:35:35 devstack devstack@g-api.service[84404]: DEBUG glance.api.middleware.version_negotiation [None req-eafcc151-bd7a-4b1a-bbf3-cde49afc8764 admin admin] Matched version: v2 {{(pid=84404) process_request /opt/stack/glance/glance/api/middleware/version_negotiation.py:69}}
Aug 14 17:35:35 devstack devstack@g-api.service[84404]: DEBUG glance.api.middleware.version_negotiation [None req-eafcc151-bd7a-4b1a-bbf3-cde49afc8764 admin admin] new path /v2/images/f43a172c-9d40-4bef-9702-66a639d8349b {{(pid=84404) process_request /opt/stack/glance/glance/api/middleware/version_negotiation.py:70}}
Aug 14 17:35:35 devstack devstack@g-api.service[84404]: [pid: 84404|app: 0|req: 8/14] 127.0.0.1 () {42 vars in 1061 bytes} [Fri Aug 14 17:35:35 2026] GET /v2/images/f43a172c-9d40-4bef-9702-66a639d8349b => generated 976 bytes in 445 msecs (HTTP/1.1 200) 4 headers in 157 bytes (1 switches on core 0)
Aug 14 17:35:35 devstack devstack@g-api.service[84405]: DEBUG glance.api.middleware.version_negotiation [None req-5a501177-a918-471c-a323-00a0515a23bd admin admin] Determining version of request: GET /v2/schemas/image Accept: */* {{(pid=84405) process_request /opt/stack/glance/glance/api/middleware/version_negotiation.py:44}}
Aug 14 17:35:35 devstack devstack@g-api.service[84405]: DEBUG glance.api.middleware.version_negotiation [None req-5a501177-a918-471c-a323-00a0515a23bd admin admin] Using url versioning {{(pid=84405) process_request /opt/stack/glance/glance/api/middleware/version_negotiation.py:57}}
Aug 14 17:35:35 devstack devstack@g-api.service[84405]: DEBUG glance.api.middleware.version_negotiation [None req-5a501177-a918-471c-a323-00a0515a23bd admin admin] Matched version: v2 {{(pid=84405) process_request /opt/stack/glance/glance/api/middleware/version_negotiation.py:69}}
Aug 14 17:35:35 devstack devstack@g-api.service[84405]: DEBUG glance.api.middleware.version_negotiation [None req-5a501177-a918-471c-a323-00a0515a23bd admin admin] new path /v2/schemas/image {{(pid=84405) process_request /opt/stack/glance/glance/api/middleware/version_negotiation.py:70}}
Aug 14 17:35:35 devstack devstack@g-api.service[84405]: [pid: 84405|app: 0|req: 7/15] 127.0.0.1 () {42 vars in 1001 bytes} [Fri Aug 14 17:35:35 2026] GET /v2/schemas/image => generated 6083 bytes in 13 msecs (HTTP/1.1 200) 4 headers in 158 bytes (1 switches on core 0)
Aug 14 17:35:41 devstack devstack@g-api.service[84404]: DEBUG glance.api.middleware.version_negotiation [None req-9b73490d-1e33-4995-b888-93e71b3f696f tempest-ServerActionsTestOtherA-789717797 tempest-ServerActionsTestOtherA-789717797-project-member] Determining version of request: GET / Accept: application/json {{(pid=84404) process_request /opt/stack/glance/glance/api/middleware/version_negotiation.py:44}}
Aug 14 17:35:41 devstack devstack@g-api.service[84404]: DEBUG glance.api.middleware.version_negotiation [None req-9b73490d-1e33-4995-b888-93e71b3f696f tempest-ServerActionsTestOtherA-789717797 tempest-ServerActionsTestOtherA-789717797-project-member] Using url versioning {{(pid=84404) process_request /opt/stack/glance/glance/api/middleware/version_negotiation.py:57}}
Aug 14 17:35:41 devstack devstack@g-api.service[84404]: DEBUG glance.api.middleware.version_negotiation [None req-9b73490d-1e33-4995-b888-93e71b3f696f tempest-ServerActionsTestOtherA-789717797 tempest-ServerActionsTestOtherA-789717797-project-member] Unknown version. Returning version choices. {{(pid=84404) process_request /opt/stack/glance/glance/api/middleware/version_negotiation.py:64}}
Aug 14 17:35:41 devstack devstack@g-api.service[84404]: [pid: 84404|app: 0|req: 9/16] 127.0.0.1 () {34 vars in 505 bytes} [Fri Aug 14 17:35:41 2026] GET / => generated 1571 bytes in 2 msecs (HTTP/1.1 300) 3 headers in 106 bytes (1 switches on core 0)
Aug 14 17:35:41 devstack devstack@g-api.service[84405]: DEBUG glance.api.middleware.version_negotiation [None req-9b73490d-1e33-4995-b888-93e71b3f696f tempest-ServerActionsTestOtherA-789717797 tempest-ServerActionsTestOtherA-789717797-project-member] Determining version of request: GET /v2/images/f43a172c-9d40-4bef-9702-66a639d8349b Accept: */* {{(pid=84405) process_request /opt/stack/glance/glance/api/middleware/version_negotiation.py:44}}
Aug 14 17:35:41 devstack devstack@g-api.service[84405]: DEBUG glance.api.middleware.version_negotiation [None req-9b73490d-1e33-4995-b888-93e71b3f696f tempest-ServerActionsTestOtherA-789717797 tempest-ServerActionsTestOtherA-789717797-project-member] Using url versioning {{(pid=84405) process_request /opt/stack/glance/glance/api/middleware/version_negotiation.py:57}}
Aug 14 17:35:41 devstack devstack@g-api.service[84405]: DEBUG glance.api.middleware.version_negotiation [None req-9b73490d-1e33-4995-b888-93e71b3f696f tempest-ServerActionsTestOtherA-789717797 tempest-ServerActionsTestOtherA-789717797-project-member] Matched version: v2 {{(pid=84405) process_request /opt/stack/glance/glance/api/middleware/version_negotiation.py:69}}
Aug 14 17:35:41 devstack devstack@g-api.service[84405]: DEBUG glance.api.middleware.version_negotiation [None req-9b73490d-1e33-4995-b888-93e71b3f696f tempest-ServerActionsTestOtherA-789717797 tempest-ServerActionsTestOtherA-789717797-project-member] new path /v2/images/f43a172c-9d40-4bef-9702-66a639d8349b {{(pid=84405) process_request /opt/stack/glance/glance/api/middleware/version_negotiation.py:70}}
Aug 14 17:35:41 devstack devstack@g-api.service[84405]: [pid: 84405|app: 0|req: 8/17] 127.0.0.1 () {42 vars in 1061 bytes} [Fri Aug 14 17:35:41 2026] GET /v2/images/f43a172c-9d40-4bef-9702-66a639d8349b => generated 976 bytes in 170 msecs (HTTP/1.1 200) 4 headers in 157 bytes (1 switches on core 0)
Aug 14 17:35:41 devstack devstack@g-api.service[84404]: DEBUG glance.api.middleware.version_negotiation [None req-9b73490d-1e33-4995-b888-93e71b3f696f tempest-ServerActionsTestOtherA-789717797 tempest-ServerActionsTestOtherA-789717797-project-member] Determining version of request: GET /v2/schemas/image Accept: */* {{(pid=84404) process_request /opt/stack/glance/glance/api/middleware/version_negotiation.py:44}}
Aug 14 17:35:41 devstack devstack@g-api.service[84404]: DEBUG glance.api.middleware.version_negotiation [None req-9b73490d-1e33-4995-b888-93e71b3f696f tempest-ServerActionsTestOtherA-789717797 tempest-ServerActionsTestOtherA-789717797-project-member] Using url versioning {{(pid=84404) process_request /opt/stack/glance/glance/api/middleware/version_negotiation.py:57}}
Aug 14 17:35:41 devstack devstack@g-api.service[84404]: DEBUG glance.api.middleware.version_negotiation [None req-9b73490d-1e33-4995-b888-93e71b3f696f tempest-ServerActionsTestOtherA-789717797 tempest-ServerActionsTestOtherA-789717797-project-member] Matched version: v2 {{(pid=84404) process_request /opt/stack/glance/glance/api/middleware/version_negotiation.py:69}}
Aug 14 17:35:41 devstack devstack@g-api.service[84404]: DEBUG glance.api.middleware.version_negotiation [None req-9b73490d-1e33-4995-b888-93e71b3f696f tempest-ServerActionsTestOtherA-789717797 tempest-ServerActionsTestOtherA-789717797-project-member] new path /v2/schemas/image {{(pid=84404) process_request /opt/stack/glance/glance/api/middleware/version_negotiation.py:70}}
Aug 14 17:35:41 devstack devstack@g-api.service[84404]: [pid: 84404|app: 0|req: 10/18] 127.0.0.1 () {42 vars in 1001 bytes} [Fri Aug 14 17:35:41 2026] GET /v2/schemas/image => generated 6083 bytes in 15 msecs (HTTP/1.1 200) 4 headers in 158 bytes (1 switches on core 0)
Aug 14 17:35:45 devstack devstack@g-api.service[84404]: DEBUG dbcounter [-] [84404] Writing DB stats glance:SELECT=2 {{(pid=84404) stat_writer /opt/stack/data/venv/lib/python3.12/site-packages/dbcounter.py:115}}
Aug 14 17:35:51 devstack devstack@g-api.service[84405]: DEBUG dbcounter [-] [84405] Writing DB stats glance:SELECT=2 {{(pid=84405) stat_writer /opt/stack/data/venv/lib/python3.12/site-packages/dbcounter.py:115}}
Aug 14 17:35:53 devstack devstack@g-api.service[84405]: DEBUG glance.api.middleware.version_negotiation [None req-54c37af0-0937-4e2b-bc5d-b34f067707c1 tempest-AttachVolumeShelveTestJSON-669099218 tempest-AttachVolumeShelveTestJSON-669099218-project-member] Determining version of request: GET /v2/images/f43a172c-9d40-4bef-9702-66a639d8349b Accept: */* {{(pid=84405) process_request /opt/stack/glance/glance/api/middleware/version_negotiation.py:44}}
Aug 14 17:35:53 devstack devstack@g-api.service[84405]: DEBUG glance.api.middleware.version_negotiation [None req-54c37af0-0937-4e2b-bc5d-b34f067707c1 tempest-AttachVolumeShelveTestJSON-669099218 tempest-AttachVolumeShelveTestJSON-669099218-project-member] Using url versioning {{(pid=84405) process_request /opt/stack/glance/glance/api/middleware/version_negotiation.py:57}}
Aug 14 17:35:53 devstack devstack@g-api.service[84405]: DEBUG glance.api.middleware.version_negotiation [None req-54c37af0-0937-4e2b-bc5d-b34f067707c1 tempest-AttachVolumeShelveTestJSON-669099218 tempest-AttachVolumeShelveTestJSON-669099218-project-member] Matched version: v2 {{(pid=84405) process_request /opt/stack/glance/glance/api/middleware/version_negotiation.py:69}}
Aug 14 17:35:53 devstack devstack@g-api.service[84405]: DEBUG glance.api.middleware.version_negotiation [None req-54c37af0-0937-4e2b-bc5d-b34f067707c1 tempest-AttachVolumeShelveTestJSON-669099218 tempest-AttachVolumeShelveTestJSON-669099218-project-member] new path /v2/images/f43a172c-9d40-4bef-9702-66a639d8349b {{(pid=84405) process_request /opt/stack/glance/glance/api/middleware/version_negotiation.py:70}}
Aug 14 17:35:53 devstack devstack@g-api.service[84405]: [pid: 84405|app: 0|req: 9/19] 127.0.0.1 () {42 vars in 1061 bytes} [Fri Aug 14 17:35:53 2026] GET /v2/images/f43a172c-9d40-4bef-9702-66a639d8349b => generated 976 bytes in 367 msecs (HTTP/1.1 200) 4 headers in 157 bytes (1 switches on core 0)
Aug 14 17:35:53 devstack devstack@g-api.service[84404]: DEBUG glance.api.middleware.version_negotiation [None req-54c37af0-0937-4e2b-bc5d-b34f067707c1 tempest-AttachVolumeShelveTestJSON-669099218 tempest-AttachVolumeShelveTestJSON-669099218-project-member] Determining version of request: GET /v2/images/f43a172c-9d40-4bef-9702-66a639d8349b/file Accept: */* {{(pid=84404) process_request /opt/stack/glance/glance/api/middleware/version_negotiation.py:44}}
Aug 14 17:35:53 devstack devstack@g-api.service[84404]: DEBUG glance.api.middleware.version_negotiation [None req-54c37af0-0937-4e2b-bc5d-b34f067707c1 tempest-AttachVolumeShelveTestJSON-669099218 tempest-AttachVolumeShelveTestJSON-669099218-project-member] Using url versioning {{(pid=84404) process_request /opt/stack/glance/glance/api/middleware/version_negotiation.py:57}}
Aug 14 17:35:53 devstack devstack@g-api.service[84404]: DEBUG glance.api.middleware.version_negotiation [None req-54c37af0-0937-4e2b-bc5d-b34f067707c1 tempest-AttachVolumeShelveTestJSON-669099218 tempest-AttachVolumeShelveTestJSON-669099218-project-member] Matched version: v2 {{(pid=84404) process_request /opt/stack/glance/glance/api/middleware/version_negotiation.py:69}}
Aug 14 17:35:53 devstack devstack@g-api.service[84404]: DEBUG glance.api.middleware.version_negotiation [None req-54c37af0-0937-4e2b-bc5d-b34f067707c1 tempest-AttachVolumeShelveTestJSON-669099218 tempest-AttachVolumeShelveTestJSON-669099218-project-member] new path /v2/images/f43a172c-9d40-4bef-9702-66a639d8349b/file {{(pid=84404) process_request /opt/stack/glance/glance/api/middleware/version_negotiation.py:70}}
Aug 14 17:35:53 devstack devstack@g-api.service[84404]: DEBUG glance_store._drivers.filesystem [None req-9b73490d-1e33-4995-b888-93e71b3f696f tempest-ServerActionsTestOtherA-789717797 tempest-ServerActionsTestOtherA-789717797-project-member] Found image at /opt/stack/data/glance/images/f43a172c-9d40-4bef-9702-66a639d8349b. Returning in ChunkedFile. {{(pid=84404) get /opt/stack/data/venv/lib/python3.12/site-packages/glance_store/_drivers/filesystem.py:724}}
Aug 14 17:35:53 devstack devstack@g-api.service[84404]: DEBUG glance.image_cache [None req-9b73490d-1e33-4995-b888-93e71b3f696f tempest-ServerActionsTestOtherA-789717797 tempest-ServerActionsTestOtherA-789717797-project-member] Tee'ing image 'f43a172c-9d40-4bef-9702-66a639d8349b' into cache {{(pid=84404) get_caching_iter /opt/stack/glance/glance/image_cache/__init__.py:356}}
Aug 14 17:35:54 devstack devstack@g-api.service[84404]: DEBUG glance.image_cache.drivers.centralized_db [None req-9b73490d-1e33-4995-b888-93e71b3f696f tempest-ServerActionsTestOtherA-789717797 tempest-ServerActionsTestOtherA-789717797-project-member] Fetch finished, moving '/opt/stack/data/glance/cache/incomplete/f43a172c-9d40-4bef-9702-66a639d8349b' to '/opt/stack/data/glance/cache/f43a172c-9d40-4bef-9702-66a639d8349b' {{(pid=84404) commit /opt/stack/glance/glance/image_cache/drivers/centralized_db.py:243}}
Aug 14 17:35:54 devstack devstack@g-api.service[84404]: DEBUG glance.image_cache.drivers.centralized_db [None req-9b73490d-1e33-4995-b888-93e71b3f696f tempest-ServerActionsTestOtherA-789717797 tempest-ServerActionsTestOtherA-789717797-project-member] Image cached successfully. {{(pid=84404) commit /opt/stack/glance/glance/image_cache/drivers/centralized_db.py:258}}
Aug 14 17:35:54 devstack devstack@g-api.service[84404]: [pid: 84404|app: 0|req: 11/20] 127.0.0.1 () {42 vars in 1071 bytes} [Fri Aug 14 17:35:53 2026] GET /v2/images/f43a172c-9d40-4bef-9702-66a639d8349b/file => generated 21692416 bytes in 580 msecs (HTTP/1.1 200) 4 headers in 191 bytes (338 switches on core 0)
Aug 14 17:35:54 devstack devstack@g-api.service[84405]: DEBUG glance.api.middleware.version_negotiation [None req-9b73490d-1e33-4995-b888-93e71b3f696f tempest-ServerActionsTestOtherA-789717797 tempest-ServerActionsTestOtherA-789717797-project-member] Determining version of request: GET /v2/images/f43a172c-9d40-4bef-9702-66a639d8349b Accept: */* {{(pid=84405) process_request /opt/stack/glance/glance/api/middleware/version_negotiation.py:44}}
Aug 14 17:35:54 devstack devstack@g-api.service[84405]: DEBUG glance.api.middleware.version_negotiation [None req-9b73490d-1e33-4995-b888-93e71b3f696f tempest-ServerActionsTestOtherA-789717797 tempest-ServerActionsTestOtherA-789717797-project-member] Using url versioning {{(pid=84405) process_request /opt/stack/glance/glance/api/middleware/version_negotiation.py:57}}
Aug 14 17:35:54 devstack devstack@g-api.service[84405]: DEBUG glance.api.middleware.version_negotiation [None req-9b73490d-1e33-4995-b888-93e71b3f696f tempest-ServerActionsTestOtherA-789717797 tempest-ServerActionsTestOtherA-789717797-project-member] Matched version: v2 {{(pid=84405) process_request /opt/stack/glance/glance/api/middleware/version_negotiation.py:69}}
Aug 14 17:35:54 devstack devstack@g-api.service[84405]: DEBUG glance.api.middleware.version_negotiation [None req-9b73490d-1e33-4995-b888-93e71b3f696f tempest-ServerActionsTestOtherA-789717797 tempest-ServerActionsTestOtherA-789717797-project-member] new path /v2/images/f43a172c-9d40-4bef-9702-66a639d8349b {{(pid=84405) process_request /opt/stack/glance/glance/api/middleware/version_negotiation.py:70}}
Aug 14 17:35:54 devstack devstack@g-api.service[84405]: [pid: 84405|app: 0|req: 10/21] 127.0.0.1 () {42 vars in 1061 bytes} [Fri Aug 14 17:35:54 2026] GET /v2/images/f43a172c-9d40-4bef-9702-66a639d8349b => generated 976 bytes in 42 msecs (HTTP/1.1 200) 4 headers in 157 bytes (1 switches on core 0)
Aug 14 17:35:54 devstack devstack@g-api.service[84404]: DEBUG glance.api.middleware.version_negotiation [None req-9b73490d-1e33-4995-b888-93e71b3f696f tempest-ServerActionsTestOtherA-789717797 tempest-ServerActionsTestOtherA-789717797-project-member] Determining version of request: GET /v2/schemas/image Accept: */* {{(pid=84404) process_request /opt/stack/glance/glance/api/middleware/version_negotiation.py:44}}
Aug 14 17:35:54 devstack devstack@g-api.service[84404]: DEBUG glance.api.middleware.version_negotiation [None req-9b73490d-1e33-4995-b888-93e71b3f696f tempest-ServerActionsTestOtherA-789717797 tempest-ServerActionsTestOtherA-789717797-project-member] Using url versioning {{(pid=84404) process_request /opt/stack/glance/glance/api/middleware/version_negotiation.py:57}}
Aug 14 17:35:54 devstack devstack@g-api.service[84404]: DEBUG glance.api.middleware.version_negotiation [None req-9b73490d-1e33-4995-b888-93e71b3f696f tempest-ServerActionsTestOtherA-789717797 tempest-ServerActionsTestOtherA-789717797-project-member] Matched version: v2 {{(pid=84404) process_request /opt/stack/glance/glance/api/middleware/version_negotiation.py:69}}
Aug 14 17:35:54 devstack devstack@g-api.service[84404]: DEBUG glance.api.middleware.version_negotiation [None req-9b73490d-1e33-4995-b888-93e71b3f696f tempest-ServerActionsTestOtherA-789717797 tempest-ServerActionsTestOtherA-789717797-project-member] new path /v2/schemas/image {{(pid=84404) process_request /opt/stack/glance/glance/api/middleware/version_negotiation.py:70}}
Aug 14 17:35:54 devstack devstack@g-api.service[84404]: [pid: 84404|app: 0|req: 12/22] 127.0.0.1 () {42 vars in 1001 bytes} [Fri Aug 14 17:35:54 2026] GET /v2/schemas/image => generated 6083 bytes in 8 msecs (HTTP/1.1 200) 4 headers in 158 bytes (1 switches on core 0)
Aug 14 17:36:04 devstack devstack@g-api.service[84404]: DEBUG dbcounter [-] [84404] Writing DB stats glance:SELECT=5,glance:INSERT=1 {{(pid=84404) stat_writer /opt/stack/data/venv/lib/python3.12/site-packages/dbcounter.py:115}}
Aug 14 17:36:04 devstack devstack@g-api.service[84405]: DEBUG dbcounter [-] [84405] Writing DB stats glance:SELECT=4 {{(pid=84405) stat_writer /opt/stack/data/venv/lib/python3.12/site-packages/dbcounter.py:115}}
Aug 14 17:36:11 devstack devstack@g-api.service[84405]: DEBUG glance.api.middleware.version_negotiation [None req-9b73490d-1e33-4995-b888-93e71b3f696f tempest-ServerActionsTestOtherA-789717797 tempest-ServerActionsTestOtherA-789717797-project-member] Determining version of request: GET /v2/images/f43a172c-9d40-4bef-9702-66a639d8349b Accept: */* {{(pid=84405) process_request /opt/stack/glance/glance/api/middleware/version_negotiation.py:44}}
Aug 14 17:36:11 devstack devstack@g-api.service[84405]: DEBUG glance.api.middleware.version_negotiation [None req-9b73490d-1e33-4995-b888-93e71b3f696f tempest-ServerActionsTestOtherA-789717797 tempest-ServerActionsTestOtherA-789717797-project-member] Using url versioning {{(pid=84405) process_request /opt/stack/glance/glance/api/middleware/version_negotiation.py:57}}
Aug 14 17:36:11 devstack devstack@g-api.service[84405]: DEBUG glance.api.middleware.version_negotiation [None req-9b73490d-1e33-4995-b888-93e71b3f696f tempest-ServerActionsTestOtherA-789717797 tempest-ServerActionsTestOtherA-789717797-project-member] Matched version: v2 {{(pid=84405) process_request /opt/stack/glance/glance/api/middleware/version_negotiation.py:69}}
Aug 14 17:36:11 devstack devstack@g-api.service[84405]: DEBUG glance.api.middleware.version_negotiation [None req-9b73490d-1e33-4995-b888-93e71b3f696f tempest-ServerActionsTestOtherA-789717797 tempest-ServerActionsTestOtherA-789717797-project-member] new path /v2/images/f43a172c-9d40-4bef-9702-66a639d8349b {{(pid=84405) process_request /opt/stack/glance/glance/api/middleware/version_negotiation.py:70}}
Aug 14 17:36:11 devstack devstack@g-api.service[84405]: [pid: 84405|app: 0|req: 11/23] 127.0.0.1 () {42 vars in 1061 bytes} [Fri Aug 14 17:36:11 2026] GET /v2/images/f43a172c-9d40-4bef-9702-66a639d8349b => generated 976 bytes in 28 msecs (HTTP/1.1 200) 4 headers in 157 bytes (1 switches on core 0)
Aug 14 17:36:11 devstack devstack@g-api.service[84404]: DEBUG glance.api.middleware.version_negotiation [None req-9b73490d-1e33-4995-b888-93e71b3f696f tempest-ServerActionsTestOtherA-789717797 tempest-ServerActionsTestOtherA-789717797-project-member] Determining version of request: GET /v2/schemas/image Accept: */* {{(pid=84404) process_request /opt/stack/glance/glance/api/middleware/version_negotiation.py:44}}
