Apr 21 19:06:00 devstack devstack@n-api.service[61101]: [uWSGI] getting INI configuration from /etc/nova/nova-api-uwsgi.ini
Apr 21 19:06:00 devstack devstack@n-api.service[61101]: *** Starting uWSGI 2.0.20-debian (64bit) on [Tue Apr 21 19:06:00 2026] ***
Apr 21 19:06:00 devstack devstack@n-api.service[61101]: compiled with version: 11.2.0 on 21 March 2022 11:00:44
Apr 21 19:06:00 devstack devstack@n-api.service[61101]: os: Linux-5.15.0-171-generic #181-Ubuntu SMP Fri Feb 6 22:44:50 UTC 2026
Apr 21 19:06:00 devstack devstack@n-api.service[61101]: nodename: devstack
Apr 21 19:06:00 devstack devstack@n-api.service[61101]: machine: x86_64
Apr 21 19:06:00 devstack devstack@n-api.service[61101]: clock source: unix
Apr 21 19:06:00 devstack devstack@n-api.service[61101]: pcre jit disabled
Apr 21 19:06:00 devstack devstack@n-api.service[61101]: detected number of CPU cores: 4
Apr 21 19:06:00 devstack devstack@n-api.service[61101]: current working directory: /
Apr 21 19:06:00 devstack devstack@n-api.service[61101]: detected binary path: /usr/bin/uwsgi-core
Apr 21 19:06:00 devstack devstack@n-api.service[61101]: your processes number limit is 47362
Apr 21 19:06:00 devstack devstack@n-api.service[61101]: your memory page size is 4096 bytes
Apr 21 19:06:00 devstack devstack@n-api.service[61101]: detected max file descriptor number: 2048
Apr 21 19:06:00 devstack devstack@n-api.service[61101]: lock engine: pthread robust mutexes
Apr 21 19:06:00 devstack devstack@n-api.service[61101]: thunder lock: enabled
Apr 21 19:06:00 devstack devstack@n-api.service[61101]: uwsgi socket 0 bound to UNIX address /var/run/uwsgi/nova-api.socket fd 4
Apr 21 19:06:00 devstack devstack@n-api.service[61101]: Python version: 3.10.12 (main, Mar 3 2026, 11:56:32) [GCC 11.4.0]
Apr 21 19:06:00 devstack devstack@n-api.service[61101]: PEP 405 virtualenv detected: /opt/stack/data/venv
Apr 21 19:06:00 devstack devstack@n-api.service[61101]: Set PythonHome to /opt/stack/data/venv
Apr 21 19:06:00 devstack devstack@n-api.service[61101]: Python main interpreter initialized at 0x555e291d31e0
Apr 21 19:06:00 devstack devstack@n-api.service[61101]: python threads support enabled
Apr 21 19:06:00 devstack devstack@n-api.service[61101]: your server socket listen backlog is limited to 100 connections
Apr 21 19:06:00 devstack devstack@n-api.service[61101]: your mercy for graceful operations on workers is 80 seconds
Apr 21 19:06:00 devstack devstack@n-api.service[61101]: mapped 403077 bytes (393 KB) for 2 cores
Apr 21 19:06:00 devstack devstack@n-api.service[61101]: *** Operational MODE: preforking ***
Apr 21 19:06:00 devstack devstack@n-api.service[61101]: *** uWSGI is running in multiple interpreter mode ***
Apr 21 19:06:00 devstack devstack@n-api.service[61101]: spawned uWSGI master process (pid: 61101)
Apr 21 19:06:00 devstack devstack@n-api.service[61101]: spawned uWSGI worker 1 (pid: 61102, cores: 1)
Apr 21 19:06:00 devstack devstack@n-api.service[61101]: spawned uWSGI worker 2 (pid: 61103, cores: 1)
Apr 21 19:06:00 devstack devstack@n-api.service[61101]: running "unix_signal:15 gracefully_kill_them_all" (master-start)...
Apr 21 19:06:00 devstack devstack@n-api.service[61103]: /opt/stack/data/venv/lib/python3.10/site-packages/oslo_concurrency/lockutils.py:41: EventletDeprecationWarning:
Apr 21 19:06:00 devstack devstack@n-api.service[61103]: Eventlet is deprecated. It is currently being maintained in bugfix mode, and
Apr 21 19:06:00 devstack devstack@n-api.service[61103]: we strongly recommend against using it for new projects.
Apr 21 19:06:00 devstack devstack@n-api.service[61103]: If you are already using Eventlet, we recommend migrating to a different
Apr 21 19:06:00 devstack devstack@n-api.service[61103]: framework. For more detail see
Apr 21 19:06:00 devstack devstack@n-api.service[61103]: https://eventlet.readthedocs.io/en/latest/asyncio/migration.html
Apr 21 19:06:00 devstack devstack@n-api.service[61103]: import eventlet
Apr 21 19:06:00 devstack devstack@n-api.service[61102]: /opt/stack/data/venv/lib/python3.10/site-packages/oslo_concurrency/lockutils.py:41: EventletDeprecationWarning:
Apr 21 19:06:00 devstack devstack@n-api.service[61102]: Eventlet is deprecated. It is currently being maintained in bugfix mode, and
Apr 21 19:06:00 devstack devstack@n-api.service[61102]: we strongly recommend against using it for new projects.
Apr 21 19:06:00 devstack devstack@n-api.service[61102]: If you are already using Eventlet, we recommend migrating to a different
Apr 21 19:06:00 devstack devstack@n-api.service[61102]: framework. For more detail see
Apr 21 19:06:00 devstack devstack@n-api.service[61102]: https://eventlet.readthedocs.io/en/latest/asyncio/migration.html
Apr 21 19:06:00 devstack devstack@n-api.service[61102]: import eventlet
Apr 21 19:06:01 devstack devstack@n-api.service[61103]: Service is starting with native threading. This is currently experimental. Do not use it in production without first testing it in pre-production.
Apr 21 19:06:01 devstack devstack@n-api.service[61102]: Service is starting with native threading. This is currently experimental. Do not use it in production without first testing it in pre-production.
Apr 21 19:06:02 devstack devstack@n-api.service[61103]: INFO dbcounter [None req-e2173dab-bd9b-42b0-b6d6-b806bf6b898b None None] Registered counter for database nova_api
Apr 21 19:06:02 devstack devstack@n-api.service[61102]: INFO dbcounter [None req-9ed30be4-9e3a-4a3f-9298-9343d357b432 None None] Registered counter for database nova_api
Apr 21 19:06:03 devstack devstack@n-api.service[61103]: DEBUG oslo_db.sqlalchemy.engines [None req-e2173dab-bd9b-42b0-b6d6-b806bf6b898b None None] MySQL server mode set to STRICT_TRANS_TABLES,STRICT_ALL_TABLES,NO_ZERO_IN_DATE,NO_ZERO_DATE,ERROR_FOR_DIVISION_BY_ZERO,TRADITIONAL,NO_ENGINE_SUBSTITUTION {{(pid=61103) _check_effective_sql_mode /opt/stack/data/venv/lib/python3.10/site-packages/oslo_db/sqlalchemy/engines.py:325}}
Apr 21 19:06:03 devstack devstack@n-api.service[61102]: DEBUG oslo_db.sqlalchemy.engines [None req-9ed30be4-9e3a-4a3f-9298-9343d357b432 None None] MySQL server mode set to STRICT_TRANS_TABLES,STRICT_ALL_TABLES,NO_ZERO_IN_DATE,NO_ZERO_DATE,ERROR_FOR_DIVISION_BY_ZERO,TRADITIONAL,NO_ENGINE_SUBSTITUTION {{(pid=61102) _check_effective_sql_mode /opt/stack/data/venv/lib/python3.10/site-packages/oslo_db/sqlalchemy/engines.py:325}}
Apr 21 19:06:03 devstack devstack@n-api.service[61103]: DEBUG dbcounter [-] [61103] Writer thread running {{(pid=61103) stat_writer /opt/stack/data/venv/lib/python3.10/site-packages/dbcounter.py:102}}
Apr 21 19:06:03 devstack devstack@n-api.service[61103]: DEBUG nova.context [None req-e2173dab-bd9b-42b0-b6d6-b806bf6b898b None None] Found 2 cells: 00000000-0000-0000-0000-000000000000(cell0),0c63b72d-4f30-4324-bd4a-1deeaaa52329(cell1) {{(pid=61103) load_cells /opt/stack/nova/nova/context.py:510}}
Apr 21 19:06:03 devstack devstack@n-api.service[61103]: INFO nova.utils [None req-e2173dab-bd9b-42b0-b6d6-b806bf6b898b None None] The cell worker thread pool MainProcess.cell_worker is initialized
Apr 21 19:06:03 devstack devstack@n-api.service[61103]: Executor:
Apr 21 19:06:03 devstack devstack@n-api.service[61102]: DEBUG dbcounter [-] [61102] Writer thread running {{(pid=61102) stat_writer /opt/stack/data/venv/lib/python3.10/site-packages/dbcounter.py:102}}
Apr 21 19:06:03 devstack devstack@n-api.service[61103]: DEBUG oslo_concurrency.lockutils [None req-e2173dab-bd9b-42b0-b6d6-b806bf6b898b None None] Acquiring lock "00000000-0000-0000-0000-000000000000" by "nova.context.set_target_cell..get_or_set_cached_cell_and_set_connections" {{(pid=61103) inner /opt/stack/data/venv/lib/python3.10/site-packages/oslo_concurrency/lockutils.py:506}}
Apr 21 19:06:03 devstack devstack@n-api.service[61103]: DEBUG oslo_concurrency.lockutils [None req-e2173dab-bd9b-42b0-b6d6-b806bf6b898b None None] Lock "00000000-0000-0000-0000-000000000000" acquired by "nova.context.set_target_cell..get_or_set_cached_cell_and_set_connections" :: waited 0.000s {{(pid=61103) inner /opt/stack/data/venv/lib/python3.10/site-packages/oslo_concurrency/lockutils.py:519}}
Apr 21 19:06:03 devstack devstack@n-api.service[61103]: DEBUG oslo_concurrency.lockutils [None req-e2173dab-bd9b-42b0-b6d6-b806bf6b898b None None] Lock "00000000-0000-0000-0000-000000000000" "released" by "nova.context.set_target_cell..get_or_set_cached_cell_and_set_connections" :: held 0.001s {{(pid=61103) inner /opt/stack/data/venv/lib/python3.10/site-packages/oslo_concurrency/lockutils.py:538}}
Apr 21 19:06:03 devstack devstack@n-api.service[61103]: DEBUG oslo_concurrency.lockutils [None req-e2173dab-bd9b-42b0-b6d6-b806bf6b898b None None] Acquiring lock "0c63b72d-4f30-4324-bd4a-1deeaaa52329" by "nova.context.set_target_cell..get_or_set_cached_cell_and_set_connections" {{(pid=61103) inner /opt/stack/data/venv/lib/python3.10/site-packages/oslo_concurrency/lockutils.py:506}}
Apr 21 19:06:03 devstack devstack@n-api.service[61103]: DEBUG oslo_concurrency.lockutils [None req-e2173dab-bd9b-42b0-b6d6-b806bf6b898b None None] Lock "0c63b72d-4f30-4324-bd4a-1deeaaa52329" acquired by "nova.context.set_target_cell..get_or_set_cached_cell_and_set_connections" :: waited 0.000s {{(pid=61103) inner /opt/stack/data/venv/lib/python3.10/site-packages/oslo_concurrency/lockutils.py:519}}
Apr 21 19:06:03 devstack devstack@n-api.service[61102]: DEBUG nova.context [None req-9ed30be4-9e3a-4a3f-9298-9343d357b432 None None] Found 2 cells: 00000000-0000-0000-0000-000000000000(cell0),0c63b72d-4f30-4324-bd4a-1deeaaa52329(cell1) {{(pid=61102) load_cells /opt/stack/nova/nova/context.py:510}}
Apr 21 19:06:03 devstack devstack@n-api.service[61102]: INFO nova.utils [None req-9ed30be4-9e3a-4a3f-9298-9343d357b432 None None] The cell worker thread pool MainProcess.cell_worker is initialized
Apr 21 19:06:03 devstack devstack@n-api.service[61102]: Executor:
Apr 21 19:06:03 devstack devstack@n-api.service[61103]: DEBUG oslo_concurrency.lockutils [None req-e2173dab-bd9b-42b0-b6d6-b806bf6b898b None None] Lock "0c63b72d-4f30-4324-bd4a-1deeaaa52329" "released" by "nova.context.set_target_cell..get_or_set_cached_cell_and_set_connections" :: held 0.001s {{(pid=61103) inner /opt/stack/data/venv/lib/python3.10/site-packages/oslo_concurrency/lockutils.py:538}}
Apr 21 19:06:03 devstack devstack@n-api.service[61102]: DEBUG oslo_concurrency.lockutils [None req-9ed30be4-9e3a-4a3f-9298-9343d357b432 None None] Acquiring lock "00000000-0000-0000-0000-000000000000" by "nova.context.set_target_cell..get_or_set_cached_cell_and_set_connections" {{(pid=61102) inner /opt/stack/data/venv/lib/python3.10/site-packages/oslo_concurrency/lockutils.py:506}}
Apr 21 19:06:03 devstack devstack@n-api.service[61102]: DEBUG oslo_concurrency.lockutils [None req-9ed30be4-9e3a-4a3f-9298-9343d357b432 None None] Lock "00000000-0000-0000-0000-000000000000" acquired by "nova.context.set_target_cell..get_or_set_cached_cell_and_set_connections" :: waited 0.000s {{(pid=61102) inner /opt/stack/data/venv/lib/python3.10/site-packages/oslo_concurrency/lockutils.py:519}}
Apr 21 19:06:03 devstack devstack@n-api.service[61102]: DEBUG oslo_concurrency.lockutils [None req-9ed30be4-9e3a-4a3f-9298-9343d357b432 None None] Lock "00000000-0000-0000-0000-000000000000" "released" by "nova.context.set_target_cell..get_or_set_cached_cell_and_set_connections" :: held 0.001s {{(pid=61102) inner /opt/stack/data/venv/lib/python3.10/site-packages/oslo_concurrency/lockutils.py:538}}
Apr 21 19:06:03 devstack devstack@n-api.service[61103]: INFO dbcounter [None req-e2173dab-bd9b-42b0-b6d6-b806bf6b898b None None] Registered counter for database nova_cell0
Apr 21 19:06:03 devstack devstack@n-api.service[61102]: DEBUG oslo_concurrency.lockutils [None req-9ed30be4-9e3a-4a3f-9298-9343d357b432 None None] Acquiring lock "0c63b72d-4f30-4324-bd4a-1deeaaa52329" by "nova.context.set_target_cell..get_or_set_cached_cell_and_set_connections" {{(pid=61102) inner /opt/stack/data/venv/lib/python3.10/site-packages/oslo_concurrency/lockutils.py:506}}
Apr 21 19:06:03 devstack devstack@n-api.service[61102]: DEBUG oslo_concurrency.lockutils [None req-9ed30be4-9e3a-4a3f-9298-9343d357b432 None None] Lock "0c63b72d-4f30-4324-bd4a-1deeaaa52329" acquired by "nova.context.set_target_cell..get_or_set_cached_cell_and_set_connections" :: waited 0.000s {{(pid=61102) inner /opt/stack/data/venv/lib/python3.10/site-packages/oslo_concurrency/lockutils.py:519}}
Apr 21 19:06:03 devstack devstack@n-api.service[61102]: DEBUG oslo_concurrency.lockutils [None req-9ed30be4-9e3a-4a3f-9298-9343d357b432 None None] Lock "0c63b72d-4f30-4324-bd4a-1deeaaa52329" "released" by "nova.context.set_target_cell..get_or_set_cached_cell_and_set_connections" :: held 0.001s {{(pid=61102) inner /opt/stack/data/venv/lib/python3.10/site-packages/oslo_concurrency/lockutils.py:538}}
Apr 21 19:06:03 devstack devstack@n-api.service[61103]: INFO dbcounter [None req-e2173dab-bd9b-42b0-b6d6-b806bf6b898b None None] Registered counter for database nova_cell1
Apr 21 19:06:03 devstack devstack@n-api.service[61102]: INFO dbcounter [None req-9ed30be4-9e3a-4a3f-9298-9343d357b432 None None] Registered counter for database nova_cell0
Apr 21 19:06:03 devstack devstack@n-api.service[61102]: INFO dbcounter [None req-9ed30be4-9e3a-4a3f-9298-9343d357b432 None None] Registered counter for database nova_cell1
Apr 21 19:06:03 devstack devstack@n-api.service[61103]: DEBUG oslo_db.sqlalchemy.engines [None req-e2173dab-bd9b-42b0-b6d6-b806bf6b898b None None] MySQL server mode set to STRICT_TRANS_TABLES,STRICT_ALL_TABLES,NO_ZERO_IN_DATE,NO_ZERO_DATE,ERROR_FOR_DIVISION_BY_ZERO,TRADITIONAL,NO_ENGINE_SUBSTITUTION {{(pid=61103) _check_effective_sql_mode /opt/stack/data/venv/lib/python3.10/site-packages/oslo_db/sqlalchemy/engines.py:325}}
Apr 21 19:06:03 devstack devstack@n-api.service[61102]: DEBUG oslo_db.sqlalchemy.engines [None req-9ed30be4-9e3a-4a3f-9298-9343d357b432 None None] MySQL server mode set to STRICT_TRANS_TABLES,STRICT_ALL_TABLES,NO_ZERO_IN_DATE,NO_ZERO_DATE,ERROR_FOR_DIVISION_BY_ZERO,TRADITIONAL,NO_ENGINE_SUBSTITUTION {{(pid=61102) _check_effective_sql_mode /opt/stack/data/venv/lib/python3.10/site-packages/oslo_db/sqlalchemy/engines.py:325}}
Apr 21 19:06:03 devstack devstack@n-api.service[61103]: DEBUG oslo_db.sqlalchemy.engines [None req-e2173dab-bd9b-42b0-b6d6-b806bf6b898b None None] MySQL server mode set to STRICT_TRANS_TABLES,STRICT_ALL_TABLES,NO_ZERO_IN_DATE,NO_ZERO_DATE,ERROR_FOR_DIVISION_BY_ZERO,TRADITIONAL,NO_ENGINE_SUBSTITUTION {{(pid=61103) _check_effective_sql_mode /opt/stack/data/venv/lib/python3.10/site-packages/oslo_db/sqlalchemy/engines.py:325}}
Apr 21 19:06:03 devstack devstack@n-api.service[61102]: DEBUG oslo_db.sqlalchemy.engines [None req-9ed30be4-9e3a-4a3f-9298-9343d357b432 None None] MySQL server mode set to STRICT_TRANS_TABLES,STRICT_ALL_TABLES,NO_ZERO_IN_DATE,NO_ZERO_DATE,ERROR_FOR_DIVISION_BY_ZERO,TRADITIONAL,NO_ENGINE_SUBSTITUTION {{(pid=61102) _check_effective_sql_mode /opt/stack/data/venv/lib/python3.10/site-packages/oslo_db/sqlalchemy/engines.py:325}}
Apr 21 19:06:03 devstack devstack@n-api.service[61102]: DEBUG dbcounter [-] [61102] Writer thread running {{(pid=61102) stat_writer /opt/stack/data/venv/lib/python3.10/site-packages/dbcounter.py:102}}
Apr 21 19:06:03 devstack devstack@n-api.service[61103]: DEBUG dbcounter [-] [61103] Writer thread running {{(pid=61103) stat_writer /opt/stack/data/venv/lib/python3.10/site-packages/dbcounter.py:102}}
Apr 21 19:06:03 devstack devstack@n-api.service[61103]: DEBUG dbcounter [-] [61103] Writer thread running {{(pid=61103) stat_writer /opt/stack/data/venv/lib/python3.10/site-packages/dbcounter.py:102}}
Apr 21 19:06:03 devstack devstack@n-api.service[61102]: DEBUG dbcounter [-] [61102] Writer thread running {{(pid=61102) stat_writer /opt/stack/data/venv/lib/python3.10/site-packages/dbcounter.py:102}}
Apr 21 19:06:03 devstack devstack@n-api.service[61103]: INFO dbcounter [None req-e2173dab-bd9b-42b0-b6d6-b806bf6b898b None None] Registered counter for database nova_cell0
Apr 21 19:06:03 devstack devstack@n-api.service[61102]: INFO dbcounter [None req-9ed30be4-9e3a-4a3f-9298-9343d357b432 None None] Registered counter for database nova_cell0
Apr 21 19:06:03 devstack devstack@n-api.service[61103]: DEBUG oslo_db.sqlalchemy.engines [None req-e2173dab-bd9b-42b0-b6d6-b806bf6b898b None None] MySQL server mode set to STRICT_TRANS_TABLES,STRICT_ALL_TABLES,NO_ZERO_IN_DATE,NO_ZERO_DATE,ERROR_FOR_DIVISION_BY_ZERO,TRADITIONAL,NO_ENGINE_SUBSTITUTION {{(pid=61103) _check_effective_sql_mode /opt/stack/data/venv/lib/python3.10/site-packages/oslo_db/sqlalchemy/engines.py:325}}
Apr 21 19:06:03 devstack devstack@n-api.service[61102]: DEBUG oslo_db.sqlalchemy.engines [None req-9ed30be4-9e3a-4a3f-9298-9343d357b432 None None] MySQL server mode set to STRICT_TRANS_TABLES,STRICT_ALL_TABLES,NO_ZERO_IN_DATE,NO_ZERO_DATE,ERROR_FOR_DIVISION_BY_ZERO,TRADITIONAL,NO_ENGINE_SUBSTITUTION {{(pid=61102) _check_effective_sql_mode /opt/stack/data/venv/lib/python3.10/site-packages/oslo_db/sqlalchemy/engines.py:325}}
Apr 21 19:06:03 devstack devstack@n-api.service[61103]: DEBUG dbcounter [-] [61103] Writer thread running {{(pid=61103) stat_writer /opt/stack/data/venv/lib/python3.10/site-packages/dbcounter.py:102}}
Apr 21 19:06:03 devstack devstack@n-api.service[61102]: DEBUG dbcounter [-] [61102] Writer thread running {{(pid=61102) stat_writer /opt/stack/data/venv/lib/python3.10/site-packages/dbcounter.py:102}}
Apr 21 19:06:03 devstack devstack@n-api.service[61103]: DEBUG oslo_concurrency.processutils [None req-e2173dab-bd9b-42b0-b6d6-b806bf6b898b None None] Running cmd (subprocess): grep -F node.session.scan /sbin/iscsiadm {{(pid=61103) execute /opt/stack/data/venv/lib/python3.10/site-packages/oslo_concurrency/processutils.py:440}}
Apr 21 19:06:03 devstack devstack@n-api.service[61102]: DEBUG oslo_concurrency.processutils [None req-9ed30be4-9e3a-4a3f-9298-9343d357b432 None None] Running cmd (subprocess): grep -F node.session.scan /sbin/iscsiadm {{(pid=61102) execute /opt/stack/data/venv/lib/python3.10/site-packages/oslo_concurrency/processutils.py:440}}
Apr 21 19:06:03 devstack devstack@n-api.service[61103]: DEBUG oslo_concurrency.processutils [None req-e2173dab-bd9b-42b0-b6d6-b806bf6b898b None None] CMD "grep -F node.session.scan /sbin/iscsiadm" returned: 0 in 0.012s {{(pid=61103) execute /opt/stack/data/venv/lib/python3.10/site-packages/oslo_concurrency/processutils.py:468}}
Apr 21 19:06:03 devstack devstack@n-api.service[61102]: DEBUG oslo_concurrency.processutils [None req-9ed30be4-9e3a-4a3f-9298-9343d357b432 None None] CMD "grep -F node.session.scan /sbin/iscsiadm" returned: 0 in 0.011s {{(pid=61102) execute /opt/stack/data/venv/lib/python3.10/site-packages/oslo_concurrency/processutils.py:468}}
Apr 21 19:06:04 devstack devstack@n-api.service[61103]: WARNING keystonemiddleware.auth_token [None req-e2173dab-bd9b-42b0-b6d6-b806bf6b898b None None] AuthToken middleware is set with keystone_authtoken.service_token_roles_required set to False. This is backwards compatible but deprecated behaviour. Please set this to True.
Apr 21 19:06:04 devstack devstack@n-api.service[61102]: WARNING keystonemiddleware.auth_token [None req-9ed30be4-9e3a-4a3f-9298-9343d357b432 None None] AuthToken middleware is set with keystone_authtoken.service_token_roles_required set to False. This is backwards compatible but deprecated behaviour. Please set this to True.
Apr 21 19:06:04 devstack devstack@n-api.service[61103]: WARNING keystonemiddleware.auth_token [None req-e2173dab-bd9b-42b0-b6d6-b806bf6b898b None None] AuthToken middleware is set with keystone_authtoken.service_token_roles_required set to False. This is backwards compatible but deprecated behaviour. Please set this to True.
Apr 21 19:06:04 devstack devstack@n-api.service[61103]: DEBUG nova.api.openstack.wsgi_app [None req-e2173dab-bd9b-42b0-b6d6-b806bf6b898b None None] ******************************************************************************** {{(pid=61103) log_opt_values /opt/stack/data/venv/lib/python3.10/site-packages/oslo_config/cfg.py:2979}}
Apr 21 19:06:04 devstack devstack@n-api.service[61103]: DEBUG nova.api.openstack.wsgi_app [None req-e2173dab-bd9b-42b0-b6d6-b806bf6b898b None None] Configuration options gathered from: {{(pid=61103) log_opt_values /opt/stack/data/venv/lib/python3.10/site-packages/oslo_config/cfg.py:2980}}
Apr 21 19:06:04 devstack devstack@n-api.service[61103]: DEBUG nova.api.openstack.wsgi_app [None req-e2173dab-bd9b-42b0-b6d6-b806bf6b898b None None] command line args: [] {{(pid=61103) log_opt_values /opt/stack/data/venv/lib/python3.10/site-packages/oslo_config/cfg.py:2981}}
Apr 21 19:06:04 devstack devstack@n-api.service[61103]: DEBUG nova.api.openstack.wsgi_app [None req-e2173dab-bd9b-42b0-b6d6-b806bf6b898b None None] config files: ['/etc/nova/api-paste.ini', '/etc/nova/nova.conf'] {{(pid=61103) log_opt_values /opt/stack/data/venv/lib/python3.10/site-packages/oslo_config/cfg.py:2982}}
Apr 21 19:06:04 devstack devstack@n-api.service[61103]: DEBUG nova.api.openstack.wsgi_app [None req-e2173dab-bd9b-42b0-b6d6-b806bf6b898b None None] ================================================================================ {{(pid=61103) log_opt_values /opt/stack/data/venv/lib/python3.10/site-packages/oslo_config/cfg.py:2987}}
Apr 21 19:06:04 devstack devstack@n-api.service[61103]: DEBUG nova.api.openstack.wsgi_app [None req-e2173dab-bd9b-42b0-b6d6-b806bf6b898b None None] allow_resize_to_same_host = True {{(pid=61103) log_opt_values /opt/stack/data/venv/lib/python3.10/site-packages/oslo_config/cfg.py:2995}}
Apr 21 19:06:04 devstack devstack@n-api.service[61103]: DEBUG nova.api.openstack.wsgi_app [None req-e2173dab-bd9b-42b0-b6d6-b806bf6b898b None None] arq_binding_timeout = 300 {{(pid=61103) log_opt_values /opt/stack/data/venv/lib/python3.10/site-packages/oslo_config/cfg.py:2995}}
Apr 21 19:06:04 devstack devstack@n-api.service[61103]: DEBUG nova.api.openstack.wsgi_app [None req-e2173dab-bd9b-42b0-b6d6-b806bf6b898b None None] block_device_allocate_retries = 60 {{(pid=61103) log_opt_values /opt/stack/data/venv/lib/python3.10/site-packages/oslo_config/cfg.py:2995}}
Apr 21 19:06:04 devstack devstack@n-api.service[61103]: DEBUG nova.api.openstack.wsgi_app [None req-e2173dab-bd9b-42b0-b6d6-b806bf6b898b None None] block_device_allocate_retries_interval = 3 {{(pid=61103) log_opt_values /opt/stack/data/venv/lib/python3.10/site-packages/oslo_config/cfg.py:2995}}
Apr 21 19:06:04 devstack devstack@n-api.service[61103]: DEBUG nova.api.openstack.wsgi_app [None req-e2173dab-bd9b-42b0-b6d6-b806bf6b898b None None] cell_worker_thread_pool_size = 5 {{(pid=61103) log_opt_values /opt/stack/data/venv/lib/python3.10/site-packages/oslo_config/cfg.py:2995}}
Apr 21 19:06:04 devstack devstack@n-api.service[61103]: DEBUG nova.api.openstack.wsgi_app [None req-e2173dab-bd9b-42b0-b6d6-b806bf6b898b None None] cert = self.pem {{(pid=61103) log_opt_values /opt/stack/data/venv/lib/python3.10/site-packages/oslo_config/cfg.py:2995}}
Apr 21 19:06:04 devstack devstack@n-api.service[61103]: DEBUG nova.api.openstack.wsgi_app [None req-e2173dab-bd9b-42b0-b6d6-b806bf6b898b None None] compute_driver = libvirt.LibvirtDriver {{(pid=61103) log_opt_values /opt/stack/data/venv/lib/python3.10/site-packages/oslo_config/cfg.py:2995}}
Apr 21 19:06:04 devstack devstack@n-api.service[61103]: DEBUG nova.api.openstack.wsgi_app [None req-e2173dab-bd9b-42b0-b6d6-b806bf6b898b None None] compute_monitors = [] {{(pid=61103) log_opt_values /opt/stack/data/venv/lib/python3.10/site-packages/oslo_config/cfg.py:2995}}
Apr 21 19:06:04 devstack devstack@n-api.service[61103]: DEBUG nova.api.openstack.wsgi_app [None req-e2173dab-bd9b-42b0-b6d6-b806bf6b898b None None] config_dir = [] {{(pid=61103) log_opt_values /opt/stack/data/venv/lib/python3.10/site-packages/oslo_config/cfg.py:2995}}
Apr 21 19:06:04 devstack devstack@n-api.service[61103]: DEBUG nova.api.openstack.wsgi_app [None req-e2173dab-bd9b-42b0-b6d6-b806bf6b898b None None] config_drive_format = iso9660 {{(pid=61103) log_opt_values /opt/stack/data/venv/lib/python3.10/site-packages/oslo_config/cfg.py:2995}}
Apr 21 19:06:04 devstack devstack@n-api.service[61103]: DEBUG nova.api.openstack.wsgi_app [None req-e2173dab-bd9b-42b0-b6d6-b806bf6b898b None None] config_file = ['/etc/nova/api-paste.ini', '/etc/nova/nova.conf'] {{(pid=61103) log_opt_values /opt/stack/data/venv/lib/python3.10/site-packages/oslo_config/cfg.py:2995}}
Apr 21 19:06:04 devstack devstack@n-api.service[61103]: DEBUG nova.api.openstack.wsgi_app [None req-e2173dab-bd9b-42b0-b6d6-b806bf6b898b None None] config_source = [] {{(pid=61103) log_opt_values /opt/stack/data/venv/lib/python3.10/site-packages/oslo_config/cfg.py:2995}}
Apr 21 19:06:04 devstack devstack@n-api.service[61103]: DEBUG nova.api.openstack.wsgi_app [None req-e2173dab-bd9b-42b0-b6d6-b806bf6b898b None None] console_host = devstack {{(pid=61103) log_opt_values /opt/stack/data/venv/lib/python3.10/site-packages/oslo_config/cfg.py:2995}}
Apr 21 19:06:04 devstack devstack@n-api.service[61103]: DEBUG nova.api.openstack.wsgi_app [None req-e2173dab-bd9b-42b0-b6d6-b806bf6b898b None None] control_exchange = nova {{(pid=61103) log_opt_values /opt/stack/data/venv/lib/python3.10/site-packages/oslo_config/cfg.py:2995}}
Apr 21 19:06:04 devstack devstack@n-api.service[61103]: DEBUG nova.api.openstack.wsgi_app [None req-e2173dab-bd9b-42b0-b6d6-b806bf6b898b None None] cpu_allocation_ratio = None {{(pid=61103) log_opt_values /opt/stack/data/venv/lib/python3.10/site-packages/oslo_config/cfg.py:2995}}
Apr 21 19:06:04 devstack devstack@n-api.service[61103]: DEBUG nova.api.openstack.wsgi_app [None req-e2173dab-bd9b-42b0-b6d6-b806bf6b898b None None] daemon = False {{(pid=61103) log_opt_values /opt/stack/data/venv/lib/python3.10/site-packages/oslo_config/cfg.py:2995}}
Apr 21 19:06:04 devstack devstack@n-api.service[61103]: DEBUG nova.api.openstack.wsgi_app [None req-e2173dab-bd9b-42b0-b6d6-b806bf6b898b None None] debug = True {{(pid=61103) log_opt_values /opt/stack/data/venv/lib/python3.10/site-packages/oslo_config/cfg.py:2995}}
Apr 21 19:06:04 devstack devstack@n-api.service[61103]: DEBUG nova.api.openstack.wsgi_app [None req-e2173dab-bd9b-42b0-b6d6-b806bf6b898b None None] default_access_ip_network_name = None {{(pid=61103) log_opt_values /opt/stack/data/venv/lib/python3.10/site-packages/oslo_config/cfg.py:2995}}
Apr 21 19:06:04 devstack devstack@n-api.service[61103]: DEBUG nova.api.openstack.wsgi_app [None req-e2173dab-bd9b-42b0-b6d6-b806bf6b898b None None] default_availability_zone = nova {{(pid=61103) log_opt_values /opt/stack/data/venv/lib/python3.10/site-packages/oslo_config/cfg.py:2995}}
Apr 21 19:06:04 devstack devstack@n-api.service[61103]: DEBUG nova.api.openstack.wsgi_app [None req-e2173dab-bd9b-42b0-b6d6-b806bf6b898b None None] default_ephemeral_format = ext4 {{(pid=61103) log_opt_values /opt/stack/data/venv/lib/python3.10/site-packages/oslo_config/cfg.py:2995}}
Apr 21 19:06:04 devstack devstack@n-api.service[61103]: DEBUG nova.api.openstack.wsgi_app [None req-e2173dab-bd9b-42b0-b6d6-b806bf6b898b None None] default_green_pool_size = 1000 {{(pid=61103) log_opt_values /opt/stack/data/venv/lib/python3.10/site-packages/oslo_config/cfg.py:2995}}
Apr 21 19:06:04 devstack devstack@n-api.service[61103]: DEBUG nova.api.openstack.wsgi_app [None req-e2173dab-bd9b-42b0-b6d6-b806bf6b898b None None] default_log_levels = ['amqp=WARN', 'boto=WARN', 'sqlalchemy=WARN', 'suds=INFO', 'oslo.messaging=INFO', 'oslo_messaging=INFO', 'iso8601=WARN', 'requests.packages.urllib3.connectionpool=WARN', 'urllib3.connectionpool=WARN', 'websocket=WARN', 'requests.packages.urllib3.util.retry=WARN', 'urllib3.util.retry=WARN', 'keystonemiddleware=WARN', 'routes.middleware=WARN', 'stevedore=WARN', 'taskflow=WARN', 'keystoneauth=WARN', 'oslo.cache=INFO', 'oslo_policy=INFO', 'dogpile.core.dogpile=INFO', 'glanceclient=WARN', 'oslo.privsep.daemon=INFO'] {{(pid=61103) log_opt_values /opt/stack/data/venv/lib/python3.10/site-packages/oslo_config/cfg.py:2995}}
Apr 21 19:06:04 devstack devstack@n-api.service[61103]: DEBUG nova.api.openstack.wsgi_app [None req-e2173dab-bd9b-42b0-b6d6-b806bf6b898b None None] default_schedule_zone = None {{(pid=61103) log_opt_values /opt/stack/data/venv/lib/python3.10/site-packages/oslo_config/cfg.py:2995}}
Apr 21 19:06:04 devstack devstack@n-api.service[61103]: DEBUG nova.api.openstack.wsgi_app [None req-e2173dab-bd9b-42b0-b6d6-b806bf6b898b None None] default_thread_pool_size = 10 {{(pid=61103) log_opt_values /opt/stack/data/venv/lib/python3.10/site-packages/oslo_config/cfg.py:2995}}
Apr 21 19:06:04 devstack devstack@n-api.service[61103]: DEBUG nova.api.openstack.wsgi_app [None req-e2173dab-bd9b-42b0-b6d6-b806bf6b898b None None] disk_allocation_ratio = None {{(pid=61103) log_opt_values /opt/stack/data/venv/lib/python3.10/site-packages/oslo_config/cfg.py:2995}}
Apr 21 19:06:04 devstack devstack@n-api.service[61103]: DEBUG nova.api.openstack.wsgi_app [None req-e2173dab-bd9b-42b0-b6d6-b806bf6b898b None None] enable_new_services = True {{(pid=61103) log_opt_values /opt/stack/data/venv/lib/python3.10/site-packages/oslo_config/cfg.py:2995}}
Apr 21 19:06:04 devstack devstack@n-api.service[61103]: DEBUG nova.api.openstack.wsgi_app [None req-e2173dab-bd9b-42b0-b6d6-b806bf6b898b None None] flat_injected = False {{(pid=61103) log_opt_values /opt/stack/data/venv/lib/python3.10/site-packages/oslo_config/cfg.py:2995}}
Apr 21 19:06:04 devstack devstack@n-api.service[61103]: DEBUG nova.api.openstack.wsgi_app [None req-e2173dab-bd9b-42b0-b6d6-b806bf6b898b None None] force_config_drive = False {{(pid=61103) log_opt_values /opt/stack/data/venv/lib/python3.10/site-packages/oslo_config/cfg.py:2995}}
Apr 21 19:06:04 devstack devstack@n-api.service[61103]: DEBUG nova.api.openstack.wsgi_app [None req-e2173dab-bd9b-42b0-b6d6-b806bf6b898b None None] force_raw_images = True {{(pid=61103) log_opt_values /opt/stack/data/venv/lib/python3.10/site-packages/oslo_config/cfg.py:2995}}
Apr 21 19:06:04 devstack devstack@n-api.service[61103]: DEBUG nova.api.openstack.wsgi_app [None req-e2173dab-bd9b-42b0-b6d6-b806bf6b898b None None] graceful_shutdown_timeout = 5 {{(pid=61103) log_opt_values /opt/stack/data/venv/lib/python3.10/site-packages/oslo_config/cfg.py:2995}}
Apr 21 19:06:04 devstack devstack@n-api.service[61103]: DEBUG nova.api.openstack.wsgi_app [None req-e2173dab-bd9b-42b0-b6d6-b806bf6b898b None None] heal_instance_info_cache_interval = -1 {{(pid=61103) log_opt_values /opt/stack/data/venv/lib/python3.10/site-packages/oslo_config/cfg.py:2995}}
Apr 21 19:06:04 devstack devstack@n-api.service[61103]: DEBUG nova.api.openstack.wsgi_app [None req-e2173dab-bd9b-42b0-b6d6-b806bf6b898b None None] host = devstack {{(pid=61103) log_opt_values /opt/stack/data/venv/lib/python3.10/site-packages/oslo_config/cfg.py:2995}}
Apr 21 19:06:04 devstack devstack@n-api.service[61103]: DEBUG nova.api.openstack.wsgi_app [None req-e2173dab-bd9b-42b0-b6d6-b806bf6b898b None None] initial_cpu_allocation_ratio = 4.0 {{(pid=61103) log_opt_values /opt/stack/data/venv/lib/python3.10/site-packages/oslo_config/cfg.py:2995}}
Apr 21 19:06:04 devstack devstack@n-api.service[61103]: DEBUG nova.api.openstack.wsgi_app [None req-e2173dab-bd9b-42b0-b6d6-b806bf6b898b None None] initial_disk_allocation_ratio = 1.0 {{(pid=61103) log_opt_values /opt/stack/data/venv/lib/python3.10/site-packages/oslo_config/cfg.py:2995}}
Apr 21 19:06:04 devstack devstack@n-api.service[61103]: DEBUG nova.api.openstack.wsgi_app [None req-e2173dab-bd9b-42b0-b6d6-b806bf6b898b None None] initial_ram_allocation_ratio = 1.0 {{(pid=61103) log_opt_values /opt/stack/data/venv/lib/python3.10/site-packages/oslo_config/cfg.py:2995}}
Apr 21 19:06:04 devstack devstack@n-api.service[61103]: DEBUG nova.api.openstack.wsgi_app [None req-e2173dab-bd9b-42b0-b6d6-b806bf6b898b None None] injected_network_template = /opt/stack/nova/nova/virt/interfaces.template {{(pid=61103) log_opt_values /opt/stack/data/venv/lib/python3.10/site-packages/oslo_config/cfg.py:2995}}
Apr 21 19:06:04 devstack devstack@n-api.service[61103]: DEBUG nova.api.openstack.wsgi_app [None req-e2173dab-bd9b-42b0-b6d6-b806bf6b898b None None] instance_build_timeout = 0 {{(pid=61103) log_opt_values /opt/stack/data/venv/lib/python3.10/site-packages/oslo_config/cfg.py:2995}}
Apr 21 19:06:04 devstack devstack@n-api.service[61103]: DEBUG nova.api.openstack.wsgi_app [None req-e2173dab-bd9b-42b0-b6d6-b806bf6b898b None None] instance_delete_interval = 300 {{(pid=61103) log_opt_values /opt/stack/data/venv/lib/python3.10/site-packages/oslo_config/cfg.py:2995}}
Apr 21 19:06:04 devstack devstack@n-api.service[61103]: DEBUG nova.api.openstack.wsgi_app [None req-e2173dab-bd9b-42b0-b6d6-b806bf6b898b None None] instance_format = [instance: %(uuid)s] {{(pid=61103) log_opt_values /opt/stack/data/venv/lib/python3.10/site-packages/oslo_config/cfg.py:2995}}
Apr 21 19:06:04 devstack devstack@n-api.service[61103]: DEBUG nova.api.openstack.wsgi_app [None req-e2173dab-bd9b-42b0-b6d6-b806bf6b898b None None] instance_name_template = instance-%08x {{(pid=61103) log_opt_values /opt/stack/data/venv/lib/python3.10/site-packages/oslo_config/cfg.py:2995}}
Apr 21 19:06:04 devstack devstack@n-api.service[61103]: DEBUG nova.api.openstack.wsgi_app [None req-e2173dab-bd9b-42b0-b6d6-b806bf6b898b None None] instance_usage_audit = False {{(pid=61103) log_opt_values /opt/stack/data/venv/lib/python3.10/site-packages/oslo_config/cfg.py:2995}}
Apr 21 19:06:04 devstack devstack@n-api.service[61103]: DEBUG nova.api.openstack.wsgi_app [None req-e2173dab-bd9b-42b0-b6d6-b806bf6b898b None None] instance_usage_audit_period = month {{(pid=61103) log_opt_values /opt/stack/data/venv/lib/python3.10/site-packages/oslo_config/cfg.py:2995}}
Apr 21 19:06:04 devstack devstack@n-api.service[61103]: DEBUG nova.api.openstack.wsgi_app [None req-e2173dab-bd9b-42b0-b6d6-b806bf6b898b None None] instance_uuid_format = [instance: %(uuid)s] {{(pid=61103) log_opt_values /opt/stack/data/venv/lib/python3.10/site-packages/oslo_config/cfg.py:2995}}
Apr 21 19:06:04 devstack devstack@n-api.service[61103]: DEBUG nova.api.openstack.wsgi_app [None req-e2173dab-bd9b-42b0-b6d6-b806bf6b898b None None] instances_path = /opt/stack/data/nova/instances {{(pid=61103) log_opt_values /opt/stack/data/venv/lib/python3.10/site-packages/oslo_config/cfg.py:2995}}
Apr 21 19:06:04 devstack devstack@n-api.service[61103]: DEBUG nova.api.openstack.wsgi_app [None req-e2173dab-bd9b-42b0-b6d6-b806bf6b898b None None] internal_service_availability_zone = internal {{(pid=61103) log_opt_values /opt/stack/data/venv/lib/python3.10/site-packages/oslo_config/cfg.py:2995}}
Apr 21 19:06:04 devstack devstack@n-api.service[61103]: DEBUG nova.api.openstack.wsgi_app [None req-e2173dab-bd9b-42b0-b6d6-b806bf6b898b None None] key = None {{(pid=61103) log_opt_values /opt/stack/data/venv/lib/python3.10/site-packages/oslo_config/cfg.py:2995}}
Apr 21 19:06:04 devstack devstack@n-api.service[61103]: DEBUG nova.api.openstack.wsgi_app [None req-e2173dab-bd9b-42b0-b6d6-b806bf6b898b None None] live_migration_retry_count = 30 {{(pid=61103) log_opt_values /opt/stack/data/venv/lib/python3.10/site-packages/oslo_config/cfg.py:2995}}
Apr 21 19:06:04 devstack devstack@n-api.service[61103]: DEBUG nova.api.openstack.wsgi_app [None req-e2173dab-bd9b-42b0-b6d6-b806bf6b898b None None] log_color = False {{(pid=61103) log_opt_values /opt/stack/data/venv/lib/python3.10/site-packages/oslo_config/cfg.py:2995}}
Apr 21 19:06:04 devstack devstack@n-api.service[61103]: DEBUG nova.api.openstack.wsgi_app [None req-e2173dab-bd9b-42b0-b6d6-b806bf6b898b None None] log_config_append = None {{(pid=61103) log_opt_values /opt/stack/data/venv/lib/python3.10/site-packages/oslo_config/cfg.py:2995}}
Apr 21 19:06:04 devstack devstack@n-api.service[61103]: DEBUG nova.api.openstack.wsgi_app [None req-e2173dab-bd9b-42b0-b6d6-b806bf6b898b None None] log_date_format = %Y-%m-%d %H:%M:%S {{(pid=61103) log_opt_values /opt/stack/data/venv/lib/python3.10/site-packages/oslo_config/cfg.py:2995}}
Apr 21 19:06:04 devstack devstack@n-api.service[61103]: DEBUG nova.api.openstack.wsgi_app [None req-e2173dab-bd9b-42b0-b6d6-b806bf6b898b None None] log_dir = None {{(pid=61103) log_opt_values /opt/stack/data/venv/lib/python3.10/site-packages/oslo_config/cfg.py:2995}}
Apr 21 19:06:04 devstack devstack@n-api.service[61103]: DEBUG nova.api.openstack.wsgi_app [None req-e2173dab-bd9b-42b0-b6d6-b806bf6b898b None None] log_file = None {{(pid=61103) log_opt_values /opt/stack/data/venv/lib/python3.10/site-packages/oslo_config/cfg.py:2995}}
Apr 21 19:06:04 devstack devstack@n-api.service[61103]: DEBUG nova.api.openstack.wsgi_app [None req-e2173dab-bd9b-42b0-b6d6-b806bf6b898b None None] log_options = True {{(pid=61103) log_opt_values /opt/stack/data/venv/lib/python3.10/site-packages/oslo_config/cfg.py:2995}}
Apr 21 19:06:04 devstack devstack@n-api.service[61103]: DEBUG nova.api.openstack.wsgi_app [None req-e2173dab-bd9b-42b0-b6d6-b806bf6b898b None None] log_rotate_interval = 1 {{(pid=61103) log_opt_values /opt/stack/data/venv/lib/python3.10/site-packages/oslo_config/cfg.py:2995}}
Apr 21 19:06:04 devstack devstack@n-api.service[61103]: DEBUG nova.api.openstack.wsgi_app [None req-e2173dab-bd9b-42b0-b6d6-b806bf6b898b None None] log_rotate_interval_type = days {{(pid=61103) log_opt_values /opt/stack/data/venv/lib/python3.10/site-packages/oslo_config/cfg.py:2995}}
Apr 21 19:06:04 devstack devstack@n-api.service[61103]: DEBUG nova.api.openstack.wsgi_app [None req-e2173dab-bd9b-42b0-b6d6-b806bf6b898b None None] log_rotation_type = none {{(pid=61103) log_opt_values /opt/stack/data/venv/lib/python3.10/site-packages/oslo_config/cfg.py:2995}}
Apr 21 19:06:04 devstack devstack@n-api.service[61103]: DEBUG nova.api.openstack.wsgi_app [None req-e2173dab-bd9b-42b0-b6d6-b806bf6b898b None None] logging_context_format_string = %(color)s%(levelname)s %(name)s [%(global_request_id)s %(request_id)s %(project_name)s %(user_name)s%(color)s] %(instance)s%(color)s%(message)s {{(pid=61103) log_opt_values /opt/stack/data/venv/lib/python3.10/site-packages/oslo_config/cfg.py:2995}}
Apr 21 19:06:04 devstack devstack@n-api.service[61103]: DEBUG nova.api.openstack.wsgi_app [None req-e2173dab-bd9b-42b0-b6d6-b806bf6b898b None None] logging_debug_format_suffix = {{(pid=%(process)d) %(funcName)s %(pathname)s:%(lineno)d}} {{(pid=61103) log_opt_values /opt/stack/data/venv/lib/python3.10/site-packages/oslo_config/cfg.py:2995}}
Apr 21 19:06:04 devstack devstack@n-api.service[61103]: DEBUG nova.api.openstack.wsgi_app [None req-e2173dab-bd9b-42b0-b6d6-b806bf6b898b None None] logging_default_format_string = %(color)s%(levelname)s %(name)s [-%(color)s] %(instance)s%(color)s%(message)s {{(pid=61103) log_opt_values /opt/stack/data/venv/lib/python3.10/site-packages/oslo_config/cfg.py:2995}}
Apr 21 19:06:04 devstack devstack@n-api.service[61103]: DEBUG nova.api.openstack.wsgi_app [None req-e2173dab-bd9b-42b0-b6d6-b806bf6b898b None None] logging_exception_prefix = ERROR %(name)s %(instance)s {{(pid=61103) log_opt_values /opt/stack/data/venv/lib/python3.10/site-packages/oslo_config/cfg.py:2995}}
Apr 21 19:06:04 devstack devstack@n-api.service[61103]: DEBUG nova.api.openstack.wsgi_app [None req-e2173dab-bd9b-42b0-b6d6-b806bf6b898b None None] logging_user_identity_format = %(user)s %(project)s %(domain)s %(system_scope)s %(user_domain)s %(project_domain)s {{(pid=61103) log_opt_values /opt/stack/data/venv/lib/python3.10/site-packages/oslo_config/cfg.py:2995}}
Apr 21 19:06:04 devstack devstack@n-api.service[61103]: DEBUG nova.api.openstack.wsgi_app [None req-e2173dab-bd9b-42b0-b6d6-b806bf6b898b None None] long_rpc_timeout = 1800 {{(pid=61103) log_opt_values /opt/stack/data/venv/lib/python3.10/site-packages/oslo_config/cfg.py:2995}}
Apr 21 19:06:04 devstack devstack@n-api.service[61103]: DEBUG nova.api.openstack.wsgi_app [None req-e2173dab-bd9b-42b0-b6d6-b806bf6b898b None None] manager_shutdown_timeout = 160 {{(pid=61103) log_opt_values /opt/stack/data/venv/lib/python3.10/site-packages/oslo_config/cfg.py:2995}}
Apr 21 19:06:04 devstack devstack@n-api.service[61103]: DEBUG nova.api.openstack.wsgi_app [None req-e2173dab-bd9b-42b0-b6d6-b806bf6b898b None None] max_concurrent_builds = 10 {{(pid=61103) log_opt_values /opt/stack/data/venv/lib/python3.10/site-packages/oslo_config/cfg.py:2995}}
Apr 21 19:06:04 devstack devstack@n-api.service[61103]: DEBUG nova.api.openstack.wsgi_app [None req-e2173dab-bd9b-42b0-b6d6-b806bf6b898b None None] max_concurrent_live_migrations = 1 {{(pid=61103) log_opt_values /opt/stack/data/venv/lib/python3.10/site-packages/oslo_config/cfg.py:2995}}
Apr 21 19:06:04 devstack devstack@n-api.service[61103]: DEBUG nova.api.openstack.wsgi_app [None req-e2173dab-bd9b-42b0-b6d6-b806bf6b898b None None] max_concurrent_snapshots = 5 {{(pid=61103) log_opt_values /opt/stack/data/venv/lib/python3.10/site-packages/oslo_config/cfg.py:2995}}
Apr 21 19:06:04 devstack devstack@n-api.service[61103]: DEBUG nova.api.openstack.wsgi_app [None req-e2173dab-bd9b-42b0-b6d6-b806bf6b898b None None] max_local_block_devices = 3 {{(pid=61103) log_opt_values /opt/stack/data/venv/lib/python3.10/site-packages/oslo_config/cfg.py:2995}}
Apr 21 19:06:04 devstack devstack@n-api.service[61103]: DEBUG nova.api.openstack.wsgi_app [None req-e2173dab-bd9b-42b0-b6d6-b806bf6b898b None None] max_logfile_count = 30 {{(pid=61103) log_opt_values /opt/stack/data/venv/lib/python3.10/site-packages/oslo_config/cfg.py:2995}}
Apr 21 19:06:04 devstack devstack@n-api.service[61103]: DEBUG nova.api.openstack.wsgi_app [None req-e2173dab-bd9b-42b0-b6d6-b806bf6b898b None None] max_logfile_size_mb = 200 {{(pid=61103) log_opt_values /opt/stack/data/venv/lib/python3.10/site-packages/oslo_config/cfg.py:2995}}
Apr 21 19:06:04 devstack devstack@n-api.service[61103]: DEBUG nova.api.openstack.wsgi_app [None req-e2173dab-bd9b-42b0-b6d6-b806bf6b898b None None] maximum_instance_delete_attempts = 5 {{(pid=61103) log_opt_values /opt/stack/data/venv/lib/python3.10/site-packages/oslo_config/cfg.py:2995}}
Apr 21 19:06:04 devstack devstack@n-api.service[61103]: DEBUG nova.api.openstack.wsgi_app [None req-e2173dab-bd9b-42b0-b6d6-b806bf6b898b None None] migrate_max_retries = -1 {{(pid=61103) log_opt_values /opt/stack/data/venv/lib/python3.10/site-packages/oslo_config/cfg.py:2995}}
Apr 21 19:06:04 devstack devstack@n-api.service[61103]: DEBUG nova.api.openstack.wsgi_app [None req-e2173dab-bd9b-42b0-b6d6-b806bf6b898b None None] mkisofs_cmd = genisoimage {{(pid=61103) log_opt_values /opt/stack/data/venv/lib/python3.10/site-packages/oslo_config/cfg.py:2995}}
Apr 21 19:06:04 devstack devstack@n-api.service[61103]: DEBUG nova.api.openstack.wsgi_app [None req-e2173dab-bd9b-42b0-b6d6-b806bf6b898b None None] my_block_storage_ip = 192.168.122.97 {{(pid=61103) log_opt_values /opt/stack/data/venv/lib/python3.10/site-packages/oslo_config/cfg.py:2995}}
Apr 21 19:06:04 devstack devstack@n-api.service[61103]: DEBUG nova.api.openstack.wsgi_app [None req-e2173dab-bd9b-42b0-b6d6-b806bf6b898b None None] my_ip = 192.168.122.97 {{(pid=61103) log_opt_values /opt/stack/data/venv/lib/python3.10/site-packages/oslo_config/cfg.py:2995}}
Apr 21 19:06:04 devstack devstack@n-api.service[61103]: DEBUG nova.api.openstack.wsgi_app [None req-e2173dab-bd9b-42b0-b6d6-b806bf6b898b None None] my_shared_fs_storage_ip = 192.168.122.97 {{(pid=61103) log_opt_values /opt/stack/data/venv/lib/python3.10/site-packages/oslo_config/cfg.py:2995}}
Apr 21 19:06:04 devstack devstack@n-api.service[61103]: DEBUG nova.api.openstack.wsgi_app [None req-e2173dab-bd9b-42b0-b6d6-b806bf6b898b None None] network_allocate_retries = 0 {{(pid=61103) log_opt_values /opt/stack/data/venv/lib/python3.10/site-packages/oslo_config/cfg.py:2995}}
Apr 21 19:06:04 devstack devstack@n-api.service[61103]: DEBUG nova.api.openstack.wsgi_app [None req-e2173dab-bd9b-42b0-b6d6-b806bf6b898b None None] non_inheritable_image_properties = ['cache_in_nova', 'bittorrent'] {{(pid=61103) log_opt_values /opt/stack/data/venv/lib/python3.10/site-packages/oslo_config/cfg.py:2995}}
Apr 21 19:06:04 devstack devstack@n-api.service[61103]: DEBUG nova.api.openstack.wsgi_app [None req-e2173dab-bd9b-42b0-b6d6-b806bf6b898b None None] osapi_compute_unique_server_name_scope = {{(pid=61103) log_opt_values /opt/stack/data/venv/lib/python3.10/site-packages/oslo_config/cfg.py:2995}}
Apr 21 19:06:04 devstack devstack@n-api.service[61103]: DEBUG nova.api.openstack.wsgi_app [None req-e2173dab-bd9b-42b0-b6d6-b806bf6b898b None None] password_length = 12 {{(pid=61103) log_opt_values /opt/stack/data/venv/lib/python3.10/site-packages/oslo_config/cfg.py:2995}}
Apr 21 19:06:04 devstack devstack@n-api.service[61103]: DEBUG nova.api.openstack.wsgi_app [None req-e2173dab-bd9b-42b0-b6d6-b806bf6b898b None None] periodic_enable = True {{(pid=61103) log_opt_values /opt/stack/data/venv/lib/python3.10/site-packages/oslo_config/cfg.py:2995}}
Apr 21 19:06:04 devstack devstack@n-api.service[61103]: DEBUG nova.api.openstack.wsgi_app [None req-e2173dab-bd9b-42b0-b6d6-b806bf6b898b None None] periodic_fuzzy_delay = 60 {{(pid=61103) log_opt_values /opt/stack/data/venv/lib/python3.10/site-packages/oslo_config/cfg.py:2995}}
Apr 21 19:06:04 devstack devstack@n-api.service[61103]: DEBUG nova.api.openstack.wsgi_app [None req-e2173dab-bd9b-42b0-b6d6-b806bf6b898b None None] pointer_model = ps2mouse {{(pid=61103) log_opt_values /opt/stack/data/venv/lib/python3.10/site-packages/oslo_config/cfg.py:2995}}
Apr 21 19:06:04 devstack devstack@n-api.service[61103]: DEBUG nova.api.openstack.wsgi_app [None req-e2173dab-bd9b-42b0-b6d6-b806bf6b898b None None] preallocate_images = none {{(pid=61103) log_opt_values /opt/stack/data/venv/lib/python3.10/site-packages/oslo_config/cfg.py:2995}}
Apr 21 19:06:04 devstack devstack@n-api.service[61103]: DEBUG nova.api.openstack.wsgi_app [None req-e2173dab-bd9b-42b0-b6d6-b806bf6b898b None None] publish_errors = False {{(pid=61103) log_opt_values /opt/stack/data/venv/lib/python3.10/site-packages/oslo_config/cfg.py:2995}}
Apr 21 19:06:04 devstack devstack@n-api.service[61103]: DEBUG nova.api.openstack.wsgi_app [None req-e2173dab-bd9b-42b0-b6d6-b806bf6b898b None None] pybasedir = /opt/stack/nova {{(pid=61103) log_opt_values /opt/stack/data/venv/lib/python3.10/site-packages/oslo_config/cfg.py:2995}}
Apr 21 19:06:04 devstack devstack@n-api.service[61103]: DEBUG nova.api.openstack.wsgi_app [None req-e2173dab-bd9b-42b0-b6d6-b806bf6b898b None None] ram_allocation_ratio = None {{(pid=61103) log_opt_values /opt/stack/data/venv/lib/python3.10/site-packages/oslo_config/cfg.py:2995}}
Apr 21 19:06:04 devstack devstack@n-api.service[61103]: DEBUG nova.api.openstack.wsgi_app [None req-e2173dab-bd9b-42b0-b6d6-b806bf6b898b None None] rate_limit_burst = 0 {{(pid=61103) log_opt_values /opt/stack/data/venv/lib/python3.10/site-packages/oslo_config/cfg.py:2995}}
Apr 21 19:06:04 devstack devstack@n-api.service[61103]: DEBUG nova.api.openstack.wsgi_app [None req-e2173dab-bd9b-42b0-b6d6-b806bf6b898b None None] rate_limit_except_level = CRITICAL {{(pid=61103) log_opt_values /opt/stack/data/venv/lib/python3.10/site-packages/oslo_config/cfg.py:2995}}
Apr 21 19:06:04 devstack devstack@n-api.service[61103]: DEBUG nova.api.openstack.wsgi_app [None req-e2173dab-bd9b-42b0-b6d6-b806bf6b898b None None] rate_limit_interval = 0 {{(pid=61103) log_opt_values /opt/stack/data/venv/lib/python3.10/site-packages/oslo_config/cfg.py:2995}}
Apr 21 19:06:04 devstack devstack@n-api.service[61103]: DEBUG nova.api.openstack.wsgi_app [None req-e2173dab-bd9b-42b0-b6d6-b806bf6b898b None None] reboot_timeout = 0 {{(pid=61103) log_opt_values /opt/stack/data/venv/lib/python3.10/site-packages/oslo_config/cfg.py:2995}}
Apr 21 19:06:04 devstack devstack@n-api.service[61103]: DEBUG nova.api.openstack.wsgi_app [None req-e2173dab-bd9b-42b0-b6d6-b806bf6b898b None None] reclaim_instance_interval = 0 {{(pid=61103) log_opt_values /opt/stack/data/venv/lib/python3.10/site-packages/oslo_config/cfg.py:2995}}
Apr 21 19:06:04 devstack devstack@n-api.service[61103]: DEBUG nova.api.openstack.wsgi_app [None req-e2173dab-bd9b-42b0-b6d6-b806bf6b898b None None] record = None {{(pid=61103) log_opt_values /opt/stack/data/venv/lib/python3.10/site-packages/oslo_config/cfg.py:2995}}
Apr 21 19:06:04 devstack devstack@n-api.service[61103]: DEBUG nova.api.openstack.wsgi_app [None req-e2173dab-bd9b-42b0-b6d6-b806bf6b898b None None] reimage_timeout_per_gb = 20 {{(pid=61103) log_opt_values /opt/stack/data/venv/lib/python3.10/site-packages/oslo_config/cfg.py:2995}}
Apr 21 19:06:04 devstack devstack@n-api.service[61103]: DEBUG nova.api.openstack.wsgi_app [None req-e2173dab-bd9b-42b0-b6d6-b806bf6b898b None None] report_interval = 120 {{(pid=61103) log_opt_values /opt/stack/data/venv/lib/python3.10/site-packages/oslo_config/cfg.py:2995}}
Apr 21 19:06:04 devstack devstack@n-api.service[61103]: DEBUG nova.api.openstack.wsgi_app [None req-e2173dab-bd9b-42b0-b6d6-b806bf6b898b None None] rescue_timeout = 0 {{(pid=61103) log_opt_values /opt/stack/data/venv/lib/python3.10/site-packages/oslo_config/cfg.py:2995}}
Apr 21 19:06:04 devstack devstack@n-api.service[61103]: DEBUG nova.api.openstack.wsgi_app [None req-e2173dab-bd9b-42b0-b6d6-b806bf6b898b None None] reserved_host_cpus = 0 {{(pid=61103) log_opt_values /opt/stack/data/venv/lib/python3.10/site-packages/oslo_config/cfg.py:2995}}
Apr 21 19:06:04 devstack devstack@n-api.service[61103]: DEBUG nova.api.openstack.wsgi_app [None req-e2173dab-bd9b-42b0-b6d6-b806bf6b898b None None] reserved_host_disk_mb = 0 {{(pid=61103) log_opt_values /opt/stack/data/venv/lib/python3.10/site-packages/oslo_config/cfg.py:2995}}
Apr 21 19:06:04 devstack devstack@n-api.service[61103]: DEBUG nova.api.openstack.wsgi_app [None req-e2173dab-bd9b-42b0-b6d6-b806bf6b898b None None] reserved_host_memory_mb = 512 {{(pid=61103) log_opt_values /opt/stack/data/venv/lib/python3.10/site-packages/oslo_config/cfg.py:2995}}
