Jul 02 17:15:59 devstack sudo[89202]: pam_unix(sudo:session): session closed for user root
Jul 02 17:15:59 devstack cinder-volume[86453]: DEBUG oslo_concurrency.processutils [None req-d44d1b19-a94e-4533-bb81-37299a397356 tempest-SnapshotsActionsTest-2103741554 None] CMD "/opt/stack/data/venv/bin/python3.12 -m oslo_concurrency.prlimit --as=1073741824 --cpu=60 -- sudo cinder-rootwrap /etc/cinder/rootwrap.conf env LC_ALL=C qemu-img info -f qcow2 --output=json --force-share /opt/stack/data/cinder/mnt/a151543e75ee7c4e862ea5dfcf5cfebc/volume-b327b66c-5598-4219-8e68-a5f2a3a5a952" returned: 0 in 1.550s {{(pid=86453) execute /opt/stack/data/venv/lib/python3.12/site-packages/oslo_concurrency/processutils.py:468}}
Jul 02 17:15:59 devstack cinder-volume[86453]: DEBUG oslo_concurrency.processutils [None req-d44d1b19-a94e-4533-bb81-37299a397356 tempest-SnapshotsActionsTest-2103741554 None] Running cmd (subprocess): sudo cinder-rootwrap /etc/cinder/rootwrap.conf qemu-img create -f qcow2 -o backing_file=/opt/stack/data/cinder/mnt/a151543e75ee7c4e862ea5dfcf5cfebc/volume-b327b66c-5598-4219-8e68-a5f2a3a5a952,backing_fmt=qcow2 /opt/stack/data/cinder/mnt/a151543e75ee7c4e862ea5dfcf5cfebc/volume-b327b66c-5598-4219-8e68-a5f2a3a5a952.f2007151-9c11-40c9-bd49-bf9a907df6e3 1G {{(pid=86453) execute /opt/stack/data/venv/lib/python3.12/site-packages/oslo_concurrency/processutils.py:440}}
Jul 02 17:15:59 devstack sudo[89207]: quobyte : PWD=/ ; USER=root ; COMMAND=/opt/stack/data/venv/bin/cinder-rootwrap /etc/cinder/rootwrap.conf qemu-img create -f qcow2 -o backing_file=/opt/stack/data/cinder/mnt/a151543e75ee7c4e862ea5dfcf5cfebc/volume-b327b66c-5598-4219-8e68-a5f2a3a5a952,backing_fmt=qcow2 /opt/stack/data/cinder/mnt/a151543e75ee7c4e862ea5dfcf5cfebc/volume-b327b66c-5598-4219-8e68-a5f2a3a5a952.f2007151-9c11-40c9-bd49-bf9a907df6e3 1G
Jul 02 17:15:59 devstack sudo[89207]: pam_unix(sudo:session): session opened for user root(uid=0) by (uid=1000)
Jul 02 17:16:01 devstack sudo[89207]: pam_unix(sudo:session): session closed for user root
Jul 02 17:16:01 devstack cinder-volume[86453]: DEBUG oslo_concurrency.processutils [None req-d44d1b19-a94e-4533-bb81-37299a397356 tempest-SnapshotsActionsTest-2103741554 None] CMD "sudo cinder-rootwrap /etc/cinder/rootwrap.conf qemu-img create -f qcow2 -o backing_file=/opt/stack/data/cinder/mnt/a151543e75ee7c4e862ea5dfcf5cfebc/volume-b327b66c-5598-4219-8e68-a5f2a3a5a952,backing_fmt=qcow2 /opt/stack/data/cinder/mnt/a151543e75ee7c4e862ea5dfcf5cfebc/volume-b327b66c-5598-4219-8e68-a5f2a3a5a952.f2007151-9c11-40c9-bd49-bf9a907df6e3 1G" returned: 0 in 1.313s {{(pid=86453) execute /opt/stack/data/venv/lib/python3.12/site-packages/oslo_concurrency/processutils.py:468}}
Jul 02 17:16:01 devstack cinder-volume[86453]: DEBUG oslo_concurrency.processutils [None req-d44d1b19-a94e-4533-bb81-37299a397356 tempest-SnapshotsActionsTest-2103741554 None] Running cmd (subprocess): sudo cinder-rootwrap /etc/cinder/rootwrap.conf qemu-img rebase -u -b volume-b327b66c-5598-4219-8e68-a5f2a3a5a952 -F qcow2 /opt/stack/data/cinder/mnt/a151543e75ee7c4e862ea5dfcf5cfebc/volume-b327b66c-5598-4219-8e68-a5f2a3a5a952.f2007151-9c11-40c9-bd49-bf9a907df6e3 {{(pid=86453) execute /opt/stack/data/venv/lib/python3.12/site-packages/oslo_concurrency/processutils.py:440}}
Jul 02 17:16:01 devstack sudo[89212]: quobyte : PWD=/ ; USER=root ; COMMAND=/opt/stack/data/venv/bin/cinder-rootwrap /etc/cinder/rootwrap.conf qemu-img rebase -u -b volume-b327b66c-5598-4219-8e68-a5f2a3a5a952 -F qcow2 /opt/stack/data/cinder/mnt/a151543e75ee7c4e862ea5dfcf5cfebc/volume-b327b66c-5598-4219-8e68-a5f2a3a5a952.f2007151-9c11-40c9-bd49-bf9a907df6e3
Jul 02 17:16:01 devstack sudo[89212]: pam_unix(sudo:session): session opened for user root(uid=0) by (uid=1000)
Jul 02 17:16:02 devstack sudo[89212]: pam_unix(sudo:session): session closed for user root
Jul 02 17:16:02 devstack cinder-volume[86453]: DEBUG oslo_concurrency.processutils [None req-d44d1b19-a94e-4533-bb81-37299a397356 tempest-SnapshotsActionsTest-2103741554 None] CMD "sudo cinder-rootwrap /etc/cinder/rootwrap.conf qemu-img rebase -u -b volume-b327b66c-5598-4219-8e68-a5f2a3a5a952 -F qcow2 /opt/stack/data/cinder/mnt/a151543e75ee7c4e862ea5dfcf5cfebc/volume-b327b66c-5598-4219-8e68-a5f2a3a5a952.f2007151-9c11-40c9-bd49-bf9a907df6e3" returned: 0 in 1.054s {{(pid=86453) execute /opt/stack/data/venv/lib/python3.12/site-packages/oslo_concurrency/processutils.py:468}}
Jul 02 17:16:02 devstack cinder-volume[86453]: WARNING cinder.volume.drivers.remotefs [None req-d44d1b19-a94e-4533-bb81-37299a397356 tempest-SnapshotsActionsTest-2103741554 None] /opt/stack/data/cinder/mnt/a151543e75ee7c4e862ea5dfcf5cfebc/volume-b327b66c-5598-4219-8e68-a5f2a3a5a952.f2007151-9c11-40c9-bd49-bf9a907df6e3 is being set with open permissions: ugo+rw
Jul 02 17:16:02 devstack cinder-volume[86453]: DEBUG oslo_concurrency.processutils [None req-d44d1b19-a94e-4533-bb81-37299a397356 tempest-SnapshotsActionsTest-2103741554 None] Running cmd (subprocess): sudo cinder-rootwrap /etc/cinder/rootwrap.conf chmod ugo+rw /opt/stack/data/cinder/mnt/a151543e75ee7c4e862ea5dfcf5cfebc/volume-b327b66c-5598-4219-8e68-a5f2a3a5a952.f2007151-9c11-40c9-bd49-bf9a907df6e3 {{(pid=86453) execute /opt/stack/data/venv/lib/python3.12/site-packages/oslo_concurrency/processutils.py:440}}
Jul 02 17:16:02 devstack sudo[89247]: quobyte : PWD=/ ; USER=root ; COMMAND=/opt/stack/data/venv/bin/cinder-rootwrap /etc/cinder/rootwrap.conf chmod ugo+rw /opt/stack/data/cinder/mnt/a151543e75ee7c4e862ea5dfcf5cfebc/volume-b327b66c-5598-4219-8e68-a5f2a3a5a952.f2007151-9c11-40c9-bd49-bf9a907df6e3
Jul 02 17:16:02 devstack sudo[89247]: pam_unix(sudo:session): session opened for user root(uid=0) by (uid=1000)
Jul 02 17:16:03 devstack sudo[89247]: pam_unix(sudo:session): session closed for user root
Jul 02 17:16:03 devstack cinder-volume[86453]: DEBUG oslo_concurrency.processutils [None req-d44d1b19-a94e-4533-bb81-37299a397356 tempest-SnapshotsActionsTest-2103741554 None] CMD "sudo cinder-rootwrap /etc/cinder/rootwrap.conf chmod ugo+rw /opt/stack/data/cinder/mnt/a151543e75ee7c4e862ea5dfcf5cfebc/volume-b327b66c-5598-4219-8e68-a5f2a3a5a952.f2007151-9c11-40c9-bd49-bf9a907df6e3" returned: 0 in 1.099s {{(pid=86453) execute /opt/stack/data/venv/lib/python3.12/site-packages/oslo_concurrency/processutils.py:468}}
Jul 02 17:16:03 devstack cinder-volume[86453]: DEBUG oslo_concurrency.processutils [None req-d44d1b19-a94e-4533-bb81-37299a397356 tempest-SnapshotsActionsTest-2103741554 None] Running cmd (subprocess): sudo cinder-rootwrap /etc/cinder/rootwrap.conf truncate -s0 /opt/stack/data/cinder/mnt/a151543e75ee7c4e862ea5dfcf5cfebc/volume-b327b66c-5598-4219-8e68-a5f2a3a5a952.info {{(pid=86453) execute /opt/stack/data/venv/lib/python3.12/site-packages/oslo_concurrency/processutils.py:440}}
Jul 02 17:16:03 devstack sudo[89259]: quobyte : PWD=/ ; USER=root ; COMMAND=/opt/stack/data/venv/bin/cinder-rootwrap /etc/cinder/rootwrap.conf truncate -s0 /opt/stack/data/cinder/mnt/a151543e75ee7c4e862ea5dfcf5cfebc/volume-b327b66c-5598-4219-8e68-a5f2a3a5a952.info
Jul 02 17:16:03 devstack sudo[89259]: pam_unix(sudo:session): session opened for user root(uid=0) by (uid=1000)
Jul 02 17:16:04 devstack sudo[89259]: pam_unix(sudo:session): session closed for user root
Jul 02 17:16:04 devstack cinder-volume[86453]: DEBUG oslo_concurrency.processutils [None req-d44d1b19-a94e-4533-bb81-37299a397356 tempest-SnapshotsActionsTest-2103741554 None] CMD "sudo cinder-rootwrap /etc/cinder/rootwrap.conf truncate -s0 /opt/stack/data/cinder/mnt/a151543e75ee7c4e862ea5dfcf5cfebc/volume-b327b66c-5598-4219-8e68-a5f2a3a5a952.info" returned: 0 in 0.876s {{(pid=86453) execute /opt/stack/data/venv/lib/python3.12/site-packages/oslo_concurrency/processutils.py:468}}
Jul 02 17:16:04 devstack cinder-volume[86453]: WARNING cinder.volume.drivers.remotefs [None req-d44d1b19-a94e-4533-bb81-37299a397356 tempest-SnapshotsActionsTest-2103741554 None] /opt/stack/data/cinder/mnt/a151543e75ee7c4e862ea5dfcf5cfebc/volume-b327b66c-5598-4219-8e68-a5f2a3a5a952.info is being set with open permissions: ugo+rw
Jul 02 17:16:04 devstack cinder-volume[86453]: DEBUG oslo_concurrency.processutils [None req-d44d1b19-a94e-4533-bb81-37299a397356 tempest-SnapshotsActionsTest-2103741554 None] Running cmd (subprocess): sudo cinder-rootwrap /etc/cinder/rootwrap.conf chmod ugo+rw /opt/stack/data/cinder/mnt/a151543e75ee7c4e862ea5dfcf5cfebc/volume-b327b66c-5598-4219-8e68-a5f2a3a5a952.info {{(pid=86453) execute /opt/stack/data/venv/lib/python3.12/site-packages/oslo_concurrency/processutils.py:440}}
Jul 02 17:16:04 devstack sudo[89269]: quobyte : PWD=/ ; USER=root ; COMMAND=/opt/stack/data/venv/bin/cinder-rootwrap /etc/cinder/rootwrap.conf chmod ugo+rw /opt/stack/data/cinder/mnt/a151543e75ee7c4e862ea5dfcf5cfebc/volume-b327b66c-5598-4219-8e68-a5f2a3a5a952.info
Jul 02 17:16:04 devstack sudo[89269]: pam_unix(sudo:session): session opened for user root(uid=0) by (uid=1000)
Jul 02 17:16:05 devstack cinder-volume[86453]: DEBUG cinder.coordination [None req-af42f099-79b2-43ab-acb9-97bc14ebf7d0 tempest-TaggedAttachmentsTest-1465309690 None] Acquiring lock "cinder-761fe40e-6e81-4135-8051-f21a3cc0196b-delete_volume" by "delete_volume" {{(pid=86453) __acquire /opt/stack/cinder/cinder/coordination.py:138}}
Jul 02 17:16:05 devstack cinder-volume[86453]: DEBUG cinder.coordination [None req-af42f099-79b2-43ab-acb9-97bc14ebf7d0 tempest-TaggedAttachmentsTest-1465309690 None] Lock "cinder-761fe40e-6e81-4135-8051-f21a3cc0196b-delete_volume" acquired by "delete_volume" :: waited 0.058s {{(pid=86453) __acquire /opt/stack/cinder/cinder/coordination.py:141}}
Jul 02 17:16:05 devstack cinder-volume[86453]: DEBUG cinder.coordination [None req-af42f099-79b2-43ab-acb9-97bc14ebf7d0 tempest-TaggedAttachmentsTest-1465309690 None] Acquiring lock "cinder-quobyte-761fe40e-6e81-4135-8051-f21a3cc0196b" by "delete_volume" {{(pid=86453) __acquire /opt/stack/cinder/cinder/coordination.py:138}}
Jul 02 17:16:05 devstack cinder-volume[86453]: DEBUG cinder.coordination [None req-af42f099-79b2-43ab-acb9-97bc14ebf7d0 tempest-TaggedAttachmentsTest-1465309690 None] Lock "cinder-quobyte-761fe40e-6e81-4135-8051-f21a3cc0196b" acquired by "delete_volume" :: waited 0.061s {{(pid=86453) __acquire /opt/stack/cinder/cinder/coordination.py:141}}
Jul 02 17:16:05 devstack cinder-volume[86453]: DEBUG oslo.privsep.daemon [-] privsep: reply[f3120fe8-ba63-4b89-b955-f21d7d51e496]: (4, 'qcow2') {{(pid=87549) _call_back /opt/stack/data/venv/lib/python3.12/site-packages/oslo_privsep/daemon.py:580}}
Jul 02 17:16:05 devstack cinder-volume[86453]: DEBUG oslo_concurrency.processutils [None req-af42f099-79b2-43ab-acb9-97bc14ebf7d0 tempest-TaggedAttachmentsTest-1465309690 None] Running cmd (subprocess): /opt/stack/data/venv/bin/python3.12 -m oslo_concurrency.prlimit --as=1073741824 --cpu=60 -- sudo cinder-rootwrap /etc/cinder/rootwrap.conf env LC_ALL=C qemu-img info -f qcow2 --output=json --force-share /opt/stack/data/cinder/mnt/a151543e75ee7c4e862ea5dfcf5cfebc/volume-761fe40e-6e81-4135-8051-f21a3cc0196b {{(pid=86453) execute /opt/stack/data/venv/lib/python3.12/site-packages/oslo_concurrency/processutils.py:440}}
Jul 02 17:16:05 devstack sudo[89280]: quobyte : PWD=/ ; USER=root ; COMMAND=/opt/stack/data/venv/bin/cinder-rootwrap /etc/cinder/rootwrap.conf env LC_ALL=C qemu-img info -f qcow2 --output=json --force-share /opt/stack/data/cinder/mnt/a151543e75ee7c4e862ea5dfcf5cfebc/volume-761fe40e-6e81-4135-8051-f21a3cc0196b
Jul 02 17:16:05 devstack sudo[89280]: pam_unix(sudo:session): session opened for user root(uid=0) by (uid=1000)
Jul 02 17:16:05 devstack sudo[89269]: pam_unix(sudo:session): session closed for user root
Jul 02 17:16:05 devstack cinder-volume[86453]: DEBUG oslo_concurrency.processutils [None req-d44d1b19-a94e-4533-bb81-37299a397356 tempest-SnapshotsActionsTest-2103741554 None] CMD "sudo cinder-rootwrap /etc/cinder/rootwrap.conf chmod ugo+rw /opt/stack/data/cinder/mnt/a151543e75ee7c4e862ea5dfcf5cfebc/volume-b327b66c-5598-4219-8e68-a5f2a3a5a952.info" returned: 0 in 1.416s {{(pid=86453) execute /opt/stack/data/venv/lib/python3.12/site-packages/oslo_concurrency/processutils.py:468}}
Jul 02 17:16:05 devstack cinder-volume[86453]: DEBUG oslo_concurrency.lockutils [None req-d44d1b19-a94e-4533-bb81-37299a397356 tempest-SnapshotsActionsTest-2103741554 None] Lock "quobyte" "released" by "cinder.volume.drivers.quobyte.QuobyteDriver.create_snapshot" :: held 7.521s {{(pid=86453) inner /opt/stack/data/venv/lib/python3.12/site-packages/oslo_concurrency/lockutils.py:543}}
Jul 02 17:16:05 devstack cinder-volume[86453]: INFO cinder.volume.manager [None req-d44d1b19-a94e-4533-bb81-37299a397356 tempest-SnapshotsActionsTest-2103741554 None] Create snapshot completed successfully
Jul 02 17:16:06 devstack sudo[89280]: pam_unix(sudo:session): session closed for user root
Jul 02 17:16:06 devstack cinder-volume[86453]: DEBUG oslo_concurrency.processutils [None req-af42f099-79b2-43ab-acb9-97bc14ebf7d0 tempest-TaggedAttachmentsTest-1465309690 None] CMD "/opt/stack/data/venv/bin/python3.12 -m oslo_concurrency.prlimit --as=1073741824 --cpu=60 -- sudo cinder-rootwrap /etc/cinder/rootwrap.conf env LC_ALL=C qemu-img info -f qcow2 --output=json --force-share /opt/stack/data/cinder/mnt/a151543e75ee7c4e862ea5dfcf5cfebc/volume-761fe40e-6e81-4135-8051-f21a3cc0196b" returned: 0 in 0.986s {{(pid=86453) execute /opt/stack/data/venv/lib/python3.12/site-packages/oslo_concurrency/processutils.py:468}}
Jul 02 17:16:06 devstack cinder-volume[86453]: DEBUG oslo_concurrency.processutils [None req-af42f099-79b2-43ab-acb9-97bc14ebf7d0 tempest-TaggedAttachmentsTest-1465309690 None] Running cmd (subprocess): sudo cinder-rootwrap /etc/cinder/rootwrap.conf rm -f /opt/stack/data/cinder/mnt/a151543e75ee7c4e862ea5dfcf5cfebc/volume-761fe40e-6e81-4135-8051-f21a3cc0196b {{(pid=86453) execute /opt/stack/data/venv/lib/python3.12/site-packages/oslo_concurrency/processutils.py:440}}
Jul 02 17:16:06 devstack sudo[89308]: quobyte : PWD=/ ; USER=root ; COMMAND=/opt/stack/data/venv/bin/cinder-rootwrap /etc/cinder/rootwrap.conf rm -f /opt/stack/data/cinder/mnt/a151543e75ee7c4e862ea5dfcf5cfebc/volume-761fe40e-6e81-4135-8051-f21a3cc0196b
Jul 02 17:16:06 devstack sudo[89308]: pam_unix(sudo:session): session opened for user root(uid=0) by (uid=1000)
Jul 02 17:16:07 devstack sudo[89308]: pam_unix(sudo:session): session closed for user root
Jul 02 17:16:07 devstack cinder-volume[86453]: DEBUG oslo_concurrency.processutils [None req-af42f099-79b2-43ab-acb9-97bc14ebf7d0 tempest-TaggedAttachmentsTest-1465309690 None] CMD "sudo cinder-rootwrap /etc/cinder/rootwrap.conf rm -f /opt/stack/data/cinder/mnt/a151543e75ee7c4e862ea5dfcf5cfebc/volume-761fe40e-6e81-4135-8051-f21a3cc0196b" returned: 0 in 0.780s {{(pid=86453) execute /opt/stack/data/venv/lib/python3.12/site-packages/oslo_concurrency/processutils.py:468}}
Jul 02 17:16:07 devstack cinder-volume[86453]: DEBUG cinder.coordination [None req-af42f099-79b2-43ab-acb9-97bc14ebf7d0 tempest-TaggedAttachmentsTest-1465309690 None] Lock "cinder-quobyte-761fe40e-6e81-4135-8051-f21a3cc0196b" released by "delete_volume" :: held 1.882s {{(pid=86453) __release /opt/stack/cinder/cinder/coordination.py:152}}
Jul 02 17:16:07 devstack cinder-volume[86453]: DEBUG cinder.quota [None req-af42f099-79b2-43ab-acb9-97bc14ebf7d0 tempest-TaggedAttachmentsTest-1465309690 None] Created reservations ['0e888a36-47c7-4565-9041-649010ad2c24', '9410b340-9fa8-4950-aea1-8a9f049c2a2f', '9e754051-fc3f-4cbc-af2d-ace791606474', '69bfc406-6705-4816-b022-534e60339e46'] {{(pid=86453) reserve /opt/stack/cinder/cinder/quota.py:752}}
Jul 02 17:16:07 devstack cinder-volume[86453]: DEBUG oslo_concurrency.lockutils [None req-af42f099-79b2-43ab-acb9-97bc14ebf7d0 tempest-TaggedAttachmentsTest-1465309690 None] Acquiring lock "quobyte_ensure" by "cinder.volume.drivers.quobyte.QuobyteDriver._ensure_shares_mounted" {{(pid=86453) inner /opt/stack/data/venv/lib/python3.12/site-packages/oslo_concurrency/lockutils.py:511}}
Jul 02 17:16:07 devstack cinder-volume[86453]: DEBUG oslo_concurrency.lockutils [None req-af42f099-79b2-43ab-acb9-97bc14ebf7d0 tempest-TaggedAttachmentsTest-1465309690 None] Lock "quobyte_ensure" acquired by "cinder.volume.drivers.quobyte.QuobyteDriver._ensure_shares_mounted" :: waited 0.002s {{(pid=86453) inner /opt/stack/data/venv/lib/python3.12/site-packages/oslo_concurrency/lockutils.py:524}}
Jul 02 17:16:07 devstack cinder-volume[86453]: DEBUG cinder.volume.drivers.quobyte [None req-af42f099-79b2-43ab-acb9-97bc14ebf7d0 tempest-TaggedAttachmentsTest-1465309690 None] Quobyte Volume URL set to: {'osci02.corp.quobyte.com/cinder-vol-6992c8dc-8f22-4a87-94d0-f639faa8a112': None} {{(pid=86453) _load_shares_config /opt/stack/cinder/cinder/volume/drivers/quobyte.py:617}}
Jul 02 17:16:07 devstack cinder-volume[86453]: DEBUG cinder.volume.drivers.quobyte [None req-af42f099-79b2-43ab-acb9-97bc14ebf7d0 tempest-TaggedAttachmentsTest-1465309690 None] Available shares ['osci02.corp.quobyte.com/cinder-vol-6992c8dc-8f22-4a87-94d0-f639faa8a112'] {{(pid=86453) _ensure_shares_mounted /opt/stack/cinder/cinder/volume/drivers/quobyte.py:647}}
Jul 02 17:16:07 devstack cinder-volume[86453]: DEBUG oslo_concurrency.lockutils [None req-af42f099-79b2-43ab-acb9-97bc14ebf7d0 tempest-TaggedAttachmentsTest-1465309690 None] Lock "quobyte_ensure" "released" by "cinder.volume.drivers.quobyte.QuobyteDriver._ensure_shares_mounted" :: held 0.010s {{(pid=86453) inner /opt/stack/data/venv/lib/python3.12/site-packages/oslo_concurrency/lockutils.py:543}}
Jul 02 17:16:07 devstack cinder-volume[86453]: DEBUG oslo_concurrency.processutils [None req-af42f099-79b2-43ab-acb9-97bc14ebf7d0 tempest-TaggedAttachmentsTest-1465309690 None] Running cmd (subprocess): sudo cinder-rootwrap /etc/cinder/rootwrap.conf df --portability --block-size 1 /opt/stack/data/cinder/mnt/a151543e75ee7c4e862ea5dfcf5cfebc {{(pid=86453) execute /opt/stack/data/venv/lib/python3.12/site-packages/oslo_concurrency/processutils.py:440}}
Jul 02 17:16:07 devstack sudo[89319]: quobyte : PWD=/ ; USER=root ; COMMAND=/opt/stack/data/venv/bin/cinder-rootwrap /etc/cinder/rootwrap.conf df --portability --block-size 1 /opt/stack/data/cinder/mnt/a151543e75ee7c4e862ea5dfcf5cfebc
Jul 02 17:16:07 devstack sudo[89319]: pam_unix(sudo:session): session opened for user root(uid=0) by (uid=1000)
Jul 02 17:16:07 devstack cinder-volume[86453]: DEBUG oslo_concurrency.lockutils [None req-6f942d95-cf93-4d18-9df8-1c86289e3b32 tempest-SnapshotsActionsTest-2103741554 None] Acquiring lock "quobyte" by "cinder.volume.drivers.quobyte.QuobyteDriver.create_snapshot" {{(pid=86453) inner /opt/stack/data/venv/lib/python3.12/site-packages/oslo_concurrency/lockutils.py:511}}
Jul 02 17:16:07 devstack cinder-volume[86453]: DEBUG oslo_concurrency.lockutils [None req-6f942d95-cf93-4d18-9df8-1c86289e3b32 tempest-SnapshotsActionsTest-2103741554 None] Lock "quobyte" acquired by "cinder.volume.drivers.quobyte.QuobyteDriver.create_snapshot" :: waited 0.001s {{(pid=86453) inner /opt/stack/data/venv/lib/python3.12/site-packages/oslo_concurrency/lockutils.py:524}}
Jul 02 17:16:07 devstack cinder-volume[86453]: DEBUG cinder.volume.drivers.remotefs [None req-6f942d95-cf93-4d18-9df8-1c86289e3b32 tempest-SnapshotsActionsTest-2103741554 None] Creating offline snapshot d1003126-0614-432f-a7e9-f357eef2ae94 of volume b327b66c-5598-4219-8e68-a5f2a3a5a952 {{(pid=86453) _create_snapshot /opt/stack/cinder/cinder/volume/drivers/remotefs.py:1814}}
Jul 02 17:16:07 devstack cinder-volume[86453]: DEBUG oslo.privsep.daemon [-] privsep: reply[8ca59d0e-decb-4109-95d1-59caa99eb10a]: (4, 'qcow2') {{(pid=87549) _call_back /opt/stack/data/venv/lib/python3.12/site-packages/oslo_privsep/daemon.py:580}}
Jul 02 17:16:07 devstack cinder-volume[86453]: DEBUG oslo_concurrency.processutils [None req-6f942d95-cf93-4d18-9df8-1c86289e3b32 tempest-SnapshotsActionsTest-2103741554 None] Running cmd (subprocess): /opt/stack/data/venv/bin/python3.12 -m oslo_concurrency.prlimit --as=1073741824 --cpu=60 -- sudo cinder-rootwrap /etc/cinder/rootwrap.conf env LC_ALL=C qemu-img info -f qcow2 --output=json --force-share /opt/stack/data/cinder/mnt/a151543e75ee7c4e862ea5dfcf5cfebc/volume-b327b66c-5598-4219-8e68-a5f2a3a5a952.f2007151-9c11-40c9-bd49-bf9a907df6e3 {{(pid=86453) execute /opt/stack/data/venv/lib/python3.12/site-packages/oslo_concurrency/processutils.py:440}}
Jul 02 17:16:07 devstack sudo[89344]: quobyte : PWD=/ ; USER=root ; COMMAND=/opt/stack/data/venv/bin/cinder-rootwrap /etc/cinder/rootwrap.conf env LC_ALL=C qemu-img info -f qcow2 --output=json --force-share /opt/stack/data/cinder/mnt/a151543e75ee7c4e862ea5dfcf5cfebc/volume-b327b66c-5598-4219-8e68-a5f2a3a5a952.f2007151-9c11-40c9-bd49-bf9a907df6e3
Jul 02 17:16:07 devstack sudo[89344]: pam_unix(sudo:session): session opened for user root(uid=0) by (uid=1000)
Jul 02 17:16:08 devstack sudo[89319]: pam_unix(sudo:session): session closed for user root
Jul 02 17:16:08 devstack cinder-volume[86453]: DEBUG oslo_concurrency.processutils [None req-af42f099-79b2-43ab-acb9-97bc14ebf7d0 tempest-TaggedAttachmentsTest-1465309690 None] CMD "sudo cinder-rootwrap /etc/cinder/rootwrap.conf df --portability --block-size 1 /opt/stack/data/cinder/mnt/a151543e75ee7c4e862ea5dfcf5cfebc" returned: 0 in 1.297s {{(pid=86453) execute /opt/stack/data/venv/lib/python3.12/site-packages/oslo_concurrency/processutils.py:468}}
Jul 02 17:16:08 devstack cinder-volume[86453]: DEBUG cinder.manager [None req-af42f099-79b2-43ab-acb9-97bc14ebf7d0 tempest-TaggedAttachmentsTest-1465309690 None] Notifying Schedulers of capabilities ... {{(pid=86453) _publish_service_capabilities /opt/stack/cinder/cinder/manager.py:219}}
Jul 02 17:16:08 devstack cinder-volume[86453]: INFO cinder.volume.manager [None req-af42f099-79b2-43ab-acb9-97bc14ebf7d0 tempest-TaggedAttachmentsTest-1465309690 None] Deleted volume successfully.
Jul 02 17:16:08 devstack cinder-volume[86453]: DEBUG cinder.coordination [None req-af42f099-79b2-43ab-acb9-97bc14ebf7d0 tempest-TaggedAttachmentsTest-1465309690 None] Lock "cinder-761fe40e-6e81-4135-8051-f21a3cc0196b-delete_volume" released by "delete_volume" :: held 3.655s {{(pid=86453) __release /opt/stack/cinder/cinder/coordination.py:152}}
Jul 02 17:16:09 devstack sudo[89344]: pam_unix(sudo:session): session closed for user root
Jul 02 17:16:09 devstack cinder-volume[86453]: DEBUG oslo_concurrency.processutils [None req-6f942d95-cf93-4d18-9df8-1c86289e3b32 tempest-SnapshotsActionsTest-2103741554 None] CMD "/opt/stack/data/venv/bin/python3.12 -m oslo_concurrency.prlimit --as=1073741824 --cpu=60 -- sudo cinder-rootwrap /etc/cinder/rootwrap.conf env LC_ALL=C qemu-img info -f qcow2 --output=json --force-share /opt/stack/data/cinder/mnt/a151543e75ee7c4e862ea5dfcf5cfebc/volume-b327b66c-5598-4219-8e68-a5f2a3a5a952.f2007151-9c11-40c9-bd49-bf9a907df6e3" returned: 0 in 1.271s {{(pid=86453) execute /opt/stack/data/venv/lib/python3.12/site-packages/oslo_concurrency/processutils.py:468}}
Jul 02 17:16:09 devstack cinder-volume[86453]: DEBUG cinder.volume.drivers.remotefs [None req-6f942d95-cf93-4d18-9df8-1c86289e3b32 tempest-SnapshotsActionsTest-2103741554 None] Fetching qemu-img info with special backing_file_template: (/opt/stack/data/cinder/mnt/[0-9a-f]+/)?(volume-b327b66c-5598-4219-8e68-a5f2a3a5a952(.(tmp-snap-)?[0-9a-f-]+)?|volume_from_snapshot_cache/(tmp-snap-)?[0-9a-f-]+(.(child-|parent-)[0-9a-f-]+)?)$ {{(pid=86453) _qemu_img_info_base /opt/stack/cinder/cinder/volume/drivers/remotefs.py:896}}
Jul 02 17:16:09 devstack cinder-volume[86453]: DEBUG oslo_concurrency.processutils [None req-6f942d95-cf93-4d18-9df8-1c86289e3b32 tempest-SnapshotsActionsTest-2103741554 None] Running cmd (subprocess): sudo cinder-rootwrap /etc/cinder/rootwrap.conf qemu-img create -f qcow2 -o backing_file=/opt/stack/data/cinder/mnt/a151543e75ee7c4e862ea5dfcf5cfebc/volume-b327b66c-5598-4219-8e68-a5f2a3a5a952.f2007151-9c11-40c9-bd49-bf9a907df6e3,backing_fmt=qcow2 /opt/stack/data/cinder/mnt/a151543e75ee7c4e862ea5dfcf5cfebc/volume-b327b66c-5598-4219-8e68-a5f2a3a5a952.d1003126-0614-432f-a7e9-f357eef2ae94 1G {{(pid=86453) execute /opt/stack/data/venv/lib/python3.12/site-packages/oslo_concurrency/processutils.py:440}}
Jul 02 17:16:09 devstack sudo[89364]: quobyte : PWD=/ ; USER=root ; COMMAND=/opt/stack/data/venv/bin/cinder-rootwrap /etc/cinder/rootwrap.conf qemu-img create -f qcow2 -o backing_file=/opt/stack/data/cinder/mnt/a151543e75ee7c4e862ea5dfcf5cfebc/volume-b327b66c-5598-4219-8e68-a5f2a3a5a952.f2007151-9c11-40c9-bd49-bf9a907df6e3,backing_fmt=qcow2 /opt/stack/data/cinder/mnt/a151543e75ee7c4e862ea5dfcf5cfebc/volume-b327b66c-5598-4219-8e68-a5f2a3a5a952.d1003126-0614-432f-a7e9-f357eef2ae94 1G
Jul 02 17:16:09 devstack sudo[89364]: pam_unix(sudo:session): session opened for user root(uid=0) by (uid=1000)
Jul 02 17:16:10 devstack sudo[89364]: pam_unix(sudo:session): session closed for user root
Jul 02 17:16:10 devstack cinder-volume[86453]: DEBUG oslo_concurrency.processutils [None req-6f942d95-cf93-4d18-9df8-1c86289e3b32 tempest-SnapshotsActionsTest-2103741554 None] CMD "sudo cinder-rootwrap /etc/cinder/rootwrap.conf qemu-img create -f qcow2 -o backing_file=/opt/stack/data/cinder/mnt/a151543e75ee7c4e862ea5dfcf5cfebc/volume-b327b66c-5598-4219-8e68-a5f2a3a5a952.f2007151-9c11-40c9-bd49-bf9a907df6e3,backing_fmt=qcow2 /opt/stack/data/cinder/mnt/a151543e75ee7c4e862ea5dfcf5cfebc/volume-b327b66c-5598-4219-8e68-a5f2a3a5a952.d1003126-0614-432f-a7e9-f357eef2ae94 1G" returned: 0 in 1.513s {{(pid=86453) execute /opt/stack/data/venv/lib/python3.12/site-packages/oslo_concurrency/processutils.py:468}}
Jul 02 17:16:10 devstack cinder-volume[86453]: DEBUG oslo_concurrency.processutils [None req-6f942d95-cf93-4d18-9df8-1c86289e3b32 tempest-SnapshotsActionsTest-2103741554 None] Running cmd (subprocess): sudo cinder-rootwrap /etc/cinder/rootwrap.conf qemu-img rebase -u -b volume-b327b66c-5598-4219-8e68-a5f2a3a5a952.f2007151-9c11-40c9-bd49-bf9a907df6e3 -F qcow2 /opt/stack/data/cinder/mnt/a151543e75ee7c4e862ea5dfcf5cfebc/volume-b327b66c-5598-4219-8e68-a5f2a3a5a952.d1003126-0614-432f-a7e9-f357eef2ae94 {{(pid=86453) execute /opt/stack/data/venv/lib/python3.12/site-packages/oslo_concurrency/processutils.py:440}}
Jul 02 17:16:10 devstack sudo[89372]: quobyte : PWD=/ ; USER=root ; COMMAND=/opt/stack/data/venv/bin/cinder-rootwrap /etc/cinder/rootwrap.conf qemu-img rebase -u -b volume-b327b66c-5598-4219-8e68-a5f2a3a5a952.f2007151-9c11-40c9-bd49-bf9a907df6e3 -F qcow2 /opt/stack/data/cinder/mnt/a151543e75ee7c4e862ea5dfcf5cfebc/volume-b327b66c-5598-4219-8e68-a5f2a3a5a952.d1003126-0614-432f-a7e9-f357eef2ae94
Jul 02 17:16:10 devstack sudo[89372]: pam_unix(sudo:session): session opened for user root(uid=0) by (uid=1000)
Jul 02 17:16:11 devstack sudo[89372]: pam_unix(sudo:session): session closed for user root
Jul 02 17:16:11 devstack cinder-volume[86453]: DEBUG oslo_concurrency.processutils [None req-6f942d95-cf93-4d18-9df8-1c86289e3b32 tempest-SnapshotsActionsTest-2103741554 None] CMD "sudo cinder-rootwrap /etc/cinder/rootwrap.conf qemu-img rebase -u -b volume-b327b66c-5598-4219-8e68-a5f2a3a5a952.f2007151-9c11-40c9-bd49-bf9a907df6e3 -F qcow2 /opt/stack/data/cinder/mnt/a151543e75ee7c4e862ea5dfcf5cfebc/volume-b327b66c-5598-4219-8e68-a5f2a3a5a952.d1003126-0614-432f-a7e9-f357eef2ae94" returned: 0 in 1.175s {{(pid=86453) execute /opt/stack/data/venv/lib/python3.12/site-packages/oslo_concurrency/processutils.py:468}}
Jul 02 17:16:11 devstack cinder-volume[86453]: WARNING cinder.volume.drivers.remotefs [None req-6f942d95-cf93-4d18-9df8-1c86289e3b32 tempest-SnapshotsActionsTest-2103741554 None] /opt/stack/data/cinder/mnt/a151543e75ee7c4e862ea5dfcf5cfebc/volume-b327b66c-5598-4219-8e68-a5f2a3a5a952.d1003126-0614-432f-a7e9-f357eef2ae94 is being set with open permissions: ugo+rw
Jul 02 17:16:11 devstack cinder-volume[86453]: DEBUG oslo_concurrency.processutils [None req-6f942d95-cf93-4d18-9df8-1c86289e3b32 tempest-SnapshotsActionsTest-2103741554 None] Running cmd (subprocess): sudo cinder-rootwrap /etc/cinder/rootwrap.conf chmod ugo+rw /opt/stack/data/cinder/mnt/a151543e75ee7c4e862ea5dfcf5cfebc/volume-b327b66c-5598-4219-8e68-a5f2a3a5a952.d1003126-0614-432f-a7e9-f357eef2ae94 {{(pid=86453) execute /opt/stack/data/venv/lib/python3.12/site-packages/oslo_concurrency/processutils.py:440}}
Jul 02 17:16:11 devstack sudo[89380]: quobyte : PWD=/ ; USER=root ; COMMAND=/opt/stack/data/venv/bin/cinder-rootwrap /etc/cinder/rootwrap.conf chmod ugo+rw /opt/stack/data/cinder/mnt/a151543e75ee7c4e862ea5dfcf5cfebc/volume-b327b66c-5598-4219-8e68-a5f2a3a5a952.d1003126-0614-432f-a7e9-f357eef2ae94
Jul 02 17:16:11 devstack sudo[89380]: pam_unix(sudo:session): session opened for user root(uid=0) by (uid=1000)
Jul 02 17:16:12 devstack sudo[89380]: pam_unix(sudo:session): session closed for user root
Jul 02 17:16:12 devstack cinder-volume[86453]: DEBUG oslo_concurrency.processutils [None req-6f942d95-cf93-4d18-9df8-1c86289e3b32 tempest-SnapshotsActionsTest-2103741554 None] CMD "sudo cinder-rootwrap /etc/cinder/rootwrap.conf chmod ugo+rw /opt/stack/data/cinder/mnt/a151543e75ee7c4e862ea5dfcf5cfebc/volume-b327b66c-5598-4219-8e68-a5f2a3a5a952.d1003126-0614-432f-a7e9-f357eef2ae94" returned: 0 in 1.084s {{(pid=86453) execute /opt/stack/data/venv/lib/python3.12/site-packages/oslo_concurrency/processutils.py:468}}
Jul 02 17:16:12 devstack cinder-volume[86453]: DEBUG oslo_concurrency.lockutils [None req-6f942d95-cf93-4d18-9df8-1c86289e3b32 tempest-SnapshotsActionsTest-2103741554 None] Lock "quobyte" "released" by "cinder.volume.drivers.quobyte.QuobyteDriver.create_snapshot" :: held 5.318s {{(pid=86453) inner /opt/stack/data/venv/lib/python3.12/site-packages/oslo_concurrency/lockutils.py:543}}
Jul 02 17:16:13 devstack cinder-volume[86453]: INFO cinder.volume.manager [None req-6f942d95-cf93-4d18-9df8-1c86289e3b32 tempest-SnapshotsActionsTest-2103741554 None] Create snapshot completed successfully
Jul 02 17:16:14 devstack cinder-volume[86453]: DEBUG cinder.coordination [None req-7274dffb-89ed-4f28-834e-8ac7537d6964 tempest-SnapshotsActionsTest-1261337665 None] Acquiring lock "cinder-d1003126-0614-432f-a7e9-f357eef2ae94-delete_snapshot" by "delete_snapshot" {{(pid=86453) __acquire /opt/stack/cinder/cinder/coordination.py:138}}
Jul 02 17:16:14 devstack cinder-volume[86453]: DEBUG cinder.coordination [None req-7274dffb-89ed-4f28-834e-8ac7537d6964 tempest-SnapshotsActionsTest-1261337665 None] Lock "cinder-d1003126-0614-432f-a7e9-f357eef2ae94-delete_snapshot" acquired by "delete_snapshot" :: waited 0.038s {{(pid=86453) __acquire /opt/stack/cinder/cinder/coordination.py:141}}
Jul 02 17:16:14 devstack cinder-volume[86453]: DEBUG cinder.coordination [None req-7274dffb-89ed-4f28-834e-8ac7537d6964 tempest-SnapshotsActionsTest-1261337665 None] Acquiring lock "cinder-quobyte-b327b66c-5598-4219-8e68-a5f2a3a5a952" by "delete_snapshot" {{(pid=86453) __acquire /opt/stack/cinder/cinder/coordination.py:138}}
Jul 02 17:16:14 devstack cinder-volume[86453]: DEBUG cinder.coordination [None req-7274dffb-89ed-4f28-834e-8ac7537d6964 tempest-SnapshotsActionsTest-1261337665 None] Lock "cinder-quobyte-b327b66c-5598-4219-8e68-a5f2a3a5a952" acquired by "delete_snapshot" :: waited 0.029s {{(pid=86453) __acquire /opt/stack/cinder/cinder/coordination.py:141}}
Jul 02 17:16:14 devstack cinder-volume[86453]: DEBUG cinder.coordination [None req-7274dffb-89ed-4f28-834e-8ac7537d6964 tempest-SnapshotsActionsTest-1261337665 None] Acquiring lock "cinder-quobyte-d1003126-0614-432f-a7e9-f357eef2ae94" by "_delete_snapshot" {{(pid=86453) __acquire /opt/stack/cinder/cinder/coordination.py:138}}
Jul 02 17:16:14 devstack cinder-volume[86453]: DEBUG cinder.coordination [None req-7274dffb-89ed-4f28-834e-8ac7537d6964 tempest-SnapshotsActionsTest-1261337665 None] Lock "cinder-quobyte-d1003126-0614-432f-a7e9-f357eef2ae94" acquired by "_delete_snapshot" :: waited 0.033s {{(pid=86453) __acquire /opt/stack/cinder/cinder/coordination.py:141}}
Jul 02 17:16:14 devstack cinder-volume[86453]: DEBUG cinder.volume.drivers.remotefs [None req-7274dffb-89ed-4f28-834e-8ac7537d6964 tempest-SnapshotsActionsTest-1261337665 None] Deleting offline snapshot d1003126-0614-432f-a7e9-f357eef2ae94 of volume b327b66c-5598-4219-8e68-a5f2a3a5a952 {{(pid=86453) _delete_snapshot /opt/stack/cinder/cinder/volume/drivers/remotefs.py:1288}}
Jul 02 17:16:14 devstack cinder-volume[86453]: DEBUG cinder.volume.drivers.remotefs [None req-7274dffb-89ed-4f28-834e-8ac7537d6964 tempest-SnapshotsActionsTest-1261337665 None] snapshot_file for this snap is: volume-b327b66c-5598-4219-8e68-a5f2a3a5a952.d1003126-0614-432f-a7e9-f357eef2ae94 {{(pid=86453) _delete_snapshot /opt/stack/cinder/cinder/volume/drivers/remotefs.py:1317}}
Jul 02 17:16:14 devstack cinder-volume[86453]: DEBUG oslo.privsep.daemon [-] privsep: reply[653b53cb-ad99-47b3-b2b6-205d98a2a608]: (4, 'qcow2') {{(pid=87549) _call_back /opt/stack/data/venv/lib/python3.12/site-packages/oslo_privsep/daemon.py:580}}
Jul 02 17:16:14 devstack cinder-volume[86453]: DEBUG oslo_concurrency.processutils [None req-7274dffb-89ed-4f28-834e-8ac7537d6964 tempest-SnapshotsActionsTest-1261337665 None] Running cmd (subprocess): /opt/stack/data/venv/bin/python3.12 -m oslo_concurrency.prlimit --as=1073741824 --cpu=60 -- sudo cinder-rootwrap /etc/cinder/rootwrap.conf env LC_ALL=C qemu-img info -f qcow2 --output=json --force-share /opt/stack/data/cinder/mnt/a151543e75ee7c4e862ea5dfcf5cfebc/volume-b327b66c-5598-4219-8e68-a5f2a3a5a952.d1003126-0614-432f-a7e9-f357eef2ae94 {{(pid=86453) execute /opt/stack/data/venv/lib/python3.12/site-packages/oslo_concurrency/processutils.py:440}}
Jul 02 17:16:14 devstack sudo[89405]: quobyte : PWD=/ ; USER=root ; COMMAND=/opt/stack/data/venv/bin/cinder-rootwrap /etc/cinder/rootwrap.conf env LC_ALL=C qemu-img info -f qcow2 --output=json --force-share /opt/stack/data/cinder/mnt/a151543e75ee7c4e862ea5dfcf5cfebc/volume-b327b66c-5598-4219-8e68-a5f2a3a5a952.d1003126-0614-432f-a7e9-f357eef2ae94
Jul 02 17:16:14 devstack sudo[89405]: pam_unix(sudo:session): session opened for user root(uid=0) by (uid=1000)
Jul 02 17:16:15 devstack cinder-volume[86453]: DEBUG oslo_concurrency.processutils [None req-7274dffb-89ed-4f28-834e-8ac7537d6964 tempest-SnapshotsActionsTest-1261337665 None] CMD "/opt/stack/data/venv/bin/python3.12 -m oslo_concurrency.prlimit --as=1073741824 --cpu=60 -- sudo cinder-rootwrap /etc/cinder/rootwrap.conf env LC_ALL=C qemu-img info -f qcow2 --output=json --force-share /opt/stack/data/cinder/mnt/a151543e75ee7c4e862ea5dfcf5cfebc/volume-b327b66c-5598-4219-8e68-a5f2a3a5a952.d1003126-0614-432f-a7e9-f357eef2ae94" returned: 0 in 1.472s {{(pid=86453) execute /opt/stack/data/venv/lib/python3.12/site-packages/oslo_concurrency/processutils.py:468}}
Jul 02 17:16:15 devstack cinder-volume[86453]: DEBUG cinder.volume.drivers.remotefs [None req-7274dffb-89ed-4f28-834e-8ac7537d6964 tempest-SnapshotsActionsTest-1261337665 None] Fetching qemu-img info with special backing_file_template: (/opt/stack/data/cinder/mnt/[0-9a-f]+/)?(volume-b327b66c-5598-4219-8e68-a5f2a3a5a952(.(tmp-snap-)?[0-9a-f-]+)?|volume_from_snapshot_cache/(tmp-snap-)?[0-9a-f-]+(.(child-|parent-)[0-9a-f-]+)?)$ {{(pid=86453) _qemu_img_info_base /opt/stack/cinder/cinder/volume/drivers/remotefs.py:896}}
Jul 02 17:16:15 devstack sudo[89405]: pam_unix(sudo:session): session closed for user root
Jul 02 17:16:16 devstack cinder-volume[86453]: DEBUG oslo.privsep.daemon [-] privsep: reply[ce51f5b9-2ef8-4790-a318-84d4e3215d90]: (4, 'qcow2') {{(pid=87549) _call_back /opt/stack/data/venv/lib/python3.12/site-packages/oslo_privsep/daemon.py:580}}
Jul 02 17:16:16 devstack cinder-volume[86453]: DEBUG oslo_concurrency.processutils [None req-7274dffb-89ed-4f28-834e-8ac7537d6964 tempest-SnapshotsActionsTest-1261337665 None] Running cmd (subprocess): /opt/stack/data/venv/bin/python3.12 -m oslo_concurrency.prlimit --as=1073741824 --cpu=60 -- sudo cinder-rootwrap /etc/cinder/rootwrap.conf env LC_ALL=C qemu-img info -f qcow2 --output=json --force-share /opt/stack/data/cinder/mnt/a151543e75ee7c4e862ea5dfcf5cfebc/volume-b327b66c-5598-4219-8e68-a5f2a3a5a952.f2007151-9c11-40c9-bd49-bf9a907df6e3 {{(pid=86453) execute /opt/stack/data/venv/lib/python3.12/site-packages/oslo_concurrency/processutils.py:440}}
Jul 02 17:16:16 devstack sudo[89411]: quobyte : PWD=/ ; USER=root ; COMMAND=/opt/stack/data/venv/bin/cinder-rootwrap /etc/cinder/rootwrap.conf env LC_ALL=C qemu-img info -f qcow2 --output=json --force-share /opt/stack/data/cinder/mnt/a151543e75ee7c4e862ea5dfcf5cfebc/volume-b327b66c-5598-4219-8e68-a5f2a3a5a952.f2007151-9c11-40c9-bd49-bf9a907df6e3
Jul 02 17:16:16 devstack sudo[89411]: pam_unix(sudo:session): session opened for user root(uid=0) by (uid=1000)
Jul 02 17:16:17 devstack sudo[89411]: pam_unix(sudo:session): session closed for user root
Jul 02 17:16:17 devstack cinder-volume[86453]: DEBUG oslo_concurrency.processutils [None req-7274dffb-89ed-4f28-834e-8ac7537d6964 tempest-SnapshotsActionsTest-1261337665 None] CMD "/opt/stack/data/venv/bin/python3.12 -m oslo_concurrency.prlimit --as=1073741824 --cpu=60 -- sudo cinder-rootwrap /etc/cinder/rootwrap.conf env LC_ALL=C qemu-img info -f qcow2 --output=json --force-share /opt/stack/data/cinder/mnt/a151543e75ee7c4e862ea5dfcf5cfebc/volume-b327b66c-5598-4219-8e68-a5f2a3a5a952.f2007151-9c11-40c9-bd49-bf9a907df6e3" returned: 0 in 1.489s {{(pid=86453) execute /opt/stack/data/venv/lib/python3.12/site-packages/oslo_concurrency/processutils.py:468}}
Jul 02 17:16:17 devstack cinder-volume[86453]: DEBUG cinder.volume.drivers.remotefs [None req-7274dffb-89ed-4f28-834e-8ac7537d6964 tempest-SnapshotsActionsTest-1261337665 None] Fetching qemu-img info with special backing_file_template: (/opt/stack/data/cinder/mnt/[0-9a-f]+/)?(volume-b327b66c-5598-4219-8e68-a5f2a3a5a952(.(tmp-snap-)?[0-9a-f-]+)?|volume_from_snapshot_cache/(tmp-snap-)?[0-9a-f-]+(.(child-|parent-)[0-9a-f-]+)?)$ {{(pid=86453) _qemu_img_info_base /opt/stack/cinder/cinder/volume/drivers/remotefs.py:896}}
Jul 02 17:16:17 devstack cinder-volume[86453]: DEBUG oslo_concurrency.processutils [None req-7274dffb-89ed-4f28-834e-8ac7537d6964 tempest-SnapshotsActionsTest-1261337665 None] Running cmd (subprocess): sudo cinder-rootwrap /etc/cinder/rootwrap.conf qemu-img commit -d /opt/stack/data/cinder/mnt/a151543e75ee7c4e862ea5dfcf5cfebc/volume-b327b66c-5598-4219-8e68-a5f2a3a5a952.d1003126-0614-432f-a7e9-f357eef2ae94 {{(pid=86453) execute /opt/stack/data/venv/lib/python3.12/site-packages/oslo_concurrency/processutils.py:440}}
Jul 02 17:16:17 devstack sudo[89418]: quobyte : PWD=/ ; USER=root ; COMMAND=/opt/stack/data/venv/bin/cinder-rootwrap /etc/cinder/rootwrap.conf qemu-img commit -d /opt/stack/data/cinder/mnt/a151543e75ee7c4e862ea5dfcf5cfebc/volume-b327b66c-5598-4219-8e68-a5f2a3a5a952.d1003126-0614-432f-a7e9-f357eef2ae94
Jul 02 17:16:17 devstack sudo[89418]: pam_unix(sudo:session): session opened for user root(uid=0) by (uid=1000)
Jul 02 17:16:18 devstack sudo[89418]: pam_unix(sudo:session): session closed for user root
Jul 02 17:16:18 devstack cinder-volume[86453]: DEBUG oslo_concurrency.processutils [None req-7274dffb-89ed-4f28-834e-8ac7537d6964 tempest-SnapshotsActionsTest-1261337665 None] CMD "sudo cinder-rootwrap /etc/cinder/rootwrap.conf qemu-img commit -d /opt/stack/data/cinder/mnt/a151543e75ee7c4e862ea5dfcf5cfebc/volume-b327b66c-5598-4219-8e68-a5f2a3a5a952.d1003126-0614-432f-a7e9-f357eef2ae94" returned: 0 in 1.432s {{(pid=86453) execute /opt/stack/data/venv/lib/python3.12/site-packages/oslo_concurrency/processutils.py:468}}
Jul 02 17:16:18 devstack cinder-volume[86453]: DEBUG oslo_concurrency.processutils [None req-7274dffb-89ed-4f28-834e-8ac7537d6964 tempest-SnapshotsActionsTest-1261337665 None] Running cmd (subprocess): sudo cinder-rootwrap /etc/cinder/rootwrap.conf rm -f /opt/stack/data/cinder/mnt/a151543e75ee7c4e862ea5dfcf5cfebc/volume-b327b66c-5598-4219-8e68-a5f2a3a5a952.d1003126-0614-432f-a7e9-f357eef2ae94 {{(pid=86453) execute /opt/stack/data/venv/lib/python3.12/site-packages/oslo_concurrency/processutils.py:440}}
Jul 02 17:16:18 devstack sudo[89424]: quobyte : PWD=/ ; USER=root ; COMMAND=/opt/stack/data/venv/bin/cinder-rootwrap /etc/cinder/rootwrap.conf rm -f /opt/stack/data/cinder/mnt/a151543e75ee7c4e862ea5dfcf5cfebc/volume-b327b66c-5598-4219-8e68-a5f2a3a5a952.d1003126-0614-432f-a7e9-f357eef2ae94
Jul 02 17:16:19 devstack sudo[89424]: pam_unix(sudo:session): session opened for user root(uid=0) by (uid=1000)
Jul 02 17:16:19 devstack sudo[89424]: pam_unix(sudo:session): session closed for user root
Jul 02 17:16:19 devstack cinder-volume[86453]: DEBUG oslo_concurrency.processutils [None req-7274dffb-89ed-4f28-834e-8ac7537d6964 tempest-SnapshotsActionsTest-1261337665 None] CMD "sudo cinder-rootwrap /etc/cinder/rootwrap.conf rm -f /opt/stack/data/cinder/mnt/a151543e75ee7c4e862ea5dfcf5cfebc/volume-b327b66c-5598-4219-8e68-a5f2a3a5a952.d1003126-0614-432f-a7e9-f357eef2ae94" returned: 0 in 0.917s {{(pid=86453) execute /opt/stack/data/venv/lib/python3.12/site-packages/oslo_concurrency/processutils.py:468}}
Jul 02 17:16:19 devstack cinder-volume[86453]: DEBUG cinder.coordination [None req-7274dffb-89ed-4f28-834e-8ac7537d6964 tempest-SnapshotsActionsTest-1261337665 None] Lock "cinder-quobyte-d1003126-0614-432f-a7e9-f357eef2ae94" released by "_delete_snapshot" :: held 5.560s {{(pid=86453) __release /opt/stack/cinder/cinder/coordination.py:152}}
Jul 02 17:16:19 devstack cinder-volume[86453]: DEBUG cinder.coordination [None req-7274dffb-89ed-4f28-834e-8ac7537d6964 tempest-SnapshotsActionsTest-1261337665 None] Lock "cinder-quobyte-b327b66c-5598-4219-8e68-a5f2a3a5a952" released by "delete_snapshot" :: held 5.613s {{(pid=86453) __release /opt/stack/cinder/cinder/coordination.py:152}}
Jul 02 17:16:20 devstack cinder-volume[86453]: DEBUG cinder.quota [None req-7274dffb-89ed-4f28-834e-8ac7537d6964 tempest-SnapshotsActionsTest-1261337665 None] Created reservations ['f8126f24-db3b-4011-8b7e-01ba00bfd4ed', '34ddd795-16a1-400b-b198-73940459c4b9', '97e22b19-c3aa-4ff8-abb9-b9450c0b046b', 'aa57693b-38cd-4bf2-a8d1-55c690705cf7'] {{(pid=86453) reserve /opt/stack/cinder/cinder/quota.py:752}}
Jul 02 17:16:20 devstack cinder-volume[86453]: INFO cinder.volume.manager [None req-7274dffb-89ed-4f28-834e-8ac7537d6964 tempest-SnapshotsActionsTest-1261337665 None] Delete snapshot completed successfully.
Jul 02 17:16:20 devstack cinder-volume[86453]: DEBUG cinder.coordination [None req-7274dffb-89ed-4f28-834e-8ac7537d6964 tempest-SnapshotsActionsTest-1261337665 None] Lock "cinder-d1003126-0614-432f-a7e9-f357eef2ae94-delete_snapshot" released by "delete_snapshot" :: held 6.139s {{(pid=86453) __release /opt/stack/cinder/cinder/coordination.py:152}}
Jul 02 17:16:20 devstack cinder-volume[86453]: DEBUG cinder.volume.flows.manager.create_volume [None req-6f5812d3-c132-435e-b589-797bc52192b5 tempest-ServerRescueNegativeTestJSON-1175072547 None] Volume reschedule parameters: True retry: {'num_attempts': 1, 'backends': ['devstack@QuobyteHD#QuobyteHD'], 'hosts': ['devstack@QuobyteHD#QuobyteHD']} {{(pid=86453) get_flow /opt/stack/cinder/cinder/volume/flows/manager/create_volume.py:1400}}
Jul 02 17:16:20 devstack cinder-volume[86453]: DEBUG cinder.volume.manager [None req-6f5812d3-c132-435e-b589-797bc52192b5 tempest-ServerRescueNegativeTestJSON-1175072547 None] Flow 'volume_create_manager' (30caba41-709a-487c-a035-b498607d7b57) transitioned into state 'RUNNING' from state 'PENDING' {{(pid=86453) _flow_receiver /opt/stack/data/venv/lib/python3.12/site-packages/taskflow/listeners/logging.py:160}}
Jul 02 17:16:20 devstack cinder-volume[86453]: DEBUG cinder.volume.manager [None req-6f5812d3-c132-435e-b589-797bc52192b5 tempest-ServerRescueNegativeTestJSON-1175072547 None] Task 'cinder.volume.flows.manager.create_volume.ExtractVolumeRefTask;volume:create' (7eb14a12-5ef8-4592-8373-75140c89c91f) transitioned into state 'RUNNING' from state 'PENDING' {{(pid=86453) _task_receiver /opt/stack/data/venv/lib/python3.12/site-packages/taskflow/listeners/logging.py:242}}
Jul 02 17:16:20 devstack cinder-volume[86453]: DEBUG cinder.volume.manager [None req-6f5812d3-c132-435e-b589-797bc52192b5 tempest-ServerRescueNegativeTestJSON-1175072547 None] Task 'cinder.volume.flows.manager.create_volume.ExtractVolumeRefTask;volume:create' (7eb14a12-5ef8-4592-8373-75140c89c91f) transitioned into state 'SUCCESS' from state 'RUNNING' with result 'Volume(_name_id=None,admin_metadata=,attach_status='detached',availability_zone='nova',bootable=False,cluster=,cluster_name=None,consistencygroup=,consistencygroup_id=None,created_at=2026-07-02T15:16:20Z,deleted=False,deleted_at=None,display_description=None,display_name='tempest-ServerRescueNegativeTestJSON-volume-1914716138',ec2_id=None,encryption_key_id=None,glance_metadata=,group=,group_id=None,host='devstack@QuobyteHD#QuobyteHD',id=06f52523-6fd2-42fe-96e0-bc1bc64e3a8b,launched_at=None,metadata={},migration_status=None,multiattach=False,previous_status=None,project_id='be8af7b043db47c29d2daee4460f040d',provider_auth=None,provider_geometry=None,provider_id=None,provider_location=None,replication_driver_data=None,replication_extended_status=None,replication_status=None,scheduled_at=2026-07-02T15:16:20Z,service_uuid=None,shared_targets=True,size=1,snapshot_id=None,snapshots=,source_volid=None,status='creating',terminated_at=None,updated_at=2026-07-02T15:16:20Z,use_quota=True,user_id='4e77547634f4447894fc2c41d207117c',volume_attachment=VolumeAttachmentList,volume_type=VolumeType(f1d74786-46ab-4881-9b9f-f503e58d1b21),volume_type_id=f1d74786-46ab-4881-9b9f-f503e58d1b21)' {{(pid=86453) _task_receiver /opt/stack/data/venv/lib/python3.12/site-packages/taskflow/listeners/logging.py:218}}
Jul 02 17:16:20 devstack cinder-volume[86453]: DEBUG cinder.volume.manager [None req-6f5812d3-c132-435e-b589-797bc52192b5 tempest-ServerRescueNegativeTestJSON-1175072547 None] Task 'cinder.volume.flows.manager.create_volume.OnFailureRescheduleTask;volume:create' (a2026569-b991-49b6-8810-5d8d406b2b7a) transitioned into state 'RUNNING' from state 'PENDING' {{(pid=86453) _task_receiver /opt/stack/data/venv/lib/python3.12/site-packages/taskflow/listeners/logging.py:242}}
Jul 02 17:16:20 devstack cinder-volume[86453]: DEBUG cinder.volume.manager [None req-6f5812d3-c132-435e-b589-797bc52192b5 tempest-ServerRescueNegativeTestJSON-1175072547 None] Task 'cinder.volume.flows.manager.create_volume.OnFailureRescheduleTask;volume:create' (a2026569-b991-49b6-8810-5d8d406b2b7a) transitioned into state 'SUCCESS' from state 'RUNNING' with result 'None' {{(pid=86453) _task_receiver /opt/stack/data/venv/lib/python3.12/site-packages/taskflow/listeners/logging.py:218}}
Jul 02 17:16:20 devstack cinder-volume[86453]: DEBUG cinder.volume.manager [None req-6f5812d3-c132-435e-b589-797bc52192b5 tempest-ServerRescueNegativeTestJSON-1175072547 None] Task 'cinder.volume.flows.manager.create_volume.ExtractVolumeSpecTask;volume:create' (bbf5bc17-6329-4006-8712-bbaeb09b0fdd) transitioned into state 'RUNNING' from state 'PENDING' {{(pid=86453) _task_receiver /opt/stack/data/venv/lib/python3.12/site-packages/taskflow/listeners/logging.py:242}}
Jul 02 17:16:20 devstack cinder-volume[86453]: DEBUG cinder.volume.manager [None req-6f5812d3-c132-435e-b589-797bc52192b5 tempest-ServerRescueNegativeTestJSON-1175072547 None] Task 'cinder.volume.flows.manager.create_volume.ExtractVolumeSpecTask;volume:create' (bbf5bc17-6329-4006-8712-bbaeb09b0fdd) transitioned into state 'SUCCESS' from state 'RUNNING' with result '{'status': 'creating', 'type': 'raw', 'volume_id': '06f52523-6fd2-42fe-96e0-bc1bc64e3a8b', 'volume_name': 'volume-06f52523-6fd2-42fe-96e0-bc1bc64e3a8b', 'volume_size': 1}' {{(pid=86453) _task_receiver /opt/stack/data/venv/lib/python3.12/site-packages/taskflow/listeners/logging.py:218}}
Jul 02 17:16:20 devstack cinder-volume[86453]: DEBUG cinder.volume.manager [None req-6f5812d3-c132-435e-b589-797bc52192b5 tempest-ServerRescueNegativeTestJSON-1175072547 None] Task 'cinder.volume.flows.manager.create_volume.NotifyVolumeActionTask;volume:create, create.start' (36a2734a-f368-4be2-89e2-5f78f18e022e) transitioned into state 'RUNNING' from state 'PENDING' {{(pid=86453) _task_receiver /opt/stack/data/venv/lib/python3.12/site-packages/taskflow/listeners/logging.py:242}}
Jul 02 17:16:20 devstack cinder-volume[86453]: DEBUG cinder.volume.manager [None req-6f5812d3-c132-435e-b589-797bc52192b5 tempest-ServerRescueNegativeTestJSON-1175072547 None] Task 'cinder.volume.flows.manager.create_volume.NotifyVolumeActionTask;volume:create, create.start' (36a2734a-f368-4be2-89e2-5f78f18e022e) transitioned into state 'SUCCESS' from state 'RUNNING' with result 'None' {{(pid=86453) _task_receiver /opt/stack/data/venv/lib/python3.12/site-packages/taskflow/listeners/logging.py:218}}
Jul 02 17:16:20 devstack cinder-volume[86453]: DEBUG cinder.volume.manager [None req-6f5812d3-c132-435e-b589-797bc52192b5 tempest-ServerRescueNegativeTestJSON-1175072547 None] Task 'cinder.volume.flows.manager.create_volume.CreateVolumeFromSpecTask;volume:create' (4e5fa83d-ce61-43fa-b422-5eaf9bb2d056) transitioned into state 'RUNNING' from state 'PENDING' {{(pid=86453) _task_receiver /opt/stack/data/venv/lib/python3.12/site-packages/taskflow/listeners/logging.py:242}}
Jul 02 17:16:20 devstack cinder-volume[86453]: INFO cinder.volume.flows.manager.create_volume [None req-6f5812d3-c132-435e-b589-797bc52192b5 tempest-ServerRescueNegativeTestJSON-1175072547 None] Volume 06f52523-6fd2-42fe-96e0-bc1bc64e3a8b: being created as raw with specification: {'status': 'creating', 'volume_name': 'volume-06f52523-6fd2-42fe-96e0-bc1bc64e3a8b', 'volume_size': 1}
Jul 02 17:16:20 devstack cinder-volume[86453]: DEBUG oslo_concurrency.lockutils [None req-6f5812d3-c132-435e-b589-797bc52192b5 tempest-ServerRescueNegativeTestJSON-1175072547 None] Acquiring lock "quobyte" by "cinder.volume.drivers.quobyte.QuobyteDriver.create_volume" {{(pid=86453) inner /opt/stack/data/venv/lib/python3.12/site-packages/oslo_concurrency/lockutils.py:511}}
