Aug 24 09:58:49 devstack cinder-volume[94039]: INFO cinder.volume.drivers.remotefs [None req-32c6cf69-9e59-45ab-b33d-d6c7ad497ea3 tempest-GroupsV314Test-1433572018 None] Cloning volume 30eb79c9-5411-4fc8-bf8d-b69965b72c18 to volume 9f1a0d40-848b-4248-9fb4-6a609d97eef0
Aug 24 09:58:49 devstack cinder-volume[94039]: DEBUG cinder.volume.drivers.remotefs [None req-32c6cf69-9e59-45ab-b33d-d6c7ad497ea3 tempest-GroupsV314Test-1433572018 None] Creating offline snapshot 9334f4e4-76f4-4068-aec1-3e53a9c30ba0 of volume 30eb79c9-5411-4fc8-bf8d-b69965b72c18 {{(pid=94039) _create_snapshot /opt/stack/cinder/cinder/volume/drivers/remotefs.py:1816}}
Aug 24 09:58:49 devstack cinder-volume[94039]: DEBUG oslo.privsep.daemon [-] privsep: reply[7c879572-0e38-42ff-b36b-24e5392c8084]: (4, 'qcow2') {{(pid=95940) _call_back /opt/stack/data/venv/lib/python3.12/site-packages/oslo_privsep/daemon.py:580}}
Aug 24 09:58:49 devstack cinder-volume[94039]: DEBUG oslo_concurrency.processutils [None req-32c6cf69-9e59-45ab-b33d-d6c7ad497ea3 tempest-GroupsV314Test-1433572018 None] Running cmd (subprocess): /opt/stack/data/venv/bin/python3.12 -m oslo_concurrency.prlimit --as=1073741824 --cpu=60 -- sudo cinder-rootwrap /etc/cinder/rootwrap.conf env LC_ALL=C qemu-img info -f qcow2 --output=json --force-share /opt/stack/data/cinder/mnt/c1e16539e59010ac6280c083a11d6130/volume-30eb79c9-5411-4fc8-bf8d-b69965b72c18 {{(pid=94039) execute /opt/stack/data/venv/lib/python3.12/site-packages/oslo_concurrency/processutils.py:440}}
Aug 24 09:58:49 devstack sudo[100966]: quobyte : PWD=/ ; USER=root ; COMMAND=/opt/stack/data/venv/bin/cinder-rootwrap /etc/cinder/rootwrap.conf env LC_ALL=C qemu-img info -f qcow2 --output=json --force-share /opt/stack/data/cinder/mnt/c1e16539e59010ac6280c083a11d6130/volume-30eb79c9-5411-4fc8-bf8d-b69965b72c18
Aug 24 09:58:49 devstack sudo[100966]: pam_unix(sudo:session): session opened for user root(uid=0) by (uid=1000)
Aug 24 09:58:50 devstack sudo[100966]: pam_unix(sudo:session): session closed for user root
Aug 24 09:58:50 devstack cinder-volume[94039]: DEBUG oslo_concurrency.processutils [None req-32c6cf69-9e59-45ab-b33d-d6c7ad497ea3 tempest-GroupsV314Test-1433572018 None] CMD "/opt/stack/data/venv/bin/python3.12 -m oslo_concurrency.prlimit --as=1073741824 --cpu=60 -- sudo cinder-rootwrap /etc/cinder/rootwrap.conf env LC_ALL=C qemu-img info -f qcow2 --output=json --force-share /opt/stack/data/cinder/mnt/c1e16539e59010ac6280c083a11d6130/volume-30eb79c9-5411-4fc8-bf8d-b69965b72c18" returned: 0 in 0.742s {{(pid=94039) execute /opt/stack/data/venv/lib/python3.12/site-packages/oslo_concurrency/processutils.py:468}}
Aug 24 09:58:50 devstack cinder-volume[94039]: DEBUG oslo_concurrency.processutils [None req-32c6cf69-9e59-45ab-b33d-d6c7ad497ea3 tempest-GroupsV314Test-1433572018 None] Running cmd (subprocess): sudo cinder-rootwrap /etc/cinder/rootwrap.conf qemu-img create -f qcow2 -o backing_file=/opt/stack/data/cinder/mnt/c1e16539e59010ac6280c083a11d6130/volume-30eb79c9-5411-4fc8-bf8d-b69965b72c18,backing_fmt=qcow2 /opt/stack/data/cinder/mnt/c1e16539e59010ac6280c083a11d6130/volume-30eb79c9-5411-4fc8-bf8d-b69965b72c18.9334f4e4-76f4-4068-aec1-3e53a9c30ba0 1G {{(pid=94039) execute /opt/stack/data/venv/lib/python3.12/site-packages/oslo_concurrency/processutils.py:440}}
Aug 24 09:58:50 devstack sudo[100973]: quobyte : PWD=/ ; USER=root ; COMMAND=/opt/stack/data/venv/bin/cinder-rootwrap /etc/cinder/rootwrap.conf qemu-img create -f qcow2 -o backing_file=/opt/stack/data/cinder/mnt/c1e16539e59010ac6280c083a11d6130/volume-30eb79c9-5411-4fc8-bf8d-b69965b72c18,backing_fmt=qcow2 /opt/stack/data/cinder/mnt/c1e16539e59010ac6280c083a11d6130/volume-30eb79c9-5411-4fc8-bf8d-b69965b72c18.9334f4e4-76f4-4068-aec1-3e53a9c30ba0 1G
Aug 24 09:58:50 devstack sudo[100973]: pam_unix(sudo:session): session opened for user root(uid=0) by (uid=1000)
Aug 24 09:58:50 devstack sudo[100973]: pam_unix(sudo:session): session closed for user root
Aug 24 09:58:50 devstack cinder-volume[94039]: DEBUG oslo_concurrency.processutils [None req-32c6cf69-9e59-45ab-b33d-d6c7ad497ea3 tempest-GroupsV314Test-1433572018 None] CMD "sudo cinder-rootwrap /etc/cinder/rootwrap.conf qemu-img create -f qcow2 -o backing_file=/opt/stack/data/cinder/mnt/c1e16539e59010ac6280c083a11d6130/volume-30eb79c9-5411-4fc8-bf8d-b69965b72c18,backing_fmt=qcow2 /opt/stack/data/cinder/mnt/c1e16539e59010ac6280c083a11d6130/volume-30eb79c9-5411-4fc8-bf8d-b69965b72c18.9334f4e4-76f4-4068-aec1-3e53a9c30ba0 1G" returned: 0 in 0.580s {{(pid=94039) execute /opt/stack/data/venv/lib/python3.12/site-packages/oslo_concurrency/processutils.py:468}}
Aug 24 09:58:50 devstack cinder-volume[94039]: DEBUG oslo_concurrency.processutils [None req-32c6cf69-9e59-45ab-b33d-d6c7ad497ea3 tempest-GroupsV314Test-1433572018 None] Running cmd (subprocess): sudo cinder-rootwrap /etc/cinder/rootwrap.conf qemu-img rebase -u -b volume-30eb79c9-5411-4fc8-bf8d-b69965b72c18 -F qcow2 /opt/stack/data/cinder/mnt/c1e16539e59010ac6280c083a11d6130/volume-30eb79c9-5411-4fc8-bf8d-b69965b72c18.9334f4e4-76f4-4068-aec1-3e53a9c30ba0 {{(pid=94039) execute /opt/stack/data/venv/lib/python3.12/site-packages/oslo_concurrency/processutils.py:440}}
Aug 24 09:58:50 devstack sudo[100980]: quobyte : PWD=/ ; USER=root ; COMMAND=/opt/stack/data/venv/bin/cinder-rootwrap /etc/cinder/rootwrap.conf qemu-img rebase -u -b volume-30eb79c9-5411-4fc8-bf8d-b69965b72c18 -F qcow2 /opt/stack/data/cinder/mnt/c1e16539e59010ac6280c083a11d6130/volume-30eb79c9-5411-4fc8-bf8d-b69965b72c18.9334f4e4-76f4-4068-aec1-3e53a9c30ba0
Aug 24 09:58:50 devstack sudo[100980]: pam_unix(sudo:session): session opened for user root(uid=0) by (uid=1000)
Aug 24 09:58:51 devstack sudo[100980]: pam_unix(sudo:session): session closed for user root
Aug 24 09:58:51 devstack cinder-volume[94039]: DEBUG oslo_concurrency.processutils [None req-32c6cf69-9e59-45ab-b33d-d6c7ad497ea3 tempest-GroupsV314Test-1433572018 None] CMD "sudo cinder-rootwrap /etc/cinder/rootwrap.conf qemu-img rebase -u -b volume-30eb79c9-5411-4fc8-bf8d-b69965b72c18 -F qcow2 /opt/stack/data/cinder/mnt/c1e16539e59010ac6280c083a11d6130/volume-30eb79c9-5411-4fc8-bf8d-b69965b72c18.9334f4e4-76f4-4068-aec1-3e53a9c30ba0" returned: 0 in 0.383s {{(pid=94039) execute /opt/stack/data/venv/lib/python3.12/site-packages/oslo_concurrency/processutils.py:468}}
Aug 24 09:58:51 devstack cinder-volume[94039]: WARNING cinder.volume.drivers.remotefs [None req-32c6cf69-9e59-45ab-b33d-d6c7ad497ea3 tempest-GroupsV314Test-1433572018 None] /opt/stack/data/cinder/mnt/c1e16539e59010ac6280c083a11d6130/volume-30eb79c9-5411-4fc8-bf8d-b69965b72c18.9334f4e4-76f4-4068-aec1-3e53a9c30ba0 is being set with open permissions: ugo+rw: NotImplementedError
Aug 24 09:58:51 devstack cinder-volume[94039]: DEBUG oslo_concurrency.processutils [None req-32c6cf69-9e59-45ab-b33d-d6c7ad497ea3 tempest-GroupsV314Test-1433572018 None] Running cmd (subprocess): sudo cinder-rootwrap /etc/cinder/rootwrap.conf chmod ugo+rw /opt/stack/data/cinder/mnt/c1e16539e59010ac6280c083a11d6130/volume-30eb79c9-5411-4fc8-bf8d-b69965b72c18.9334f4e4-76f4-4068-aec1-3e53a9c30ba0 {{(pid=94039) execute /opt/stack/data/venv/lib/python3.12/site-packages/oslo_concurrency/processutils.py:440}}
Aug 24 09:58:51 devstack sudo[100985]: quobyte : PWD=/ ; USER=root ; COMMAND=/opt/stack/data/venv/bin/cinder-rootwrap /etc/cinder/rootwrap.conf chmod ugo+rw /opt/stack/data/cinder/mnt/c1e16539e59010ac6280c083a11d6130/volume-30eb79c9-5411-4fc8-bf8d-b69965b72c18.9334f4e4-76f4-4068-aec1-3e53a9c30ba0
Aug 24 09:58:51 devstack sudo[100985]: pam_unix(sudo:session): session opened for user root(uid=0) by (uid=1000)
Aug 24 09:58:51 devstack sudo[100985]: pam_unix(sudo:session): session closed for user root
Aug 24 09:58:51 devstack cinder-volume[94039]: DEBUG oslo_concurrency.processutils [None req-32c6cf69-9e59-45ab-b33d-d6c7ad497ea3 tempest-GroupsV314Test-1433572018 None] CMD "sudo cinder-rootwrap /etc/cinder/rootwrap.conf chmod ugo+rw /opt/stack/data/cinder/mnt/c1e16539e59010ac6280c083a11d6130/volume-30eb79c9-5411-4fc8-bf8d-b69965b72c18.9334f4e4-76f4-4068-aec1-3e53a9c30ba0" returned: 0 in 0.460s {{(pid=94039) execute /opt/stack/data/venv/lib/python3.12/site-packages/oslo_concurrency/processutils.py:468}}
Aug 24 09:58:51 devstack cinder-volume[94039]: DEBUG oslo_concurrency.processutils [None req-32c6cf69-9e59-45ab-b33d-d6c7ad497ea3 tempest-GroupsV314Test-1433572018 None] Running cmd (subprocess): sudo cinder-rootwrap /etc/cinder/rootwrap.conf truncate -s0 /opt/stack/data/cinder/mnt/c1e16539e59010ac6280c083a11d6130/volume-30eb79c9-5411-4fc8-bf8d-b69965b72c18.info {{(pid=94039) execute /opt/stack/data/venv/lib/python3.12/site-packages/oslo_concurrency/processutils.py:440}}
Aug 24 09:58:51 devstack sudo[100988]: quobyte : PWD=/ ; USER=root ; COMMAND=/opt/stack/data/venv/bin/cinder-rootwrap /etc/cinder/rootwrap.conf truncate -s0 /opt/stack/data/cinder/mnt/c1e16539e59010ac6280c083a11d6130/volume-30eb79c9-5411-4fc8-bf8d-b69965b72c18.info
Aug 24 09:58:51 devstack sudo[100988]: pam_unix(sudo:session): session opened for user root(uid=0) by (uid=1000)
Aug 24 09:58:52 devstack sudo[100988]: pam_unix(sudo:session): session closed for user root
Aug 24 09:58:52 devstack cinder-volume[94039]: DEBUG oslo_concurrency.processutils [None req-32c6cf69-9e59-45ab-b33d-d6c7ad497ea3 tempest-GroupsV314Test-1433572018 None] CMD "sudo cinder-rootwrap /etc/cinder/rootwrap.conf truncate -s0 /opt/stack/data/cinder/mnt/c1e16539e59010ac6280c083a11d6130/volume-30eb79c9-5411-4fc8-bf8d-b69965b72c18.info" returned: 0 in 0.435s {{(pid=94039) execute /opt/stack/data/venv/lib/python3.12/site-packages/oslo_concurrency/processutils.py:468}}
Aug 24 09:58:52 devstack cinder-volume[94039]: WARNING cinder.volume.drivers.remotefs [None req-32c6cf69-9e59-45ab-b33d-d6c7ad497ea3 tempest-GroupsV314Test-1433572018 None] /opt/stack/data/cinder/mnt/c1e16539e59010ac6280c083a11d6130/volume-30eb79c9-5411-4fc8-bf8d-b69965b72c18.info is being set with open permissions: ugo+rw: NotImplementedError
Aug 24 09:58:52 devstack cinder-volume[94039]: DEBUG oslo_concurrency.processutils [None req-32c6cf69-9e59-45ab-b33d-d6c7ad497ea3 tempest-GroupsV314Test-1433572018 None] Running cmd (subprocess): sudo cinder-rootwrap /etc/cinder/rootwrap.conf chmod ugo+rw /opt/stack/data/cinder/mnt/c1e16539e59010ac6280c083a11d6130/volume-30eb79c9-5411-4fc8-bf8d-b69965b72c18.info {{(pid=94039) execute /opt/stack/data/venv/lib/python3.12/site-packages/oslo_concurrency/processutils.py:440}}
Aug 24 09:58:52 devstack sudo[100991]: quobyte : PWD=/ ; USER=root ; COMMAND=/opt/stack/data/venv/bin/cinder-rootwrap /etc/cinder/rootwrap.conf chmod ugo+rw /opt/stack/data/cinder/mnt/c1e16539e59010ac6280c083a11d6130/volume-30eb79c9-5411-4fc8-bf8d-b69965b72c18.info
Aug 24 09:58:52 devstack sudo[100991]: pam_unix(sudo:session): session opened for user root(uid=0) by (uid=1000)
Aug 24 09:58:52 devstack sudo[100991]: pam_unix(sudo:session): session closed for user root
Aug 24 09:58:52 devstack cinder-volume[94039]: DEBUG oslo_concurrency.processutils [None req-32c6cf69-9e59-45ab-b33d-d6c7ad497ea3 tempest-GroupsV314Test-1433572018 None] CMD "sudo cinder-rootwrap /etc/cinder/rootwrap.conf chmod ugo+rw /opt/stack/data/cinder/mnt/c1e16539e59010ac6280c083a11d6130/volume-30eb79c9-5411-4fc8-bf8d-b69965b72c18.info" returned: 0 in 0.375s {{(pid=94039) execute /opt/stack/data/venv/lib/python3.12/site-packages/oslo_concurrency/processutils.py:468}}
Aug 24 09:58:52 devstack cinder-volume[94039]: DEBUG cinder.coordination [None req-32c6cf69-9e59-45ab-b33d-d6c7ad497ea3 tempest-GroupsV314Test-1433572018 None] Acquiring lock "cinder-quobyte-9f1a0d40-848b-4248-9fb4-6a609d97eef0" by "_copy_volume_from_snapshot" {{(pid=94039) __acquire /opt/stack/cinder/cinder/coordination.py:138}}
Aug 24 09:58:52 devstack cinder-volume[94039]: DEBUG cinder.coordination [None req-32c6cf69-9e59-45ab-b33d-d6c7ad497ea3 tempest-GroupsV314Test-1433572018 None] Lock "cinder-quobyte-9f1a0d40-848b-4248-9fb4-6a609d97eef0" acquired by "_copy_volume_from_snapshot" :: waited 0.039s {{(pid=94039) __acquire /opt/stack/cinder/cinder/coordination.py:141}}
Aug 24 09:58:52 devstack cinder-volume[94039]: DEBUG cinder.volume.drivers.quobyte [None req-32c6cf69-9e59-45ab-b33d-d6c7ad497ea3 tempest-GroupsV314Test-1433572018 None] snapshot: 9334f4e4-76f4-4068-aec1-3e53a9c30ba0, volume: 9f1a0d40-848b-4248-9fb4-6a609d97eef0, {{(pid=94039) _copy_volume_from_snapshot /opt/stack/cinder/cinder/volume/drivers/quobyte.py:405}}
Aug 24 09:58:52 devstack cinder-volume[94039]: DEBUG oslo_concurrency.lockutils [None req-32c6cf69-9e59-45ab-b33d-d6c7ad497ea3 tempest-GroupsV314Test-1433572018 None] Acquiring lock "quobyte_ensure" by "cinder.volume.drivers.quobyte.QuobyteDriver._ensure_shares_mounted" {{(pid=94039) inner /opt/stack/data/venv/lib/python3.12/site-packages/oslo_concurrency/lockutils.py:512}}
Aug 24 09:58:52 devstack cinder-volume[94039]: DEBUG oslo_concurrency.lockutils [None req-32c6cf69-9e59-45ab-b33d-d6c7ad497ea3 tempest-GroupsV314Test-1433572018 None] Lock "quobyte_ensure" acquired by "cinder.volume.drivers.quobyte.QuobyteDriver._ensure_shares_mounted" :: waited 0.001s {{(pid=94039) inner /opt/stack/data/venv/lib/python3.12/site-packages/oslo_concurrency/lockutils.py:525}}
Aug 24 09:58:52 devstack cinder-volume[94039]: DEBUG cinder.volume.drivers.quobyte [None req-32c6cf69-9e59-45ab-b33d-d6c7ad497ea3 tempest-GroupsV314Test-1433572018 None] Quobyte Volume URL set to: {'osci02.corp.quobyte.com/cinder-vol-4911dd4e-4bb0-4fee-a766-e95c25a01f5c': None} {{(pid=94039) _load_shares_config /opt/stack/cinder/cinder/volume/drivers/quobyte.py:665}}
Aug 24 09:58:52 devstack cinder-volume[94039]: DEBUG cinder.volume.drivers.quobyte [None req-32c6cf69-9e59-45ab-b33d-d6c7ad497ea3 tempest-GroupsV314Test-1433572018 None] Available shares ['osci02.corp.quobyte.com/cinder-vol-4911dd4e-4bb0-4fee-a766-e95c25a01f5c'] {{(pid=94039) _ensure_shares_mounted /opt/stack/cinder/cinder/volume/drivers/quobyte.py:695}}
Aug 24 09:58:52 devstack cinder-volume[94039]: DEBUG oslo_concurrency.lockutils [None req-32c6cf69-9e59-45ab-b33d-d6c7ad497ea3 tempest-GroupsV314Test-1433572018 None] Lock "quobyte_ensure" "released" by "cinder.volume.drivers.quobyte.QuobyteDriver._ensure_shares_mounted" :: held 0.027s {{(pid=94039) inner /opt/stack/data/venv/lib/python3.12/site-packages/oslo_concurrency/lockutils.py:544}}
Aug 24 09:58:52 devstack cinder-volume[94039]: DEBUG oslo.privsep.daemon [-] privsep: reply[65aece9b-d212-4320-a842-614f6861971a]: (4, 'qcow2') {{(pid=95940) _call_back /opt/stack/data/venv/lib/python3.12/site-packages/oslo_privsep/daemon.py:580}}
Aug 24 09:58:52 devstack cinder-volume[94039]: DEBUG oslo_concurrency.processutils [None req-32c6cf69-9e59-45ab-b33d-d6c7ad497ea3 tempest-GroupsV314Test-1433572018 None] Running cmd (subprocess): /opt/stack/data/venv/bin/python3.12 -m oslo_concurrency.prlimit --as=1073741824 --cpu=60 -- sudo cinder-rootwrap /etc/cinder/rootwrap.conf env LC_ALL=C qemu-img info -f qcow2 --output=json --force-share /opt/stack/data/cinder/mnt/c1e16539e59010ac6280c083a11d6130/volume-30eb79c9-5411-4fc8-bf8d-b69965b72c18.9334f4e4-76f4-4068-aec1-3e53a9c30ba0 {{(pid=94039) execute /opt/stack/data/venv/lib/python3.12/site-packages/oslo_concurrency/processutils.py:440}}
Aug 24 09:58:52 devstack sudo[100995]: quobyte : PWD=/ ; USER=root ; COMMAND=/opt/stack/data/venv/bin/cinder-rootwrap /etc/cinder/rootwrap.conf env LC_ALL=C qemu-img info -f qcow2 --output=json --force-share /opt/stack/data/cinder/mnt/c1e16539e59010ac6280c083a11d6130/volume-30eb79c9-5411-4fc8-bf8d-b69965b72c18.9334f4e4-76f4-4068-aec1-3e53a9c30ba0
Aug 24 09:58:52 devstack sudo[100995]: pam_unix(sudo:session): session opened for user root(uid=0) by (uid=1000)
Aug 24 09:58:53 devstack sudo[100995]: pam_unix(sudo:session): session closed for user root
Aug 24 09:58:53 devstack cinder-volume[94039]: DEBUG oslo_concurrency.processutils [None req-32c6cf69-9e59-45ab-b33d-d6c7ad497ea3 tempest-GroupsV314Test-1433572018 None] CMD "/opt/stack/data/venv/bin/python3.12 -m oslo_concurrency.prlimit --as=1073741824 --cpu=60 -- sudo cinder-rootwrap /etc/cinder/rootwrap.conf env LC_ALL=C qemu-img info -f qcow2 --output=json --force-share /opt/stack/data/cinder/mnt/c1e16539e59010ac6280c083a11d6130/volume-30eb79c9-5411-4fc8-bf8d-b69965b72c18.9334f4e4-76f4-4068-aec1-3e53a9c30ba0" returned: 0 in 0.769s {{(pid=94039) execute /opt/stack/data/venv/lib/python3.12/site-packages/oslo_concurrency/processutils.py:468}}
Aug 24 09:58:53 devstack cinder-volume[94039]: DEBUG cinder.volume.drivers.remotefs [None req-32c6cf69-9e59-45ab-b33d-d6c7ad497ea3 tempest-GroupsV314Test-1433572018 None] Fetching qemu-img info with special backing_file_template: (/opt/stack/data/cinder/mnt/[0-9a-f]+/)?(volume-30eb79c9-5411-4fc8-bf8d-b69965b72c18(.(tmp-snap-)?[0-9a-f-]+)?|volume_from_snapshot_cache/(tmp-snap-)?[0-9a-f-]+(.(child-|parent-)[0-9a-f-]+)?)$ {{(pid=94039) _qemu_img_info_base /opt/stack/cinder/cinder/volume/drivers/remotefs.py:896}}
Aug 24 09:58:53 devstack cinder-volume[94039]: DEBUG oslo.privsep.daemon [-] privsep: reply[b04973c6-cda7-45b8-88c1-7e40c38715fc]: (4, 'qcow2') {{(pid=95940) _call_back /opt/stack/data/venv/lib/python3.12/site-packages/oslo_privsep/daemon.py:580}}
Aug 24 09:58:53 devstack cinder-volume[94039]: DEBUG oslo_concurrency.processutils [None req-32c6cf69-9e59-45ab-b33d-d6c7ad497ea3 tempest-GroupsV314Test-1433572018 None] Running cmd (subprocess): /opt/stack/data/venv/bin/python3.12 -m oslo_concurrency.prlimit --as=1073741824 --cpu=60 -- sudo cinder-rootwrap /etc/cinder/rootwrap.conf env LC_ALL=C qemu-img info -f qcow2 --output=json --force-share /opt/stack/data/cinder/mnt/c1e16539e59010ac6280c083a11d6130/volume-30eb79c9-5411-4fc8-bf8d-b69965b72c18 {{(pid=94039) execute /opt/stack/data/venv/lib/python3.12/site-packages/oslo_concurrency/processutils.py:440}}
Aug 24 09:58:53 devstack sudo[101002]: quobyte : PWD=/ ; USER=root ; COMMAND=/opt/stack/data/venv/bin/cinder-rootwrap /etc/cinder/rootwrap.conf env LC_ALL=C qemu-img info -f qcow2 --output=json --force-share /opt/stack/data/cinder/mnt/c1e16539e59010ac6280c083a11d6130/volume-30eb79c9-5411-4fc8-bf8d-b69965b72c18
Aug 24 09:58:53 devstack sudo[101002]: pam_unix(sudo:session): session opened for user root(uid=0) by (uid=1000)
Aug 24 09:58:54 devstack cinder-volume[94039]: DEBUG cinder.volume.flows.manager.create_volume [None req-c7e795bc-e68e-4baf-abc8-c3e2ade24c6c tempest-AttachVolumeTestJSON-1788094156 None] Volume reschedule parameters: True retry: {'num_attempts': 1, 'backends': ['devstack@QuobyteHD#QuobyteHD'], 'hosts': ['devstack@QuobyteHD#QuobyteHD']} {{(pid=94039) get_flow /opt/stack/cinder/cinder/volume/flows/manager/create_volume.py:1397}}
Aug 24 09:58:54 devstack cinder-volume[94039]: DEBUG cinder.volume.manager [None req-c7e795bc-e68e-4baf-abc8-c3e2ade24c6c tempest-AttachVolumeTestJSON-1788094156 None] Flow 'volume_create_manager' (222d9fc0-a09d-4810-b5aa-8e747b0ce512) transitioned into state 'RUNNING' from state 'PENDING' {{(pid=94039) _flow_receiver /opt/stack/data/venv/lib/python3.12/site-packages/taskflow/listeners/logging.py:160}}
Aug 24 09:58:54 devstack cinder-volume[94039]: DEBUG cinder.volume.manager [None req-c7e795bc-e68e-4baf-abc8-c3e2ade24c6c tempest-AttachVolumeTestJSON-1788094156 None] Task 'cinder.volume.flows.manager.create_volume.ExtractVolumeRefTask;volume:create' (a458a473-3f47-4a5f-8bbc-30f662395e45) transitioned into state 'RUNNING' from state 'PENDING' {{(pid=94039) _task_receiver /opt/stack/data/venv/lib/python3.12/site-packages/taskflow/listeners/logging.py:242}}
Aug 24 09:58:54 devstack cinder-volume[94039]: DEBUG cinder.volume.manager [None req-c7e795bc-e68e-4baf-abc8-c3e2ade24c6c tempest-AttachVolumeTestJSON-1788094156 None] Task 'cinder.volume.flows.manager.create_volume.ExtractVolumeRefTask;volume:create' (a458a473-3f47-4a5f-8bbc-30f662395e45) transitioned into state 'SUCCESS' from state 'RUNNING' with result 'Volume(_name_id=None,admin_metadata=,attach_status='detached',availability_zone='nova',bootable=False,cluster=,cluster_name=None,consistencygroup=,consistencygroup_id=None,created_at=2026-08-24T07:58:53Z,deleted=False,deleted_at=None,display_description=None,display_name='tempest-AttachVolumeTestJSON-volume-528703698',ec2_id=None,encryption_key_id=None,glance_metadata=,group=,group_id=None,host='devstack@QuobyteHD#QuobyteHD',id=f7cbbf29-ffc8-4bec-a8d8-9715e8ca1ba1,launched_at=None,metadata={},migration_status=None,multiattach=False,previous_status=None,project_id='a0c000cea4804977b21e80c48c1070e0',provider_auth=None,provider_geometry=None,provider_id=None,provider_location=None,replication_driver_data=None,replication_extended_status=None,replication_status=None,scheduled_at=2026-08-24T07:58:54Z,service_uuid=None,shared_targets=True,size=1,snapshot_id=None,snapshots=,source_volid=None,status='creating',terminated_at=None,updated_at=2026-08-24T07:58:54Z,use_quota=True,user_id='0b40e9a77a2d421894ab94b7c9d64070',volume_attachment=VolumeAttachmentList,volume_type=VolumeType(1d99a35f-711b-4194-a26c-8d2ab1f5588f),volume_type_id=1d99a35f-711b-4194-a26c-8d2ab1f5588f)' {{(pid=94039) _task_receiver /opt/stack/data/venv/lib/python3.12/site-packages/taskflow/listeners/logging.py:218}}
Aug 24 09:58:54 devstack cinder-volume[94039]: DEBUG cinder.volume.manager [None req-c7e795bc-e68e-4baf-abc8-c3e2ade24c6c tempest-AttachVolumeTestJSON-1788094156 None] Task 'cinder.volume.flows.manager.create_volume.OnFailureRescheduleTask;volume:create' (742321d0-97fa-4a12-b04a-be918f3ad9d9) transitioned into state 'RUNNING' from state 'PENDING' {{(pid=94039) _task_receiver /opt/stack/data/venv/lib/python3.12/site-packages/taskflow/listeners/logging.py:242}}
Aug 24 09:58:54 devstack cinder-volume[94039]: DEBUG cinder.volume.manager [None req-c7e795bc-e68e-4baf-abc8-c3e2ade24c6c tempest-AttachVolumeTestJSON-1788094156 None] Task 'cinder.volume.flows.manager.create_volume.OnFailureRescheduleTask;volume:create' (742321d0-97fa-4a12-b04a-be918f3ad9d9) transitioned into state 'SUCCESS' from state 'RUNNING' with result 'None' {{(pid=94039) _task_receiver /opt/stack/data/venv/lib/python3.12/site-packages/taskflow/listeners/logging.py:218}}
Aug 24 09:58:54 devstack cinder-volume[94039]: DEBUG cinder.volume.manager [None req-c7e795bc-e68e-4baf-abc8-c3e2ade24c6c tempest-AttachVolumeTestJSON-1788094156 None] Task 'cinder.volume.flows.manager.create_volume.ExtractVolumeSpecTask;volume:create' (8d35f1a4-8f3b-4626-8f0d-5bf9dd5b7f29) transitioned into state 'RUNNING' from state 'PENDING' {{(pid=94039) _task_receiver /opt/stack/data/venv/lib/python3.12/site-packages/taskflow/listeners/logging.py:242}}
Aug 24 09:58:54 devstack cinder-volume[94039]: DEBUG cinder.volume.manager [None req-c7e795bc-e68e-4baf-abc8-c3e2ade24c6c tempest-AttachVolumeTestJSON-1788094156 None] Task 'cinder.volume.flows.manager.create_volume.ExtractVolumeSpecTask;volume:create' (8d35f1a4-8f3b-4626-8f0d-5bf9dd5b7f29) transitioned into state 'SUCCESS' from state 'RUNNING' with result '{'status': 'creating', 'type': 'raw', 'volume_id': 'f7cbbf29-ffc8-4bec-a8d8-9715e8ca1ba1', 'volume_name': 'volume-f7cbbf29-ffc8-4bec-a8d8-9715e8ca1ba1', 'volume_size': 1}' {{(pid=94039) _task_receiver /opt/stack/data/venv/lib/python3.12/site-packages/taskflow/listeners/logging.py:218}}
Aug 24 09:58:54 devstack cinder-volume[94039]: DEBUG cinder.volume.manager [None req-c7e795bc-e68e-4baf-abc8-c3e2ade24c6c tempest-AttachVolumeTestJSON-1788094156 None] Task 'cinder.volume.flows.manager.create_volume.NotifyVolumeActionTask;volume:create, create.start' (3271c39c-0a67-407d-bbf9-f33108a150f6) transitioned into state 'RUNNING' from state 'PENDING' {{(pid=94039) _task_receiver /opt/stack/data/venv/lib/python3.12/site-packages/taskflow/listeners/logging.py:242}}
Aug 24 09:58:54 devstack cinder-volume[94039]: DEBUG cinder.volume.manager [None req-c7e795bc-e68e-4baf-abc8-c3e2ade24c6c tempest-AttachVolumeTestJSON-1788094156 None] Task 'cinder.volume.flows.manager.create_volume.NotifyVolumeActionTask;volume:create, create.start' (3271c39c-0a67-407d-bbf9-f33108a150f6) transitioned into state 'SUCCESS' from state 'RUNNING' with result 'None' {{(pid=94039) _task_receiver /opt/stack/data/venv/lib/python3.12/site-packages/taskflow/listeners/logging.py:218}}
Aug 24 09:58:54 devstack cinder-volume[94039]: DEBUG cinder.volume.manager [None req-c7e795bc-e68e-4baf-abc8-c3e2ade24c6c tempest-AttachVolumeTestJSON-1788094156 None] Task 'cinder.volume.flows.manager.create_volume.CreateVolumeFromSpecTask;volume:create' (ab9832fd-76a1-42f5-bf7a-12c410b7c772) transitioned into state 'RUNNING' from state 'PENDING' {{(pid=94039) _task_receiver /opt/stack/data/venv/lib/python3.12/site-packages/taskflow/listeners/logging.py:242}}
Aug 24 09:58:54 devstack cinder-volume[94039]: INFO cinder.volume.flows.manager.create_volume [None req-c7e795bc-e68e-4baf-abc8-c3e2ade24c6c tempest-AttachVolumeTestJSON-1788094156 None] Volume f7cbbf29-ffc8-4bec-a8d8-9715e8ca1ba1: being created as raw with specification: {'status': 'creating', 'volume_name': 'volume-f7cbbf29-ffc8-4bec-a8d8-9715e8ca1ba1', 'volume_size': 1}
Aug 24 09:58:54 devstack cinder-volume[94039]: DEBUG oslo_concurrency.lockutils [None req-c7e795bc-e68e-4baf-abc8-c3e2ade24c6c tempest-AttachVolumeTestJSON-1788094156 None] Acquiring lock "quobyte" by "cinder.volume.drivers.quobyte.QuobyteDriver.create_volume" {{(pid=94039) inner /opt/stack/data/venv/lib/python3.12/site-packages/oslo_concurrency/lockutils.py:512}}
Aug 24 09:58:54 devstack sudo[101002]: pam_unix(sudo:session): session closed for user root
Aug 24 09:58:54 devstack cinder-volume[94039]: DEBUG oslo_concurrency.processutils [None req-32c6cf69-9e59-45ab-b33d-d6c7ad497ea3 tempest-GroupsV314Test-1433572018 None] CMD "/opt/stack/data/venv/bin/python3.12 -m oslo_concurrency.prlimit --as=1073741824 --cpu=60 -- sudo cinder-rootwrap /etc/cinder/rootwrap.conf env LC_ALL=C qemu-img info -f qcow2 --output=json --force-share /opt/stack/data/cinder/mnt/c1e16539e59010ac6280c083a11d6130/volume-30eb79c9-5411-4fc8-bf8d-b69965b72c18" returned: 0 in 0.926s {{(pid=94039) execute /opt/stack/data/venv/lib/python3.12/site-packages/oslo_concurrency/processutils.py:468}}
Aug 24 09:58:54 devstack cinder-volume[94039]: DEBUG cinder.volume.drivers.quobyte [None req-32c6cf69-9e59-45ab-b33d-d6c7ad497ea3 tempest-GroupsV314Test-1433572018 None] will copy from snapshot at /opt/stack/data/cinder/mnt/c1e16539e59010ac6280c083a11d6130/volume-30eb79c9-5411-4fc8-bf8d-b69965b72c18 {{(pid=94039) _copy_volume_from_snapshot /opt/stack/cinder/cinder/volume/drivers/quobyte.py:426}}
Aug 24 09:58:54 devstack cinder-volume[94039]: DEBUG cinder.volume.drivers.quobyte [None req-32c6cf69-9e59-45ab-b33d-d6c7ad497ea3 tempest-GroupsV314Test-1433572018 None] Creating direct copy from snapshot {{(pid=94039) _copy_volume_from_snapshot /opt/stack/cinder/cinder/volume/drivers/quobyte.py:434}}
Aug 24 09:58:54 devstack cinder-volume[94039]: DEBUG cinder.utils [None req-32c6cf69-9e59-45ab-b33d-d6c7ad497ea3 tempest-GroupsV314Test-1433572018 None] Path /opt/stack/data/cinder/mnt/c1e16539e59010ac6280c083a11d6130/volume-9f1a0d40-848b-4248-9fb4-6a609d97eef0 not found in is_blk_device check {{(pid=94039) is_blk_device /opt/stack/cinder/cinder/utils.py:622}}
Aug 24 09:58:54 devstack cinder-volume[94039]: DEBUG oslo_concurrency.processutils [None req-32c6cf69-9e59-45ab-b33d-d6c7ad497ea3 tempest-GroupsV314Test-1433572018 None] Running cmd (subprocess): sudo cinder-rootwrap /etc/cinder/rootwrap.conf qemu-img convert -O qcow2 /opt/stack/data/cinder/mnt/c1e16539e59010ac6280c083a11d6130/volume-30eb79c9-5411-4fc8-bf8d-b69965b72c18 /opt/stack/data/cinder/mnt/c1e16539e59010ac6280c083a11d6130/volume-9f1a0d40-848b-4248-9fb4-6a609d97eef0 {{(pid=94039) execute /opt/stack/data/venv/lib/python3.12/site-packages/oslo_concurrency/processutils.py:440}}
Aug 24 09:58:54 devstack sudo[101011]: quobyte : PWD=/ ; USER=root ; COMMAND=/opt/stack/data/venv/bin/cinder-rootwrap /etc/cinder/rootwrap.conf qemu-img convert -O qcow2 /opt/stack/data/cinder/mnt/c1e16539e59010ac6280c083a11d6130/volume-30eb79c9-5411-4fc8-bf8d-b69965b72c18 /opt/stack/data/cinder/mnt/c1e16539e59010ac6280c083a11d6130/volume-9f1a0d40-848b-4248-9fb4-6a609d97eef0
Aug 24 09:58:54 devstack sudo[101011]: pam_unix(sudo:session): session opened for user root(uid=0) by (uid=1000)
Aug 24 09:59:01 devstack sudo[101011]: pam_unix(sudo:session): session closed for user root
Aug 24 09:59:01 devstack cinder-volume[94039]: DEBUG oslo_concurrency.processutils [None req-32c6cf69-9e59-45ab-b33d-d6c7ad497ea3 tempest-GroupsV314Test-1433572018 None] CMD "sudo cinder-rootwrap /etc/cinder/rootwrap.conf qemu-img convert -O qcow2 /opt/stack/data/cinder/mnt/c1e16539e59010ac6280c083a11d6130/volume-30eb79c9-5411-4fc8-bf8d-b69965b72c18 /opt/stack/data/cinder/mnt/c1e16539e59010ac6280c083a11d6130/volume-9f1a0d40-848b-4248-9fb4-6a609d97eef0" returned: 0 in 7.286s {{(pid=94039) execute /opt/stack/data/venv/lib/python3.12/site-packages/oslo_concurrency/processutils.py:468}}
Aug 24 09:59:01 devstack cinder-volume[94039]: DEBUG cinder.image.image_utils [None req-32c6cf69-9e59-45ab-b33d-d6c7ad497ea3 tempest-GroupsV314Test-1433572018 None] Image conversion details: src /opt/stack/data/cinder/mnt/c1e16539e59010ac6280c083a11d6130/volume-30eb79c9-5411-4fc8-bf8d-b69965b72c18, size 1024.00 MB, duration 7.29 sec, destination /opt/stack/data/cinder/mnt/c1e16539e59010ac6280c083a11d6130/volume-9f1a0d40-848b-4248-9fb4-6a609d97eef0 {{(pid=94039) _convert_image /opt/stack/cinder/cinder/image/image_utils.py:536}}
Aug 24 09:59:01 devstack cinder-volume[94039]: INFO cinder.image.image_utils [None req-32c6cf69-9e59-45ab-b33d-d6c7ad497ea3 tempest-GroupsV314Test-1433572018 None] Converted 1024.00 MB image at 140.48 MB/s
Aug 24 09:59:01 devstack cinder-volume[94039]: WARNING cinder.volume.drivers.remotefs [None req-32c6cf69-9e59-45ab-b33d-d6c7ad497ea3 tempest-GroupsV314Test-1433572018 None] /opt/stack/data/cinder/mnt/c1e16539e59010ac6280c083a11d6130/volume-9f1a0d40-848b-4248-9fb4-6a609d97eef0 is being set with open permissions: ugo+rw: NotImplementedError
Aug 24 09:59:01 devstack cinder-volume[94039]: DEBUG oslo_concurrency.processutils [None req-32c6cf69-9e59-45ab-b33d-d6c7ad497ea3 tempest-GroupsV314Test-1433572018 None] Running cmd (subprocess): sudo cinder-rootwrap /etc/cinder/rootwrap.conf chmod ugo+rw /opt/stack/data/cinder/mnt/c1e16539e59010ac6280c083a11d6130/volume-9f1a0d40-848b-4248-9fb4-6a609d97eef0 {{(pid=94039) execute /opt/stack/data/venv/lib/python3.12/site-packages/oslo_concurrency/processutils.py:440}}
Aug 24 09:59:01 devstack sudo[101059]: quobyte : PWD=/ ; USER=root ; COMMAND=/opt/stack/data/venv/bin/cinder-rootwrap /etc/cinder/rootwrap.conf chmod ugo+rw /opt/stack/data/cinder/mnt/c1e16539e59010ac6280c083a11d6130/volume-9f1a0d40-848b-4248-9fb4-6a609d97eef0
Aug 24 09:59:01 devstack sudo[101059]: pam_unix(sudo:session): session opened for user root(uid=0) by (uid=1000)
Aug 24 09:59:01 devstack sudo[101059]: pam_unix(sudo:session): session closed for user root
Aug 24 09:59:01 devstack cinder-volume[94039]: DEBUG oslo_concurrency.processutils [None req-32c6cf69-9e59-45ab-b33d-d6c7ad497ea3 tempest-GroupsV314Test-1433572018 None] CMD "sudo cinder-rootwrap /etc/cinder/rootwrap.conf chmod ugo+rw /opt/stack/data/cinder/mnt/c1e16539e59010ac6280c083a11d6130/volume-9f1a0d40-848b-4248-9fb4-6a609d97eef0" returned: 0 in 0.287s {{(pid=94039) execute /opt/stack/data/venv/lib/python3.12/site-packages/oslo_concurrency/processutils.py:468}}
Aug 24 09:59:01 devstack cinder-volume[94039]: DEBUG cinder.coordination [None req-32c6cf69-9e59-45ab-b33d-d6c7ad497ea3 tempest-GroupsV314Test-1433572018 None] Lock "cinder-quobyte-9f1a0d40-848b-4248-9fb4-6a609d97eef0" released by "_copy_volume_from_snapshot" :: held 9.454s {{(pid=94039) __release /opt/stack/cinder/cinder/coordination.py:152}}
Aug 24 09:59:01 devstack cinder-volume[94039]: DEBUG cinder.coordination [None req-32c6cf69-9e59-45ab-b33d-d6c7ad497ea3 tempest-GroupsV314Test-1433572018 None] Acquiring lock "cinder-quobyte-9334f4e4-76f4-4068-aec1-3e53a9c30ba0" by "_delete_snapshot" {{(pid=94039) __acquire /opt/stack/cinder/cinder/coordination.py:138}}
Aug 24 09:59:01 devstack cinder-volume[94039]: DEBUG cinder.coordination [None req-32c6cf69-9e59-45ab-b33d-d6c7ad497ea3 tempest-GroupsV314Test-1433572018 None] Lock "cinder-quobyte-9334f4e4-76f4-4068-aec1-3e53a9c30ba0" acquired by "_delete_snapshot" :: waited 0.020s {{(pid=94039) __acquire /opt/stack/cinder/cinder/coordination.py:141}}
Aug 24 09:59:01 devstack cinder-volume[94039]: DEBUG cinder.volume.drivers.remotefs [None req-32c6cf69-9e59-45ab-b33d-d6c7ad497ea3 tempest-GroupsV314Test-1433572018 None] Deleting offline snapshot 9334f4e4-76f4-4068-aec1-3e53a9c30ba0 of volume 30eb79c9-5411-4fc8-bf8d-b69965b72c18 {{(pid=94039) _delete_snapshot /opt/stack/cinder/cinder/volume/drivers/remotefs.py:1288}}
Aug 24 09:59:01 devstack cinder-volume[94039]: DEBUG cinder.volume.drivers.remotefs [None req-32c6cf69-9e59-45ab-b33d-d6c7ad497ea3 tempest-GroupsV314Test-1433572018 None] snapshot_file for this snap is: volume-30eb79c9-5411-4fc8-bf8d-b69965b72c18.9334f4e4-76f4-4068-aec1-3e53a9c30ba0 {{(pid=94039) _delete_snapshot /opt/stack/cinder/cinder/volume/drivers/remotefs.py:1317}}
Aug 24 09:59:01 devstack cinder-volume[94039]: DEBUG oslo.privsep.daemon [-] privsep: reply[0aa483c8-79c9-447e-abac-774c91c769a4]: (4, 'qcow2') {{(pid=95940) _call_back /opt/stack/data/venv/lib/python3.12/site-packages/oslo_privsep/daemon.py:580}}
Aug 24 09:59:01 devstack cinder-volume[94039]: DEBUG oslo_concurrency.processutils [None req-32c6cf69-9e59-45ab-b33d-d6c7ad497ea3 tempest-GroupsV314Test-1433572018 None] Running cmd (subprocess): /opt/stack/data/venv/bin/python3.12 -m oslo_concurrency.prlimit --as=1073741824 --cpu=60 -- sudo cinder-rootwrap /etc/cinder/rootwrap.conf env LC_ALL=C qemu-img info -f qcow2 --output=json --force-share /opt/stack/data/cinder/mnt/c1e16539e59010ac6280c083a11d6130/volume-30eb79c9-5411-4fc8-bf8d-b69965b72c18.9334f4e4-76f4-4068-aec1-3e53a9c30ba0 {{(pid=94039) execute /opt/stack/data/venv/lib/python3.12/site-packages/oslo_concurrency/processutils.py:440}}
Aug 24 09:59:02 devstack sudo[101062]: quobyte : PWD=/ ; USER=root ; COMMAND=/opt/stack/data/venv/bin/cinder-rootwrap /etc/cinder/rootwrap.conf env LC_ALL=C qemu-img info -f qcow2 --output=json --force-share /opt/stack/data/cinder/mnt/c1e16539e59010ac6280c083a11d6130/volume-30eb79c9-5411-4fc8-bf8d-b69965b72c18.9334f4e4-76f4-4068-aec1-3e53a9c30ba0
Aug 24 09:59:02 devstack sudo[101062]: pam_unix(sudo:session): session opened for user root(uid=0) by (uid=1000)
Aug 24 09:59:02 devstack sudo[101062]: pam_unix(sudo:session): session closed for user root
Aug 24 09:59:02 devstack cinder-volume[94039]: DEBUG oslo_concurrency.processutils [None req-32c6cf69-9e59-45ab-b33d-d6c7ad497ea3 tempest-GroupsV314Test-1433572018 None] CMD "/opt/stack/data/venv/bin/python3.12 -m oslo_concurrency.prlimit --as=1073741824 --cpu=60 -- sudo cinder-rootwrap /etc/cinder/rootwrap.conf env LC_ALL=C qemu-img info -f qcow2 --output=json --force-share /opt/stack/data/cinder/mnt/c1e16539e59010ac6280c083a11d6130/volume-30eb79c9-5411-4fc8-bf8d-b69965b72c18.9334f4e4-76f4-4068-aec1-3e53a9c30ba0" returned: 0 in 0.506s {{(pid=94039) execute /opt/stack/data/venv/lib/python3.12/site-packages/oslo_concurrency/processutils.py:468}}
Aug 24 09:59:02 devstack cinder-volume[94039]: DEBUG cinder.volume.drivers.remotefs [None req-32c6cf69-9e59-45ab-b33d-d6c7ad497ea3 tempest-GroupsV314Test-1433572018 None] Fetching qemu-img info with special backing_file_template: (/opt/stack/data/cinder/mnt/[0-9a-f]+/)?(volume-30eb79c9-5411-4fc8-bf8d-b69965b72c18(.(tmp-snap-)?[0-9a-f-]+)?|volume_from_snapshot_cache/(tmp-snap-)?[0-9a-f-]+(.(child-|parent-)[0-9a-f-]+)?)$ {{(pid=94039) _qemu_img_info_base /opt/stack/cinder/cinder/volume/drivers/remotefs.py:896}}
Aug 24 09:59:02 devstack cinder-volume[94039]: DEBUG oslo.privsep.daemon [-] privsep: reply[a33bcfca-f807-4a08-ac4c-99adf1f95eca]: (4, 'qcow2') {{(pid=95940) _call_back /opt/stack/data/venv/lib/python3.12/site-packages/oslo_privsep/daemon.py:580}}
Aug 24 09:59:02 devstack cinder-volume[94039]: DEBUG oslo_concurrency.processutils [None req-32c6cf69-9e59-45ab-b33d-d6c7ad497ea3 tempest-GroupsV314Test-1433572018 None] Running cmd (subprocess): /opt/stack/data/venv/bin/python3.12 -m oslo_concurrency.prlimit --as=1073741824 --cpu=60 -- sudo cinder-rootwrap /etc/cinder/rootwrap.conf env LC_ALL=C qemu-img info -f qcow2 --output=json --force-share /opt/stack/data/cinder/mnt/c1e16539e59010ac6280c083a11d6130/volume-30eb79c9-5411-4fc8-bf8d-b69965b72c18 {{(pid=94039) execute /opt/stack/data/venv/lib/python3.12/site-packages/oslo_concurrency/processutils.py:440}}
Aug 24 09:59:02 devstack sudo[101067]: quobyte : PWD=/ ; USER=root ; COMMAND=/opt/stack/data/venv/bin/cinder-rootwrap /etc/cinder/rootwrap.conf env LC_ALL=C qemu-img info -f qcow2 --output=json --force-share /opt/stack/data/cinder/mnt/c1e16539e59010ac6280c083a11d6130/volume-30eb79c9-5411-4fc8-bf8d-b69965b72c18
Aug 24 09:59:02 devstack sudo[101067]: pam_unix(sudo:session): session opened for user root(uid=0) by (uid=1000)
Aug 24 09:59:03 devstack sudo[101067]: pam_unix(sudo:session): session closed for user root
Aug 24 09:59:03 devstack cinder-volume[94039]: DEBUG oslo_concurrency.processutils [None req-32c6cf69-9e59-45ab-b33d-d6c7ad497ea3 tempest-GroupsV314Test-1433572018 None] CMD "/opt/stack/data/venv/bin/python3.12 -m oslo_concurrency.prlimit --as=1073741824 --cpu=60 -- sudo cinder-rootwrap /etc/cinder/rootwrap.conf env LC_ALL=C qemu-img info -f qcow2 --output=json --force-share /opt/stack/data/cinder/mnt/c1e16539e59010ac6280c083a11d6130/volume-30eb79c9-5411-4fc8-bf8d-b69965b72c18" returned: 0 in 0.672s {{(pid=94039) execute /opt/stack/data/venv/lib/python3.12/site-packages/oslo_concurrency/processutils.py:468}}
Aug 24 09:59:03 devstack cinder-volume[94039]: DEBUG oslo_concurrency.processutils [None req-32c6cf69-9e59-45ab-b33d-d6c7ad497ea3 tempest-GroupsV314Test-1433572018 None] Running cmd (subprocess): sudo cinder-rootwrap /etc/cinder/rootwrap.conf qemu-img commit -d /opt/stack/data/cinder/mnt/c1e16539e59010ac6280c083a11d6130/volume-30eb79c9-5411-4fc8-bf8d-b69965b72c18.9334f4e4-76f4-4068-aec1-3e53a9c30ba0 {{(pid=94039) execute /opt/stack/data/venv/lib/python3.12/site-packages/oslo_concurrency/processutils.py:440}}
Aug 24 09:59:03 devstack sudo[101073]: quobyte : PWD=/ ; USER=root ; COMMAND=/opt/stack/data/venv/bin/cinder-rootwrap /etc/cinder/rootwrap.conf qemu-img commit -d /opt/stack/data/cinder/mnt/c1e16539e59010ac6280c083a11d6130/volume-30eb79c9-5411-4fc8-bf8d-b69965b72c18.9334f4e4-76f4-4068-aec1-3e53a9c30ba0
Aug 24 09:59:03 devstack sudo[101073]: pam_unix(sudo:session): session opened for user root(uid=0) by (uid=1000)
Aug 24 09:59:03 devstack sudo[101073]: pam_unix(sudo:session): session closed for user root
Aug 24 09:59:03 devstack cinder-volume[94039]: DEBUG oslo_concurrency.processutils [None req-32c6cf69-9e59-45ab-b33d-d6c7ad497ea3 tempest-GroupsV314Test-1433572018 None] CMD "sudo cinder-rootwrap /etc/cinder/rootwrap.conf qemu-img commit -d /opt/stack/data/cinder/mnt/c1e16539e59010ac6280c083a11d6130/volume-30eb79c9-5411-4fc8-bf8d-b69965b72c18.9334f4e4-76f4-4068-aec1-3e53a9c30ba0" returned: 0 in 0.736s {{(pid=94039) execute /opt/stack/data/venv/lib/python3.12/site-packages/oslo_concurrency/processutils.py:468}}
Aug 24 09:59:03 devstack cinder-volume[94039]: DEBUG oslo_concurrency.processutils [None req-32c6cf69-9e59-45ab-b33d-d6c7ad497ea3 tempest-GroupsV314Test-1433572018 None] Running cmd (subprocess): sudo cinder-rootwrap /etc/cinder/rootwrap.conf rm -f /opt/stack/data/cinder/mnt/c1e16539e59010ac6280c083a11d6130/volume-30eb79c9-5411-4fc8-bf8d-b69965b72c18.9334f4e4-76f4-4068-aec1-3e53a9c30ba0 {{(pid=94039) execute /opt/stack/data/venv/lib/python3.12/site-packages/oslo_concurrency/processutils.py:440}}
Aug 24 09:59:04 devstack sudo[101109]: quobyte : PWD=/ ; USER=root ; COMMAND=/opt/stack/data/venv/bin/cinder-rootwrap /etc/cinder/rootwrap.conf rm -f /opt/stack/data/cinder/mnt/c1e16539e59010ac6280c083a11d6130/volume-30eb79c9-5411-4fc8-bf8d-b69965b72c18.9334f4e4-76f4-4068-aec1-3e53a9c30ba0
Aug 24 09:59:04 devstack sudo[101109]: pam_unix(sudo:session): session opened for user root(uid=0) by (uid=1000)
Aug 24 09:59:04 devstack cinder-volume[94039]: DEBUG dbcounter [-] [94039] Writing DB stats cinder:SELECT=15,cinder:UPDATE=10,cinder:DELETE=1,cinder:INSERT=2 {{(pid=94039) stat_writer /opt/stack/data/venv/lib/python3.12/site-packages/dbcounter.py:115}}
Aug 24 09:59:04 devstack sudo[101109]: pam_unix(sudo:session): session closed for user root
Aug 24 09:59:04 devstack cinder-volume[94039]: DEBUG oslo_concurrency.processutils [None req-32c6cf69-9e59-45ab-b33d-d6c7ad497ea3 tempest-GroupsV314Test-1433572018 None] CMD "sudo cinder-rootwrap /etc/cinder/rootwrap.conf rm -f /opt/stack/data/cinder/mnt/c1e16539e59010ac6280c083a11d6130/volume-30eb79c9-5411-4fc8-bf8d-b69965b72c18.9334f4e4-76f4-4068-aec1-3e53a9c30ba0" returned: 0 in 0.683s {{(pid=94039) execute /opt/stack/data/venv/lib/python3.12/site-packages/oslo_concurrency/processutils.py:468}}
Aug 24 09:59:04 devstack cinder-volume[94039]: DEBUG cinder.coordination [None req-32c6cf69-9e59-45ab-b33d-d6c7ad497ea3 tempest-GroupsV314Test-1433572018 None] Lock "cinder-quobyte-9334f4e4-76f4-4068-aec1-3e53a9c30ba0" released by "_delete_snapshot" :: held 2.769s {{(pid=94039) __release /opt/stack/cinder/cinder/coordination.py:152}}
Aug 24 09:59:04 devstack cinder-volume[94039]: DEBUG oslo_concurrency.lockutils [None req-32c6cf69-9e59-45ab-b33d-d6c7ad497ea3 tempest-GroupsV314Test-1433572018 None] Lock "quobyte" "released" by "cinder.volume.drivers.quobyte.QuobyteDriver.create_cloned_volume" :: held 15.509s {{(pid=94039) inner /opt/stack/data/venv/lib/python3.12/site-packages/oslo_concurrency/lockutils.py:544}}
Aug 24 09:59:04 devstack cinder-volume[94039]: DEBUG oslo_concurrency.lockutils [None req-c7e795bc-e68e-4baf-abc8-c3e2ade24c6c tempest-AttachVolumeTestJSON-1788094156 None] Lock "quobyte" acquired by "cinder.volume.drivers.quobyte.QuobyteDriver.create_volume" :: waited 10.657s {{(pid=94039) inner /opt/stack/data/venv/lib/python3.12/site-packages/oslo_concurrency/lockutils.py:525}}
Aug 24 09:59:04 devstack cinder-volume[94039]: DEBUG cinder.volume.drivers.quobyte [None req-c7e795bc-e68e-4baf-abc8-c3e2ade24c6c tempest-AttachVolumeTestJSON-1788094156 None] ==> create_volume: call "{'self': , 'volume': Volume(_name_id=None,admin_metadata=,attach_status='detached',availability_zone='nova',bootable=False,cluster=,cluster_name=None,consistencygroup=,consistencygroup_id=None,created_at=2026-08-24T07:58:53Z,deleted=False,deleted_at=None,display_description=None,display_name='tempest-AttachVolumeTestJSON-volume-528703698',ec2_id=None,encryption_key_id=None,glance_metadata=,group=,group_id=None,host='devstack@QuobyteHD#QuobyteHD',id=f7cbbf29-ffc8-4bec-a8d8-9715e8ca1ba1,launched_at=None,metadata={},migration_status=None,multiattach=False,previous_status=None,project_id='a0c000cea4804977b21e80c48c1070e0',provider_auth=None,provider_geometry=None,provider_id=None,provider_location=None,replication_driver_data=None,replication_extended_status=None,replication_status=None,scheduled_at=2026-08-24T07:58:54Z,service_uuid=None,shared_targets=True,size=1,snapshot_id=None,snapshots=,source_volid=None,status='creating',terminated_at=None,updated_at=2026-08-24T07:58:54Z,use_quota=True,user_id='0b40e9a77a2d421894ab94b7c9d64070',volume_attachment=VolumeAttachmentList,volume_type=VolumeType(1d99a35f-711b-4194-a26c-8d2ab1f5588f),volume_type_id=1d99a35f-711b-4194-a26c-8d2ab1f5588f)}" {{(pid=94039) trace_logging_wrapper /opt/stack/cinder/cinder/volume/volume_utils.py:1497}}
Aug 24 09:59:04 devstack cinder-volume[94039]: DEBUG cinder.volume.drivers.remotefs [None req-c7e795bc-e68e-4baf-abc8-c3e2ade24c6c tempest-AttachVolumeTestJSON-1788094156 None] Creating volume f7cbbf29-ffc8-4bec-a8d8-9715e8ca1ba1 {{(pid=94039) create_volume /opt/stack/cinder/cinder/volume/drivers/remotefs.py:292}}
Aug 24 09:59:04 devstack cinder-volume[94039]: DEBUG oslo_concurrency.lockutils [None req-c7e795bc-e68e-4baf-abc8-c3e2ade24c6c tempest-AttachVolumeTestJSON-1788094156 None] Acquiring lock "quobyte_ensure" by "cinder.volume.drivers.quobyte.QuobyteDriver._ensure_shares_mounted" {{(pid=94039) inner /opt/stack/data/venv/lib/python3.12/site-packages/oslo_concurrency/lockutils.py:512}}
Aug 24 09:59:04 devstack cinder-volume[94039]: DEBUG oslo_concurrency.lockutils [None req-c7e795bc-e68e-4baf-abc8-c3e2ade24c6c tempest-AttachVolumeTestJSON-1788094156 None] Lock "quobyte_ensure" acquired by "cinder.volume.drivers.quobyte.QuobyteDriver._ensure_shares_mounted" :: waited 0.003s {{(pid=94039) inner /opt/stack/data/venv/lib/python3.12/site-packages/oslo_concurrency/lockutils.py:525}}
Aug 24 09:59:04 devstack cinder-volume[94039]: DEBUG cinder.volume.drivers.quobyte [None req-c7e795bc-e68e-4baf-abc8-c3e2ade24c6c tempest-AttachVolumeTestJSON-1788094156 None] Quobyte Volume URL set to: {'osci02.corp.quobyte.com/cinder-vol-4911dd4e-4bb0-4fee-a766-e95c25a01f5c': None} {{(pid=94039) _load_shares_config /opt/stack/cinder/cinder/volume/drivers/quobyte.py:665}}
Aug 24 09:59:04 devstack cinder-volume[94039]: DEBUG cinder.volume.drivers.quobyte [None req-c7e795bc-e68e-4baf-abc8-c3e2ade24c6c tempest-AttachVolumeTestJSON-1788094156 None] Available shares ['osci02.corp.quobyte.com/cinder-vol-4911dd4e-4bb0-4fee-a766-e95c25a01f5c'] {{(pid=94039) _ensure_shares_mounted /opt/stack/cinder/cinder/volume/drivers/quobyte.py:695}}
Aug 24 09:59:04 devstack cinder-volume[94039]: DEBUG oslo_concurrency.lockutils [None req-c7e795bc-e68e-4baf-abc8-c3e2ade24c6c tempest-AttachVolumeTestJSON-1788094156 None] Lock "quobyte_ensure" "released" by "cinder.volume.drivers.quobyte.QuobyteDriver._ensure_shares_mounted" :: held 0.014s {{(pid=94039) inner /opt/stack/data/venv/lib/python3.12/site-packages/oslo_concurrency/lockutils.py:544}}
Aug 24 09:59:04 devstack cinder-volume[94039]: DEBUG cinder.volume.drivers.quobyte [None req-c7e795bc-e68e-4baf-abc8-c3e2ade24c6c tempest-AttachVolumeTestJSON-1788094156 None] Selected osci02.corp.quobyte.com/cinder-vol-4911dd4e-4bb0-4fee-a766-e95c25a01f5c as target Quobyte volume. {{(pid=94039) _find_share /opt/stack/cinder/cinder/volume/drivers/quobyte.py:716}}
Aug 24 09:59:04 devstack cinder-volume[94039]: INFO cinder.volume.drivers.remotefs [None req-c7e795bc-e68e-4baf-abc8-c3e2ade24c6c tempest-AttachVolumeTestJSON-1788094156 None] casted to osci02.corp.quobyte.com/cinder-vol-4911dd4e-4bb0-4fee-a766-e95c25a01f5c
Aug 24 09:59:04 devstack cinder-volume[94039]: DEBUG oslo_concurrency.processutils [None req-c7e795bc-e68e-4baf-abc8-c3e2ade24c6c tempest-AttachVolumeTestJSON-1788094156 None] Running cmd (subprocess): sudo cinder-rootwrap /etc/cinder/rootwrap.conf qemu-img create -f qcow2 -o preallocation=metadata /opt/stack/data/cinder/mnt/c1e16539e59010ac6280c083a11d6130/volume-f7cbbf29-ffc8-4bec-a8d8-9715e8ca1ba1 1073741824 {{(pid=94039) execute /opt/stack/data/venv/lib/python3.12/site-packages/oslo_concurrency/processutils.py:440}}
Aug 24 09:59:04 devstack sudo[101133]: quobyte : PWD=/ ; USER=root ; COMMAND=/opt/stack/data/venv/bin/cinder-rootwrap /etc/cinder/rootwrap.conf qemu-img create -f qcow2 -o preallocation=metadata /opt/stack/data/cinder/mnt/c1e16539e59010ac6280c083a11d6130/volume-f7cbbf29-ffc8-4bec-a8d8-9715e8ca1ba1 1073741824
Aug 24 09:59:04 devstack sudo[101133]: pam_unix(sudo:session): session opened for user root(uid=0) by (uid=1000)
Aug 24 09:59:04 devstack cinder-volume[94039]: INFO cinder.volume.manager [None req-32c6cf69-9e59-45ab-b33d-d6c7ad497ea3 tempest-GroupsV314Test-1433572018 None] Create group from source-group-dad23f77-6d5f-4c77-8983-e9466091689c completed successfully.
Aug 24 09:59:05 devstack sudo[101133]: pam_unix(sudo:session): session closed for user root
Aug 24 09:59:05 devstack cinder-volume[94039]: DEBUG oslo_concurrency.processutils [None req-c7e795bc-e68e-4baf-abc8-c3e2ade24c6c tempest-AttachVolumeTestJSON-1788094156 None] CMD "sudo cinder-rootwrap /etc/cinder/rootwrap.conf qemu-img create -f qcow2 -o preallocation=metadata /opt/stack/data/cinder/mnt/c1e16539e59010ac6280c083a11d6130/volume-f7cbbf29-ffc8-4bec-a8d8-9715e8ca1ba1 1073741824" returned: 0 in 0.703s {{(pid=94039) execute /opt/stack/data/venv/lib/python3.12/site-packages/oslo_concurrency/processutils.py:468}}
Aug 24 09:59:05 devstack cinder-volume[94039]: DEBUG oslo_concurrency.processutils [None req-c7e795bc-e68e-4baf-abc8-c3e2ade24c6c tempest-AttachVolumeTestJSON-1788094156 None] Running cmd (subprocess): sudo cinder-rootwrap /etc/cinder/rootwrap.conf chmod ugo+rw /opt/stack/data/cinder/mnt/c1e16539e59010ac6280c083a11d6130/volume-f7cbbf29-ffc8-4bec-a8d8-9715e8ca1ba1 {{(pid=94039) execute /opt/stack/data/venv/lib/python3.12/site-packages/oslo_concurrency/processutils.py:440}}
Aug 24 09:59:05 devstack sudo[101170]: quobyte : PWD=/ ; USER=root ; COMMAND=/opt/stack/data/venv/bin/cinder-rootwrap /etc/cinder/rootwrap.conf chmod ugo+rw /opt/stack/data/cinder/mnt/c1e16539e59010ac6280c083a11d6130/volume-f7cbbf29-ffc8-4bec-a8d8-9715e8ca1ba1
Aug 24 09:59:05 devstack sudo[101170]: pam_unix(sudo:session): session opened for user root(uid=0) by (uid=1000)
Aug 24 09:59:05 devstack sudo[101170]: pam_unix(sudo:session): session closed for user root
Aug 24 09:59:05 devstack cinder-volume[94039]: DEBUG oslo_concurrency.processutils [None req-c7e795bc-e68e-4baf-abc8-c3e2ade24c6c tempest-AttachVolumeTestJSON-1788094156 None] CMD "sudo cinder-rootwrap /etc/cinder/rootwrap.conf chmod ugo+rw /opt/stack/data/cinder/mnt/c1e16539e59010ac6280c083a11d6130/volume-f7cbbf29-ffc8-4bec-a8d8-9715e8ca1ba1" returned: 0 in 0.326s {{(pid=94039) execute /opt/stack/data/venv/lib/python3.12/site-packages/oslo_concurrency/processutils.py:468}}
