Apr 24 01:10:37 devstack cinder-volume[81902]: DEBUG cinder.volume.manager [None req-1998af21-36aa-4203-a646-154babd28e7c tempest-VolumesActionsTest-766264414 None] Task 'cinder.volume.flows.manager.create_volume.ExtractVolumeSpecTask;volume:create' (c4bf233b-536a-40dd-b7ce-f630fa18ae09) transitioned into state 'SUCCESS' from state 'RUNNING' with result '{'status': 'creating', 'type': 'raw', 'volume_id': 'b443b347-346c-4452-9808-d224590ae597', 'volume_name': 'volume-b443b347-346c-4452-9808-d224590ae597', 'volume_size': 1}' {{(pid=81902) _task_receiver /opt/stack/data/venv/lib/python3.10/site-packages/taskflow/listeners/logging.py:182}}
Apr 24 01:10:37 devstack cinder-volume[81902]: DEBUG cinder.volume.manager [None req-1998af21-36aa-4203-a646-154babd28e7c tempest-VolumesActionsTest-766264414 None] Task 'cinder.volume.flows.manager.create_volume.NotifyVolumeActionTask;volume:create, create.start' (48f5eda8-1a52-454a-bef0-368a757322e5) transitioned into state 'RUNNING' from state 'PENDING' {{(pid=81902) _task_receiver /opt/stack/data/venv/lib/python3.10/site-packages/taskflow/listeners/logging.py:194}}
Apr 24 01:10:37 devstack cinder-volume[81902]: DEBUG cinder.volume.manager [None req-1998af21-36aa-4203-a646-154babd28e7c tempest-VolumesActionsTest-766264414 None] Task 'cinder.volume.flows.manager.create_volume.NotifyVolumeActionTask;volume:create, create.start' (48f5eda8-1a52-454a-bef0-368a757322e5) transitioned into state 'SUCCESS' from state 'RUNNING' with result 'None' {{(pid=81902) _task_receiver /opt/stack/data/venv/lib/python3.10/site-packages/taskflow/listeners/logging.py:182}}
Apr 24 01:10:37 devstack cinder-volume[81902]: DEBUG cinder.volume.manager [None req-1998af21-36aa-4203-a646-154babd28e7c tempest-VolumesActionsTest-766264414 None] Task 'cinder.volume.flows.manager.create_volume.CreateVolumeFromSpecTask;volume:create' (2fd27e3a-683c-4938-9693-12eaf812c6ec) transitioned into state 'RUNNING' from state 'PENDING' {{(pid=81902) _task_receiver /opt/stack/data/venv/lib/python3.10/site-packages/taskflow/listeners/logging.py:194}}
Apr 24 01:10:37 devstack cinder-volume[81902]: INFO cinder.volume.flows.manager.create_volume [None req-1998af21-36aa-4203-a646-154babd28e7c tempest-VolumesActionsTest-766264414 None] Volume b443b347-346c-4452-9808-d224590ae597: being created as raw with specification: {'status': 'creating', 'volume_name': 'volume-b443b347-346c-4452-9808-d224590ae597', 'volume_size': 1}
Apr 24 01:10:37 devstack cinder-volume[81902]: DEBUG oslo_concurrency.lockutils [None req-1998af21-36aa-4203-a646-154babd28e7c tempest-VolumesActionsTest-766264414 None] Acquiring lock "quobyte" by "cinder.volume.drivers.quobyte.QuobyteDriver.create_volume" {{(pid=81902) inner /opt/stack/data/venv/lib/python3.10/site-packages/oslo_concurrency/lockutils.py:506}}
Apr 24 01:10:37 devstack sudo[85860]: pam_unix(sudo:session): session closed for user root
Apr 24 01:10:37 devstack cinder-volume[81902]: DEBUG oslo_concurrency.processutils [None req-43525230-1638-4e3b-95a7-68cb0a67b98a tempest-GroupSnapshotsTest-1716991509 None] CMD "sudo cinder-rootwrap /etc/cinder/rootwrap.conf truncate -s0 /opt/stack/data/cinder/mnt/5a178130991faf61f724a3c8757d4028/volume-506d2342-1355-47f5-a17d-af8f51756689.info" returned: 0 in 0.654s {{(pid=81902) execute /opt/stack/data/venv/lib/python3.10/site-packages/oslo_concurrency/processutils.py:468}}
Apr 24 01:10:37 devstack cinder-volume[81902]: WARNING cinder.volume.drivers.remotefs [None req-43525230-1638-4e3b-95a7-68cb0a67b98a tempest-GroupSnapshotsTest-1716991509 None] /opt/stack/data/cinder/mnt/5a178130991faf61f724a3c8757d4028/volume-506d2342-1355-47f5-a17d-af8f51756689.info is being set with open permissions: ugo+rw: NotImplementedError
Apr 24 01:10:37 devstack cinder-volume[81902]: DEBUG oslo_concurrency.processutils [None req-43525230-1638-4e3b-95a7-68cb0a67b98a tempest-GroupSnapshotsTest-1716991509 None] Running cmd (subprocess): sudo cinder-rootwrap /etc/cinder/rootwrap.conf chmod ugo+rw /opt/stack/data/cinder/mnt/5a178130991faf61f724a3c8757d4028/volume-506d2342-1355-47f5-a17d-af8f51756689.info {{(pid=81902) execute /opt/stack/data/venv/lib/python3.10/site-packages/oslo_concurrency/processutils.py:440}}
Apr 24 01:10:38 devstack sudo[85863]: quobyte : PWD=/ ; USER=root ; COMMAND=/opt/stack/data/venv/bin/cinder-rootwrap /etc/cinder/rootwrap.conf chmod ugo+rw /opt/stack/data/cinder/mnt/5a178130991faf61f724a3c8757d4028/volume-506d2342-1355-47f5-a17d-af8f51756689.info
Apr 24 01:10:38 devstack sudo[85863]: pam_unix(sudo:session): session opened for user root(uid=0) by (uid=1000)
Apr 24 01:10:38 devstack sudo[85863]: pam_unix(sudo:session): session closed for user root
Apr 24 01:10:38 devstack cinder-volume[81902]: DEBUG oslo_concurrency.processutils [None req-43525230-1638-4e3b-95a7-68cb0a67b98a tempest-GroupSnapshotsTest-1716991509 None] CMD "sudo cinder-rootwrap /etc/cinder/rootwrap.conf chmod ugo+rw /opt/stack/data/cinder/mnt/5a178130991faf61f724a3c8757d4028/volume-506d2342-1355-47f5-a17d-af8f51756689.info" returned: 0 in 0.578s {{(pid=81902) execute /opt/stack/data/venv/lib/python3.10/site-packages/oslo_concurrency/processutils.py:468}}
Apr 24 01:10:38 devstack cinder-volume[81902]: DEBUG oslo_concurrency.lockutils [None req-43525230-1638-4e3b-95a7-68cb0a67b98a tempest-GroupSnapshotsTest-1716991509 None] Lock "quobyte" "released" by "cinder.volume.drivers.quobyte.QuobyteDriver.create_snapshot" :: held 4.719s {{(pid=81902) inner /opt/stack/data/venv/lib/python3.10/site-packages/oslo_concurrency/lockutils.py:538}}
Apr 24 01:10:38 devstack cinder-volume[81902]: DEBUG oslo_concurrency.lockutils [None req-43525230-1638-4e3b-95a7-68cb0a67b98a tempest-GroupSnapshotsTest-1716991509 None] Acquiring lock "quobyte" by "cinder.volume.drivers.quobyte.QuobyteDriver.create_snapshot" {{(pid=81902) inner /opt/stack/data/venv/lib/python3.10/site-packages/oslo_concurrency/lockutils.py:506}}
Apr 24 01:10:38 devstack cinder-volume[81902]: DEBUG oslo_concurrency.lockutils [None req-43525230-1638-4e3b-95a7-68cb0a67b98a tempest-GroupSnapshotsTest-1716991509 None] Lock "quobyte" acquired by "cinder.volume.drivers.quobyte.QuobyteDriver.create_snapshot" :: waited 0.000s {{(pid=81902) inner /opt/stack/data/venv/lib/python3.10/site-packages/oslo_concurrency/lockutils.py:519}}
Apr 24 01:10:38 devstack cinder-volume[81902]: DEBUG cinder.volume.drivers.remotefs [None req-43525230-1638-4e3b-95a7-68cb0a67b98a tempest-GroupSnapshotsTest-1716991509 None] Creating offline snapshot cb005232-866f-461f-a3f3-d28ac874ea97 of volume 144f3989-9e37-4f0a-a88f-5189cdebafbf {{(pid=81902) _create_snapshot /opt/stack/cinder/cinder/volume/drivers/remotefs.py:1816}}
Apr 24 01:10:38 devstack cinder-volume[81902]: DEBUG oslo.privsep.daemon [-] privsep: reply[18042e84-993d-4dc3-9bab-74b3319bf8e4]: (4, 'qcow2') {{(pid=83038) _call_back /opt/stack/data/venv/lib/python3.10/site-packages/oslo_privsep/daemon.py:573}}
Apr 24 01:10:38 devstack cinder-volume[81902]: DEBUG oslo_concurrency.processutils [None req-43525230-1638-4e3b-95a7-68cb0a67b98a tempest-GroupSnapshotsTest-1716991509 None] Running cmd (subprocess): /opt/stack/data/venv/bin/python3.10 -m oslo_concurrency.prlimit --as=1073741824 --cpu=60 -- sudo cinder-rootwrap /etc/cinder/rootwrap.conf env LC_ALL=C qemu-img info -f qcow2 --output=json --force-share /opt/stack/data/cinder/mnt/5a178130991faf61f724a3c8757d4028/volume-144f3989-9e37-4f0a-a88f-5189cdebafbf {{(pid=81902) execute /opt/stack/data/venv/lib/python3.10/site-packages/oslo_concurrency/processutils.py:440}}
Apr 24 01:10:38 devstack sudo[85867]: quobyte : PWD=/ ; USER=root ; COMMAND=/opt/stack/data/venv/bin/cinder-rootwrap /etc/cinder/rootwrap.conf env LC_ALL=C qemu-img info -f qcow2 --output=json --force-share /opt/stack/data/cinder/mnt/5a178130991faf61f724a3c8757d4028/volume-144f3989-9e37-4f0a-a88f-5189cdebafbf
Apr 24 01:10:38 devstack sudo[85867]: pam_unix(sudo:session): session opened for user root(uid=0) by (uid=1000)
Apr 24 01:10:39 devstack sudo[85867]: pam_unix(sudo:session): session closed for user root
Apr 24 01:10:39 devstack cinder-volume[81902]: DEBUG oslo_concurrency.processutils [None req-43525230-1638-4e3b-95a7-68cb0a67b98a tempest-GroupSnapshotsTest-1716991509 None] CMD "/opt/stack/data/venv/bin/python3.10 -m oslo_concurrency.prlimit --as=1073741824 --cpu=60 -- sudo cinder-rootwrap /etc/cinder/rootwrap.conf env LC_ALL=C qemu-img info -f qcow2 --output=json --force-share /opt/stack/data/cinder/mnt/5a178130991faf61f724a3c8757d4028/volume-144f3989-9e37-4f0a-a88f-5189cdebafbf" returned: 0 in 0.887s {{(pid=81902) execute /opt/stack/data/venv/lib/python3.10/site-packages/oslo_concurrency/processutils.py:468}}
Apr 24 01:10:39 devstack cinder-volume[81902]: DEBUG oslo_concurrency.processutils [None req-43525230-1638-4e3b-95a7-68cb0a67b98a tempest-GroupSnapshotsTest-1716991509 None] Running cmd (subprocess): sudo cinder-rootwrap /etc/cinder/rootwrap.conf qemu-img create -f qcow2 -o backing_file=/opt/stack/data/cinder/mnt/5a178130991faf61f724a3c8757d4028/volume-144f3989-9e37-4f0a-a88f-5189cdebafbf,backing_fmt=qcow2 /opt/stack/data/cinder/mnt/5a178130991faf61f724a3c8757d4028/volume-144f3989-9e37-4f0a-a88f-5189cdebafbf.cb005232-866f-461f-a3f3-d28ac874ea97 1G {{(pid=81902) execute /opt/stack/data/venv/lib/python3.10/site-packages/oslo_concurrency/processutils.py:440}}
Apr 24 01:10:39 devstack sudo[85873]: quobyte : PWD=/ ; USER=root ; COMMAND=/opt/stack/data/venv/bin/cinder-rootwrap /etc/cinder/rootwrap.conf qemu-img create -f qcow2 -o backing_file=/opt/stack/data/cinder/mnt/5a178130991faf61f724a3c8757d4028/volume-144f3989-9e37-4f0a-a88f-5189cdebafbf,backing_fmt=qcow2 /opt/stack/data/cinder/mnt/5a178130991faf61f724a3c8757d4028/volume-144f3989-9e37-4f0a-a88f-5189cdebafbf.cb005232-866f-461f-a3f3-d28ac874ea97 1G
Apr 24 01:10:39 devstack sudo[85873]: pam_unix(sudo:session): session opened for user root(uid=0) by (uid=1000)
Apr 24 01:10:40 devstack sudo[85873]: pam_unix(sudo:session): session closed for user root
Apr 24 01:10:40 devstack cinder-volume[81902]: DEBUG oslo_concurrency.processutils [None req-43525230-1638-4e3b-95a7-68cb0a67b98a tempest-GroupSnapshotsTest-1716991509 None] CMD "sudo cinder-rootwrap /etc/cinder/rootwrap.conf qemu-img create -f qcow2 -o backing_file=/opt/stack/data/cinder/mnt/5a178130991faf61f724a3c8757d4028/volume-144f3989-9e37-4f0a-a88f-5189cdebafbf,backing_fmt=qcow2 /opt/stack/data/cinder/mnt/5a178130991faf61f724a3c8757d4028/volume-144f3989-9e37-4f0a-a88f-5189cdebafbf.cb005232-866f-461f-a3f3-d28ac874ea97 1G" returned: 0 in 0.799s {{(pid=81902) execute /opt/stack/data/venv/lib/python3.10/site-packages/oslo_concurrency/processutils.py:468}}
Apr 24 01:10:40 devstack cinder-volume[81902]: DEBUG oslo_concurrency.processutils [None req-43525230-1638-4e3b-95a7-68cb0a67b98a tempest-GroupSnapshotsTest-1716991509 None] Running cmd (subprocess): sudo cinder-rootwrap /etc/cinder/rootwrap.conf qemu-img rebase -u -b volume-144f3989-9e37-4f0a-a88f-5189cdebafbf -F qcow2 /opt/stack/data/cinder/mnt/5a178130991faf61f724a3c8757d4028/volume-144f3989-9e37-4f0a-a88f-5189cdebafbf.cb005232-866f-461f-a3f3-d28ac874ea97 {{(pid=81902) execute /opt/stack/data/venv/lib/python3.10/site-packages/oslo_concurrency/processutils.py:440}}
Apr 24 01:10:40 devstack sudo[85879]: quobyte : PWD=/ ; USER=root ; COMMAND=/opt/stack/data/venv/bin/cinder-rootwrap /etc/cinder/rootwrap.conf qemu-img rebase -u -b volume-144f3989-9e37-4f0a-a88f-5189cdebafbf -F qcow2 /opt/stack/data/cinder/mnt/5a178130991faf61f724a3c8757d4028/volume-144f3989-9e37-4f0a-a88f-5189cdebafbf.cb005232-866f-461f-a3f3-d28ac874ea97
Apr 24 01:10:40 devstack sudo[85879]: pam_unix(sudo:session): session opened for user root(uid=0) by (uid=1000)
Apr 24 01:10:40 devstack sudo[85879]: pam_unix(sudo:session): session closed for user root
Apr 24 01:10:40 devstack cinder-volume[81902]: DEBUG oslo_concurrency.processutils [None req-43525230-1638-4e3b-95a7-68cb0a67b98a tempest-GroupSnapshotsTest-1716991509 None] CMD "sudo cinder-rootwrap /etc/cinder/rootwrap.conf qemu-img rebase -u -b volume-144f3989-9e37-4f0a-a88f-5189cdebafbf -F qcow2 /opt/stack/data/cinder/mnt/5a178130991faf61f724a3c8757d4028/volume-144f3989-9e37-4f0a-a88f-5189cdebafbf.cb005232-866f-461f-a3f3-d28ac874ea97" returned: 0 in 0.549s {{(pid=81902) execute /opt/stack/data/venv/lib/python3.10/site-packages/oslo_concurrency/processutils.py:468}}
Apr 24 01:10:40 devstack cinder-volume[81902]: WARNING cinder.volume.drivers.remotefs [None req-43525230-1638-4e3b-95a7-68cb0a67b98a tempest-GroupSnapshotsTest-1716991509 None] /opt/stack/data/cinder/mnt/5a178130991faf61f724a3c8757d4028/volume-144f3989-9e37-4f0a-a88f-5189cdebafbf.cb005232-866f-461f-a3f3-d28ac874ea97 is being set with open permissions: ugo+rw: NotImplementedError
Apr 24 01:10:40 devstack cinder-volume[81902]: DEBUG oslo_concurrency.processutils [None req-43525230-1638-4e3b-95a7-68cb0a67b98a tempest-GroupSnapshotsTest-1716991509 None] Running cmd (subprocess): sudo cinder-rootwrap /etc/cinder/rootwrap.conf chmod ugo+rw /opt/stack/data/cinder/mnt/5a178130991faf61f724a3c8757d4028/volume-144f3989-9e37-4f0a-a88f-5189cdebafbf.cb005232-866f-461f-a3f3-d28ac874ea97 {{(pid=81902) execute /opt/stack/data/venv/lib/python3.10/site-packages/oslo_concurrency/processutils.py:440}}
Apr 24 01:10:40 devstack sudo[85884]: quobyte : PWD=/ ; USER=root ; COMMAND=/opt/stack/data/venv/bin/cinder-rootwrap /etc/cinder/rootwrap.conf chmod ugo+rw /opt/stack/data/cinder/mnt/5a178130991faf61f724a3c8757d4028/volume-144f3989-9e37-4f0a-a88f-5189cdebafbf.cb005232-866f-461f-a3f3-d28ac874ea97
Apr 24 01:10:40 devstack sudo[85884]: pam_unix(sudo:session): session opened for user root(uid=0) by (uid=1000)
Apr 24 01:10:41 devstack sudo[85884]: pam_unix(sudo:session): session closed for user root
Apr 24 01:10:41 devstack cinder-volume[81902]: DEBUG oslo_concurrency.processutils [None req-43525230-1638-4e3b-95a7-68cb0a67b98a tempest-GroupSnapshotsTest-1716991509 None] CMD "sudo cinder-rootwrap /etc/cinder/rootwrap.conf chmod ugo+rw /opt/stack/data/cinder/mnt/5a178130991faf61f724a3c8757d4028/volume-144f3989-9e37-4f0a-a88f-5189cdebafbf.cb005232-866f-461f-a3f3-d28ac874ea97" returned: 0 in 0.449s {{(pid=81902) execute /opt/stack/data/venv/lib/python3.10/site-packages/oslo_concurrency/processutils.py:468}}
Apr 24 01:10:41 devstack cinder-volume[81902]: DEBUG oslo_concurrency.processutils [None req-43525230-1638-4e3b-95a7-68cb0a67b98a tempest-GroupSnapshotsTest-1716991509 None] Running cmd (subprocess): sudo cinder-rootwrap /etc/cinder/rootwrap.conf truncate -s0 /opt/stack/data/cinder/mnt/5a178130991faf61f724a3c8757d4028/volume-144f3989-9e37-4f0a-a88f-5189cdebafbf.info {{(pid=81902) execute /opt/stack/data/venv/lib/python3.10/site-packages/oslo_concurrency/processutils.py:440}}
Apr 24 01:10:41 devstack sudo[85887]: quobyte : PWD=/ ; USER=root ; COMMAND=/opt/stack/data/venv/bin/cinder-rootwrap /etc/cinder/rootwrap.conf truncate -s0 /opt/stack/data/cinder/mnt/5a178130991faf61f724a3c8757d4028/volume-144f3989-9e37-4f0a-a88f-5189cdebafbf.info
Apr 24 01:10:41 devstack sudo[85887]: pam_unix(sudo:session): session opened for user root(uid=0) by (uid=1000)
Apr 24 01:10:41 devstack sudo[85887]: pam_unix(sudo:session): session closed for user root
Apr 24 01:10:41 devstack cinder-volume[81902]: DEBUG oslo_concurrency.processutils [None req-43525230-1638-4e3b-95a7-68cb0a67b98a tempest-GroupSnapshotsTest-1716991509 None] CMD "sudo cinder-rootwrap /etc/cinder/rootwrap.conf truncate -s0 /opt/stack/data/cinder/mnt/5a178130991faf61f724a3c8757d4028/volume-144f3989-9e37-4f0a-a88f-5189cdebafbf.info" returned: 0 in 0.587s {{(pid=81902) execute /opt/stack/data/venv/lib/python3.10/site-packages/oslo_concurrency/processutils.py:468}}
Apr 24 01:10:41 devstack cinder-volume[81902]: WARNING cinder.volume.drivers.remotefs [None req-43525230-1638-4e3b-95a7-68cb0a67b98a tempest-GroupSnapshotsTest-1716991509 None] /opt/stack/data/cinder/mnt/5a178130991faf61f724a3c8757d4028/volume-144f3989-9e37-4f0a-a88f-5189cdebafbf.info is being set with open permissions: ugo+rw: NotImplementedError
Apr 24 01:10:41 devstack cinder-volume[81902]: DEBUG oslo_concurrency.processutils [None req-43525230-1638-4e3b-95a7-68cb0a67b98a tempest-GroupSnapshotsTest-1716991509 None] Running cmd (subprocess): sudo cinder-rootwrap /etc/cinder/rootwrap.conf chmod ugo+rw /opt/stack/data/cinder/mnt/5a178130991faf61f724a3c8757d4028/volume-144f3989-9e37-4f0a-a88f-5189cdebafbf.info {{(pid=81902) execute /opt/stack/data/venv/lib/python3.10/site-packages/oslo_concurrency/processutils.py:440}}
Apr 24 01:10:42 devstack sudo[85890]: quobyte : PWD=/ ; USER=root ; COMMAND=/opt/stack/data/venv/bin/cinder-rootwrap /etc/cinder/rootwrap.conf chmod ugo+rw /opt/stack/data/cinder/mnt/5a178130991faf61f724a3c8757d4028/volume-144f3989-9e37-4f0a-a88f-5189cdebafbf.info
Apr 24 01:10:42 devstack sudo[85890]: pam_unix(sudo:session): session opened for user root(uid=0) by (uid=1000)
Apr 24 01:10:42 devstack sudo[85890]: pam_unix(sudo:session): session closed for user root
Apr 24 01:10:42 devstack cinder-volume[81902]: DEBUG oslo_concurrency.processutils [None req-43525230-1638-4e3b-95a7-68cb0a67b98a tempest-GroupSnapshotsTest-1716991509 None] CMD "sudo cinder-rootwrap /etc/cinder/rootwrap.conf chmod ugo+rw /opt/stack/data/cinder/mnt/5a178130991faf61f724a3c8757d4028/volume-144f3989-9e37-4f0a-a88f-5189cdebafbf.info" returned: 0 in 0.566s {{(pid=81902) execute /opt/stack/data/venv/lib/python3.10/site-packages/oslo_concurrency/processutils.py:468}}
Apr 24 01:10:42 devstack cinder-volume[81902]: DEBUG oslo_concurrency.lockutils [None req-43525230-1638-4e3b-95a7-68cb0a67b98a tempest-GroupSnapshotsTest-1716991509 None] Lock "quobyte" "released" by "cinder.volume.drivers.quobyte.QuobyteDriver.create_snapshot" :: held 3.989s {{(pid=81902) inner /opt/stack/data/venv/lib/python3.10/site-packages/oslo_concurrency/lockutils.py:538}}
Apr 24 01:10:42 devstack cinder-volume[81902]: DEBUG oslo_concurrency.lockutils [None req-1998af21-36aa-4203-a646-154babd28e7c tempest-VolumesActionsTest-766264414 None] Lock "quobyte" acquired by "cinder.volume.drivers.quobyte.QuobyteDriver.create_volume" :: waited 4.780s {{(pid=81902) inner /opt/stack/data/venv/lib/python3.10/site-packages/oslo_concurrency/lockutils.py:519}}
Apr 24 01:10:42 devstack cinder-volume[81902]: DEBUG cinder.volume.drivers.quobyte [None req-1998af21-36aa-4203-a646-154babd28e7c tempest-VolumesActionsTest-766264414 None] ==> create_volume: call "{'self': , 'volume': Volume(_name_id=None,admin_metadata=,attach_status='detached',availability_zone='nova',bootable=False,cluster=,cluster_name=None,consistencygroup=,consistencygroup_id=None,created_at=2026-04-23T23:10:37Z,deleted=False,deleted_at=None,display_description=None,display_name='tempest-VolumesActionsTest-Volume-1368743900',ec2_id=None,encryption_key_id=None,glance_metadata=,group=,group_id=None,host='devstack@QuobyteHD#QuobyteHD',id=b443b347-346c-4452-9808-d224590ae597,launched_at=None,metadata={},migration_status=None,multiattach=False,previous_status=None,project_id='c5992878c4354859bb1d5c1bb431478d',provider_auth=None,provider_geometry=None,provider_id=None,provider_location=None,replication_driver_data=None,replication_extended_status=None,replication_status=None,scheduled_at=2026-04-23T23:10:38Z,service_uuid=None,shared_targets=True,size=1,snapshot_id=None,snapshots=,source_volid=None,status='creating',terminated_at=None,updated_at=2026-04-23T23:10:38Z,use_quota=True,user_id='b0ad030bbc7e4729b28013c154fa985e',volume_attachment=VolumeAttachmentList,volume_type=VolumeType(5eac78d1-159f-43e6-96a5-1295f087de3e),volume_type_id=5eac78d1-159f-43e6-96a5-1295f087de3e)}" {{(pid=81902) trace_logging_wrapper /opt/stack/cinder/cinder/volume/volume_utils.py:1498}}
Apr 24 01:10:42 devstack cinder-volume[81902]: DEBUG cinder.volume.drivers.remotefs [None req-1998af21-36aa-4203-a646-154babd28e7c tempest-VolumesActionsTest-766264414 None] Creating volume b443b347-346c-4452-9808-d224590ae597 {{(pid=81902) create_volume /opt/stack/cinder/cinder/volume/drivers/remotefs.py:292}}
Apr 24 01:10:42 devstack cinder-volume[81902]: DEBUG oslo_concurrency.lockutils [None req-1998af21-36aa-4203-a646-154babd28e7c tempest-VolumesActionsTest-766264414 None] Acquiring lock "quobyte_ensure" by "cinder.volume.drivers.quobyte.QuobyteDriver._ensure_shares_mounted" {{(pid=81902) inner /opt/stack/data/venv/lib/python3.10/site-packages/oslo_concurrency/lockutils.py:506}}
Apr 24 01:10:42 devstack cinder-volume[81902]: DEBUG oslo_concurrency.lockutils [None req-1998af21-36aa-4203-a646-154babd28e7c tempest-VolumesActionsTest-766264414 None] Lock "quobyte_ensure" acquired by "cinder.volume.drivers.quobyte.QuobyteDriver._ensure_shares_mounted" :: waited 0.000s {{(pid=81902) inner /opt/stack/data/venv/lib/python3.10/site-packages/oslo_concurrency/lockutils.py:519}}
Apr 24 01:10:42 devstack cinder-volume[81902]: DEBUG cinder.volume.drivers.quobyte [None req-1998af21-36aa-4203-a646-154babd28e7c tempest-VolumesActionsTest-766264414 None] Quobyte Volume URL set to: {'osci02.corp.quobyte.com/cinder-vol-b6d47942-0a54-426a-a6df-3efd53e81054': None} {{(pid=81902) _load_shares_config /opt/stack/cinder/cinder/volume/drivers/quobyte.py:617}}
Apr 24 01:10:42 devstack cinder-volume[81902]: DEBUG cinder.volume.drivers.quobyte [None req-1998af21-36aa-4203-a646-154babd28e7c tempest-VolumesActionsTest-766264414 None] Available shares ['osci02.corp.quobyte.com/cinder-vol-b6d47942-0a54-426a-a6df-3efd53e81054'] {{(pid=81902) _ensure_shares_mounted /opt/stack/cinder/cinder/volume/drivers/quobyte.py:647}}
Apr 24 01:10:42 devstack cinder-volume[81902]: DEBUG oslo_concurrency.lockutils [None req-1998af21-36aa-4203-a646-154babd28e7c tempest-VolumesActionsTest-766264414 None] Lock "quobyte_ensure" "released" by "cinder.volume.drivers.quobyte.QuobyteDriver._ensure_shares_mounted" :: held 0.020s {{(pid=81902) inner /opt/stack/data/venv/lib/python3.10/site-packages/oslo_concurrency/lockutils.py:538}}
Apr 24 01:10:42 devstack cinder-volume[81902]: DEBUG cinder.volume.drivers.quobyte [None req-1998af21-36aa-4203-a646-154babd28e7c tempest-VolumesActionsTest-766264414 None] Selected osci02.corp.quobyte.com/cinder-vol-b6d47942-0a54-426a-a6df-3efd53e81054 as target Quobyte volume. {{(pid=81902) _find_share /opt/stack/cinder/cinder/volume/drivers/quobyte.py:668}}
Apr 24 01:10:42 devstack cinder-volume[81902]: INFO cinder.volume.drivers.remotefs [None req-1998af21-36aa-4203-a646-154babd28e7c tempest-VolumesActionsTest-766264414 None] casted to osci02.corp.quobyte.com/cinder-vol-b6d47942-0a54-426a-a6df-3efd53e81054
Apr 24 01:10:42 devstack cinder-volume[81902]: DEBUG oslo_concurrency.processutils [None req-1998af21-36aa-4203-a646-154babd28e7c tempest-VolumesActionsTest-766264414 None] Running cmd (subprocess): sudo cinder-rootwrap /etc/cinder/rootwrap.conf qemu-img create -f qcow2 -o preallocation=metadata /opt/stack/data/cinder/mnt/5a178130991faf61f724a3c8757d4028/volume-b443b347-346c-4452-9808-d224590ae597 1073741824 {{(pid=81902) execute /opt/stack/data/venv/lib/python3.10/site-packages/oslo_concurrency/processutils.py:440}}
Apr 24 01:10:42 devstack sudo[85894]: quobyte : PWD=/ ; USER=root ; COMMAND=/opt/stack/data/venv/bin/cinder-rootwrap /etc/cinder/rootwrap.conf qemu-img create -f qcow2 -o preallocation=metadata /opt/stack/data/cinder/mnt/5a178130991faf61f724a3c8757d4028/volume-b443b347-346c-4452-9808-d224590ae597 1073741824
Apr 24 01:10:42 devstack sudo[85894]: pam_unix(sudo:session): session opened for user root(uid=0) by (uid=1000)
Apr 24 01:10:42 devstack cinder-volume[81902]: INFO cinder.volume.manager [None req-43525230-1638-4e3b-95a7-68cb0a67b98a tempest-GroupSnapshotsTest-1716991509 None] group_snapshot 2e1b74eb-0f20-4e72-8f8d-f332319d7175: created successfully
Apr 24 01:10:43 devstack cinder-volume[81902]: INFO cinder.volume.manager [None req-35edb655-3c38-475a-a6cc-27e57f7a9e52 tempest-GroupSnapshotsTest-1716991509 None] group_snapshot 2e1b74eb-0f20-4e72-8f8d-f332319d7175: deleting
Apr 24 01:10:43 devstack cinder-volume[81902]: DEBUG cinder.volume.manager [None req-35edb655-3c38-475a-a6cc-27e57f7a9e52 tempest-GroupSnapshotsTest-1716991509 None] group_snapshot 2e1b74eb-0f20-4e72-8f8d-f332319d7175: deleting {{(pid=81902) delete_group_snapshot /opt/stack/cinder/cinder/volume/manager.py:4350}}
Apr 24 01:10:43 devstack sudo[85894]: pam_unix(sudo:session): session closed for user root
Apr 24 01:10:43 devstack cinder-volume[81902]: DEBUG cinder.coordination [None req-35edb655-3c38-475a-a6cc-27e57f7a9e52 tempest-GroupSnapshotsTest-1716991509 None] Acquiring lock "cinder-quobyte-506d2342-1355-47f5-a17d-af8f51756689" by "delete_snapshot" {{(pid=81902) __acquire /opt/stack/cinder/cinder/coordination.py:138}}
Apr 24 01:10:43 devstack cinder-volume[81902]: DEBUG oslo_concurrency.processutils [None req-1998af21-36aa-4203-a646-154babd28e7c tempest-VolumesActionsTest-766264414 None] CMD "sudo cinder-rootwrap /etc/cinder/rootwrap.conf qemu-img create -f qcow2 -o preallocation=metadata /opt/stack/data/cinder/mnt/5a178130991faf61f724a3c8757d4028/volume-b443b347-346c-4452-9808-d224590ae597 1073741824" returned: 0 in 0.949s {{(pid=81902) execute /opt/stack/data/venv/lib/python3.10/site-packages/oslo_concurrency/processutils.py:468}}
Apr 24 01:10:43 devstack cinder-volume[81902]: DEBUG cinder.coordination [None req-35edb655-3c38-475a-a6cc-27e57f7a9e52 tempest-GroupSnapshotsTest-1716991509 None] Lock "cinder-quobyte-506d2342-1355-47f5-a17d-af8f51756689" acquired by "delete_snapshot" :: waited 0.043s {{(pid=81902) __acquire /opt/stack/cinder/cinder/coordination.py:141}}
Apr 24 01:10:43 devstack cinder-volume[81902]: DEBUG cinder.coordination [None req-35edb655-3c38-475a-a6cc-27e57f7a9e52 tempest-GroupSnapshotsTest-1716991509 None] Acquiring lock "cinder-quobyte-4499e860-6f7c-4618-a700-1020a2ee3270" by "_delete_snapshot" {{(pid=81902) __acquire /opt/stack/cinder/cinder/coordination.py:138}}
Apr 24 01:10:43 devstack cinder-volume[81902]: DEBUG oslo_concurrency.processutils [None req-1998af21-36aa-4203-a646-154babd28e7c tempest-VolumesActionsTest-766264414 None] Running cmd (subprocess): sudo cinder-rootwrap /etc/cinder/rootwrap.conf chmod ugo+rw /opt/stack/data/cinder/mnt/5a178130991faf61f724a3c8757d4028/volume-b443b347-346c-4452-9808-d224590ae597 {{(pid=81902) execute /opt/stack/data/venv/lib/python3.10/site-packages/oslo_concurrency/processutils.py:440}}
Apr 24 01:10:43 devstack cinder-volume[81902]: DEBUG cinder.coordination [None req-35edb655-3c38-475a-a6cc-27e57f7a9e52 tempest-GroupSnapshotsTest-1716991509 None] Lock "cinder-quobyte-4499e860-6f7c-4618-a700-1020a2ee3270" acquired by "_delete_snapshot" :: waited 0.036s {{(pid=81902) __acquire /opt/stack/cinder/cinder/coordination.py:141}}
Apr 24 01:10:43 devstack cinder-volume[81902]: DEBUG cinder.volume.drivers.remotefs [None req-35edb655-3c38-475a-a6cc-27e57f7a9e52 tempest-GroupSnapshotsTest-1716991509 None] Deleting offline snapshot 4499e860-6f7c-4618-a700-1020a2ee3270 of volume 506d2342-1355-47f5-a17d-af8f51756689 {{(pid=81902) _delete_snapshot /opt/stack/cinder/cinder/volume/drivers/remotefs.py:1288}}
Apr 24 01:10:43 devstack sudo[85903]: quobyte : PWD=/ ; USER=root ; COMMAND=/opt/stack/data/venv/bin/cinder-rootwrap /etc/cinder/rootwrap.conf chmod ugo+rw /opt/stack/data/cinder/mnt/5a178130991faf61f724a3c8757d4028/volume-b443b347-346c-4452-9808-d224590ae597
Apr 24 01:10:43 devstack sudo[85903]: pam_unix(sudo:session): session opened for user root(uid=0) by (uid=1000)
Apr 24 01:10:43 devstack cinder-volume[81902]: DEBUG cinder.volume.drivers.remotefs [None req-35edb655-3c38-475a-a6cc-27e57f7a9e52 tempest-GroupSnapshotsTest-1716991509 None] snapshot_file for this snap is: volume-506d2342-1355-47f5-a17d-af8f51756689.4499e860-6f7c-4618-a700-1020a2ee3270 {{(pid=81902) _delete_snapshot /opt/stack/cinder/cinder/volume/drivers/remotefs.py:1317}}
Apr 24 01:10:43 devstack cinder-volume[81902]: DEBUG oslo.privsep.daemon [-] privsep: reply[fb644444-d3b1-4a9c-9bde-10450f4e3e63]: (4, 'qcow2') {{(pid=83038) _call_back /opt/stack/data/venv/lib/python3.10/site-packages/oslo_privsep/daemon.py:573}}
Apr 24 01:10:43 devstack cinder-volume[81902]: DEBUG oslo_concurrency.processutils [None req-35edb655-3c38-475a-a6cc-27e57f7a9e52 tempest-GroupSnapshotsTest-1716991509 None] Running cmd (subprocess): /opt/stack/data/venv/bin/python3.10 -m oslo_concurrency.prlimit --as=1073741824 --cpu=60 -- sudo cinder-rootwrap /etc/cinder/rootwrap.conf env LC_ALL=C qemu-img info -f qcow2 --output=json --force-share /opt/stack/data/cinder/mnt/5a178130991faf61f724a3c8757d4028/volume-506d2342-1355-47f5-a17d-af8f51756689.4499e860-6f7c-4618-a700-1020a2ee3270 {{(pid=81902) execute /opt/stack/data/venv/lib/python3.10/site-packages/oslo_concurrency/processutils.py:440}}
Apr 24 01:10:43 devstack sudo[85905]: quobyte : PWD=/ ; USER=root ; COMMAND=/opt/stack/data/venv/bin/cinder-rootwrap /etc/cinder/rootwrap.conf env LC_ALL=C qemu-img info -f qcow2 --output=json --force-share /opt/stack/data/cinder/mnt/5a178130991faf61f724a3c8757d4028/volume-506d2342-1355-47f5-a17d-af8f51756689.4499e860-6f7c-4618-a700-1020a2ee3270
Apr 24 01:10:43 devstack sudo[85905]: pam_unix(sudo:session): session opened for user root(uid=0) by (uid=1000)
Apr 24 01:10:44 devstack sudo[85903]: pam_unix(sudo:session): session closed for user root
Apr 24 01:10:44 devstack cinder-volume[81902]: DEBUG oslo_concurrency.processutils [None req-1998af21-36aa-4203-a646-154babd28e7c tempest-VolumesActionsTest-766264414 None] CMD "sudo cinder-rootwrap /etc/cinder/rootwrap.conf chmod ugo+rw /opt/stack/data/cinder/mnt/5a178130991faf61f724a3c8757d4028/volume-b443b347-346c-4452-9808-d224590ae597" returned: 0 in 0.569s {{(pid=81902) execute /opt/stack/data/venv/lib/python3.10/site-packages/oslo_concurrency/processutils.py:468}}
Apr 24 01:10:44 devstack cinder-volume[81902]: DEBUG cinder.volume.drivers.quobyte [None req-1998af21-36aa-4203-a646-154babd28e7c tempest-VolumesActionsTest-766264414 None] <== create_volume: return (1600ms) {'provider_location': 'osci02.corp.quobyte.com/cinder-vol-b6d47942-0a54-426a-a6df-3efd53e81054'} {{(pid=81902) trace_logging_wrapper /opt/stack/cinder/cinder/volume/volume_utils.py:1523}}
Apr 24 01:10:44 devstack cinder-volume[81902]: DEBUG oslo_concurrency.lockutils [None req-1998af21-36aa-4203-a646-154babd28e7c tempest-VolumesActionsTest-766264414 None] Lock "quobyte" "released" by "cinder.volume.drivers.quobyte.QuobyteDriver.create_volume" :: held 1.603s {{(pid=81902) inner /opt/stack/data/venv/lib/python3.10/site-packages/oslo_concurrency/lockutils.py:538}}
Apr 24 01:10:44 devstack cinder-volume[81902]: DEBUG cinder.volume.manager [None req-1998af21-36aa-4203-a646-154babd28e7c tempest-VolumesActionsTest-766264414 None] Task 'cinder.volume.flows.manager.create_volume.CreateVolumeFromSpecTask;volume:create' (2fd27e3a-683c-4938-9693-12eaf812c6ec) transitioned into state 'SUCCESS' from state 'RUNNING' with result '{'status': 'creating', 'volume_name': 'volume-b443b347-346c-4452-9808-d224590ae597', 'volume_size': 1}' {{(pid=81902) _task_receiver /opt/stack/data/venv/lib/python3.10/site-packages/taskflow/listeners/logging.py:182}}
Apr 24 01:10:44 devstack cinder-volume[81902]: DEBUG cinder.volume.manager [None req-1998af21-36aa-4203-a646-154babd28e7c tempest-VolumesActionsTest-766264414 None] Task 'cinder.volume.flows.manager.create_volume.CreateVolumeOnFinishTask;volume:create, create.end' (acca0c0d-b420-4291-a786-7b1f16266d72) transitioned into state 'RUNNING' from state 'PENDING' {{(pid=81902) _task_receiver /opt/stack/data/venv/lib/python3.10/site-packages/taskflow/listeners/logging.py:194}}
Apr 24 01:10:44 devstack cinder-volume[81902]: INFO cinder.volume.flows.manager.create_volume [None req-1998af21-36aa-4203-a646-154babd28e7c tempest-VolumesActionsTest-766264414 None] Volume volume-b443b347-346c-4452-9808-d224590ae597 (b443b347-346c-4452-9808-d224590ae597): created successfully
Apr 24 01:10:44 devstack cinder-volume[81902]: DEBUG cinder.volume.manager [None req-1998af21-36aa-4203-a646-154babd28e7c tempest-VolumesActionsTest-766264414 None] Task 'cinder.volume.flows.manager.create_volume.CreateVolumeOnFinishTask;volume:create, create.end' (acca0c0d-b420-4291-a786-7b1f16266d72) transitioned into state 'SUCCESS' from state 'RUNNING' with result 'None' {{(pid=81902) _task_receiver /opt/stack/data/venv/lib/python3.10/site-packages/taskflow/listeners/logging.py:182}}
Apr 24 01:10:44 devstack cinder-volume[81902]: DEBUG cinder.volume.manager [None req-1998af21-36aa-4203-a646-154babd28e7c tempest-VolumesActionsTest-766264414 None] Flow 'volume_create_manager' (e0d8571c-97ce-4016-bd3c-9e4a06dd6c6f) transitioned into state 'SUCCESS' from state 'RUNNING' {{(pid=81902) _flow_receiver /opt/stack/data/venv/lib/python3.10/site-packages/taskflow/listeners/logging.py:145}}
Apr 24 01:10:44 devstack cinder-volume[81902]: INFO cinder.volume.manager [None req-1998af21-36aa-4203-a646-154babd28e7c tempest-VolumesActionsTest-766264414 None] Created volume successfully.
Apr 24 01:10:44 devstack sudo[85905]: pam_unix(sudo:session): session closed for user root
Apr 24 01:10:44 devstack cinder-volume[81902]: DEBUG oslo_concurrency.processutils [None req-35edb655-3c38-475a-a6cc-27e57f7a9e52 tempest-GroupSnapshotsTest-1716991509 None] CMD "/opt/stack/data/venv/bin/python3.10 -m oslo_concurrency.prlimit --as=1073741824 --cpu=60 -- sudo cinder-rootwrap /etc/cinder/rootwrap.conf env LC_ALL=C qemu-img info -f qcow2 --output=json --force-share /opt/stack/data/cinder/mnt/5a178130991faf61f724a3c8757d4028/volume-506d2342-1355-47f5-a17d-af8f51756689.4499e860-6f7c-4618-a700-1020a2ee3270" returned: 0 in 0.730s {{(pid=81902) execute /opt/stack/data/venv/lib/python3.10/site-packages/oslo_concurrency/processutils.py:468}}
Apr 24 01:10:44 devstack cinder-volume[81902]: DEBUG cinder.volume.drivers.remotefs [None req-35edb655-3c38-475a-a6cc-27e57f7a9e52 tempest-GroupSnapshotsTest-1716991509 None] Fetching qemu-img info with special backing_file_template: (/opt/stack/data/cinder/mnt/[0-9a-f]+/)?(volume-506d2342-1355-47f5-a17d-af8f51756689(.(tmp-snap-)?[0-9a-f-]+)?|volume_from_snapshot_cache/(tmp-snap-)?[0-9a-f-]+(.(child-|parent-)[0-9a-f-]+)?)$ {{(pid=81902) _qemu_img_info_base /opt/stack/cinder/cinder/volume/drivers/remotefs.py:896}}
Apr 24 01:10:44 devstack cinder-volume[81902]: DEBUG oslo.privsep.daemon [-] privsep: reply[ecd3ac28-7858-4322-8fa7-b917de846154]: (4, 'qcow2') {{(pid=83038) _call_back /opt/stack/data/venv/lib/python3.10/site-packages/oslo_privsep/daemon.py:573}}
Apr 24 01:10:44 devstack cinder-volume[81902]: DEBUG oslo_concurrency.processutils [None req-35edb655-3c38-475a-a6cc-27e57f7a9e52 tempest-GroupSnapshotsTest-1716991509 None] Running cmd (subprocess): /opt/stack/data/venv/bin/python3.10 -m oslo_concurrency.prlimit --as=1073741824 --cpu=60 -- sudo cinder-rootwrap /etc/cinder/rootwrap.conf env LC_ALL=C qemu-img info -f qcow2 --output=json --force-share /opt/stack/data/cinder/mnt/5a178130991faf61f724a3c8757d4028/volume-506d2342-1355-47f5-a17d-af8f51756689 {{(pid=81902) execute /opt/stack/data/venv/lib/python3.10/site-packages/oslo_concurrency/processutils.py:440}}
Apr 24 01:10:44 devstack sudo[85911]: quobyte : PWD=/ ; USER=root ; COMMAND=/opt/stack/data/venv/bin/cinder-rootwrap /etc/cinder/rootwrap.conf env LC_ALL=C qemu-img info -f qcow2 --output=json --force-share /opt/stack/data/cinder/mnt/5a178130991faf61f724a3c8757d4028/volume-506d2342-1355-47f5-a17d-af8f51756689
Apr 24 01:10:44 devstack sudo[85911]: pam_unix(sudo:session): session opened for user root(uid=0) by (uid=1000)
Apr 24 01:10:45 devstack sudo[85911]: pam_unix(sudo:session): session closed for user root
Apr 24 01:10:45 devstack cinder-volume[81902]: DEBUG oslo_concurrency.processutils [None req-35edb655-3c38-475a-a6cc-27e57f7a9e52 tempest-GroupSnapshotsTest-1716991509 None] CMD "/opt/stack/data/venv/bin/python3.10 -m oslo_concurrency.prlimit --as=1073741824 --cpu=60 -- sudo cinder-rootwrap /etc/cinder/rootwrap.conf env LC_ALL=C qemu-img info -f qcow2 --output=json --force-share /opt/stack/data/cinder/mnt/5a178130991faf61f724a3c8757d4028/volume-506d2342-1355-47f5-a17d-af8f51756689" returned: 0 in 0.626s {{(pid=81902) execute /opt/stack/data/venv/lib/python3.10/site-packages/oslo_concurrency/processutils.py:468}}
Apr 24 01:10:45 devstack cinder-volume[81902]: DEBUG oslo_concurrency.processutils [None req-35edb655-3c38-475a-a6cc-27e57f7a9e52 tempest-GroupSnapshotsTest-1716991509 None] Running cmd (subprocess): sudo cinder-rootwrap /etc/cinder/rootwrap.conf qemu-img commit -d /opt/stack/data/cinder/mnt/5a178130991faf61f724a3c8757d4028/volume-506d2342-1355-47f5-a17d-af8f51756689.4499e860-6f7c-4618-a700-1020a2ee3270 {{(pid=81902) execute /opt/stack/data/venv/lib/python3.10/site-packages/oslo_concurrency/processutils.py:440}}
Apr 24 01:10:45 devstack sudo[85922]: quobyte : PWD=/ ; USER=root ; COMMAND=/opt/stack/data/venv/bin/cinder-rootwrap /etc/cinder/rootwrap.conf qemu-img commit -d /opt/stack/data/cinder/mnt/5a178130991faf61f724a3c8757d4028/volume-506d2342-1355-47f5-a17d-af8f51756689.4499e860-6f7c-4618-a700-1020a2ee3270
Apr 24 01:10:45 devstack sudo[85922]: pam_unix(sudo:session): session opened for user root(uid=0) by (uid=1000)
Apr 24 01:10:45 devstack sudo[85922]: pam_unix(sudo:session): session closed for user root
Apr 24 01:10:45 devstack cinder-volume[81902]: DEBUG oslo_concurrency.processutils [None req-35edb655-3c38-475a-a6cc-27e57f7a9e52 tempest-GroupSnapshotsTest-1716991509 None] CMD "sudo cinder-rootwrap /etc/cinder/rootwrap.conf qemu-img commit -d /opt/stack/data/cinder/mnt/5a178130991faf61f724a3c8757d4028/volume-506d2342-1355-47f5-a17d-af8f51756689.4499e860-6f7c-4618-a700-1020a2ee3270" returned: 0 in 0.870s {{(pid=81902) execute /opt/stack/data/venv/lib/python3.10/site-packages/oslo_concurrency/processutils.py:468}}
Apr 24 01:10:45 devstack cinder-volume[81902]: DEBUG oslo_concurrency.processutils [None req-35edb655-3c38-475a-a6cc-27e57f7a9e52 tempest-GroupSnapshotsTest-1716991509 None] Running cmd (subprocess): sudo cinder-rootwrap /etc/cinder/rootwrap.conf rm -f /opt/stack/data/cinder/mnt/5a178130991faf61f724a3c8757d4028/volume-506d2342-1355-47f5-a17d-af8f51756689.4499e860-6f7c-4618-a700-1020a2ee3270 {{(pid=81902) execute /opt/stack/data/venv/lib/python3.10/site-packages/oslo_concurrency/processutils.py:440}}
Apr 24 01:10:46 devstack sudo[85950]: quobyte : PWD=/ ; USER=root ; COMMAND=/opt/stack/data/venv/bin/cinder-rootwrap /etc/cinder/rootwrap.conf rm -f /opt/stack/data/cinder/mnt/5a178130991faf61f724a3c8757d4028/volume-506d2342-1355-47f5-a17d-af8f51756689.4499e860-6f7c-4618-a700-1020a2ee3270
Apr 24 01:10:46 devstack sudo[85950]: pam_unix(sudo:session): session opened for user root(uid=0) by (uid=1000)
Apr 24 01:10:46 devstack sudo[85950]: pam_unix(sudo:session): session closed for user root
Apr 24 01:10:46 devstack cinder-volume[81902]: DEBUG oslo_concurrency.processutils [None req-35edb655-3c38-475a-a6cc-27e57f7a9e52 tempest-GroupSnapshotsTest-1716991509 None] CMD "sudo cinder-rootwrap /etc/cinder/rootwrap.conf rm -f /opt/stack/data/cinder/mnt/5a178130991faf61f724a3c8757d4028/volume-506d2342-1355-47f5-a17d-af8f51756689.4499e860-6f7c-4618-a700-1020a2ee3270" returned: 0 in 0.780s {{(pid=81902) execute /opt/stack/data/venv/lib/python3.10/site-packages/oslo_concurrency/processutils.py:468}}
Apr 24 01:10:46 devstack cinder-volume[81902]: DEBUG cinder.coordination [None req-35edb655-3c38-475a-a6cc-27e57f7a9e52 tempest-GroupSnapshotsTest-1716991509 None] Lock "cinder-quobyte-4499e860-6f7c-4618-a700-1020a2ee3270" released by "_delete_snapshot" :: held 3.164s {{(pid=81902) __release /opt/stack/cinder/cinder/coordination.py:152}}
Apr 24 01:10:46 devstack cinder-volume[81902]: DEBUG cinder.coordination [None req-35edb655-3c38-475a-a6cc-27e57f7a9e52 tempest-GroupSnapshotsTest-1716991509 None] Lock "cinder-quobyte-506d2342-1355-47f5-a17d-af8f51756689" released by "delete_snapshot" :: held 3.213s {{(pid=81902) __release /opt/stack/cinder/cinder/coordination.py:152}}
Apr 24 01:10:46 devstack cinder-volume[81902]: DEBUG cinder.coordination [None req-35edb655-3c38-475a-a6cc-27e57f7a9e52 tempest-GroupSnapshotsTest-1716991509 None] Acquiring lock "cinder-quobyte-144f3989-9e37-4f0a-a88f-5189cdebafbf" by "delete_snapshot" {{(pid=81902) __acquire /opt/stack/cinder/cinder/coordination.py:138}}
Apr 24 01:10:46 devstack cinder-volume[81902]: DEBUG cinder.coordination [None req-35edb655-3c38-475a-a6cc-27e57f7a9e52 tempest-GroupSnapshotsTest-1716991509 None] Lock "cinder-quobyte-144f3989-9e37-4f0a-a88f-5189cdebafbf" acquired by "delete_snapshot" :: waited 0.065s {{(pid=81902) __acquire /opt/stack/cinder/cinder/coordination.py:141}}
Apr 24 01:10:46 devstack cinder-volume[81902]: DEBUG cinder.coordination [None req-35edb655-3c38-475a-a6cc-27e57f7a9e52 tempest-GroupSnapshotsTest-1716991509 None] Acquiring lock "cinder-quobyte-cb005232-866f-461f-a3f3-d28ac874ea97" by "_delete_snapshot" {{(pid=81902) __acquire /opt/stack/cinder/cinder/coordination.py:138}}
Apr 24 01:10:47 devstack cinder-volume[81902]: DEBUG cinder.coordination [None req-35edb655-3c38-475a-a6cc-27e57f7a9e52 tempest-GroupSnapshotsTest-1716991509 None] Lock "cinder-quobyte-cb005232-866f-461f-a3f3-d28ac874ea97" acquired by "_delete_snapshot" :: waited 0.063s {{(pid=81902) __acquire /opt/stack/cinder/cinder/coordination.py:141}}
Apr 24 01:10:47 devstack cinder-volume[81902]: DEBUG cinder.volume.drivers.remotefs [None req-35edb655-3c38-475a-a6cc-27e57f7a9e52 tempest-GroupSnapshotsTest-1716991509 None] Deleting offline snapshot cb005232-866f-461f-a3f3-d28ac874ea97 of volume 144f3989-9e37-4f0a-a88f-5189cdebafbf {{(pid=81902) _delete_snapshot /opt/stack/cinder/cinder/volume/drivers/remotefs.py:1288}}
Apr 24 01:10:47 devstack cinder-volume[81902]: DEBUG cinder.volume.drivers.remotefs [None req-35edb655-3c38-475a-a6cc-27e57f7a9e52 tempest-GroupSnapshotsTest-1716991509 None] snapshot_file for this snap is: volume-144f3989-9e37-4f0a-a88f-5189cdebafbf.cb005232-866f-461f-a3f3-d28ac874ea97 {{(pid=81902) _delete_snapshot /opt/stack/cinder/cinder/volume/drivers/remotefs.py:1317}}
Apr 24 01:10:47 devstack cinder-volume[81902]: DEBUG oslo.privsep.daemon [-] privsep: reply[aa376d6c-90bc-4424-8bfd-071b649076ea]: (4, 'qcow2') {{(pid=83038) _call_back /opt/stack/data/venv/lib/python3.10/site-packages/oslo_privsep/daemon.py:573}}
Apr 24 01:10:47 devstack cinder-volume[81902]: DEBUG oslo_concurrency.processutils [None req-35edb655-3c38-475a-a6cc-27e57f7a9e52 tempest-GroupSnapshotsTest-1716991509 None] Running cmd (subprocess): /opt/stack/data/venv/bin/python3.10 -m oslo_concurrency.prlimit --as=1073741824 --cpu=60 -- sudo cinder-rootwrap /etc/cinder/rootwrap.conf env LC_ALL=C qemu-img info -f qcow2 --output=json --force-share /opt/stack/data/cinder/mnt/5a178130991faf61f724a3c8757d4028/volume-144f3989-9e37-4f0a-a88f-5189cdebafbf.cb005232-866f-461f-a3f3-d28ac874ea97 {{(pid=81902) execute /opt/stack/data/venv/lib/python3.10/site-packages/oslo_concurrency/processutils.py:440}}
Apr 24 01:10:47 devstack sudo[85974]: quobyte : PWD=/ ; USER=root ; COMMAND=/opt/stack/data/venv/bin/cinder-rootwrap /etc/cinder/rootwrap.conf env LC_ALL=C qemu-img info -f qcow2 --output=json --force-share /opt/stack/data/cinder/mnt/5a178130991faf61f724a3c8757d4028/volume-144f3989-9e37-4f0a-a88f-5189cdebafbf.cb005232-866f-461f-a3f3-d28ac874ea97
Apr 24 01:10:47 devstack sudo[85974]: pam_unix(sudo:session): session opened for user root(uid=0) by (uid=1000)
Apr 24 01:10:48 devstack sudo[85974]: pam_unix(sudo:session): session closed for user root
Apr 24 01:10:48 devstack cinder-volume[81902]: DEBUG oslo_concurrency.processutils [None req-35edb655-3c38-475a-a6cc-27e57f7a9e52 tempest-GroupSnapshotsTest-1716991509 None] CMD "/opt/stack/data/venv/bin/python3.10 -m oslo_concurrency.prlimit --as=1073741824 --cpu=60 -- sudo cinder-rootwrap /etc/cinder/rootwrap.conf env LC_ALL=C qemu-img info -f qcow2 --output=json --force-share /opt/stack/data/cinder/mnt/5a178130991faf61f724a3c8757d4028/volume-144f3989-9e37-4f0a-a88f-5189cdebafbf.cb005232-866f-461f-a3f3-d28ac874ea97" returned: 0 in 1.135s {{(pid=81902) execute /opt/stack/data/venv/lib/python3.10/site-packages/oslo_concurrency/processutils.py:468}}
Apr 24 01:10:48 devstack cinder-volume[81902]: DEBUG cinder.volume.drivers.remotefs [None req-35edb655-3c38-475a-a6cc-27e57f7a9e52 tempest-GroupSnapshotsTest-1716991509 None] Fetching qemu-img info with special backing_file_template: (/opt/stack/data/cinder/mnt/[0-9a-f]+/)?(volume-144f3989-9e37-4f0a-a88f-5189cdebafbf(.(tmp-snap-)?[0-9a-f-]+)?|volume_from_snapshot_cache/(tmp-snap-)?[0-9a-f-]+(.(child-|parent-)[0-9a-f-]+)?)$ {{(pid=81902) _qemu_img_info_base /opt/stack/cinder/cinder/volume/drivers/remotefs.py:896}}
Apr 24 01:10:48 devstack cinder-volume[81902]: DEBUG oslo.privsep.daemon [-] privsep: reply[eb0bb6f4-6074-4a4b-bf6d-ac50d3dc928b]: (4, 'qcow2') {{(pid=83038) _call_back /opt/stack/data/venv/lib/python3.10/site-packages/oslo_privsep/daemon.py:573}}
Apr 24 01:10:48 devstack cinder-volume[81902]: DEBUG oslo_concurrency.processutils [None req-35edb655-3c38-475a-a6cc-27e57f7a9e52 tempest-GroupSnapshotsTest-1716991509 None] Running cmd (subprocess): /opt/stack/data/venv/bin/python3.10 -m oslo_concurrency.prlimit --as=1073741824 --cpu=60 -- sudo cinder-rootwrap /etc/cinder/rootwrap.conf env LC_ALL=C qemu-img info -f qcow2 --output=json --force-share /opt/stack/data/cinder/mnt/5a178130991faf61f724a3c8757d4028/volume-144f3989-9e37-4f0a-a88f-5189cdebafbf {{(pid=81902) execute /opt/stack/data/venv/lib/python3.10/site-packages/oslo_concurrency/processutils.py:440}}
Apr 24 01:10:48 devstack sudo[85984]: quobyte : PWD=/ ; USER=root ; COMMAND=/opt/stack/data/venv/bin/cinder-rootwrap /etc/cinder/rootwrap.conf env LC_ALL=C qemu-img info -f qcow2 --output=json --force-share /opt/stack/data/cinder/mnt/5a178130991faf61f724a3c8757d4028/volume-144f3989-9e37-4f0a-a88f-5189cdebafbf
Apr 24 01:10:48 devstack sudo[85984]: pam_unix(sudo:session): session opened for user root(uid=0) by (uid=1000)
Apr 24 01:10:49 devstack sudo[85984]: pam_unix(sudo:session): session closed for user root
Apr 24 01:10:49 devstack cinder-volume[81902]: DEBUG oslo_concurrency.processutils [None req-35edb655-3c38-475a-a6cc-27e57f7a9e52 tempest-GroupSnapshotsTest-1716991509 None] CMD "/opt/stack/data/venv/bin/python3.10 -m oslo_concurrency.prlimit --as=1073741824 --cpu=60 -- sudo cinder-rootwrap /etc/cinder/rootwrap.conf env LC_ALL=C qemu-img info -f qcow2 --output=json --force-share /opt/stack/data/cinder/mnt/5a178130991faf61f724a3c8757d4028/volume-144f3989-9e37-4f0a-a88f-5189cdebafbf" returned: 0 in 1.105s {{(pid=81902) execute /opt/stack/data/venv/lib/python3.10/site-packages/oslo_concurrency/processutils.py:468}}
Apr 24 01:10:49 devstack cinder-volume[81902]: DEBUG oslo_concurrency.processutils [None req-35edb655-3c38-475a-a6cc-27e57f7a9e52 tempest-GroupSnapshotsTest-1716991509 None] Running cmd (subprocess): sudo cinder-rootwrap /etc/cinder/rootwrap.conf qemu-img commit -d /opt/stack/data/cinder/mnt/5a178130991faf61f724a3c8757d4028/volume-144f3989-9e37-4f0a-a88f-5189cdebafbf.cb005232-866f-461f-a3f3-d28ac874ea97 {{(pid=81902) execute /opt/stack/data/venv/lib/python3.10/site-packages/oslo_concurrency/processutils.py:440}}
Apr 24 01:10:49 devstack sudo[85991]: quobyte : PWD=/ ; USER=root ; COMMAND=/opt/stack/data/venv/bin/cinder-rootwrap /etc/cinder/rootwrap.conf qemu-img commit -d /opt/stack/data/cinder/mnt/5a178130991faf61f724a3c8757d4028/volume-144f3989-9e37-4f0a-a88f-5189cdebafbf.cb005232-866f-461f-a3f3-d28ac874ea97
Apr 24 01:10:49 devstack sudo[85991]: pam_unix(sudo:session): session opened for user root(uid=0) by (uid=1000)
Apr 24 01:10:50 devstack sudo[85991]: pam_unix(sudo:session): session closed for user root
Apr 24 01:10:50 devstack cinder-volume[81902]: DEBUG oslo_concurrency.processutils [None req-35edb655-3c38-475a-a6cc-27e57f7a9e52 tempest-GroupSnapshotsTest-1716991509 None] CMD "sudo cinder-rootwrap /etc/cinder/rootwrap.conf qemu-img commit -d /opt/stack/data/cinder/mnt/5a178130991faf61f724a3c8757d4028/volume-144f3989-9e37-4f0a-a88f-5189cdebafbf.cb005232-866f-461f-a3f3-d28ac874ea97" returned: 0 in 1.036s {{(pid=81902) execute /opt/stack/data/venv/lib/python3.10/site-packages/oslo_concurrency/processutils.py:468}}
Apr 24 01:10:50 devstack cinder-volume[81902]: DEBUG oslo_concurrency.processutils [None req-35edb655-3c38-475a-a6cc-27e57f7a9e52 tempest-GroupSnapshotsTest-1716991509 None] Running cmd (subprocess): sudo cinder-rootwrap /etc/cinder/rootwrap.conf rm -f /opt/stack/data/cinder/mnt/5a178130991faf61f724a3c8757d4028/volume-144f3989-9e37-4f0a-a88f-5189cdebafbf.cb005232-866f-461f-a3f3-d28ac874ea97 {{(pid=81902) execute /opt/stack/data/venv/lib/python3.10/site-packages/oslo_concurrency/processutils.py:440}}
Apr 24 01:10:50 devstack sudo[85996]: quobyte : PWD=/ ; USER=root ; COMMAND=/opt/stack/data/venv/bin/cinder-rootwrap /etc/cinder/rootwrap.conf rm -f /opt/stack/data/cinder/mnt/5a178130991faf61f724a3c8757d4028/volume-144f3989-9e37-4f0a-a88f-5189cdebafbf.cb005232-866f-461f-a3f3-d28ac874ea97
Apr 24 01:10:50 devstack sudo[85996]: pam_unix(sudo:session): session opened for user root(uid=0) by (uid=1000)
Apr 24 01:10:51 devstack sudo[85996]: pam_unix(sudo:session): session closed for user root
Apr 24 01:10:51 devstack cinder-volume[81902]: DEBUG oslo_concurrency.processutils [None req-35edb655-3c38-475a-a6cc-27e57f7a9e52 tempest-GroupSnapshotsTest-1716991509 None] CMD "sudo cinder-rootwrap /etc/cinder/rootwrap.conf rm -f /opt/stack/data/cinder/mnt/5a178130991faf61f724a3c8757d4028/volume-144f3989-9e37-4f0a-a88f-5189cdebafbf.cb005232-866f-461f-a3f3-d28ac874ea97" returned: 0 in 0.659s {{(pid=81902) execute /opt/stack/data/venv/lib/python3.10/site-packages/oslo_concurrency/processutils.py:468}}
