Apr 24 01:08:34 devstack cinder-volume[81902]: DEBUG oslo_concurrency.processutils [None req-133079b2-c81f-4f0e-a914-dfb65b06299b tempest-GroupsV314Test-270523085 None] Running cmd (subprocess): sudo cinder-rootwrap /etc/cinder/rootwrap.conf qemu-img rebase -u -b volume-5f1509ed-1ead-41a9-80b8-4e5caa9cdbb1 -F qcow2 /opt/stack/data/cinder/mnt/5a178130991faf61f724a3c8757d4028/volume-5f1509ed-1ead-41a9-80b8-4e5caa9cdbb1.431064d8-f6b2-4116-9dd7-002cded0801f {{(pid=81902) execute /opt/stack/data/venv/lib/python3.10/site-packages/oslo_concurrency/processutils.py:440}}
Apr 24 01:08:34 devstack sudo[84074]: quobyte : PWD=/ ; USER=root ; COMMAND=/opt/stack/data/venv/bin/cinder-rootwrap /etc/cinder/rootwrap.conf qemu-img rebase -u -b volume-5f1509ed-1ead-41a9-80b8-4e5caa9cdbb1 -F qcow2 /opt/stack/data/cinder/mnt/5a178130991faf61f724a3c8757d4028/volume-5f1509ed-1ead-41a9-80b8-4e5caa9cdbb1.431064d8-f6b2-4116-9dd7-002cded0801f
Apr 24 01:08:34 devstack sudo[84074]: pam_unix(sudo:session): session opened for user root(uid=0) by (uid=1000)
Apr 24 01:08:35 devstack sudo[84074]: pam_unix(sudo:session): session closed for user root
Apr 24 01:08:35 devstack cinder-volume[81902]: DEBUG oslo_concurrency.processutils [None req-133079b2-c81f-4f0e-a914-dfb65b06299b tempest-GroupsV314Test-270523085 None] CMD "sudo cinder-rootwrap /etc/cinder/rootwrap.conf qemu-img rebase -u -b volume-5f1509ed-1ead-41a9-80b8-4e5caa9cdbb1 -F qcow2 /opt/stack/data/cinder/mnt/5a178130991faf61f724a3c8757d4028/volume-5f1509ed-1ead-41a9-80b8-4e5caa9cdbb1.431064d8-f6b2-4116-9dd7-002cded0801f" returned: 0 in 1.094s {{(pid=81902) execute /opt/stack/data/venv/lib/python3.10/site-packages/oslo_concurrency/processutils.py:468}}
Apr 24 01:08:35 devstack cinder-volume[81902]: WARNING cinder.volume.drivers.remotefs [None req-133079b2-c81f-4f0e-a914-dfb65b06299b tempest-GroupsV314Test-270523085 None] /opt/stack/data/cinder/mnt/5a178130991faf61f724a3c8757d4028/volume-5f1509ed-1ead-41a9-80b8-4e5caa9cdbb1.431064d8-f6b2-4116-9dd7-002cded0801f is being set with open permissions: ugo+rw: NotImplementedError
Apr 24 01:08:35 devstack cinder-volume[81902]: DEBUG oslo_concurrency.processutils [None req-133079b2-c81f-4f0e-a914-dfb65b06299b tempest-GroupsV314Test-270523085 None] Running cmd (subprocess): sudo cinder-rootwrap /etc/cinder/rootwrap.conf chmod ugo+rw /opt/stack/data/cinder/mnt/5a178130991faf61f724a3c8757d4028/volume-5f1509ed-1ead-41a9-80b8-4e5caa9cdbb1.431064d8-f6b2-4116-9dd7-002cded0801f {{(pid=81902) execute /opt/stack/data/venv/lib/python3.10/site-packages/oslo_concurrency/processutils.py:440}}
Apr 24 01:08:35 devstack sudo[84081]: quobyte : PWD=/ ; USER=root ; COMMAND=/opt/stack/data/venv/bin/cinder-rootwrap /etc/cinder/rootwrap.conf chmod ugo+rw /opt/stack/data/cinder/mnt/5a178130991faf61f724a3c8757d4028/volume-5f1509ed-1ead-41a9-80b8-4e5caa9cdbb1.431064d8-f6b2-4116-9dd7-002cded0801f
Apr 24 01:08:35 devstack sudo[84081]: pam_unix(sudo:session): session opened for user root(uid=0) by (uid=1000)
Apr 24 01:08:36 devstack cinder-volume[81902]: DEBUG cinder.volume.flows.manager.create_volume [req-feb7f613-de8e-4626-a49d-87138f3df27f req-1a8de498-2648-4f64-a9f8-01e0dd42dba5 tempest-VolumesSnapshotsTestJSON-715094161 None] Volume reschedule parameters: True retry: {'num_attempts': 1, 'backends': ['devstack@QuobyteHD#QuobyteHD'], 'hosts': ['devstack@QuobyteHD#QuobyteHD']} {{(pid=81902) get_flow /opt/stack/cinder/cinder/volume/flows/manager/create_volume.py:1395}}
Apr 24 01:08:36 devstack cinder-volume[81902]: DEBUG cinder.volume.manager [req-feb7f613-de8e-4626-a49d-87138f3df27f req-1a8de498-2648-4f64-a9f8-01e0dd42dba5 tempest-VolumesSnapshotsTestJSON-715094161 None] Flow 'volume_create_manager' (408a1b4e-cc1e-4186-b014-7097dcd5c431) transitioned into state 'RUNNING' from state 'PENDING' {{(pid=81902) _flow_receiver /opt/stack/data/venv/lib/python3.10/site-packages/taskflow/listeners/logging.py:145}}
Apr 24 01:08:36 devstack cinder-volume[81902]: DEBUG cinder.volume.manager [req-feb7f613-de8e-4626-a49d-87138f3df27f req-1a8de498-2648-4f64-a9f8-01e0dd42dba5 tempest-VolumesSnapshotsTestJSON-715094161 None] Task 'cinder.volume.flows.manager.create_volume.ExtractVolumeRefTask;volume:create' (4821427d-9c0c-4fd0-9b59-97771dc33cfa) transitioned into state 'RUNNING' from state 'PENDING' {{(pid=81902) _task_receiver /opt/stack/data/venv/lib/python3.10/site-packages/taskflow/listeners/logging.py:194}}
Apr 24 01:08:36 devstack cinder-volume[81902]: DEBUG cinder.volume.manager [req-feb7f613-de8e-4626-a49d-87138f3df27f req-1a8de498-2648-4f64-a9f8-01e0dd42dba5 tempest-VolumesSnapshotsTestJSON-715094161 None] Task 'cinder.volume.flows.manager.create_volume.ExtractVolumeRefTask;volume:create' (4821427d-9c0c-4fd0-9b59-97771dc33cfa) transitioned into state 'SUCCESS' from state 'RUNNING' with result 'Volume(_name_id=None,admin_metadata=,attach_status='detached',availability_zone='nova',bootable=False,cluster=,cluster_name=None,consistencygroup=,consistencygroup_id=None,created_at=2026-04-23T23:08:36Z,deleted=False,deleted_at=None,display_description=None,display_name='tempest-VolumesSnapshotsTestJSON-volume-1261933054',ec2_id=None,encryption_key_id=None,glance_metadata=,group=,group_id=None,host='devstack@QuobyteHD#QuobyteHD',id=f6fb5413-d6f2-4790-b0b8-4da75e91c986,launched_at=None,metadata={},migration_status=None,multiattach=False,previous_status=None,project_id='a311949872654720804395d7b6540638',provider_auth=None,provider_geometry=None,provider_id=None,provider_location=None,replication_driver_data=None,replication_extended_status=None,replication_status=None,scheduled_at=2026-04-23T23:08:36Z,service_uuid=None,shared_targets=True,size=1,snapshot_id=None,snapshots=,source_volid=None,status='creating',terminated_at=None,updated_at=2026-04-23T23:08:36Z,use_quota=True,user_id='2a063d456cf34519a316682a0587d85e',volume_attachment=VolumeAttachmentList,volume_type=VolumeType(5eac78d1-159f-43e6-96a5-1295f087de3e),volume_type_id=5eac78d1-159f-43e6-96a5-1295f087de3e)' {{(pid=81902) _task_receiver /opt/stack/data/venv/lib/python3.10/site-packages/taskflow/listeners/logging.py:182}}
Apr 24 01:08:36 devstack sudo[84081]: pam_unix(sudo:session): session closed for user root
Apr 24 01:08:36 devstack cinder-volume[81902]: DEBUG cinder.volume.manager [req-feb7f613-de8e-4626-a49d-87138f3df27f req-1a8de498-2648-4f64-a9f8-01e0dd42dba5 tempest-VolumesSnapshotsTestJSON-715094161 None] Task 'cinder.volume.flows.manager.create_volume.OnFailureRescheduleTask;volume:create' (11be72ca-f5fd-4f01-b5a7-2dd5e9668ad5) transitioned into state 'RUNNING' from state 'PENDING' {{(pid=81902) _task_receiver /opt/stack/data/venv/lib/python3.10/site-packages/taskflow/listeners/logging.py:194}}
Apr 24 01:08:36 devstack cinder-volume[81902]: DEBUG cinder.volume.manager [req-feb7f613-de8e-4626-a49d-87138f3df27f req-1a8de498-2648-4f64-a9f8-01e0dd42dba5 tempest-VolumesSnapshotsTestJSON-715094161 None] Task 'cinder.volume.flows.manager.create_volume.OnFailureRescheduleTask;volume:create' (11be72ca-f5fd-4f01-b5a7-2dd5e9668ad5) transitioned into state 'SUCCESS' from state 'RUNNING' with result 'None' {{(pid=81902) _task_receiver /opt/stack/data/venv/lib/python3.10/site-packages/taskflow/listeners/logging.py:182}}
Apr 24 01:08:36 devstack cinder-volume[81902]: DEBUG cinder.volume.manager [req-feb7f613-de8e-4626-a49d-87138f3df27f req-1a8de498-2648-4f64-a9f8-01e0dd42dba5 tempest-VolumesSnapshotsTestJSON-715094161 None] Task 'cinder.volume.flows.manager.create_volume.ExtractVolumeSpecTask;volume:create' (745c8ed4-f4b9-4cf9-a93c-d2ee359e67e5) transitioned into state 'RUNNING' from state 'PENDING' {{(pid=81902) _task_receiver /opt/stack/data/venv/lib/python3.10/site-packages/taskflow/listeners/logging.py:194}}
Apr 24 01:08:36 devstack cinder-volume[81902]: DEBUG cinder.volume.manager [req-feb7f613-de8e-4626-a49d-87138f3df27f req-1a8de498-2648-4f64-a9f8-01e0dd42dba5 tempest-VolumesSnapshotsTestJSON-715094161 None] Task 'cinder.volume.flows.manager.create_volume.ExtractVolumeSpecTask;volume:create' (745c8ed4-f4b9-4cf9-a93c-d2ee359e67e5) transitioned into state 'SUCCESS' from state 'RUNNING' with result '{'status': 'creating', 'type': 'raw', 'volume_id': 'f6fb5413-d6f2-4790-b0b8-4da75e91c986', 'volume_name': 'volume-f6fb5413-d6f2-4790-b0b8-4da75e91c986', 'volume_size': 1}' {{(pid=81902) _task_receiver /opt/stack/data/venv/lib/python3.10/site-packages/taskflow/listeners/logging.py:182}}
Apr 24 01:08:36 devstack cinder-volume[81902]: DEBUG cinder.volume.manager [req-feb7f613-de8e-4626-a49d-87138f3df27f req-1a8de498-2648-4f64-a9f8-01e0dd42dba5 tempest-VolumesSnapshotsTestJSON-715094161 None] Task 'cinder.volume.flows.manager.create_volume.NotifyVolumeActionTask;volume:create, create.start' (f60a0746-3c5b-4869-8f12-15a01a1b6ce2) transitioned into state 'RUNNING' from state 'PENDING' {{(pid=81902) _task_receiver /opt/stack/data/venv/lib/python3.10/site-packages/taskflow/listeners/logging.py:194}}
Apr 24 01:08:36 devstack cinder-volume[81902]: DEBUG cinder.volume.manager [req-feb7f613-de8e-4626-a49d-87138f3df27f req-1a8de498-2648-4f64-a9f8-01e0dd42dba5 tempest-VolumesSnapshotsTestJSON-715094161 None] Task 'cinder.volume.flows.manager.create_volume.NotifyVolumeActionTask;volume:create, create.start' (f60a0746-3c5b-4869-8f12-15a01a1b6ce2) transitioned into state 'SUCCESS' from state 'RUNNING' with result 'None' {{(pid=81902) _task_receiver /opt/stack/data/venv/lib/python3.10/site-packages/taskflow/listeners/logging.py:182}}
Apr 24 01:08:36 devstack cinder-volume[81902]: DEBUG cinder.volume.manager [req-feb7f613-de8e-4626-a49d-87138f3df27f req-1a8de498-2648-4f64-a9f8-01e0dd42dba5 tempest-VolumesSnapshotsTestJSON-715094161 None] Task 'cinder.volume.flows.manager.create_volume.CreateVolumeFromSpecTask;volume:create' (da614fad-f542-48c5-b579-0612e3eda801) transitioned into state 'RUNNING' from state 'PENDING' {{(pid=81902) _task_receiver /opt/stack/data/venv/lib/python3.10/site-packages/taskflow/listeners/logging.py:194}}
Apr 24 01:08:36 devstack cinder-volume[81902]: INFO cinder.volume.flows.manager.create_volume [req-feb7f613-de8e-4626-a49d-87138f3df27f req-1a8de498-2648-4f64-a9f8-01e0dd42dba5 tempest-VolumesSnapshotsTestJSON-715094161 None] Volume f6fb5413-d6f2-4790-b0b8-4da75e91c986: being created as raw with specification: {'status': 'creating', 'volume_name': 'volume-f6fb5413-d6f2-4790-b0b8-4da75e91c986', 'volume_size': 1}
Apr 24 01:08:36 devstack cinder-volume[81902]: DEBUG oslo_concurrency.lockutils [req-feb7f613-de8e-4626-a49d-87138f3df27f req-1a8de498-2648-4f64-a9f8-01e0dd42dba5 tempest-VolumesSnapshotsTestJSON-715094161 None] Acquiring lock "quobyte" by "cinder.volume.drivers.quobyte.QuobyteDriver.create_volume" {{(pid=81902) inner /opt/stack/data/venv/lib/python3.10/site-packages/oslo_concurrency/lockutils.py:506}}
Apr 24 01:08:36 devstack cinder-volume[81902]: DEBUG oslo_concurrency.processutils [None req-133079b2-c81f-4f0e-a914-dfb65b06299b tempest-GroupsV314Test-270523085 None] CMD "sudo cinder-rootwrap /etc/cinder/rootwrap.conf chmod ugo+rw /opt/stack/data/cinder/mnt/5a178130991faf61f724a3c8757d4028/volume-5f1509ed-1ead-41a9-80b8-4e5caa9cdbb1.431064d8-f6b2-4116-9dd7-002cded0801f" returned: 0 in 1.021s {{(pid=81902) execute /opt/stack/data/venv/lib/python3.10/site-packages/oslo_concurrency/processutils.py:468}}
Apr 24 01:08:36 devstack cinder-volume[81902]: DEBUG oslo_concurrency.processutils [None req-133079b2-c81f-4f0e-a914-dfb65b06299b tempest-GroupsV314Test-270523085 None] Running cmd (subprocess): sudo cinder-rootwrap /etc/cinder/rootwrap.conf truncate -s0 /opt/stack/data/cinder/mnt/5a178130991faf61f724a3c8757d4028/volume-5f1509ed-1ead-41a9-80b8-4e5caa9cdbb1.info {{(pid=81902) execute /opt/stack/data/venv/lib/python3.10/site-packages/oslo_concurrency/processutils.py:440}}
Apr 24 01:08:36 devstack sudo[84084]: quobyte : PWD=/ ; USER=root ; COMMAND=/opt/stack/data/venv/bin/cinder-rootwrap /etc/cinder/rootwrap.conf truncate -s0 /opt/stack/data/cinder/mnt/5a178130991faf61f724a3c8757d4028/volume-5f1509ed-1ead-41a9-80b8-4e5caa9cdbb1.info
Apr 24 01:08:36 devstack sudo[84084]: pam_unix(sudo:session): session opened for user root(uid=0) by (uid=1000)
Apr 24 01:08:36 devstack sudo[84084]: pam_unix(sudo:session): session closed for user root
Apr 24 01:08:36 devstack cinder-volume[81902]: DEBUG oslo_concurrency.processutils [None req-133079b2-c81f-4f0e-a914-dfb65b06299b tempest-GroupsV314Test-270523085 None] CMD "sudo cinder-rootwrap /etc/cinder/rootwrap.conf truncate -s0 /opt/stack/data/cinder/mnt/5a178130991faf61f724a3c8757d4028/volume-5f1509ed-1ead-41a9-80b8-4e5caa9cdbb1.info" returned: 0 in 0.693s {{(pid=81902) execute /opt/stack/data/venv/lib/python3.10/site-packages/oslo_concurrency/processutils.py:468}}
Apr 24 01:08:36 devstack cinder-volume[81902]: WARNING cinder.volume.drivers.remotefs [None req-133079b2-c81f-4f0e-a914-dfb65b06299b tempest-GroupsV314Test-270523085 None] /opt/stack/data/cinder/mnt/5a178130991faf61f724a3c8757d4028/volume-5f1509ed-1ead-41a9-80b8-4e5caa9cdbb1.info is being set with open permissions: ugo+rw: NotImplementedError
Apr 24 01:08:36 devstack cinder-volume[81902]: DEBUG oslo_concurrency.processutils [None req-133079b2-c81f-4f0e-a914-dfb65b06299b tempest-GroupsV314Test-270523085 None] Running cmd (subprocess): sudo cinder-rootwrap /etc/cinder/rootwrap.conf chmod ugo+rw /opt/stack/data/cinder/mnt/5a178130991faf61f724a3c8757d4028/volume-5f1509ed-1ead-41a9-80b8-4e5caa9cdbb1.info {{(pid=81902) execute /opt/stack/data/venv/lib/python3.10/site-packages/oslo_concurrency/processutils.py:440}}
Apr 24 01:08:37 devstack sudo[84087]: quobyte : PWD=/ ; USER=root ; COMMAND=/opt/stack/data/venv/bin/cinder-rootwrap /etc/cinder/rootwrap.conf chmod ugo+rw /opt/stack/data/cinder/mnt/5a178130991faf61f724a3c8757d4028/volume-5f1509ed-1ead-41a9-80b8-4e5caa9cdbb1.info
Apr 24 01:08:37 devstack sudo[84087]: pam_unix(sudo:session): session opened for user root(uid=0) by (uid=1000)
Apr 24 01:08:37 devstack sudo[84087]: pam_unix(sudo:session): session closed for user root
Apr 24 01:08:37 devstack cinder-volume[81902]: DEBUG oslo_concurrency.processutils [None req-133079b2-c81f-4f0e-a914-dfb65b06299b tempest-GroupsV314Test-270523085 None] CMD "sudo cinder-rootwrap /etc/cinder/rootwrap.conf chmod ugo+rw /opt/stack/data/cinder/mnt/5a178130991faf61f724a3c8757d4028/volume-5f1509ed-1ead-41a9-80b8-4e5caa9cdbb1.info" returned: 0 in 0.591s {{(pid=81902) execute /opt/stack/data/venv/lib/python3.10/site-packages/oslo_concurrency/processutils.py:468}}
Apr 24 01:08:37 devstack cinder-volume[81902]: DEBUG cinder.coordination [None req-133079b2-c81f-4f0e-a914-dfb65b06299b tempest-GroupsV314Test-270523085 None] Acquiring lock "cinder-quobyte-034a76da-433c-4432-8a1b-3ec133be13b3" by "_copy_volume_from_snapshot" {{(pid=81902) __acquire /opt/stack/cinder/cinder/coordination.py:138}}
Apr 24 01:08:37 devstack cinder-volume[81902]: DEBUG cinder.coordination [None req-133079b2-c81f-4f0e-a914-dfb65b06299b tempest-GroupsV314Test-270523085 None] Lock "cinder-quobyte-034a76da-433c-4432-8a1b-3ec133be13b3" acquired by "_copy_volume_from_snapshot" :: waited 0.024s {{(pid=81902) __acquire /opt/stack/cinder/cinder/coordination.py:141}}
Apr 24 01:08:37 devstack cinder-volume[81902]: DEBUG cinder.volume.drivers.quobyte [None req-133079b2-c81f-4f0e-a914-dfb65b06299b tempest-GroupsV314Test-270523085 None] snapshot: 431064d8-f6b2-4116-9dd7-002cded0801f, volume: 034a76da-433c-4432-8a1b-3ec133be13b3, {{(pid=81902) _copy_volume_from_snapshot /opt/stack/cinder/cinder/volume/drivers/quobyte.py:401}}
Apr 24 01:08:37 devstack cinder-volume[81902]: DEBUG oslo_concurrency.lockutils [None req-133079b2-c81f-4f0e-a914-dfb65b06299b tempest-GroupsV314Test-270523085 None] Acquiring lock "quobyte_ensure" by "cinder.volume.drivers.quobyte.QuobyteDriver._ensure_shares_mounted" {{(pid=81902) inner /opt/stack/data/venv/lib/python3.10/site-packages/oslo_concurrency/lockutils.py:506}}
Apr 24 01:08:37 devstack cinder-volume[81902]: DEBUG oslo_concurrency.lockutils [None req-133079b2-c81f-4f0e-a914-dfb65b06299b tempest-GroupsV314Test-270523085 None] Lock "quobyte_ensure" acquired by "cinder.volume.drivers.quobyte.QuobyteDriver._ensure_shares_mounted" :: waited 0.001s {{(pid=81902) inner /opt/stack/data/venv/lib/python3.10/site-packages/oslo_concurrency/lockutils.py:519}}
Apr 24 01:08:37 devstack cinder-volume[81902]: DEBUG cinder.volume.drivers.quobyte [None req-133079b2-c81f-4f0e-a914-dfb65b06299b tempest-GroupsV314Test-270523085 None] Quobyte Volume URL set to: {'osci02.corp.quobyte.com/cinder-vol-b6d47942-0a54-426a-a6df-3efd53e81054': None} {{(pid=81902) _load_shares_config /opt/stack/cinder/cinder/volume/drivers/quobyte.py:617}}
Apr 24 01:08:37 devstack cinder-volume[81902]: DEBUG cinder.volume.drivers.quobyte [None req-133079b2-c81f-4f0e-a914-dfb65b06299b tempest-GroupsV314Test-270523085 None] Available shares ['osci02.corp.quobyte.com/cinder-vol-b6d47942-0a54-426a-a6df-3efd53e81054'] {{(pid=81902) _ensure_shares_mounted /opt/stack/cinder/cinder/volume/drivers/quobyte.py:647}}
Apr 24 01:08:37 devstack cinder-volume[81902]: DEBUG oslo_concurrency.lockutils [None req-133079b2-c81f-4f0e-a914-dfb65b06299b tempest-GroupsV314Test-270523085 None] Lock "quobyte_ensure" "released" by "cinder.volume.drivers.quobyte.QuobyteDriver._ensure_shares_mounted" :: held 0.005s {{(pid=81902) inner /opt/stack/data/venv/lib/python3.10/site-packages/oslo_concurrency/lockutils.py:538}}
Apr 24 01:08:37 devstack cinder-volume[81902]: DEBUG oslo.privsep.daemon [-] privsep: reply[94815ea1-5505-463e-995e-b1e9a841d0aa]: (4, 'qcow2') {{(pid=83038) _call_back /opt/stack/data/venv/lib/python3.10/site-packages/oslo_privsep/daemon.py:573}}
Apr 24 01:08:37 devstack cinder-volume[81902]: DEBUG oslo_concurrency.processutils [None req-133079b2-c81f-4f0e-a914-dfb65b06299b tempest-GroupsV314Test-270523085 None] Running cmd (subprocess): /opt/stack/data/venv/bin/python3.10 -m oslo_concurrency.prlimit --as=1073741824 --cpu=60 -- sudo cinder-rootwrap /etc/cinder/rootwrap.conf env LC_ALL=C qemu-img info -f qcow2 --output=json --force-share /opt/stack/data/cinder/mnt/5a178130991faf61f724a3c8757d4028/volume-5f1509ed-1ead-41a9-80b8-4e5caa9cdbb1.431064d8-f6b2-4116-9dd7-002cded0801f {{(pid=81902) execute /opt/stack/data/venv/lib/python3.10/site-packages/oslo_concurrency/processutils.py:440}}
Apr 24 01:08:37 devstack sudo[84090]: quobyte : PWD=/ ; USER=root ; COMMAND=/opt/stack/data/venv/bin/cinder-rootwrap /etc/cinder/rootwrap.conf env LC_ALL=C qemu-img info -f qcow2 --output=json --force-share /opt/stack/data/cinder/mnt/5a178130991faf61f724a3c8757d4028/volume-5f1509ed-1ead-41a9-80b8-4e5caa9cdbb1.431064d8-f6b2-4116-9dd7-002cded0801f
Apr 24 01:08:37 devstack sudo[84090]: pam_unix(sudo:session): session opened for user root(uid=0) by (uid=1000)
Apr 24 01:08:38 devstack sudo[84090]: pam_unix(sudo:session): session closed for user root
Apr 24 01:08:38 devstack cinder-volume[81902]: DEBUG oslo_concurrency.processutils [None req-133079b2-c81f-4f0e-a914-dfb65b06299b tempest-GroupsV314Test-270523085 None] CMD "/opt/stack/data/venv/bin/python3.10 -m oslo_concurrency.prlimit --as=1073741824 --cpu=60 -- sudo cinder-rootwrap /etc/cinder/rootwrap.conf env LC_ALL=C qemu-img info -f qcow2 --output=json --force-share /opt/stack/data/cinder/mnt/5a178130991faf61f724a3c8757d4028/volume-5f1509ed-1ead-41a9-80b8-4e5caa9cdbb1.431064d8-f6b2-4116-9dd7-002cded0801f" returned: 0 in 0.743s {{(pid=81902) execute /opt/stack/data/venv/lib/python3.10/site-packages/oslo_concurrency/processutils.py:468}}
Apr 24 01:08:38 devstack cinder-volume[81902]: DEBUG cinder.volume.drivers.remotefs [None req-133079b2-c81f-4f0e-a914-dfb65b06299b tempest-GroupsV314Test-270523085 None] Fetching qemu-img info with special backing_file_template: (/opt/stack/data/cinder/mnt/[0-9a-f]+/)?(volume-5f1509ed-1ead-41a9-80b8-4e5caa9cdbb1(.(tmp-snap-)?[0-9a-f-]+)?|volume_from_snapshot_cache/(tmp-snap-)?[0-9a-f-]+(.(child-|parent-)[0-9a-f-]+)?)$ {{(pid=81902) _qemu_img_info_base /opt/stack/cinder/cinder/volume/drivers/remotefs.py:896}}
Apr 24 01:08:38 devstack cinder-volume[81902]: DEBUG cinder.volume.drivers.quobyte [None req-133079b2-c81f-4f0e-a914-dfb65b06299b tempest-GroupsV314Test-270523085 None] will copy from snapshot at /opt/stack/data/cinder/mnt/5a178130991faf61f724a3c8757d4028/volume-5f1509ed-1ead-41a9-80b8-4e5caa9cdbb1 {{(pid=81902) _copy_volume_from_snapshot /opt/stack/cinder/cinder/volume/drivers/quobyte.py:420}}
Apr 24 01:08:38 devstack cinder-volume[81902]: DEBUG cinder.volume.drivers.quobyte [None req-133079b2-c81f-4f0e-a914-dfb65b06299b tempest-GroupsV314Test-270523085 None] Creating direct copy from snapshot {{(pid=81902) _copy_volume_from_snapshot /opt/stack/cinder/cinder/volume/drivers/quobyte.py:428}}
Apr 24 01:08:38 devstack cinder-volume[81902]: DEBUG oslo.privsep.daemon [-] privsep: reply[96be8e76-fde2-4aa3-8281-0b1a3e79291d]: (4, 'qcow2') {{(pid=83038) _call_back /opt/stack/data/venv/lib/python3.10/site-packages/oslo_privsep/daemon.py:573}}
Apr 24 01:08:38 devstack cinder-volume[81902]: DEBUG oslo_concurrency.processutils [None req-133079b2-c81f-4f0e-a914-dfb65b06299b tempest-GroupsV314Test-270523085 None] Running cmd (subprocess): /opt/stack/data/venv/bin/python3.10 -m oslo_concurrency.prlimit --as=1073741824 --cpu=60 -- sudo cinder-rootwrap /etc/cinder/rootwrap.conf env LC_ALL=C qemu-img info -f qcow2 --output=json /opt/stack/data/cinder/mnt/5a178130991faf61f724a3c8757d4028/volume-5f1509ed-1ead-41a9-80b8-4e5caa9cdbb1 {{(pid=81902) execute /opt/stack/data/venv/lib/python3.10/site-packages/oslo_concurrency/processutils.py:440}}
Apr 24 01:08:38 devstack sudo[84095]: quobyte : PWD=/ ; USER=root ; COMMAND=/opt/stack/data/venv/bin/cinder-rootwrap /etc/cinder/rootwrap.conf env LC_ALL=C qemu-img info -f qcow2 --output=json /opt/stack/data/cinder/mnt/5a178130991faf61f724a3c8757d4028/volume-5f1509ed-1ead-41a9-80b8-4e5caa9cdbb1
Apr 24 01:08:38 devstack sudo[84095]: pam_unix(sudo:session): session opened for user root(uid=0) by (uid=1000)
Apr 24 01:08:39 devstack sudo[84095]: pam_unix(sudo:session): session closed for user root
Apr 24 01:08:39 devstack cinder-volume[81902]: DEBUG oslo_concurrency.processutils [None req-133079b2-c81f-4f0e-a914-dfb65b06299b tempest-GroupsV314Test-270523085 None] CMD "/opt/stack/data/venv/bin/python3.10 -m oslo_concurrency.prlimit --as=1073741824 --cpu=60 -- sudo cinder-rootwrap /etc/cinder/rootwrap.conf env LC_ALL=C qemu-img info -f qcow2 --output=json /opt/stack/data/cinder/mnt/5a178130991faf61f724a3c8757d4028/volume-5f1509ed-1ead-41a9-80b8-4e5caa9cdbb1" returned: 0 in 0.811s {{(pid=81902) execute /opt/stack/data/venv/lib/python3.10/site-packages/oslo_concurrency/processutils.py:468}}
Apr 24 01:08:39 devstack cinder-volume[81902]: DEBUG cinder.utils [None req-133079b2-c81f-4f0e-a914-dfb65b06299b tempest-GroupsV314Test-270523085 None] Path /opt/stack/data/cinder/mnt/5a178130991faf61f724a3c8757d4028/volume-034a76da-433c-4432-8a1b-3ec133be13b3 not found in is_blk_device check {{(pid=81902) is_blk_device /opt/stack/cinder/cinder/utils.py:602}}
Apr 24 01:08:39 devstack cinder-volume[81902]: DEBUG oslo_concurrency.processutils [None req-133079b2-c81f-4f0e-a914-dfb65b06299b tempest-GroupsV314Test-270523085 None] Running cmd (subprocess): sudo cinder-rootwrap /etc/cinder/rootwrap.conf qemu-img convert -O qcow2 /opt/stack/data/cinder/mnt/5a178130991faf61f724a3c8757d4028/volume-5f1509ed-1ead-41a9-80b8-4e5caa9cdbb1 /opt/stack/data/cinder/mnt/5a178130991faf61f724a3c8757d4028/volume-034a76da-433c-4432-8a1b-3ec133be13b3 {{(pid=81902) execute /opt/stack/data/venv/lib/python3.10/site-packages/oslo_concurrency/processutils.py:440}}
Apr 24 01:08:39 devstack sudo[84101]: quobyte : PWD=/ ; USER=root ; COMMAND=/opt/stack/data/venv/bin/cinder-rootwrap /etc/cinder/rootwrap.conf qemu-img convert -O qcow2 /opt/stack/data/cinder/mnt/5a178130991faf61f724a3c8757d4028/volume-5f1509ed-1ead-41a9-80b8-4e5caa9cdbb1 /opt/stack/data/cinder/mnt/5a178130991faf61f724a3c8757d4028/volume-034a76da-433c-4432-8a1b-3ec133be13b3
Apr 24 01:08:39 devstack sudo[84101]: pam_unix(sudo:session): session opened for user root(uid=0) by (uid=1000)
Apr 24 01:08:46 devstack cinder-volume[81902]: DEBUG dbcounter [-] [81902] Writing DB stats cinder:SELECT=21,cinder:UPDATE=19,cinder:INSERT=9,cinder:DELETE=1 {{(pid=81902) stat_writer /opt/stack/data/venv/lib/python3.10/site-packages/dbcounter.py:115}}
Apr 24 01:08:46 devstack cinder-volume[81902]: DEBUG dbcounter [-] [81902] Writing DB stats cinder:SELECT=21,cinder:UPDATE=23,cinder:DELETE=2,cinder:INSERT=2 {{(pid=81902) stat_writer /opt/stack/data/venv/lib/python3.10/site-packages/dbcounter.py:115}}
Apr 24 01:08:46 devstack sudo[84101]: pam_unix(sudo:session): session closed for user root
Apr 24 01:08:46 devstack cinder-volume[81902]: DEBUG oslo_concurrency.processutils [None req-133079b2-c81f-4f0e-a914-dfb65b06299b tempest-GroupsV314Test-270523085 None] CMD "sudo cinder-rootwrap /etc/cinder/rootwrap.conf qemu-img convert -O qcow2 /opt/stack/data/cinder/mnt/5a178130991faf61f724a3c8757d4028/volume-5f1509ed-1ead-41a9-80b8-4e5caa9cdbb1 /opt/stack/data/cinder/mnt/5a178130991faf61f724a3c8757d4028/volume-034a76da-433c-4432-8a1b-3ec133be13b3" returned: 0 in 7.169s {{(pid=81902) execute /opt/stack/data/venv/lib/python3.10/site-packages/oslo_concurrency/processutils.py:468}}
Apr 24 01:08:46 devstack cinder-volume[81902]: DEBUG oslo.privsep.daemon [-] privsep: reply[5c0d051c-7257-42f2-8f6a-c1141f40e5cf]: (4, 'qcow2') {{(pid=83038) _call_back /opt/stack/data/venv/lib/python3.10/site-packages/oslo_privsep/daemon.py:573}}
Apr 24 01:08:46 devstack cinder-volume[81902]: DEBUG oslo_concurrency.processutils [None req-133079b2-c81f-4f0e-a914-dfb65b06299b tempest-GroupsV314Test-270523085 None] Running cmd (subprocess): /opt/stack/data/venv/bin/python3.10 -m oslo_concurrency.prlimit --as=1073741824 --cpu=60 -- sudo cinder-rootwrap /etc/cinder/rootwrap.conf env LC_ALL=C qemu-img info -f qcow2 --output=json /opt/stack/data/cinder/mnt/5a178130991faf61f724a3c8757d4028/volume-5f1509ed-1ead-41a9-80b8-4e5caa9cdbb1 {{(pid=81902) execute /opt/stack/data/venv/lib/python3.10/site-packages/oslo_concurrency/processutils.py:440}}
Apr 24 01:08:46 devstack sudo[84166]: quobyte : PWD=/ ; USER=root ; COMMAND=/opt/stack/data/venv/bin/cinder-rootwrap /etc/cinder/rootwrap.conf env LC_ALL=C qemu-img info -f qcow2 --output=json /opt/stack/data/cinder/mnt/5a178130991faf61f724a3c8757d4028/volume-5f1509ed-1ead-41a9-80b8-4e5caa9cdbb1
Apr 24 01:08:46 devstack sudo[84166]: pam_unix(sudo:session): session opened for user root(uid=0) by (uid=1000)
Apr 24 01:08:47 devstack sudo[84166]: pam_unix(sudo:session): session closed for user root
Apr 24 01:08:47 devstack cinder-volume[81902]: DEBUG oslo_concurrency.processutils [None req-133079b2-c81f-4f0e-a914-dfb65b06299b tempest-GroupsV314Test-270523085 None] CMD "/opt/stack/data/venv/bin/python3.10 -m oslo_concurrency.prlimit --as=1073741824 --cpu=60 -- sudo cinder-rootwrap /etc/cinder/rootwrap.conf env LC_ALL=C qemu-img info -f qcow2 --output=json /opt/stack/data/cinder/mnt/5a178130991faf61f724a3c8757d4028/volume-5f1509ed-1ead-41a9-80b8-4e5caa9cdbb1" returned: 0 in 0.801s {{(pid=81902) execute /opt/stack/data/venv/lib/python3.10/site-packages/oslo_concurrency/processutils.py:468}}
Apr 24 01:08:47 devstack cinder-volume[81902]: DEBUG cinder.image.image_utils [None req-133079b2-c81f-4f0e-a914-dfb65b06299b tempest-GroupsV314Test-270523085 None] Image conversion details: src /opt/stack/data/cinder/mnt/5a178130991faf61f724a3c8757d4028/volume-5f1509ed-1ead-41a9-80b8-4e5caa9cdbb1, size 1024.00 MB, duration 7.17 sec, destination /opt/stack/data/cinder/mnt/5a178130991faf61f724a3c8757d4028/volume-034a76da-433c-4432-8a1b-3ec133be13b3 {{(pid=81902) _convert_image /opt/stack/cinder/cinder/image/image_utils.py:533}}
Apr 24 01:08:47 devstack cinder-volume[81902]: INFO cinder.image.image_utils [None req-133079b2-c81f-4f0e-a914-dfb65b06299b tempest-GroupsV314Test-270523085 None] Converted 1024.00 MB image at 142.80 MB/s
Apr 24 01:08:47 devstack cinder-volume[81902]: WARNING cinder.volume.drivers.remotefs [None req-133079b2-c81f-4f0e-a914-dfb65b06299b tempest-GroupsV314Test-270523085 None] /opt/stack/data/cinder/mnt/5a178130991faf61f724a3c8757d4028/volume-034a76da-433c-4432-8a1b-3ec133be13b3 is being set with open permissions: ugo+rw: NotImplementedError
Apr 24 01:08:47 devstack cinder-volume[81902]: DEBUG oslo_concurrency.processutils [None req-133079b2-c81f-4f0e-a914-dfb65b06299b tempest-GroupsV314Test-270523085 None] Running cmd (subprocess): sudo cinder-rootwrap /etc/cinder/rootwrap.conf chmod ugo+rw /opt/stack/data/cinder/mnt/5a178130991faf61f724a3c8757d4028/volume-034a76da-433c-4432-8a1b-3ec133be13b3 {{(pid=81902) execute /opt/stack/data/venv/lib/python3.10/site-packages/oslo_concurrency/processutils.py:440}}
Apr 24 01:08:47 devstack sudo[84171]: quobyte : PWD=/ ; USER=root ; COMMAND=/opt/stack/data/venv/bin/cinder-rootwrap /etc/cinder/rootwrap.conf chmod ugo+rw /opt/stack/data/cinder/mnt/5a178130991faf61f724a3c8757d4028/volume-034a76da-433c-4432-8a1b-3ec133be13b3
Apr 24 01:08:47 devstack sudo[84171]: pam_unix(sudo:session): session opened for user root(uid=0) by (uid=1000)
Apr 24 01:08:47 devstack sudo[84171]: pam_unix(sudo:session): session closed for user root
Apr 24 01:08:47 devstack cinder-volume[81902]: DEBUG oslo_concurrency.processutils [None req-133079b2-c81f-4f0e-a914-dfb65b06299b tempest-GroupsV314Test-270523085 None] CMD "sudo cinder-rootwrap /etc/cinder/rootwrap.conf chmod ugo+rw /opt/stack/data/cinder/mnt/5a178130991faf61f724a3c8757d4028/volume-034a76da-433c-4432-8a1b-3ec133be13b3" returned: 0 in 0.579s {{(pid=81902) execute /opt/stack/data/venv/lib/python3.10/site-packages/oslo_concurrency/processutils.py:468}}
Apr 24 01:08:47 devstack cinder-volume[81902]: DEBUG cinder.coordination [None req-133079b2-c81f-4f0e-a914-dfb65b06299b tempest-GroupsV314Test-270523085 None] Lock "cinder-quobyte-034a76da-433c-4432-8a1b-3ec133be13b3" released by "_copy_volume_from_snapshot" :: held 10.197s {{(pid=81902) __release /opt/stack/cinder/cinder/coordination.py:152}}
Apr 24 01:08:47 devstack cinder-volume[81902]: DEBUG cinder.coordination [None req-133079b2-c81f-4f0e-a914-dfb65b06299b tempest-GroupsV314Test-270523085 None] Acquiring lock "cinder-quobyte-431064d8-f6b2-4116-9dd7-002cded0801f" by "_delete_snapshot" {{(pid=81902) __acquire /opt/stack/cinder/cinder/coordination.py:138}}
Apr 24 01:08:47 devstack cinder-volume[81902]: DEBUG cinder.coordination [None req-133079b2-c81f-4f0e-a914-dfb65b06299b tempest-GroupsV314Test-270523085 None] Lock "cinder-quobyte-431064d8-f6b2-4116-9dd7-002cded0801f" acquired by "_delete_snapshot" :: waited 0.022s {{(pid=81902) __acquire /opt/stack/cinder/cinder/coordination.py:141}}
Apr 24 01:08:47 devstack cinder-volume[81902]: DEBUG cinder.volume.drivers.remotefs [None req-133079b2-c81f-4f0e-a914-dfb65b06299b tempest-GroupsV314Test-270523085 None] Deleting offline snapshot 431064d8-f6b2-4116-9dd7-002cded0801f of volume 5f1509ed-1ead-41a9-80b8-4e5caa9cdbb1 {{(pid=81902) _delete_snapshot /opt/stack/cinder/cinder/volume/drivers/remotefs.py:1288}}
Apr 24 01:08:47 devstack cinder-volume[81902]: DEBUG cinder.volume.drivers.remotefs [None req-133079b2-c81f-4f0e-a914-dfb65b06299b tempest-GroupsV314Test-270523085 None] snapshot_file for this snap is: volume-5f1509ed-1ead-41a9-80b8-4e5caa9cdbb1.431064d8-f6b2-4116-9dd7-002cded0801f {{(pid=81902) _delete_snapshot /opt/stack/cinder/cinder/volume/drivers/remotefs.py:1317}}
Apr 24 01:08:47 devstack cinder-volume[81902]: DEBUG oslo.privsep.daemon [-] privsep: reply[d8a467da-8bc4-4354-a47c-13de42440520]: (4, 'qcow2') {{(pid=83038) _call_back /opt/stack/data/venv/lib/python3.10/site-packages/oslo_privsep/daemon.py:573}}
Apr 24 01:08:47 devstack cinder-volume[81902]: DEBUG oslo_concurrency.processutils [None req-133079b2-c81f-4f0e-a914-dfb65b06299b tempest-GroupsV314Test-270523085 None] Running cmd (subprocess): /opt/stack/data/venv/bin/python3.10 -m oslo_concurrency.prlimit --as=1073741824 --cpu=60 -- sudo cinder-rootwrap /etc/cinder/rootwrap.conf env LC_ALL=C qemu-img info -f qcow2 --output=json --force-share /opt/stack/data/cinder/mnt/5a178130991faf61f724a3c8757d4028/volume-5f1509ed-1ead-41a9-80b8-4e5caa9cdbb1.431064d8-f6b2-4116-9dd7-002cded0801f {{(pid=81902) execute /opt/stack/data/venv/lib/python3.10/site-packages/oslo_concurrency/processutils.py:440}}
Apr 24 01:08:48 devstack sudo[84177]: quobyte : PWD=/ ; USER=root ; COMMAND=/opt/stack/data/venv/bin/cinder-rootwrap /etc/cinder/rootwrap.conf env LC_ALL=C qemu-img info -f qcow2 --output=json --force-share /opt/stack/data/cinder/mnt/5a178130991faf61f724a3c8757d4028/volume-5f1509ed-1ead-41a9-80b8-4e5caa9cdbb1.431064d8-f6b2-4116-9dd7-002cded0801f
Apr 24 01:08:48 devstack sudo[84177]: pam_unix(sudo:session): session opened for user root(uid=0) by (uid=1000)
Apr 24 01:08:48 devstack sudo[84177]: pam_unix(sudo:session): session closed for user root
Apr 24 01:08:48 devstack cinder-volume[81902]: DEBUG oslo_concurrency.processutils [None req-133079b2-c81f-4f0e-a914-dfb65b06299b tempest-GroupsV314Test-270523085 None] CMD "/opt/stack/data/venv/bin/python3.10 -m oslo_concurrency.prlimit --as=1073741824 --cpu=60 -- sudo cinder-rootwrap /etc/cinder/rootwrap.conf env LC_ALL=C qemu-img info -f qcow2 --output=json --force-share /opt/stack/data/cinder/mnt/5a178130991faf61f724a3c8757d4028/volume-5f1509ed-1ead-41a9-80b8-4e5caa9cdbb1.431064d8-f6b2-4116-9dd7-002cded0801f" returned: 0 in 0.734s {{(pid=81902) execute /opt/stack/data/venv/lib/python3.10/site-packages/oslo_concurrency/processutils.py:468}}
Apr 24 01:08:48 devstack cinder-volume[81902]: DEBUG cinder.volume.drivers.remotefs [None req-133079b2-c81f-4f0e-a914-dfb65b06299b tempest-GroupsV314Test-270523085 None] Fetching qemu-img info with special backing_file_template: (/opt/stack/data/cinder/mnt/[0-9a-f]+/)?(volume-5f1509ed-1ead-41a9-80b8-4e5caa9cdbb1(.(tmp-snap-)?[0-9a-f-]+)?|volume_from_snapshot_cache/(tmp-snap-)?[0-9a-f-]+(.(child-|parent-)[0-9a-f-]+)?)$ {{(pid=81902) _qemu_img_info_base /opt/stack/cinder/cinder/volume/drivers/remotefs.py:896}}
Apr 24 01:08:48 devstack cinder-volume[81902]: DEBUG oslo.privsep.daemon [-] privsep: reply[4ca833e6-789d-4581-83be-9952a9c8a0fc]: (4, 'qcow2') {{(pid=83038) _call_back /opt/stack/data/venv/lib/python3.10/site-packages/oslo_privsep/daemon.py:573}}
Apr 24 01:08:48 devstack cinder-volume[81902]: DEBUG oslo_concurrency.processutils [None req-133079b2-c81f-4f0e-a914-dfb65b06299b tempest-GroupsV314Test-270523085 None] Running cmd (subprocess): /opt/stack/data/venv/bin/python3.10 -m oslo_concurrency.prlimit --as=1073741824 --cpu=60 -- sudo cinder-rootwrap /etc/cinder/rootwrap.conf env LC_ALL=C qemu-img info -f qcow2 --output=json --force-share /opt/stack/data/cinder/mnt/5a178130991faf61f724a3c8757d4028/volume-5f1509ed-1ead-41a9-80b8-4e5caa9cdbb1 {{(pid=81902) execute /opt/stack/data/venv/lib/python3.10/site-packages/oslo_concurrency/processutils.py:440}}
Apr 24 01:08:48 devstack sudo[84182]: quobyte : PWD=/ ; USER=root ; COMMAND=/opt/stack/data/venv/bin/cinder-rootwrap /etc/cinder/rootwrap.conf env LC_ALL=C qemu-img info -f qcow2 --output=json --force-share /opt/stack/data/cinder/mnt/5a178130991faf61f724a3c8757d4028/volume-5f1509ed-1ead-41a9-80b8-4e5caa9cdbb1
Apr 24 01:08:48 devstack sudo[84182]: pam_unix(sudo:session): session opened for user root(uid=0) by (uid=1000)
Apr 24 01:08:49 devstack sudo[84182]: pam_unix(sudo:session): session closed for user root
Apr 24 01:08:49 devstack cinder-volume[81902]: DEBUG oslo_concurrency.processutils [None req-133079b2-c81f-4f0e-a914-dfb65b06299b tempest-GroupsV314Test-270523085 None] CMD "/opt/stack/data/venv/bin/python3.10 -m oslo_concurrency.prlimit --as=1073741824 --cpu=60 -- sudo cinder-rootwrap /etc/cinder/rootwrap.conf env LC_ALL=C qemu-img info -f qcow2 --output=json --force-share /opt/stack/data/cinder/mnt/5a178130991faf61f724a3c8757d4028/volume-5f1509ed-1ead-41a9-80b8-4e5caa9cdbb1" returned: 0 in 0.646s {{(pid=81902) execute /opt/stack/data/venv/lib/python3.10/site-packages/oslo_concurrency/processutils.py:468}}
Apr 24 01:08:49 devstack cinder-volume[81902]: DEBUG oslo_concurrency.processutils [None req-133079b2-c81f-4f0e-a914-dfb65b06299b tempest-GroupsV314Test-270523085 None] Running cmd (subprocess): sudo cinder-rootwrap /etc/cinder/rootwrap.conf qemu-img commit -d /opt/stack/data/cinder/mnt/5a178130991faf61f724a3c8757d4028/volume-5f1509ed-1ead-41a9-80b8-4e5caa9cdbb1.431064d8-f6b2-4116-9dd7-002cded0801f {{(pid=81902) execute /opt/stack/data/venv/lib/python3.10/site-packages/oslo_concurrency/processutils.py:440}}
Apr 24 01:08:49 devstack sudo[84188]: quobyte : PWD=/ ; USER=root ; COMMAND=/opt/stack/data/venv/bin/cinder-rootwrap /etc/cinder/rootwrap.conf qemu-img commit -d /opt/stack/data/cinder/mnt/5a178130991faf61f724a3c8757d4028/volume-5f1509ed-1ead-41a9-80b8-4e5caa9cdbb1.431064d8-f6b2-4116-9dd7-002cded0801f
Apr 24 01:08:49 devstack sudo[84188]: pam_unix(sudo:session): session opened for user root(uid=0) by (uid=1000)
Apr 24 01:08:50 devstack sudo[84188]: pam_unix(sudo:session): session closed for user root
Apr 24 01:08:50 devstack cinder-volume[81902]: DEBUG oslo_concurrency.processutils [None req-133079b2-c81f-4f0e-a914-dfb65b06299b tempest-GroupsV314Test-270523085 None] CMD "sudo cinder-rootwrap /etc/cinder/rootwrap.conf qemu-img commit -d /opt/stack/data/cinder/mnt/5a178130991faf61f724a3c8757d4028/volume-5f1509ed-1ead-41a9-80b8-4e5caa9cdbb1.431064d8-f6b2-4116-9dd7-002cded0801f" returned: 0 in 0.830s {{(pid=81902) execute /opt/stack/data/venv/lib/python3.10/site-packages/oslo_concurrency/processutils.py:468}}
Apr 24 01:08:50 devstack cinder-volume[81902]: DEBUG oslo_concurrency.processutils [None req-133079b2-c81f-4f0e-a914-dfb65b06299b tempest-GroupsV314Test-270523085 None] Running cmd (subprocess): sudo cinder-rootwrap /etc/cinder/rootwrap.conf rm -f /opt/stack/data/cinder/mnt/5a178130991faf61f724a3c8757d4028/volume-5f1509ed-1ead-41a9-80b8-4e5caa9cdbb1.431064d8-f6b2-4116-9dd7-002cded0801f {{(pid=81902) execute /opt/stack/data/venv/lib/python3.10/site-packages/oslo_concurrency/processutils.py:440}}
Apr 24 01:08:50 devstack sudo[84193]: quobyte : PWD=/ ; USER=root ; COMMAND=/opt/stack/data/venv/bin/cinder-rootwrap /etc/cinder/rootwrap.conf rm -f /opt/stack/data/cinder/mnt/5a178130991faf61f724a3c8757d4028/volume-5f1509ed-1ead-41a9-80b8-4e5caa9cdbb1.431064d8-f6b2-4116-9dd7-002cded0801f
Apr 24 01:08:50 devstack sudo[84193]: pam_unix(sudo:session): session opened for user root(uid=0) by (uid=1000)
Apr 24 01:08:50 devstack sudo[84193]: pam_unix(sudo:session): session closed for user root
Apr 24 01:08:50 devstack cinder-volume[81902]: DEBUG oslo_concurrency.processutils [None req-133079b2-c81f-4f0e-a914-dfb65b06299b tempest-GroupsV314Test-270523085 None] CMD "sudo cinder-rootwrap /etc/cinder/rootwrap.conf rm -f /opt/stack/data/cinder/mnt/5a178130991faf61f724a3c8757d4028/volume-5f1509ed-1ead-41a9-80b8-4e5caa9cdbb1.431064d8-f6b2-4116-9dd7-002cded0801f" returned: 0 in 0.676s {{(pid=81902) execute /opt/stack/data/venv/lib/python3.10/site-packages/oslo_concurrency/processutils.py:468}}
Apr 24 01:08:50 devstack cinder-volume[81902]: DEBUG cinder.coordination [None req-133079b2-c81f-4f0e-a914-dfb65b06299b tempest-GroupsV314Test-270523085 None] Lock "cinder-quobyte-431064d8-f6b2-4116-9dd7-002cded0801f" released by "_delete_snapshot" :: held 3.046s {{(pid=81902) __release /opt/stack/cinder/cinder/coordination.py:152}}
Apr 24 01:08:50 devstack cinder-volume[81902]: DEBUG oslo_concurrency.lockutils [None req-133079b2-c81f-4f0e-a914-dfb65b06299b tempest-GroupsV314Test-270523085 None] Lock "quobyte" "released" by "cinder.volume.drivers.quobyte.QuobyteDriver.create_cloned_volume" :: held 19.829s {{(pid=81902) inner /opt/stack/data/venv/lib/python3.10/site-packages/oslo_concurrency/lockutils.py:538}}
Apr 24 01:08:50 devstack cinder-volume[81902]: DEBUG oslo_concurrency.lockutils [req-feb7f613-de8e-4626-a49d-87138f3df27f req-1a8de498-2648-4f64-a9f8-01e0dd42dba5 tempest-VolumesSnapshotsTestJSON-715094161 None] Lock "quobyte" acquired by "cinder.volume.drivers.quobyte.QuobyteDriver.create_volume" :: waited 14.711s {{(pid=81902) inner /opt/stack/data/venv/lib/python3.10/site-packages/oslo_concurrency/lockutils.py:519}}
Apr 24 01:08:50 devstack cinder-volume[81902]: DEBUG cinder.volume.drivers.quobyte [req-feb7f613-de8e-4626-a49d-87138f3df27f req-1a8de498-2648-4f64-a9f8-01e0dd42dba5 tempest-VolumesSnapshotsTestJSON-715094161 None] ==> create_volume: call "{'self': , 'volume': Volume(_name_id=None,admin_metadata=,attach_status='detached',availability_zone='nova',bootable=False,cluster=,cluster_name=None,consistencygroup=,consistencygroup_id=None,created_at=2026-04-23T23:08:36Z,deleted=False,deleted_at=None,display_description=None,display_name='tempest-VolumesSnapshotsTestJSON-volume-1261933054',ec2_id=None,encryption_key_id=None,glance_metadata=,group=,group_id=None,host='devstack@QuobyteHD#QuobyteHD',id=f6fb5413-d6f2-4790-b0b8-4da75e91c986,launched_at=None,metadata={},migration_status=None,multiattach=False,previous_status=None,project_id='a311949872654720804395d7b6540638',provider_auth=None,provider_geometry=None,provider_id=None,provider_location=None,replication_driver_data=None,replication_extended_status=None,replication_status=None,scheduled_at=2026-04-23T23:08:36Z,service_uuid=None,shared_targets=True,size=1,snapshot_id=None,snapshots=,source_volid=None,status='creating',terminated_at=None,updated_at=2026-04-23T23:08:36Z,use_quota=True,user_id='2a063d456cf34519a316682a0587d85e',volume_attachment=VolumeAttachmentList,volume_type=VolumeType(5eac78d1-159f-43e6-96a5-1295f087de3e),volume_type_id=5eac78d1-159f-43e6-96a5-1295f087de3e)}" {{(pid=81902) trace_logging_wrapper /opt/stack/cinder/cinder/volume/volume_utils.py:1498}}
Apr 24 01:08:50 devstack cinder-volume[81902]: DEBUG cinder.volume.drivers.remotefs [req-feb7f613-de8e-4626-a49d-87138f3df27f req-1a8de498-2648-4f64-a9f8-01e0dd42dba5 tempest-VolumesSnapshotsTestJSON-715094161 None] Creating volume f6fb5413-d6f2-4790-b0b8-4da75e91c986 {{(pid=81902) create_volume /opt/stack/cinder/cinder/volume/drivers/remotefs.py:292}}
Apr 24 01:08:50 devstack cinder-volume[81902]: DEBUG oslo_concurrency.lockutils [req-feb7f613-de8e-4626-a49d-87138f3df27f req-1a8de498-2648-4f64-a9f8-01e0dd42dba5 tempest-VolumesSnapshotsTestJSON-715094161 None] Acquiring lock "quobyte_ensure" by "cinder.volume.drivers.quobyte.QuobyteDriver._ensure_shares_mounted" {{(pid=81902) inner /opt/stack/data/venv/lib/python3.10/site-packages/oslo_concurrency/lockutils.py:506}}
Apr 24 01:08:50 devstack cinder-volume[81902]: DEBUG oslo_concurrency.lockutils [req-feb7f613-de8e-4626-a49d-87138f3df27f req-1a8de498-2648-4f64-a9f8-01e0dd42dba5 tempest-VolumesSnapshotsTestJSON-715094161 None] Lock "quobyte_ensure" acquired by "cinder.volume.drivers.quobyte.QuobyteDriver._ensure_shares_mounted" :: waited 0.000s {{(pid=81902) inner /opt/stack/data/venv/lib/python3.10/site-packages/oslo_concurrency/lockutils.py:519}}
Apr 24 01:08:50 devstack cinder-volume[81902]: DEBUG cinder.volume.drivers.quobyte [req-feb7f613-de8e-4626-a49d-87138f3df27f req-1a8de498-2648-4f64-a9f8-01e0dd42dba5 tempest-VolumesSnapshotsTestJSON-715094161 None] Quobyte Volume URL set to: {'osci02.corp.quobyte.com/cinder-vol-b6d47942-0a54-426a-a6df-3efd53e81054': None} {{(pid=81902) _load_shares_config /opt/stack/cinder/cinder/volume/drivers/quobyte.py:617}}
Apr 24 01:08:50 devstack cinder-volume[81902]: DEBUG cinder.volume.drivers.quobyte [req-feb7f613-de8e-4626-a49d-87138f3df27f req-1a8de498-2648-4f64-a9f8-01e0dd42dba5 tempest-VolumesSnapshotsTestJSON-715094161 None] Available shares ['osci02.corp.quobyte.com/cinder-vol-b6d47942-0a54-426a-a6df-3efd53e81054'] {{(pid=81902) _ensure_shares_mounted /opt/stack/cinder/cinder/volume/drivers/quobyte.py:647}}
Apr 24 01:08:50 devstack cinder-volume[81902]: DEBUG oslo_concurrency.lockutils [req-feb7f613-de8e-4626-a49d-87138f3df27f req-1a8de498-2648-4f64-a9f8-01e0dd42dba5 tempest-VolumesSnapshotsTestJSON-715094161 None] Lock "quobyte_ensure" "released" by "cinder.volume.drivers.quobyte.QuobyteDriver._ensure_shares_mounted" :: held 0.009s {{(pid=81902) inner /opt/stack/data/venv/lib/python3.10/site-packages/oslo_concurrency/lockutils.py:538}}
Apr 24 01:08:50 devstack cinder-volume[81902]: DEBUG cinder.volume.drivers.quobyte [req-feb7f613-de8e-4626-a49d-87138f3df27f req-1a8de498-2648-4f64-a9f8-01e0dd42dba5 tempest-VolumesSnapshotsTestJSON-715094161 None] Selected osci02.corp.quobyte.com/cinder-vol-b6d47942-0a54-426a-a6df-3efd53e81054 as target Quobyte volume. {{(pid=81902) _find_share /opt/stack/cinder/cinder/volume/drivers/quobyte.py:668}}
Apr 24 01:08:50 devstack cinder-volume[81902]: INFO cinder.volume.drivers.remotefs [req-feb7f613-de8e-4626-a49d-87138f3df27f req-1a8de498-2648-4f64-a9f8-01e0dd42dba5 tempest-VolumesSnapshotsTestJSON-715094161 None] casted to osci02.corp.quobyte.com/cinder-vol-b6d47942-0a54-426a-a6df-3efd53e81054
Apr 24 01:08:50 devstack cinder-volume[81902]: DEBUG oslo_concurrency.processutils [req-feb7f613-de8e-4626-a49d-87138f3df27f req-1a8de498-2648-4f64-a9f8-01e0dd42dba5 tempest-VolumesSnapshotsTestJSON-715094161 None] Running cmd (subprocess): sudo cinder-rootwrap /etc/cinder/rootwrap.conf qemu-img create -f qcow2 -o preallocation=metadata /opt/stack/data/cinder/mnt/5a178130991faf61f724a3c8757d4028/volume-f6fb5413-d6f2-4790-b0b8-4da75e91c986 1073741824 {{(pid=81902) execute /opt/stack/data/venv/lib/python3.10/site-packages/oslo_concurrency/processutils.py:440}}
Apr 24 01:08:50 devstack sudo[84196]: quobyte : PWD=/ ; USER=root ; COMMAND=/opt/stack/data/venv/bin/cinder-rootwrap /etc/cinder/rootwrap.conf qemu-img create -f qcow2 -o preallocation=metadata /opt/stack/data/cinder/mnt/5a178130991faf61f724a3c8757d4028/volume-f6fb5413-d6f2-4790-b0b8-4da75e91c986 1073741824
Apr 24 01:08:50 devstack sudo[84196]: pam_unix(sudo:session): session opened for user root(uid=0) by (uid=1000)
Apr 24 01:08:51 devstack cinder-volume[81902]: INFO cinder.volume.manager [None req-133079b2-c81f-4f0e-a914-dfb65b06299b tempest-GroupsV314Test-270523085 None] Create group from source-group-c74b6643-399c-4750-b460-f7e166b1b943 completed successfully.
Apr 24 01:08:51 devstack cinder-volume[81902]: DEBUG cinder.coordination [None req-7953f52b-79c4-4a54-81df-64a136aa5e8b tempest-GroupsV314Test-270523085 None] Acquiring lock "cinder-quobyte-034a76da-433c-4432-8a1b-3ec133be13b3" by "delete_volume" {{(pid=81902) __acquire /opt/stack/cinder/cinder/coordination.py:138}}
Apr 24 01:08:51 devstack cinder-volume[81902]: DEBUG cinder.coordination [None req-7953f52b-79c4-4a54-81df-64a136aa5e8b tempest-GroupsV314Test-270523085 None] Lock "cinder-quobyte-034a76da-433c-4432-8a1b-3ec133be13b3" acquired by "delete_volume" :: waited 0.034s {{(pid=81902) __acquire /opt/stack/cinder/cinder/coordination.py:141}}
Apr 24 01:08:51 devstack cinder-volume[81902]: DEBUG oslo.privsep.daemon [-] privsep: reply[874570c6-3a0a-4be3-b15e-077018ad4f16]: (4, 'qcow2') {{(pid=83038) _call_back /opt/stack/data/venv/lib/python3.10/site-packages/oslo_privsep/daemon.py:573}}
Apr 24 01:08:51 devstack cinder-volume[81902]: DEBUG oslo_concurrency.processutils [None req-7953f52b-79c4-4a54-81df-64a136aa5e8b tempest-GroupsV314Test-270523085 None] Running cmd (subprocess): /opt/stack/data/venv/bin/python3.10 -m oslo_concurrency.prlimit --as=1073741824 --cpu=60 -- sudo cinder-rootwrap /etc/cinder/rootwrap.conf env LC_ALL=C qemu-img info -f qcow2 --output=json --force-share /opt/stack/data/cinder/mnt/5a178130991faf61f724a3c8757d4028/volume-034a76da-433c-4432-8a1b-3ec133be13b3 {{(pid=81902) execute /opt/stack/data/venv/lib/python3.10/site-packages/oslo_concurrency/processutils.py:440}}
Apr 24 01:08:52 devstack sudo[84196]: pam_unix(sudo:session): session closed for user root
Apr 24 01:08:52 devstack cinder-volume[81902]: DEBUG oslo_concurrency.processutils [req-feb7f613-de8e-4626-a49d-87138f3df27f req-1a8de498-2648-4f64-a9f8-01e0dd42dba5 tempest-VolumesSnapshotsTestJSON-715094161 None] CMD "sudo cinder-rootwrap /etc/cinder/rootwrap.conf qemu-img create -f qcow2 -o preallocation=metadata /opt/stack/data/cinder/mnt/5a178130991faf61f724a3c8757d4028/volume-f6fb5413-d6f2-4790-b0b8-4da75e91c986 1073741824" returned: 0 in 1.066s {{(pid=81902) execute /opt/stack/data/venv/lib/python3.10/site-packages/oslo_concurrency/processutils.py:468}}
Apr 24 01:08:52 devstack sudo[84201]: quobyte : PWD=/ ; USER=root ; COMMAND=/opt/stack/data/venv/bin/cinder-rootwrap /etc/cinder/rootwrap.conf env LC_ALL=C qemu-img info -f qcow2 --output=json --force-share /opt/stack/data/cinder/mnt/5a178130991faf61f724a3c8757d4028/volume-034a76da-433c-4432-8a1b-3ec133be13b3
Apr 24 01:08:52 devstack sudo[84201]: pam_unix(sudo:session): session opened for user root(uid=0) by (uid=1000)
Apr 24 01:08:52 devstack cinder-volume[81902]: DEBUG oslo_concurrency.processutils [req-feb7f613-de8e-4626-a49d-87138f3df27f req-1a8de498-2648-4f64-a9f8-01e0dd42dba5 tempest-VolumesSnapshotsTestJSON-715094161 None] Running cmd (subprocess): sudo cinder-rootwrap /etc/cinder/rootwrap.conf chmod ugo+rw /opt/stack/data/cinder/mnt/5a178130991faf61f724a3c8757d4028/volume-f6fb5413-d6f2-4790-b0b8-4da75e91c986 {{(pid=81902) execute /opt/stack/data/venv/lib/python3.10/site-packages/oslo_concurrency/processutils.py:440}}
Apr 24 01:08:52 devstack sudo[84203]: quobyte : PWD=/ ; USER=root ; COMMAND=/opt/stack/data/venv/bin/cinder-rootwrap /etc/cinder/rootwrap.conf chmod ugo+rw /opt/stack/data/cinder/mnt/5a178130991faf61f724a3c8757d4028/volume-f6fb5413-d6f2-4790-b0b8-4da75e91c986
Apr 24 01:08:52 devstack sudo[84203]: pam_unix(sudo:session): session opened for user root(uid=0) by (uid=1000)
Apr 24 01:08:52 devstack sudo[84201]: pam_unix(sudo:session): session closed for user root
