Jul 09 03:07:48 devstack cinder-volume[87216]: DEBUG oslo_concurrency.processutils [None req-bb07dfbf-6e44-45f2-8a22-2011886afcbe tempest-VolumesGetTest-1542352371 None] CMD "/opt/stack/data/venv/bin/python3.12 -m oslo_concurrency.prlimit --as=1073741824 --cpu=60 -- sudo cinder-rootwrap /etc/cinder/rootwrap.conf env LC_ALL=C qemu-img info -f qcow2 --output=json --force-share /opt/stack/data/cinder/mnt/c563d46a920d054a01658200e3c2c798/volume-d1cc68a0-0ef3-45c1-ab99-b88a221fa570.80f5d90d-c455-4fa3-881b-5fb9a81bed3e" returned: 0 in 0.831s {{(pid=87216) execute /opt/stack/data/venv/lib/python3.12/site-packages/oslo_concurrency/processutils.py:468}}
Jul 09 03:07:48 devstack cinder-volume[87216]: DEBUG cinder.volume.drivers.remotefs [None req-bb07dfbf-6e44-45f2-8a22-2011886afcbe tempest-VolumesGetTest-1542352371 None] Fetching qemu-img info with special backing_file_template: (/opt/stack/data/cinder/mnt/[0-9a-f]+/)?(volume-d1cc68a0-0ef3-45c1-ab99-b88a221fa570(.(tmp-snap-)?[0-9a-f-]+)?|volume_from_snapshot_cache/(tmp-snap-)?[0-9a-f-]+(.(child-|parent-)[0-9a-f-]+)?)$ {{(pid=87216) _qemu_img_info_base /opt/stack/cinder/cinder/volume/drivers/remotefs.py:896}}
Jul 09 03:07:48 devstack cinder-volume[87216]: DEBUG cinder.volume.drivers.quobyte [None req-bb07dfbf-6e44-45f2-8a22-2011886afcbe tempest-VolumesGetTest-1542352371 None] will copy from snapshot at /opt/stack/data/cinder/mnt/c563d46a920d054a01658200e3c2c798/volume-d1cc68a0-0ef3-45c1-ab99-b88a221fa570 {{(pid=87216) _copy_volume_from_snapshot /opt/stack/cinder/cinder/volume/drivers/quobyte.py:420}}
Jul 09 03:07:48 devstack cinder-volume[87216]: DEBUG cinder.volume.drivers.quobyte [None req-bb07dfbf-6e44-45f2-8a22-2011886afcbe tempest-VolumesGetTest-1542352371 None] Creating direct copy from snapshot {{(pid=87216) _copy_volume_from_snapshot /opt/stack/cinder/cinder/volume/drivers/quobyte.py:428}}
Jul 09 03:07:48 devstack cinder-volume[87216]: DEBUG oslo.privsep.daemon [-] privsep: reply[2371928f-94e8-4ea2-b237-823cab8b45d4]: (4, 'qcow2') {{(pid=88178) _call_back /opt/stack/data/venv/lib/python3.12/site-packages/oslo_privsep/daemon.py:580}}
Jul 09 03:07:48 devstack cinder-volume[87216]: DEBUG oslo_concurrency.processutils [None req-bb07dfbf-6e44-45f2-8a22-2011886afcbe tempest-VolumesGetTest-1542352371 None] Running cmd (subprocess): /opt/stack/data/venv/bin/python3.12 -m oslo_concurrency.prlimit --as=1073741824 --cpu=60 -- sudo cinder-rootwrap /etc/cinder/rootwrap.conf env LC_ALL=C qemu-img info -f qcow2 --output=json /opt/stack/data/cinder/mnt/c563d46a920d054a01658200e3c2c798/volume-d1cc68a0-0ef3-45c1-ab99-b88a221fa570 {{(pid=87216) execute /opt/stack/data/venv/lib/python3.12/site-packages/oslo_concurrency/processutils.py:440}}
Jul 09 03:07:49 devstack sudo[94241]: quobyte : PWD=/ ; USER=root ; COMMAND=/opt/stack/data/venv/bin/cinder-rootwrap /etc/cinder/rootwrap.conf env LC_ALL=C qemu-img info -f qcow2 --output=json /opt/stack/data/cinder/mnt/c563d46a920d054a01658200e3c2c798/volume-d1cc68a0-0ef3-45c1-ab99-b88a221fa570
Jul 09 03:07:49 devstack sudo[94241]: pam_unix(sudo:session): session opened for user root(uid=0) by (uid=1000)
Jul 09 03:07:49 devstack sudo[94241]: pam_unix(sudo:session): session closed for user root
Jul 09 03:07:49 devstack cinder-volume[87216]: DEBUG oslo_concurrency.processutils [None req-bb07dfbf-6e44-45f2-8a22-2011886afcbe tempest-VolumesGetTest-1542352371 None] CMD "/opt/stack/data/venv/bin/python3.12 -m oslo_concurrency.prlimit --as=1073741824 --cpu=60 -- sudo cinder-rootwrap /etc/cinder/rootwrap.conf env LC_ALL=C qemu-img info -f qcow2 --output=json /opt/stack/data/cinder/mnt/c563d46a920d054a01658200e3c2c798/volume-d1cc68a0-0ef3-45c1-ab99-b88a221fa570" returned: 0 in 0.905s {{(pid=87216) execute /opt/stack/data/venv/lib/python3.12/site-packages/oslo_concurrency/processutils.py:468}}
Jul 09 03:07:49 devstack cinder-volume[87216]: DEBUG cinder.utils [None req-bb07dfbf-6e44-45f2-8a22-2011886afcbe tempest-VolumesGetTest-1542352371 None] Path /opt/stack/data/cinder/mnt/c563d46a920d054a01658200e3c2c798/volume-592d7e7f-78a5-44ae-bd9b-e94e9a0a21af not found in is_blk_device check {{(pid=87216) is_blk_device /opt/stack/cinder/cinder/utils.py:615}}
Jul 09 03:07:49 devstack cinder-volume[87216]: DEBUG oslo_concurrency.processutils [None req-bb07dfbf-6e44-45f2-8a22-2011886afcbe tempest-VolumesGetTest-1542352371 None] Running cmd (subprocess): sudo cinder-rootwrap /etc/cinder/rootwrap.conf qemu-img convert -O qcow2 /opt/stack/data/cinder/mnt/c563d46a920d054a01658200e3c2c798/volume-d1cc68a0-0ef3-45c1-ab99-b88a221fa570 /opt/stack/data/cinder/mnt/c563d46a920d054a01658200e3c2c798/volume-592d7e7f-78a5-44ae-bd9b-e94e9a0a21af {{(pid=87216) execute /opt/stack/data/venv/lib/python3.12/site-packages/oslo_concurrency/processutils.py:440}}
Jul 09 03:07:49 devstack sudo[94249]: quobyte : PWD=/ ; USER=root ; COMMAND=/opt/stack/data/venv/bin/cinder-rootwrap /etc/cinder/rootwrap.conf qemu-img convert -O qcow2 /opt/stack/data/cinder/mnt/c563d46a920d054a01658200e3c2c798/volume-d1cc68a0-0ef3-45c1-ab99-b88a221fa570 /opt/stack/data/cinder/mnt/c563d46a920d054a01658200e3c2c798/volume-592d7e7f-78a5-44ae-bd9b-e94e9a0a21af
Jul 09 03:07:49 devstack sudo[94249]: pam_unix(sudo:session): session opened for user root(uid=0) by (uid=1000)
Jul 09 03:07:55 devstack cinder-volume[87216]: DEBUG oslo_concurrency.processutils [None req-bb07dfbf-6e44-45f2-8a22-2011886afcbe tempest-VolumesGetTest-1542352371 None] CMD "sudo cinder-rootwrap /etc/cinder/rootwrap.conf qemu-img convert -O qcow2 /opt/stack/data/cinder/mnt/c563d46a920d054a01658200e3c2c798/volume-d1cc68a0-0ef3-45c1-ab99-b88a221fa570 /opt/stack/data/cinder/mnt/c563d46a920d054a01658200e3c2c798/volume-592d7e7f-78a5-44ae-bd9b-e94e9a0a21af" returned: 0 in 5.471s {{(pid=87216) execute /opt/stack/data/venv/lib/python3.12/site-packages/oslo_concurrency/processutils.py:468}}
Jul 09 03:07:55 devstack cinder-volume[87216]: DEBUG oslo.privsep.daemon [-] privsep: reply[aac3fe6d-9d86-477a-852c-7d9edea0234b]: (4, 'qcow2') {{(pid=88178) _call_back /opt/stack/data/venv/lib/python3.12/site-packages/oslo_privsep/daemon.py:580}}
Jul 09 03:07:55 devstack cinder-volume[87216]: DEBUG oslo_concurrency.processutils [None req-bb07dfbf-6e44-45f2-8a22-2011886afcbe tempest-VolumesGetTest-1542352371 None] Running cmd (subprocess): /opt/stack/data/venv/bin/python3.12 -m oslo_concurrency.prlimit --as=1073741824 --cpu=60 -- sudo cinder-rootwrap /etc/cinder/rootwrap.conf env LC_ALL=C qemu-img info -f qcow2 --output=json /opt/stack/data/cinder/mnt/c563d46a920d054a01658200e3c2c798/volume-d1cc68a0-0ef3-45c1-ab99-b88a221fa570 {{(pid=87216) execute /opt/stack/data/venv/lib/python3.12/site-packages/oslo_concurrency/processutils.py:440}}
Jul 09 03:07:55 devstack sudo[94264]: quobyte : PWD=/ ; USER=root ; COMMAND=/opt/stack/data/venv/bin/cinder-rootwrap /etc/cinder/rootwrap.conf env LC_ALL=C qemu-img info -f qcow2 --output=json /opt/stack/data/cinder/mnt/c563d46a920d054a01658200e3c2c798/volume-d1cc68a0-0ef3-45c1-ab99-b88a221fa570
Jul 09 03:07:55 devstack sudo[94264]: pam_unix(sudo:session): session opened for user root(uid=0) by (uid=1000)
Jul 09 03:07:56 devstack sudo[94264]: pam_unix(sudo:session): session closed for user root
Jul 09 03:07:56 devstack cinder-volume[87216]: DEBUG oslo_concurrency.processutils [None req-bb07dfbf-6e44-45f2-8a22-2011886afcbe tempest-VolumesGetTest-1542352371 None] CMD "/opt/stack/data/venv/bin/python3.12 -m oslo_concurrency.prlimit --as=1073741824 --cpu=60 -- sudo cinder-rootwrap /etc/cinder/rootwrap.conf env LC_ALL=C qemu-img info -f qcow2 --output=json /opt/stack/data/cinder/mnt/c563d46a920d054a01658200e3c2c798/volume-d1cc68a0-0ef3-45c1-ab99-b88a221fa570" returned: 0 in 0.941s {{(pid=87216) execute /opt/stack/data/venv/lib/python3.12/site-packages/oslo_concurrency/processutils.py:468}}
Jul 09 03:07:56 devstack cinder-volume[87216]: DEBUG cinder.image.image_utils [None req-bb07dfbf-6e44-45f2-8a22-2011886afcbe tempest-VolumesGetTest-1542352371 None] Image conversion details: src /opt/stack/data/cinder/mnt/c563d46a920d054a01658200e3c2c798/volume-d1cc68a0-0ef3-45c1-ab99-b88a221fa570, size 1024.00 MB, duration 5.47 sec, destination /opt/stack/data/cinder/mnt/c563d46a920d054a01658200e3c2c798/volume-592d7e7f-78a5-44ae-bd9b-e94e9a0a21af {{(pid=87216) _convert_image /opt/stack/cinder/cinder/image/image_utils.py:536}}
Jul 09 03:07:56 devstack cinder-volume[87216]: INFO cinder.image.image_utils [None req-bb07dfbf-6e44-45f2-8a22-2011886afcbe tempest-VolumesGetTest-1542352371 None] Converted 1024.00 MB image at 187.12 MB/s
Jul 09 03:07:56 devstack cinder-volume[87216]: WARNING cinder.volume.drivers.remotefs [None req-bb07dfbf-6e44-45f2-8a22-2011886afcbe tempest-VolumesGetTest-1542352371 None] /opt/stack/data/cinder/mnt/c563d46a920d054a01658200e3c2c798/volume-592d7e7f-78a5-44ae-bd9b-e94e9a0a21af is being set with open permissions: ugo+rw
Jul 09 03:07:56 devstack cinder-volume[87216]: DEBUG oslo_concurrency.processutils [None req-bb07dfbf-6e44-45f2-8a22-2011886afcbe tempest-VolumesGetTest-1542352371 None] Running cmd (subprocess): sudo cinder-rootwrap /etc/cinder/rootwrap.conf chmod ugo+rw /opt/stack/data/cinder/mnt/c563d46a920d054a01658200e3c2c798/volume-592d7e7f-78a5-44ae-bd9b-e94e9a0a21af {{(pid=87216) execute /opt/stack/data/venv/lib/python3.12/site-packages/oslo_concurrency/processutils.py:440}}
Jul 09 03:07:56 devstack sudo[94270]: quobyte : PWD=/ ; USER=root ; COMMAND=/opt/stack/data/venv/bin/cinder-rootwrap /etc/cinder/rootwrap.conf chmod ugo+rw /opt/stack/data/cinder/mnt/c563d46a920d054a01658200e3c2c798/volume-592d7e7f-78a5-44ae-bd9b-e94e9a0a21af
Jul 09 03:07:56 devstack sudo[94270]: pam_unix(sudo:session): session opened for user root(uid=0) by (uid=1000)
Jul 09 03:07:56 devstack sudo[94270]: pam_unix(sudo:session): session closed for user root
Jul 09 03:07:56 devstack cinder-volume[87216]: DEBUG oslo_concurrency.processutils [None req-bb07dfbf-6e44-45f2-8a22-2011886afcbe tempest-VolumesGetTest-1542352371 None] CMD "sudo cinder-rootwrap /etc/cinder/rootwrap.conf chmod ugo+rw /opt/stack/data/cinder/mnt/c563d46a920d054a01658200e3c2c798/volume-592d7e7f-78a5-44ae-bd9b-e94e9a0a21af" returned: 0 in 0.683s {{(pid=87216) execute /opt/stack/data/venv/lib/python3.12/site-packages/oslo_concurrency/processutils.py:468}}
Jul 09 03:07:56 devstack cinder-volume[87216]: DEBUG cinder.coordination [None req-bb07dfbf-6e44-45f2-8a22-2011886afcbe tempest-VolumesGetTest-1542352371 None] Lock "cinder-quobyte-592d7e7f-78a5-44ae-bd9b-e94e9a0a21af" released by "_copy_volume_from_snapshot" :: held 8.942s {{(pid=87216) __release /opt/stack/cinder/cinder/coordination.py:152}}
Jul 09 03:07:57 devstack cinder-volume[87216]: DEBUG cinder.coordination [None req-bb07dfbf-6e44-45f2-8a22-2011886afcbe tempest-VolumesGetTest-1542352371 None] Acquiring lock "cinder-quobyte-80f5d90d-c455-4fa3-881b-5fb9a81bed3e" by "_delete_snapshot" {{(pid=87216) __acquire /opt/stack/cinder/cinder/coordination.py:138}}
Jul 09 03:07:57 devstack cinder-volume[87216]: DEBUG cinder.coordination [None req-bb07dfbf-6e44-45f2-8a22-2011886afcbe tempest-VolumesGetTest-1542352371 None] Lock "cinder-quobyte-80f5d90d-c455-4fa3-881b-5fb9a81bed3e" acquired by "_delete_snapshot" :: waited 0.016s {{(pid=87216) __acquire /opt/stack/cinder/cinder/coordination.py:141}}
Jul 09 03:07:57 devstack cinder-volume[87216]: DEBUG cinder.volume.drivers.remotefs [None req-bb07dfbf-6e44-45f2-8a22-2011886afcbe tempest-VolumesGetTest-1542352371 None] Deleting offline snapshot 80f5d90d-c455-4fa3-881b-5fb9a81bed3e of volume d1cc68a0-0ef3-45c1-ab99-b88a221fa570 {{(pid=87216) _delete_snapshot /opt/stack/cinder/cinder/volume/drivers/remotefs.py:1288}}
Jul 09 03:07:57 devstack cinder-volume[87216]: DEBUG cinder.volume.drivers.remotefs [None req-bb07dfbf-6e44-45f2-8a22-2011886afcbe tempest-VolumesGetTest-1542352371 None] snapshot_file for this snap is: volume-d1cc68a0-0ef3-45c1-ab99-b88a221fa570.80f5d90d-c455-4fa3-881b-5fb9a81bed3e {{(pid=87216) _delete_snapshot /opt/stack/cinder/cinder/volume/drivers/remotefs.py:1317}}
Jul 09 03:07:57 devstack cinder-volume[87216]: DEBUG oslo.privsep.daemon [-] privsep: reply[9fe9fa46-c0e4-4e50-8e42-3663b4216f76]: (4, 'qcow2') {{(pid=88178) _call_back /opt/stack/data/venv/lib/python3.12/site-packages/oslo_privsep/daemon.py:580}}
Jul 09 03:07:57 devstack cinder-volume[87216]: DEBUG oslo_concurrency.processutils [None req-bb07dfbf-6e44-45f2-8a22-2011886afcbe tempest-VolumesGetTest-1542352371 None] Running cmd (subprocess): /opt/stack/data/venv/bin/python3.12 -m oslo_concurrency.prlimit --as=1073741824 --cpu=60 -- sudo cinder-rootwrap /etc/cinder/rootwrap.conf env LC_ALL=C qemu-img info -f qcow2 --output=json --force-share /opt/stack/data/cinder/mnt/c563d46a920d054a01658200e3c2c798/volume-d1cc68a0-0ef3-45c1-ab99-b88a221fa570.80f5d90d-c455-4fa3-881b-5fb9a81bed3e {{(pid=87216) execute /opt/stack/data/venv/lib/python3.12/site-packages/oslo_concurrency/processutils.py:440}}
Jul 09 03:07:57 devstack sudo[94273]: quobyte : PWD=/ ; USER=root ; COMMAND=/opt/stack/data/venv/bin/cinder-rootwrap /etc/cinder/rootwrap.conf env LC_ALL=C qemu-img info -f qcow2 --output=json --force-share /opt/stack/data/cinder/mnt/c563d46a920d054a01658200e3c2c798/volume-d1cc68a0-0ef3-45c1-ab99-b88a221fa570.80f5d90d-c455-4fa3-881b-5fb9a81bed3e
Jul 09 03:07:57 devstack sudo[94273]: pam_unix(sudo:session): session opened for user root(uid=0) by (uid=1000)
Jul 09 03:07:57 devstack cinder-volume[87216]: DEBUG dbcounter [-] [87216] Writing DB stats cinder:SELECT=67,cinder:UPDATE=88,cinder:INSERT=22,cinder:DELETE=9 {{(pid=87216) stat_writer /opt/stack/data/venv/lib/python3.12/site-packages/dbcounter.py:115}}
Jul 09 03:07:57 devstack sudo[94273]: pam_unix(sudo:session): session closed for user root
Jul 09 03:07:57 devstack cinder-volume[87216]: DEBUG oslo_concurrency.processutils [None req-bb07dfbf-6e44-45f2-8a22-2011886afcbe tempest-VolumesGetTest-1542352371 None] CMD "/opt/stack/data/venv/bin/python3.12 -m oslo_concurrency.prlimit --as=1073741824 --cpu=60 -- sudo cinder-rootwrap /etc/cinder/rootwrap.conf env LC_ALL=C qemu-img info -f qcow2 --output=json --force-share /opt/stack/data/cinder/mnt/c563d46a920d054a01658200e3c2c798/volume-d1cc68a0-0ef3-45c1-ab99-b88a221fa570.80f5d90d-c455-4fa3-881b-5fb9a81bed3e" returned: 0 in 0.808s {{(pid=87216) execute /opt/stack/data/venv/lib/python3.12/site-packages/oslo_concurrency/processutils.py:468}}
Jul 09 03:07:57 devstack cinder-volume[87216]: DEBUG cinder.volume.drivers.remotefs [None req-bb07dfbf-6e44-45f2-8a22-2011886afcbe tempest-VolumesGetTest-1542352371 None] Fetching qemu-img info with special backing_file_template: (/opt/stack/data/cinder/mnt/[0-9a-f]+/)?(volume-d1cc68a0-0ef3-45c1-ab99-b88a221fa570(.(tmp-snap-)?[0-9a-f-]+)?|volume_from_snapshot_cache/(tmp-snap-)?[0-9a-f-]+(.(child-|parent-)[0-9a-f-]+)?)$ {{(pid=87216) _qemu_img_info_base /opt/stack/cinder/cinder/volume/drivers/remotefs.py:896}}
Jul 09 03:07:57 devstack cinder-volume[87216]: DEBUG oslo.privsep.daemon [-] privsep: reply[c036d34b-c85b-46b5-beb9-835b7720eb73]: (4, 'qcow2') {{(pid=88178) _call_back /opt/stack/data/venv/lib/python3.12/site-packages/oslo_privsep/daemon.py:580}}
Jul 09 03:07:57 devstack cinder-volume[87216]: DEBUG oslo_concurrency.processutils [None req-bb07dfbf-6e44-45f2-8a22-2011886afcbe tempest-VolumesGetTest-1542352371 None] Running cmd (subprocess): /opt/stack/data/venv/bin/python3.12 -m oslo_concurrency.prlimit --as=1073741824 --cpu=60 -- sudo cinder-rootwrap /etc/cinder/rootwrap.conf env LC_ALL=C qemu-img info -f qcow2 --output=json --force-share /opt/stack/data/cinder/mnt/c563d46a920d054a01658200e3c2c798/volume-d1cc68a0-0ef3-45c1-ab99-b88a221fa570 {{(pid=87216) execute /opt/stack/data/venv/lib/python3.12/site-packages/oslo_concurrency/processutils.py:440}}
Jul 09 03:07:58 devstack sudo[94279]: quobyte : PWD=/ ; USER=root ; COMMAND=/opt/stack/data/venv/bin/cinder-rootwrap /etc/cinder/rootwrap.conf env LC_ALL=C qemu-img info -f qcow2 --output=json --force-share /opt/stack/data/cinder/mnt/c563d46a920d054a01658200e3c2c798/volume-d1cc68a0-0ef3-45c1-ab99-b88a221fa570
Jul 09 03:07:58 devstack sudo[94279]: pam_unix(sudo:session): session opened for user root(uid=0) by (uid=1000)
Jul 09 03:07:58 devstack sudo[94279]: pam_unix(sudo:session): session closed for user root
Jul 09 03:07:58 devstack cinder-volume[87216]: DEBUG oslo_concurrency.processutils [None req-bb07dfbf-6e44-45f2-8a22-2011886afcbe tempest-VolumesGetTest-1542352371 None] CMD "/opt/stack/data/venv/bin/python3.12 -m oslo_concurrency.prlimit --as=1073741824 --cpu=60 -- sudo cinder-rootwrap /etc/cinder/rootwrap.conf env LC_ALL=C qemu-img info -f qcow2 --output=json --force-share /opt/stack/data/cinder/mnt/c563d46a920d054a01658200e3c2c798/volume-d1cc68a0-0ef3-45c1-ab99-b88a221fa570" returned: 0 in 0.788s {{(pid=87216) execute /opt/stack/data/venv/lib/python3.12/site-packages/oslo_concurrency/processutils.py:468}}
Jul 09 03:07:58 devstack cinder-volume[87216]: DEBUG oslo_concurrency.processutils [None req-bb07dfbf-6e44-45f2-8a22-2011886afcbe tempest-VolumesGetTest-1542352371 None] Running cmd (subprocess): sudo cinder-rootwrap /etc/cinder/rootwrap.conf qemu-img commit -d /opt/stack/data/cinder/mnt/c563d46a920d054a01658200e3c2c798/volume-d1cc68a0-0ef3-45c1-ab99-b88a221fa570.80f5d90d-c455-4fa3-881b-5fb9a81bed3e {{(pid=87216) execute /opt/stack/data/venv/lib/python3.12/site-packages/oslo_concurrency/processutils.py:440}}
Jul 09 03:07:58 devstack sudo[94284]: quobyte : PWD=/ ; USER=root ; COMMAND=/opt/stack/data/venv/bin/cinder-rootwrap /etc/cinder/rootwrap.conf qemu-img commit -d /opt/stack/data/cinder/mnt/c563d46a920d054a01658200e3c2c798/volume-d1cc68a0-0ef3-45c1-ab99-b88a221fa570.80f5d90d-c455-4fa3-881b-5fb9a81bed3e
Jul 09 03:07:58 devstack sudo[94284]: pam_unix(sudo:session): session opened for user root(uid=0) by (uid=1000)
Jul 09 03:07:59 devstack sudo[94284]: pam_unix(sudo:session): session closed for user root
Jul 09 03:07:59 devstack cinder-volume[87216]: DEBUG oslo_concurrency.processutils [None req-bb07dfbf-6e44-45f2-8a22-2011886afcbe tempest-VolumesGetTest-1542352371 None] CMD "sudo cinder-rootwrap /etc/cinder/rootwrap.conf qemu-img commit -d /opt/stack/data/cinder/mnt/c563d46a920d054a01658200e3c2c798/volume-d1cc68a0-0ef3-45c1-ab99-b88a221fa570.80f5d90d-c455-4fa3-881b-5fb9a81bed3e" returned: 0 in 0.724s {{(pid=87216) execute /opt/stack/data/venv/lib/python3.12/site-packages/oslo_concurrency/processutils.py:468}}
Jul 09 03:07:59 devstack cinder-volume[87216]: DEBUG oslo_concurrency.processutils [None req-bb07dfbf-6e44-45f2-8a22-2011886afcbe tempest-VolumesGetTest-1542352371 None] Running cmd (subprocess): sudo cinder-rootwrap /etc/cinder/rootwrap.conf rm -f /opt/stack/data/cinder/mnt/c563d46a920d054a01658200e3c2c798/volume-d1cc68a0-0ef3-45c1-ab99-b88a221fa570.80f5d90d-c455-4fa3-881b-5fb9a81bed3e {{(pid=87216) execute /opt/stack/data/venv/lib/python3.12/site-packages/oslo_concurrency/processutils.py:440}}
Jul 09 03:07:59 devstack sudo[94289]: quobyte : PWD=/ ; USER=root ; COMMAND=/opt/stack/data/venv/bin/cinder-rootwrap /etc/cinder/rootwrap.conf rm -f /opt/stack/data/cinder/mnt/c563d46a920d054a01658200e3c2c798/volume-d1cc68a0-0ef3-45c1-ab99-b88a221fa570.80f5d90d-c455-4fa3-881b-5fb9a81bed3e
Jul 09 03:07:59 devstack sudo[94289]: pam_unix(sudo:session): session opened for user root(uid=0) by (uid=1000)
Jul 09 03:08:00 devstack sudo[94289]: pam_unix(sudo:session): session closed for user root
Jul 09 03:08:00 devstack cinder-volume[87216]: DEBUG oslo_concurrency.processutils [None req-bb07dfbf-6e44-45f2-8a22-2011886afcbe tempest-VolumesGetTest-1542352371 None] CMD "sudo cinder-rootwrap /etc/cinder/rootwrap.conf rm -f /opt/stack/data/cinder/mnt/c563d46a920d054a01658200e3c2c798/volume-d1cc68a0-0ef3-45c1-ab99-b88a221fa570.80f5d90d-c455-4fa3-881b-5fb9a81bed3e" returned: 0 in 0.645s {{(pid=87216) execute /opt/stack/data/venv/lib/python3.12/site-packages/oslo_concurrency/processutils.py:468}}
Jul 09 03:08:00 devstack cinder-volume[87216]: DEBUG cinder.coordination [None req-bb07dfbf-6e44-45f2-8a22-2011886afcbe tempest-VolumesGetTest-1542352371 None] Lock "cinder-quobyte-80f5d90d-c455-4fa3-881b-5fb9a81bed3e" released by "_delete_snapshot" :: held 3.067s {{(pid=87216) __release /opt/stack/cinder/cinder/coordination.py:152}}
Jul 09 03:08:00 devstack cinder-volume[87216]: DEBUG oslo_concurrency.lockutils [None req-bb07dfbf-6e44-45f2-8a22-2011886afcbe tempest-VolumesGetTest-1542352371 None] Lock "quobyte" "released" by "cinder.volume.drivers.quobyte.QuobyteDriver.create_cloned_volume" :: held 16.982s {{(pid=87216) inner /opt/stack/data/venv/lib/python3.12/site-packages/oslo_concurrency/lockutils.py:543}}
Jul 09 03:08:00 devstack cinder-volume[87216]: DEBUG oslo_concurrency.lockutils [None req-360ea254-5a5f-447b-89a8-8f7599bfe6b5 tempest-VolumesTestJSON-1465806037 None] Lock "quobyte" acquired by "cinder.volume.drivers.quobyte.QuobyteDriver.create_volume" :: waited 15.485s {{(pid=87216) inner /opt/stack/data/venv/lib/python3.12/site-packages/oslo_concurrency/lockutils.py:524}}
Jul 09 03:08:00 devstack cinder-volume[87216]: DEBUG cinder.volume.drivers.quobyte [None req-360ea254-5a5f-447b-89a8-8f7599bfe6b5 tempest-VolumesTestJSON-1465806037 None] ==> create_volume: call "{'self': , 'volume': Volume(_name_id=None,admin_metadata=,attach_status='detached',availability_zone='nova',bootable=False,cluster=,cluster_name=None,consistencygroup=,consistencygroup_id=None,created_at=2026-07-09T01:07:44Z,deleted=False,deleted_at=None,display_description=None,display_name='tempest-VolumesTestJSON-volume-363116650',ec2_id=None,encryption_key_id=None,glance_metadata=,group=,group_id=None,host='devstack@QuobyteHD#QuobyteHD',id=44b79548-5e34-4f87-ae83-671794855bc1,launched_at=None,metadata={Type='work'},migration_status=None,multiattach=False,previous_status=None,project_id='9f1a5c1a4e6d4716a8828fd9ceba8400',provider_auth=None,provider_geometry=None,provider_id=None,provider_location=None,replication_driver_data=None,replication_extended_status=None,replication_status=None,scheduled_at=2026-07-09T01:07:44Z,service_uuid=None,shared_targets=True,size=1,snapshot_id=None,snapshots=,source_volid=None,status='creating',terminated_at=None,updated_at=2026-07-09T01:07:44Z,use_quota=True,user_id='43996118fde645b0a34496bf5be35251',volume_attachment=VolumeAttachmentList,volume_type=VolumeType(70c6dc4e-ec0a-4001-8bea-695957075246),volume_type_id=70c6dc4e-ec0a-4001-8bea-695957075246)}" {{(pid=87216) trace_logging_wrapper /opt/stack/cinder/cinder/volume/volume_utils.py:1497}}
Jul 09 03:08:00 devstack cinder-volume[87216]: DEBUG cinder.volume.drivers.remotefs [None req-360ea254-5a5f-447b-89a8-8f7599bfe6b5 tempest-VolumesTestJSON-1465806037 None] Creating volume 44b79548-5e34-4f87-ae83-671794855bc1 {{(pid=87216) create_volume /opt/stack/cinder/cinder/volume/drivers/remotefs.py:292}}
Jul 09 03:08:00 devstack cinder-volume[87216]: DEBUG oslo_concurrency.lockutils [None req-360ea254-5a5f-447b-89a8-8f7599bfe6b5 tempest-VolumesTestJSON-1465806037 None] Acquiring lock "quobyte_ensure" by "cinder.volume.drivers.quobyte.QuobyteDriver._ensure_shares_mounted" {{(pid=87216) inner /opt/stack/data/venv/lib/python3.12/site-packages/oslo_concurrency/lockutils.py:511}}
Jul 09 03:08:00 devstack cinder-volume[87216]: DEBUG oslo_concurrency.lockutils [None req-360ea254-5a5f-447b-89a8-8f7599bfe6b5 tempest-VolumesTestJSON-1465806037 None] Lock "quobyte_ensure" acquired by "cinder.volume.drivers.quobyte.QuobyteDriver._ensure_shares_mounted" :: waited 0.000s {{(pid=87216) inner /opt/stack/data/venv/lib/python3.12/site-packages/oslo_concurrency/lockutils.py:524}}
Jul 09 03:08:00 devstack cinder-volume[87216]: DEBUG cinder.volume.drivers.quobyte [None req-360ea254-5a5f-447b-89a8-8f7599bfe6b5 tempest-VolumesTestJSON-1465806037 None] Quobyte Volume URL set to: {'osci02.corp.quobyte.com/cinder-vol-96fe93f1-4a5a-4884-b351-47a10940ca3b': None} {{(pid=87216) _load_shares_config /opt/stack/cinder/cinder/volume/drivers/quobyte.py:617}}
Jul 09 03:08:00 devstack cinder-volume[87216]: DEBUG cinder.volume.drivers.quobyte [None req-360ea254-5a5f-447b-89a8-8f7599bfe6b5 tempest-VolumesTestJSON-1465806037 None] Available shares ['osci02.corp.quobyte.com/cinder-vol-96fe93f1-4a5a-4884-b351-47a10940ca3b'] {{(pid=87216) _ensure_shares_mounted /opt/stack/cinder/cinder/volume/drivers/quobyte.py:647}}
Jul 09 03:08:00 devstack cinder-volume[87216]: DEBUG oslo_concurrency.lockutils [None req-360ea254-5a5f-447b-89a8-8f7599bfe6b5 tempest-VolumesTestJSON-1465806037 None] Lock "quobyte_ensure" "released" by "cinder.volume.drivers.quobyte.QuobyteDriver._ensure_shares_mounted" :: held 0.007s {{(pid=87216) inner /opt/stack/data/venv/lib/python3.12/site-packages/oslo_concurrency/lockutils.py:543}}
Jul 09 03:08:00 devstack cinder-volume[87216]: DEBUG cinder.volume.drivers.quobyte [None req-360ea254-5a5f-447b-89a8-8f7599bfe6b5 tempest-VolumesTestJSON-1465806037 None] Selected osci02.corp.quobyte.com/cinder-vol-96fe93f1-4a5a-4884-b351-47a10940ca3b as target Quobyte volume. {{(pid=87216) _find_share /opt/stack/cinder/cinder/volume/drivers/quobyte.py:668}}
Jul 09 03:08:00 devstack cinder-volume[87216]: INFO cinder.volume.drivers.remotefs [None req-360ea254-5a5f-447b-89a8-8f7599bfe6b5 tempest-VolumesTestJSON-1465806037 None] casted to osci02.corp.quobyte.com/cinder-vol-96fe93f1-4a5a-4884-b351-47a10940ca3b
Jul 09 03:08:00 devstack cinder-volume[87216]: DEBUG oslo_concurrency.processutils [None req-360ea254-5a5f-447b-89a8-8f7599bfe6b5 tempest-VolumesTestJSON-1465806037 None] Running cmd (subprocess): sudo cinder-rootwrap /etc/cinder/rootwrap.conf qemu-img create -f qcow2 -o preallocation=metadata /opt/stack/data/cinder/mnt/c563d46a920d054a01658200e3c2c798/volume-44b79548-5e34-4f87-ae83-671794855bc1 1073741824 {{(pid=87216) execute /opt/stack/data/venv/lib/python3.12/site-packages/oslo_concurrency/processutils.py:440}}
Jul 09 03:08:00 devstack sudo[94292]: quobyte : PWD=/ ; USER=root ; COMMAND=/opt/stack/data/venv/bin/cinder-rootwrap /etc/cinder/rootwrap.conf qemu-img create -f qcow2 -o preallocation=metadata /opt/stack/data/cinder/mnt/c563d46a920d054a01658200e3c2c798/volume-44b79548-5e34-4f87-ae83-671794855bc1 1073741824
Jul 09 03:08:00 devstack cinder-volume[87216]: DEBUG cinder.volume.manager [None req-bb07dfbf-6e44-45f2-8a22-2011886afcbe tempest-VolumesGetTest-1542352371 None] Task 'cinder.volume.flows.manager.create_volume.CreateVolumeFromSpecTask;volume:create' (7bfae70b-d28c-41c7-92b5-a3dd0d713158) transitioned into state 'SUCCESS' from state 'RUNNING' with result '{'status': 'creating', 'volume_name': 'volume-592d7e7f-78a5-44ae-bd9b-e94e9a0a21af', 'volume_size': 1, 'source_volid': 'd1cc68a0-0ef3-45c1-ab99-b88a221fa570', 'source_volstatus': 'available'}' {{(pid=87216) _task_receiver /opt/stack/data/venv/lib/python3.12/site-packages/taskflow/listeners/logging.py:218}}
Jul 09 03:08:00 devstack sudo[94292]: pam_unix(sudo:session): session opened for user root(uid=0) by (uid=1000)
Jul 09 03:08:00 devstack cinder-volume[87216]: DEBUG cinder.volume.manager [None req-bb07dfbf-6e44-45f2-8a22-2011886afcbe tempest-VolumesGetTest-1542352371 None] Task 'cinder.volume.flows.manager.create_volume.CreateVolumeOnFinishTask;volume:create, create.end' (525790f1-1cd1-4869-bcfc-4117c355a6a3) transitioned into state 'RUNNING' from state 'PENDING' {{(pid=87216) _task_receiver /opt/stack/data/venv/lib/python3.12/site-packages/taskflow/listeners/logging.py:242}}
Jul 09 03:08:00 devstack cinder-volume[87216]: INFO cinder.volume.flows.manager.create_volume [None req-bb07dfbf-6e44-45f2-8a22-2011886afcbe tempest-VolumesGetTest-1542352371 None] Volume volume-592d7e7f-78a5-44ae-bd9b-e94e9a0a21af (592d7e7f-78a5-44ae-bd9b-e94e9a0a21af): created successfully
Jul 09 03:08:00 devstack cinder-volume[87216]: DEBUG cinder.volume.manager [None req-bb07dfbf-6e44-45f2-8a22-2011886afcbe tempest-VolumesGetTest-1542352371 None] Task 'cinder.volume.flows.manager.create_volume.CreateVolumeOnFinishTask;volume:create, create.end' (525790f1-1cd1-4869-bcfc-4117c355a6a3) transitioned into state 'SUCCESS' from state 'RUNNING' with result 'None' {{(pid=87216) _task_receiver /opt/stack/data/venv/lib/python3.12/site-packages/taskflow/listeners/logging.py:218}}
Jul 09 03:08:00 devstack cinder-volume[87216]: DEBUG cinder.volume.manager [None req-bb07dfbf-6e44-45f2-8a22-2011886afcbe tempest-VolumesGetTest-1542352371 None] Flow 'volume_create_manager' (a2e0d41d-05da-4c3c-805e-dc65aa76d842) transitioned into state 'SUCCESS' from state 'RUNNING' {{(pid=87216) _flow_receiver /opt/stack/data/venv/lib/python3.12/site-packages/taskflow/listeners/logging.py:160}}
Jul 09 03:08:00 devstack cinder-volume[87216]: INFO cinder.volume.manager [None req-bb07dfbf-6e44-45f2-8a22-2011886afcbe tempest-VolumesGetTest-1542352371 None] Created volume successfully.
Jul 09 03:08:01 devstack sudo[94292]: pam_unix(sudo:session): session closed for user root
Jul 09 03:08:01 devstack cinder-volume[87216]: DEBUG oslo_concurrency.processutils [None req-360ea254-5a5f-447b-89a8-8f7599bfe6b5 tempest-VolumesTestJSON-1465806037 None] CMD "sudo cinder-rootwrap /etc/cinder/rootwrap.conf qemu-img create -f qcow2 -o preallocation=metadata /opt/stack/data/cinder/mnt/c563d46a920d054a01658200e3c2c798/volume-44b79548-5e34-4f87-ae83-671794855bc1 1073741824" returned: 0 in 0.906s {{(pid=87216) execute /opt/stack/data/venv/lib/python3.12/site-packages/oslo_concurrency/processutils.py:468}}
Jul 09 03:08:01 devstack cinder-volume[87216]: DEBUG oslo_concurrency.processutils [None req-360ea254-5a5f-447b-89a8-8f7599bfe6b5 tempest-VolumesTestJSON-1465806037 None] Running cmd (subprocess): sudo cinder-rootwrap /etc/cinder/rootwrap.conf chmod ugo+rw /opt/stack/data/cinder/mnt/c563d46a920d054a01658200e3c2c798/volume-44b79548-5e34-4f87-ae83-671794855bc1 {{(pid=87216) execute /opt/stack/data/venv/lib/python3.12/site-packages/oslo_concurrency/processutils.py:440}}
Jul 09 03:08:01 devstack sudo[94298]: quobyte : PWD=/ ; USER=root ; COMMAND=/opt/stack/data/venv/bin/cinder-rootwrap /etc/cinder/rootwrap.conf chmod ugo+rw /opt/stack/data/cinder/mnt/c563d46a920d054a01658200e3c2c798/volume-44b79548-5e34-4f87-ae83-671794855bc1
Jul 09 03:08:01 devstack sudo[94298]: pam_unix(sudo:session): session opened for user root(uid=0) by (uid=1000)
Jul 09 03:08:02 devstack sudo[94298]: pam_unix(sudo:session): session closed for user root
Jul 09 03:08:02 devstack cinder-volume[87216]: DEBUG oslo_concurrency.processutils [None req-360ea254-5a5f-447b-89a8-8f7599bfe6b5 tempest-VolumesTestJSON-1465806037 None] CMD "sudo cinder-rootwrap /etc/cinder/rootwrap.conf chmod ugo+rw /opt/stack/data/cinder/mnt/c563d46a920d054a01658200e3c2c798/volume-44b79548-5e34-4f87-ae83-671794855bc1" returned: 0 in 0.985s {{(pid=87216) execute /opt/stack/data/venv/lib/python3.12/site-packages/oslo_concurrency/processutils.py:468}}
Jul 09 03:08:02 devstack cinder-volume[87216]: DEBUG cinder.volume.drivers.quobyte [None req-360ea254-5a5f-447b-89a8-8f7599bfe6b5 tempest-VolumesTestJSON-1465806037 None] <== create_volume: return (1952ms) {'provider_location': 'osci02.corp.quobyte.com/cinder-vol-96fe93f1-4a5a-4884-b351-47a10940ca3b'} {{(pid=87216) trace_logging_wrapper /opt/stack/cinder/cinder/volume/volume_utils.py:1522}}
Jul 09 03:08:02 devstack cinder-volume[87216]: DEBUG oslo_concurrency.lockutils [None req-360ea254-5a5f-447b-89a8-8f7599bfe6b5 tempest-VolumesTestJSON-1465806037 None] Lock "quobyte" "released" by "cinder.volume.drivers.quobyte.QuobyteDriver.create_volume" :: held 1.956s {{(pid=87216) inner /opt/stack/data/venv/lib/python3.12/site-packages/oslo_concurrency/lockutils.py:543}}
Jul 09 03:08:02 devstack cinder-volume[87216]: DEBUG oslo_concurrency.lockutils [None req-b3a2ac14-3a82-4267-a3ab-4d12c7b01a54 tempest-GroupsTest-94020062 None] Lock "quobyte" acquired by "cinder.volume.drivers.quobyte.QuobyteDriver.create_volume" :: waited 14.481s {{(pid=87216) inner /opt/stack/data/venv/lib/python3.12/site-packages/oslo_concurrency/lockutils.py:524}}
Jul 09 03:08:02 devstack cinder-volume[87216]: DEBUG cinder.volume.drivers.quobyte [None req-b3a2ac14-3a82-4267-a3ab-4d12c7b01a54 tempest-GroupsTest-94020062 None] ==> create_volume: call "{'self': , 'volume': Volume(_name_id=None,admin_metadata=,attach_status='detached',availability_zone='nova',bootable=False,cluster=,cluster_name=None,consistencygroup=,consistencygroup_id=22a4711a-a4a1-43e1-8ae0-eac07e6822bb,created_at=2026-07-09T01:07:47Z,deleted=False,deleted_at=None,display_description=None,display_name='tempest-volume-1106643042',ec2_id=None,encryption_key_id=None,glance_metadata=,group=,group_id=22a4711a-a4a1-43e1-8ae0-eac07e6822bb,host='devstack@QuobyteHD#QuobyteHD',id=db89a781-89a3-462a-9ca6-f48a268e05b4,launched_at=None,metadata={},migration_status=None,multiattach=False,previous_status=None,project_id='57f2b03bf0824d83b9100c3524a1f397',provider_auth=None,provider_geometry=None,provider_id=None,provider_location=None,replication_driver_data=None,replication_extended_status=None,replication_status=None,scheduled_at=2026-07-09T01:07:47Z,service_uuid=None,shared_targets=True,size=1,snapshot_id=None,snapshots=,source_volid=None,status='creating',terminated_at=None,updated_at=2026-07-09T01:07:47Z,use_quota=True,user_id='6fb4d258ff8c481488f37e1e8c8d8d3d',volume_attachment=VolumeAttachmentList,volume_type=VolumeType(68d57f21-9a1c-4be4-b7ce-141e2bf2f893),volume_type_id=68d57f21-9a1c-4be4-b7ce-141e2bf2f893)}" {{(pid=87216) trace_logging_wrapper /opt/stack/cinder/cinder/volume/volume_utils.py:1497}}
Jul 09 03:08:02 devstack cinder-volume[87216]: DEBUG cinder.volume.drivers.remotefs [None req-b3a2ac14-3a82-4267-a3ab-4d12c7b01a54 tempest-GroupsTest-94020062 None] Creating volume db89a781-89a3-462a-9ca6-f48a268e05b4 {{(pid=87216) create_volume /opt/stack/cinder/cinder/volume/drivers/remotefs.py:292}}
Jul 09 03:08:02 devstack cinder-volume[87216]: DEBUG oslo_concurrency.lockutils [None req-b3a2ac14-3a82-4267-a3ab-4d12c7b01a54 tempest-GroupsTest-94020062 None] Acquiring lock "quobyte_ensure" by "cinder.volume.drivers.quobyte.QuobyteDriver._ensure_shares_mounted" {{(pid=87216) inner /opt/stack/data/venv/lib/python3.12/site-packages/oslo_concurrency/lockutils.py:511}}
Jul 09 03:08:02 devstack cinder-volume[87216]: DEBUG oslo_concurrency.lockutils [None req-b3a2ac14-3a82-4267-a3ab-4d12c7b01a54 tempest-GroupsTest-94020062 None] Lock "quobyte_ensure" acquired by "cinder.volume.drivers.quobyte.QuobyteDriver._ensure_shares_mounted" :: waited 0.000s {{(pid=87216) inner /opt/stack/data/venv/lib/python3.12/site-packages/oslo_concurrency/lockutils.py:524}}
Jul 09 03:08:02 devstack cinder-volume[87216]: DEBUG cinder.volume.drivers.quobyte [None req-b3a2ac14-3a82-4267-a3ab-4d12c7b01a54 tempest-GroupsTest-94020062 None] Quobyte Volume URL set to: {'osci02.corp.quobyte.com/cinder-vol-96fe93f1-4a5a-4884-b351-47a10940ca3b': None} {{(pid=87216) _load_shares_config /opt/stack/cinder/cinder/volume/drivers/quobyte.py:617}}
Jul 09 03:08:02 devstack cinder-volume[87216]: DEBUG cinder.volume.drivers.quobyte [None req-b3a2ac14-3a82-4267-a3ab-4d12c7b01a54 tempest-GroupsTest-94020062 None] Available shares ['osci02.corp.quobyte.com/cinder-vol-96fe93f1-4a5a-4884-b351-47a10940ca3b'] {{(pid=87216) _ensure_shares_mounted /opt/stack/cinder/cinder/volume/drivers/quobyte.py:647}}
Jul 09 03:08:02 devstack cinder-volume[87216]: DEBUG oslo_concurrency.lockutils [None req-b3a2ac14-3a82-4267-a3ab-4d12c7b01a54 tempest-GroupsTest-94020062 None] Lock "quobyte_ensure" "released" by "cinder.volume.drivers.quobyte.QuobyteDriver._ensure_shares_mounted" :: held 0.013s {{(pid=87216) inner /opt/stack/data/venv/lib/python3.12/site-packages/oslo_concurrency/lockutils.py:543}}
Jul 09 03:08:02 devstack cinder-volume[87216]: DEBUG cinder.volume.drivers.quobyte [None req-b3a2ac14-3a82-4267-a3ab-4d12c7b01a54 tempest-GroupsTest-94020062 None] Selected osci02.corp.quobyte.com/cinder-vol-96fe93f1-4a5a-4884-b351-47a10940ca3b as target Quobyte volume. {{(pid=87216) _find_share /opt/stack/cinder/cinder/volume/drivers/quobyte.py:668}}
Jul 09 03:08:02 devstack cinder-volume[87216]: INFO cinder.volume.drivers.remotefs [None req-b3a2ac14-3a82-4267-a3ab-4d12c7b01a54 tempest-GroupsTest-94020062 None] casted to osci02.corp.quobyte.com/cinder-vol-96fe93f1-4a5a-4884-b351-47a10940ca3b
Jul 09 03:08:02 devstack cinder-volume[87216]: DEBUG oslo_concurrency.processutils [None req-b3a2ac14-3a82-4267-a3ab-4d12c7b01a54 tempest-GroupsTest-94020062 None] Running cmd (subprocess): sudo cinder-rootwrap /etc/cinder/rootwrap.conf qemu-img create -f qcow2 -o preallocation=metadata /opt/stack/data/cinder/mnt/c563d46a920d054a01658200e3c2c798/volume-db89a781-89a3-462a-9ca6-f48a268e05b4 1073741824 {{(pid=87216) execute /opt/stack/data/venv/lib/python3.12/site-packages/oslo_concurrency/processutils.py:440}}
Jul 09 03:08:02 devstack sudo[94337]: quobyte : PWD=/ ; USER=root ; COMMAND=/opt/stack/data/venv/bin/cinder-rootwrap /etc/cinder/rootwrap.conf qemu-img create -f qcow2 -o preallocation=metadata /opt/stack/data/cinder/mnt/c563d46a920d054a01658200e3c2c798/volume-db89a781-89a3-462a-9ca6-f48a268e05b4 1073741824
Jul 09 03:08:02 devstack sudo[94337]: pam_unix(sudo:session): session opened for user root(uid=0) by (uid=1000)
Jul 09 03:08:02 devstack cinder-volume[87216]: DEBUG cinder.volume.manager [None req-360ea254-5a5f-447b-89a8-8f7599bfe6b5 tempest-VolumesTestJSON-1465806037 None] Task 'cinder.volume.flows.manager.create_volume.CreateVolumeFromSpecTask;volume:create' (4da69f66-3715-4fc9-ba04-dfbd881cff8c) transitioned into state 'SUCCESS' from state 'RUNNING' with result '{'status': 'creating', 'volume_name': 'volume-44b79548-5e34-4f87-ae83-671794855bc1', 'volume_size': 1}' {{(pid=87216) _task_receiver /opt/stack/data/venv/lib/python3.12/site-packages/taskflow/listeners/logging.py:218}}
Jul 09 03:08:02 devstack cinder-volume[87216]: DEBUG cinder.volume.manager [None req-360ea254-5a5f-447b-89a8-8f7599bfe6b5 tempest-VolumesTestJSON-1465806037 None] Task 'cinder.volume.flows.manager.create_volume.CreateVolumeOnFinishTask;volume:create, create.end' (5eadd09c-bf18-4efd-b747-a65f81ddbc42) transitioned into state 'RUNNING' from state 'PENDING' {{(pid=87216) _task_receiver /opt/stack/data/venv/lib/python3.12/site-packages/taskflow/listeners/logging.py:242}}
Jul 09 03:08:02 devstack cinder-volume[87216]: INFO cinder.volume.flows.manager.create_volume [None req-360ea254-5a5f-447b-89a8-8f7599bfe6b5 tempest-VolumesTestJSON-1465806037 None] Volume volume-44b79548-5e34-4f87-ae83-671794855bc1 (44b79548-5e34-4f87-ae83-671794855bc1): created successfully
Jul 09 03:08:02 devstack cinder-volume[87216]: DEBUG cinder.volume.manager [None req-360ea254-5a5f-447b-89a8-8f7599bfe6b5 tempest-VolumesTestJSON-1465806037 None] Task 'cinder.volume.flows.manager.create_volume.CreateVolumeOnFinishTask;volume:create, create.end' (5eadd09c-bf18-4efd-b747-a65f81ddbc42) transitioned into state 'SUCCESS' from state 'RUNNING' with result 'None' {{(pid=87216) _task_receiver /opt/stack/data/venv/lib/python3.12/site-packages/taskflow/listeners/logging.py:218}}
Jul 09 03:08:02 devstack cinder-volume[87216]: DEBUG cinder.volume.manager [None req-360ea254-5a5f-447b-89a8-8f7599bfe6b5 tempest-VolumesTestJSON-1465806037 None] Flow 'volume_create_manager' (6be04db0-8d22-4e9b-9414-d110ec083cd5) transitioned into state 'SUCCESS' from state 'RUNNING' {{(pid=87216) _flow_receiver /opt/stack/data/venv/lib/python3.12/site-packages/taskflow/listeners/logging.py:160}}
Jul 09 03:08:02 devstack cinder-volume[87216]: DEBUG cinder.volume.flows.manager.create_volume [None req-62b5898f-e718-462d-a157-0417d590e1ff tempest-VolumesGetTest-1542352371 None] Volume reschedule parameters: True retry: {'num_attempts': 1, 'backends': ['devstack@QuobyteHD#QuobyteHD'], 'hosts': ['devstack@QuobyteHD#QuobyteHD']} {{(pid=87216) get_flow /opt/stack/cinder/cinder/volume/flows/manager/create_volume.py:1397}}
Jul 09 03:08:02 devstack cinder-volume[87216]: DEBUG cinder.volume.manager [None req-62b5898f-e718-462d-a157-0417d590e1ff tempest-VolumesGetTest-1542352371 None] Flow 'volume_create_manager' (555f1f9a-df95-44a3-9faa-fb8570dc05b0) transitioned into state 'RUNNING' from state 'PENDING' {{(pid=87216) _flow_receiver /opt/stack/data/venv/lib/python3.12/site-packages/taskflow/listeners/logging.py:160}}
Jul 09 03:08:02 devstack cinder-volume[87216]: DEBUG cinder.volume.manager [None req-62b5898f-e718-462d-a157-0417d590e1ff tempest-VolumesGetTest-1542352371 None] Task 'cinder.volume.flows.manager.create_volume.ExtractVolumeRefTask;volume:create' (35f92204-4834-4c51-af72-ce703b696117) transitioned into state 'RUNNING' from state 'PENDING' {{(pid=87216) _task_receiver /opt/stack/data/venv/lib/python3.12/site-packages/taskflow/listeners/logging.py:242}}
Jul 09 03:08:02 devstack cinder-volume[87216]: INFO cinder.volume.manager [None req-360ea254-5a5f-447b-89a8-8f7599bfe6b5 tempest-VolumesTestJSON-1465806037 None] Created volume successfully.
Jul 09 03:08:02 devstack cinder-volume[87216]: DEBUG cinder.volume.manager [None req-62b5898f-e718-462d-a157-0417d590e1ff tempest-VolumesGetTest-1542352371 None] Task 'cinder.volume.flows.manager.create_volume.ExtractVolumeRefTask;volume:create' (35f92204-4834-4c51-af72-ce703b696117) transitioned into state 'SUCCESS' from state 'RUNNING' with result 'Volume(_name_id=None,admin_metadata=,attach_status='detached',availability_zone='nova',bootable=False,cluster=,cluster_name=None,consistencygroup=,consistencygroup_id=None,created_at=2026-07-09T01:08:02Z,deleted=False,deleted_at=None,display_description='tempest-@#$%^* description-2092380711',display_name='tempest-VolumesGetTest-Volume-686881630',ec2_id=None,encryption_key_id=None,glance_metadata=,group=,group_id=None,host='devstack@QuobyteHD#QuobyteHD',id=ccd160e6-bef5-4f03-9ece-3ca416119f84,launched_at=None,metadata={},migration_status=None,multiattach=False,previous_status=None,project_id='0f36d2fc0a8343bea8fce81407493a52',provider_auth=None,provider_geometry=None,provider_id=None,provider_location=None,replication_driver_data=None,replication_extended_status=None,replication_status=None,scheduled_at=2026-07-09T01:08:02Z,service_uuid=None,shared_targets=True,size=1,snapshot_id=None,snapshots=,source_volid=None,status='creating',terminated_at=None,updated_at=2026-07-09T01:08:02Z,use_quota=True,user_id='9df8182e19dd47928047cf987291987a',volume_attachment=VolumeAttachmentList,volume_type=VolumeType(70c6dc4e-ec0a-4001-8bea-695957075246),volume_type_id=70c6dc4e-ec0a-4001-8bea-695957075246)' {{(pid=87216) _task_receiver /opt/stack/data/venv/lib/python3.12/site-packages/taskflow/listeners/logging.py:218}}
Jul 09 03:08:02 devstack cinder-volume[87216]: DEBUG cinder.volume.manager [None req-62b5898f-e718-462d-a157-0417d590e1ff tempest-VolumesGetTest-1542352371 None] Task 'cinder.volume.flows.manager.create_volume.OnFailureRescheduleTask;volume:create' (399a0f67-dc73-496a-8b5b-61c16920487c) transitioned into state 'RUNNING' from state 'PENDING' {{(pid=87216) _task_receiver /opt/stack/data/venv/lib/python3.12/site-packages/taskflow/listeners/logging.py:242}}
Jul 09 03:08:02 devstack cinder-volume[87216]: DEBUG cinder.volume.manager [None req-62b5898f-e718-462d-a157-0417d590e1ff tempest-VolumesGetTest-1542352371 None] Task 'cinder.volume.flows.manager.create_volume.OnFailureRescheduleTask;volume:create' (399a0f67-dc73-496a-8b5b-61c16920487c) transitioned into state 'SUCCESS' from state 'RUNNING' with result 'None' {{(pid=87216) _task_receiver /opt/stack/data/venv/lib/python3.12/site-packages/taskflow/listeners/logging.py:218}}
Jul 09 03:08:02 devstack cinder-volume[87216]: DEBUG cinder.volume.manager [None req-62b5898f-e718-462d-a157-0417d590e1ff tempest-VolumesGetTest-1542352371 None] Task 'cinder.volume.flows.manager.create_volume.ExtractVolumeSpecTask;volume:create' (888ca619-a8e9-4ac2-ad20-cf2f635e28d1) transitioned into state 'RUNNING' from state 'PENDING' {{(pid=87216) _task_receiver /opt/stack/data/venv/lib/python3.12/site-packages/taskflow/listeners/logging.py:242}}
Jul 09 03:08:02 devstack cinder-volume[87216]: DEBUG cinder.volume.manager [None req-62b5898f-e718-462d-a157-0417d590e1ff tempest-VolumesGetTest-1542352371 None] Task 'cinder.volume.flows.manager.create_volume.ExtractVolumeSpecTask;volume:create' (888ca619-a8e9-4ac2-ad20-cf2f635e28d1) transitioned into state 'SUCCESS' from state 'RUNNING' with result '{'status': 'creating', 'type': 'raw', 'volume_id': 'ccd160e6-bef5-4f03-9ece-3ca416119f84', 'volume_name': 'volume-ccd160e6-bef5-4f03-9ece-3ca416119f84', 'volume_size': 1}' {{(pid=87216) _task_receiver /opt/stack/data/venv/lib/python3.12/site-packages/taskflow/listeners/logging.py:218}}
Jul 09 03:08:02 devstack cinder-volume[87216]: DEBUG cinder.volume.manager [None req-62b5898f-e718-462d-a157-0417d590e1ff tempest-VolumesGetTest-1542352371 None] Task 'cinder.volume.flows.manager.create_volume.NotifyVolumeActionTask;volume:create, create.start' (ac15324e-761c-4353-8f47-dc381b26a161) transitioned into state 'RUNNING' from state 'PENDING' {{(pid=87216) _task_receiver /opt/stack/data/venv/lib/python3.12/site-packages/taskflow/listeners/logging.py:242}}
Jul 09 03:08:02 devstack cinder-volume[87216]: DEBUG cinder.volume.manager [None req-62b5898f-e718-462d-a157-0417d590e1ff tempest-VolumesGetTest-1542352371 None] Task 'cinder.volume.flows.manager.create_volume.NotifyVolumeActionTask;volume:create, create.start' (ac15324e-761c-4353-8f47-dc381b26a161) transitioned into state 'SUCCESS' from state 'RUNNING' with result 'None' {{(pid=87216) _task_receiver /opt/stack/data/venv/lib/python3.12/site-packages/taskflow/listeners/logging.py:218}}
Jul 09 03:08:02 devstack cinder-volume[87216]: DEBUG cinder.volume.manager [None req-62b5898f-e718-462d-a157-0417d590e1ff tempest-VolumesGetTest-1542352371 None] Task 'cinder.volume.flows.manager.create_volume.CreateVolumeFromSpecTask;volume:create' (02691716-0288-4951-91b9-905c4c88e0e2) transitioned into state 'RUNNING' from state 'PENDING' {{(pid=87216) _task_receiver /opt/stack/data/venv/lib/python3.12/site-packages/taskflow/listeners/logging.py:242}}
Jul 09 03:08:02 devstack cinder-volume[87216]: INFO cinder.volume.flows.manager.create_volume [None req-62b5898f-e718-462d-a157-0417d590e1ff tempest-VolumesGetTest-1542352371 None] Volume ccd160e6-bef5-4f03-9ece-3ca416119f84: being created as raw with specification: {'status': 'creating', 'volume_name': 'volume-ccd160e6-bef5-4f03-9ece-3ca416119f84', 'volume_size': 1}
Jul 09 03:08:02 devstack cinder-volume[87216]: DEBUG oslo_concurrency.lockutils [None req-62b5898f-e718-462d-a157-0417d590e1ff tempest-VolumesGetTest-1542352371 None] Acquiring lock "quobyte" by "cinder.volume.drivers.quobyte.QuobyteDriver.create_volume" {{(pid=87216) inner /opt/stack/data/venv/lib/python3.12/site-packages/oslo_concurrency/lockutils.py:511}}
Jul 09 03:08:03 devstack sudo[94337]: pam_unix(sudo:session): session closed for user root
Jul 09 03:08:03 devstack cinder-volume[87216]: DEBUG oslo_concurrency.processutils [None req-b3a2ac14-3a82-4267-a3ab-4d12c7b01a54 tempest-GroupsTest-94020062 None] CMD "sudo cinder-rootwrap /etc/cinder/rootwrap.conf qemu-img create -f qcow2 -o preallocation=metadata /opt/stack/data/cinder/mnt/c563d46a920d054a01658200e3c2c798/volume-db89a781-89a3-462a-9ca6-f48a268e05b4 1073741824" returned: 0 in 0.998s {{(pid=87216) execute /opt/stack/data/venv/lib/python3.12/site-packages/oslo_concurrency/processutils.py:468}}
Jul 09 03:08:03 devstack cinder-volume[87216]: DEBUG oslo_concurrency.processutils [None req-b3a2ac14-3a82-4267-a3ab-4d12c7b01a54 tempest-GroupsTest-94020062 None] Running cmd (subprocess): sudo cinder-rootwrap /etc/cinder/rootwrap.conf chmod ugo+rw /opt/stack/data/cinder/mnt/c563d46a920d054a01658200e3c2c798/volume-db89a781-89a3-462a-9ca6-f48a268e05b4 {{(pid=87216) execute /opt/stack/data/venv/lib/python3.12/site-packages/oslo_concurrency/processutils.py:440}}
Jul 09 03:08:03 devstack sudo[94343]: quobyte : PWD=/ ; USER=root ; COMMAND=/opt/stack/data/venv/bin/cinder-rootwrap /etc/cinder/rootwrap.conf chmod ugo+rw /opt/stack/data/cinder/mnt/c563d46a920d054a01658200e3c2c798/volume-db89a781-89a3-462a-9ca6-f48a268e05b4
Jul 09 03:08:03 devstack sudo[94343]: pam_unix(sudo:session): session opened for user root(uid=0) by (uid=1000)
Jul 09 03:08:03 devstack sudo[94343]: pam_unix(sudo:session): session closed for user root
Jul 09 03:08:03 devstack cinder-volume[87216]: DEBUG oslo_concurrency.processutils [None req-b3a2ac14-3a82-4267-a3ab-4d12c7b01a54 tempest-GroupsTest-94020062 None] CMD "sudo cinder-rootwrap /etc/cinder/rootwrap.conf chmod ugo+rw /opt/stack/data/cinder/mnt/c563d46a920d054a01658200e3c2c798/volume-db89a781-89a3-462a-9ca6-f48a268e05b4" returned: 0 in 0.827s {{(pid=87216) execute /opt/stack/data/venv/lib/python3.12/site-packages/oslo_concurrency/processutils.py:468}}
Jul 09 03:08:03 devstack cinder-volume[87216]: DEBUG cinder.volume.drivers.quobyte [None req-b3a2ac14-3a82-4267-a3ab-4d12c7b01a54 tempest-GroupsTest-94020062 None] <== create_volume: return (1891ms) {'provider_location': 'osci02.corp.quobyte.com/cinder-vol-96fe93f1-4a5a-4884-b351-47a10940ca3b'} {{(pid=87216) trace_logging_wrapper /opt/stack/cinder/cinder/volume/volume_utils.py:1522}}
Jul 09 03:08:03 devstack cinder-volume[87216]: DEBUG oslo_concurrency.lockutils [None req-b3a2ac14-3a82-4267-a3ab-4d12c7b01a54 tempest-GroupsTest-94020062 None] Lock "quobyte" "released" by "cinder.volume.drivers.quobyte.QuobyteDriver.create_volume" :: held 1.896s {{(pid=87216) inner /opt/stack/data/venv/lib/python3.12/site-packages/oslo_concurrency/lockutils.py:543}}
Jul 09 03:08:03 devstack cinder-volume[87216]: DEBUG oslo_concurrency.lockutils [None req-62b5898f-e718-462d-a157-0417d590e1ff tempest-VolumesGetTest-1542352371 None] Lock "quobyte" acquired by "cinder.volume.drivers.quobyte.QuobyteDriver.create_volume" :: waited 1.602s {{(pid=87216) inner /opt/stack/data/venv/lib/python3.12/site-packages/oslo_concurrency/lockutils.py:524}}
