Jul 09 03:04:36 devstack cinder-volume[87216]: DEBUG cinder.volume.drivers.remotefs [None req-bffa64e8-3716-493f-a11b-a304ff69f120 tempest-AttachVolumeNegativeTest-1162607623 None] Creating volume 6be9da47-1d06-4651-9a2c-2a64cd965490 {{(pid=87216) create_volume /opt/stack/cinder/cinder/volume/drivers/remotefs.py:292}}
Jul 09 03:04:36 devstack cinder-volume[87216]: DEBUG oslo_concurrency.lockutils [None req-bffa64e8-3716-493f-a11b-a304ff69f120 tempest-AttachVolumeNegativeTest-1162607623 None] Acquiring lock "quobyte_ensure" by "cinder.volume.drivers.quobyte.QuobyteDriver._ensure_shares_mounted" {{(pid=87216) inner /opt/stack/data/venv/lib/python3.12/site-packages/oslo_concurrency/lockutils.py:511}}
Jul 09 03:04:36 devstack cinder-volume[87216]: DEBUG oslo_concurrency.lockutils [None req-bffa64e8-3716-493f-a11b-a304ff69f120 tempest-AttachVolumeNegativeTest-1162607623 None] Lock "quobyte_ensure" acquired by "cinder.volume.drivers.quobyte.QuobyteDriver._ensure_shares_mounted" :: waited 0.000s {{(pid=87216) inner /opt/stack/data/venv/lib/python3.12/site-packages/oslo_concurrency/lockutils.py:524}}
Jul 09 03:04:36 devstack cinder-volume[87216]: DEBUG cinder.volume.drivers.quobyte [None req-bffa64e8-3716-493f-a11b-a304ff69f120 tempest-AttachVolumeNegativeTest-1162607623 None] Quobyte Volume URL set to: {'osci02.corp.quobyte.com/cinder-vol-96fe93f1-4a5a-4884-b351-47a10940ca3b': None} {{(pid=87216) _load_shares_config /opt/stack/cinder/cinder/volume/drivers/quobyte.py:617}}
Jul 09 03:04:36 devstack cinder-volume[87216]: DEBUG cinder.volume.drivers.quobyte [None req-bffa64e8-3716-493f-a11b-a304ff69f120 tempest-AttachVolumeNegativeTest-1162607623 None] Available shares ['osci02.corp.quobyte.com/cinder-vol-96fe93f1-4a5a-4884-b351-47a10940ca3b'] {{(pid=87216) _ensure_shares_mounted /opt/stack/cinder/cinder/volume/drivers/quobyte.py:647}}
Jul 09 03:04:36 devstack cinder-volume[87216]: DEBUG oslo_concurrency.lockutils [None req-bffa64e8-3716-493f-a11b-a304ff69f120 tempest-AttachVolumeNegativeTest-1162607623 None] Lock "quobyte_ensure" "released" by "cinder.volume.drivers.quobyte.QuobyteDriver._ensure_shares_mounted" :: held 0.005s {{(pid=87216) inner /opt/stack/data/venv/lib/python3.12/site-packages/oslo_concurrency/lockutils.py:543}}
Jul 09 03:04:36 devstack cinder-volume[87216]: DEBUG cinder.volume.drivers.quobyte [None req-bffa64e8-3716-493f-a11b-a304ff69f120 tempest-AttachVolumeNegativeTest-1162607623 None] Selected osci02.corp.quobyte.com/cinder-vol-96fe93f1-4a5a-4884-b351-47a10940ca3b as target Quobyte volume. {{(pid=87216) _find_share /opt/stack/cinder/cinder/volume/drivers/quobyte.py:668}}
Jul 09 03:04:36 devstack cinder-volume[87216]: INFO cinder.volume.drivers.remotefs [None req-bffa64e8-3716-493f-a11b-a304ff69f120 tempest-AttachVolumeNegativeTest-1162607623 None] casted to osci02.corp.quobyte.com/cinder-vol-96fe93f1-4a5a-4884-b351-47a10940ca3b
Jul 09 03:04:36 devstack cinder-volume[87216]: DEBUG oslo_concurrency.processutils [None req-bffa64e8-3716-493f-a11b-a304ff69f120 tempest-AttachVolumeNegativeTest-1162607623 None] Running cmd (subprocess): sudo cinder-rootwrap /etc/cinder/rootwrap.conf qemu-img create -f qcow2 -o preallocation=metadata /opt/stack/data/cinder/mnt/c563d46a920d054a01658200e3c2c798/volume-6be9da47-1d06-4651-9a2c-2a64cd965490 1073741824 {{(pid=87216) execute /opt/stack/data/venv/lib/python3.12/site-packages/oslo_concurrency/processutils.py:440}}
Jul 09 03:04:36 devstack sudo[90842]: quobyte : PWD=/ ; USER=root ; COMMAND=/opt/stack/data/venv/bin/cinder-rootwrap /etc/cinder/rootwrap.conf qemu-img create -f qcow2 -o preallocation=metadata /opt/stack/data/cinder/mnt/c563d46a920d054a01658200e3c2c798/volume-6be9da47-1d06-4651-9a2c-2a64cd965490 1073741824
Jul 09 03:04:36 devstack sudo[90842]: pam_unix(sudo:session): session opened for user root(uid=0) by (uid=1000)
Jul 09 03:04:36 devstack cinder-volume[87216]: DEBUG cinder.volume.manager [req-d5c3ae10-0856-410e-a039-7b69ef747111 req-06540920-1fff-4b23-b037-6776965d81f1 tempest-ServerActionsTestOtherA-1797345585 None] Connection info returned from driver {'export': 'osci02.corp.quobyte.com/cinder-vol-96fe93f1-4a5a-4884-b351-47a10940ca3b', 'name': 'volume-724163d5-03c4-4696-9de7-5abeb62e6f9e', 'options': None, 'format': 'qcow2', 'qos_specs': None, 'access_mode': 'rw', 'encrypted': False, 'cacheable': False, 'driver_volume_type': 'quobyte', 'mount_point_base': '/opt/stack/data/cinder/mnt', 'attachment_id': '7914b761-6117-4c7b-9739-5eac0ccb5c19', 'enforce_multipath': True} {{(pid=87216) _connection_create /opt/stack/cinder/cinder/volume/manager.py:4924}}
Jul 09 03:04:36 devstack cinder-volume[87216]: INFO cinder.volume.manager [req-d5c3ae10-0856-410e-a039-7b69ef747111 req-06540920-1fff-4b23-b037-6776965d81f1 tempest-ServerActionsTestOtherA-1797345585 None] attachment_update completed successfully.
Jul 09 03:04:37 devstack sudo[90842]: pam_unix(sudo:session): session closed for user root
Jul 09 03:04:37 devstack cinder-volume[87216]: DEBUG oslo_concurrency.processutils [None req-bffa64e8-3716-493f-a11b-a304ff69f120 tempest-AttachVolumeNegativeTest-1162607623 None] CMD "sudo cinder-rootwrap /etc/cinder/rootwrap.conf qemu-img create -f qcow2 -o preallocation=metadata /opt/stack/data/cinder/mnt/c563d46a920d054a01658200e3c2c798/volume-6be9da47-1d06-4651-9a2c-2a64cd965490 1073741824" returned: 0 in 0.840s {{(pid=87216) execute /opt/stack/data/venv/lib/python3.12/site-packages/oslo_concurrency/processutils.py:468}}
Jul 09 03:04:37 devstack cinder-volume[87216]: DEBUG oslo_concurrency.processutils [None req-bffa64e8-3716-493f-a11b-a304ff69f120 tempest-AttachVolumeNegativeTest-1162607623 None] Running cmd (subprocess): sudo cinder-rootwrap /etc/cinder/rootwrap.conf chmod ugo+rw /opt/stack/data/cinder/mnt/c563d46a920d054a01658200e3c2c798/volume-6be9da47-1d06-4651-9a2c-2a64cd965490 {{(pid=87216) execute /opt/stack/data/venv/lib/python3.12/site-packages/oslo_concurrency/processutils.py:440}}
Jul 09 03:04:37 devstack sudo[90847]: quobyte : PWD=/ ; USER=root ; COMMAND=/opt/stack/data/venv/bin/cinder-rootwrap /etc/cinder/rootwrap.conf chmod ugo+rw /opt/stack/data/cinder/mnt/c563d46a920d054a01658200e3c2c798/volume-6be9da47-1d06-4651-9a2c-2a64cd965490
Jul 09 03:04:37 devstack sudo[90847]: pam_unix(sudo:session): session opened for user root(uid=0) by (uid=1000)
Jul 09 03:04:37 devstack cinder-volume[87216]: DEBUG oslo_concurrency.processutils [None req-bffa64e8-3716-493f-a11b-a304ff69f120 tempest-AttachVolumeNegativeTest-1162607623 None] CMD "sudo cinder-rootwrap /etc/cinder/rootwrap.conf chmod ugo+rw /opt/stack/data/cinder/mnt/c563d46a920d054a01658200e3c2c798/volume-6be9da47-1d06-4651-9a2c-2a64cd965490" returned: 0 in 0.659s {{(pid=87216) execute /opt/stack/data/venv/lib/python3.12/site-packages/oslo_concurrency/processutils.py:468}}
Jul 09 03:04:37 devstack cinder-volume[87216]: DEBUG cinder.volume.drivers.quobyte [None req-bffa64e8-3716-493f-a11b-a304ff69f120 tempest-AttachVolumeNegativeTest-1162607623 None] <== create_volume: return (1544ms) {'provider_location': 'osci02.corp.quobyte.com/cinder-vol-96fe93f1-4a5a-4884-b351-47a10940ca3b'} {{(pid=87216) trace_logging_wrapper /opt/stack/cinder/cinder/volume/volume_utils.py:1522}}
Jul 09 03:04:37 devstack cinder-volume[87216]: DEBUG oslo_concurrency.lockutils [None req-bffa64e8-3716-493f-a11b-a304ff69f120 tempest-AttachVolumeNegativeTest-1162607623 None] Lock "quobyte" "released" by "cinder.volume.drivers.quobyte.QuobyteDriver.create_volume" :: held 1.546s {{(pid=87216) inner /opt/stack/data/venv/lib/python3.12/site-packages/oslo_concurrency/lockutils.py:543}}
Jul 09 03:04:37 devstack cinder-volume[87216]: DEBUG oslo_concurrency.lockutils [None req-6622df08-9b91-4e93-abbf-739c4a985bbf tempest-VolumesDeleteCascade-1353616874 None] Lock "quobyte" acquired by "cinder.volume.drivers.quobyte.QuobyteDriver.create_snapshot" :: waited 1.658s {{(pid=87216) inner /opt/stack/data/venv/lib/python3.12/site-packages/oslo_concurrency/lockutils.py:524}}
Jul 09 03:04:37 devstack sudo[90847]: pam_unix(sudo:session): session closed for user root
Jul 09 03:04:37 devstack cinder-volume[87216]: DEBUG cinder.volume.drivers.remotefs [None req-6622df08-9b91-4e93-abbf-739c4a985bbf tempest-VolumesDeleteCascade-1353616874 None] Creating offline snapshot 12701b95-98c1-4a94-a314-7b21539f3554 of volume 8b2296c0-ffa8-489f-b5fa-20be2cd292a8 {{(pid=87216) _create_snapshot /opt/stack/cinder/cinder/volume/drivers/remotefs.py:1816}}
Jul 09 03:04:38 devstack cinder-volume[87216]: DEBUG cinder.volume.manager [None req-bffa64e8-3716-493f-a11b-a304ff69f120 tempest-AttachVolumeNegativeTest-1162607623 None] Task 'cinder.volume.flows.manager.create_volume.CreateVolumeFromSpecTask;volume:create' (a330d9f3-54f2-4c05-94f1-a80920df31f0) transitioned into state 'SUCCESS' from state 'RUNNING' with result '{'status': 'creating', 'volume_name': 'volume-6be9da47-1d06-4651-9a2c-2a64cd965490', 'volume_size': 1}' {{(pid=87216) _task_receiver /opt/stack/data/venv/lib/python3.12/site-packages/taskflow/listeners/logging.py:218}}
Jul 09 03:04:38 devstack cinder-volume[87216]: DEBUG cinder.volume.manager [None req-bffa64e8-3716-493f-a11b-a304ff69f120 tempest-AttachVolumeNegativeTest-1162607623 None] Task 'cinder.volume.flows.manager.create_volume.CreateVolumeOnFinishTask;volume:create, create.end' (191d21b7-8be6-448f-ae6b-9ac3014b9ec4) transitioned into state 'RUNNING' from state 'PENDING' {{(pid=87216) _task_receiver /opt/stack/data/venv/lib/python3.12/site-packages/taskflow/listeners/logging.py:242}}
Jul 09 03:04:38 devstack cinder-volume[87216]: DEBUG oslo.privsep.daemon [-] privsep: reply[0fcd578a-321d-46f3-b63e-34143ed29406]: (4, 'qcow2') {{(pid=88178) _call_back /opt/stack/data/venv/lib/python3.12/site-packages/oslo_privsep/daemon.py:580}}
Jul 09 03:04:38 devstack cinder-volume[87216]: DEBUG oslo_concurrency.processutils [None req-6622df08-9b91-4e93-abbf-739c4a985bbf tempest-VolumesDeleteCascade-1353616874 None] Running cmd (subprocess): /opt/stack/data/venv/bin/python3.12 -m oslo_concurrency.prlimit --as=1073741824 --cpu=60 -- sudo cinder-rootwrap /etc/cinder/rootwrap.conf env LC_ALL=C qemu-img info -f qcow2 --output=json --force-share /opt/stack/data/cinder/mnt/c563d46a920d054a01658200e3c2c798/volume-8b2296c0-ffa8-489f-b5fa-20be2cd292a8.50c209d7-94ff-42b3-ad05-6a3f79403181 {{(pid=87216) execute /opt/stack/data/venv/lib/python3.12/site-packages/oslo_concurrency/processutils.py:440}}
Jul 09 03:04:38 devstack cinder-volume[87216]: INFO cinder.volume.flows.manager.create_volume [None req-bffa64e8-3716-493f-a11b-a304ff69f120 tempest-AttachVolumeNegativeTest-1162607623 None] Volume volume-6be9da47-1d06-4651-9a2c-2a64cd965490 (6be9da47-1d06-4651-9a2c-2a64cd965490): created successfully
Jul 09 03:04:38 devstack cinder-volume[87216]: DEBUG cinder.volume.manager [None req-bffa64e8-3716-493f-a11b-a304ff69f120 tempest-AttachVolumeNegativeTest-1162607623 None] Task 'cinder.volume.flows.manager.create_volume.CreateVolumeOnFinishTask;volume:create, create.end' (191d21b7-8be6-448f-ae6b-9ac3014b9ec4) transitioned into state 'SUCCESS' from state 'RUNNING' with result 'None' {{(pid=87216) _task_receiver /opt/stack/data/venv/lib/python3.12/site-packages/taskflow/listeners/logging.py:218}}
Jul 09 03:04:38 devstack cinder-volume[87216]: DEBUG cinder.volume.manager [None req-bffa64e8-3716-493f-a11b-a304ff69f120 tempest-AttachVolumeNegativeTest-1162607623 None] Flow 'volume_create_manager' (2cff6331-ffcc-4383-9afe-fb9c2a8c8c69) transitioned into state 'SUCCESS' from state 'RUNNING' {{(pid=87216) _flow_receiver /opt/stack/data/venv/lib/python3.12/site-packages/taskflow/listeners/logging.py:160}}
Jul 09 03:04:38 devstack cinder-volume[87216]: INFO cinder.volume.manager [None req-bffa64e8-3716-493f-a11b-a304ff69f120 tempest-AttachVolumeNegativeTest-1162607623 None] Created volume successfully.
Jul 09 03:04:38 devstack sudo[90863]: quobyte : PWD=/ ; USER=root ; COMMAND=/opt/stack/data/venv/bin/cinder-rootwrap /etc/cinder/rootwrap.conf env LC_ALL=C qemu-img info -f qcow2 --output=json --force-share /opt/stack/data/cinder/mnt/c563d46a920d054a01658200e3c2c798/volume-8b2296c0-ffa8-489f-b5fa-20be2cd292a8.50c209d7-94ff-42b3-ad05-6a3f79403181
Jul 09 03:04:38 devstack sudo[90863]: pam_unix(sudo:session): session opened for user root(uid=0) by (uid=1000)
Jul 09 03:04:39 devstack sudo[90863]: pam_unix(sudo:session): session closed for user root
Jul 09 03:04:39 devstack cinder-volume[87216]: DEBUG oslo_concurrency.processutils [None req-6622df08-9b91-4e93-abbf-739c4a985bbf tempest-VolumesDeleteCascade-1353616874 None] CMD "/opt/stack/data/venv/bin/python3.12 -m oslo_concurrency.prlimit --as=1073741824 --cpu=60 -- sudo cinder-rootwrap /etc/cinder/rootwrap.conf env LC_ALL=C qemu-img info -f qcow2 --output=json --force-share /opt/stack/data/cinder/mnt/c563d46a920d054a01658200e3c2c798/volume-8b2296c0-ffa8-489f-b5fa-20be2cd292a8.50c209d7-94ff-42b3-ad05-6a3f79403181" returned: 0 in 0.956s {{(pid=87216) execute /opt/stack/data/venv/lib/python3.12/site-packages/oslo_concurrency/processutils.py:468}}
Jul 09 03:04:39 devstack cinder-volume[87216]: DEBUG cinder.volume.drivers.remotefs [None req-6622df08-9b91-4e93-abbf-739c4a985bbf tempest-VolumesDeleteCascade-1353616874 None] Fetching qemu-img info with special backing_file_template: (/opt/stack/data/cinder/mnt/[0-9a-f]+/)?(volume-8b2296c0-ffa8-489f-b5fa-20be2cd292a8(.(tmp-snap-)?[0-9a-f-]+)?|volume_from_snapshot_cache/(tmp-snap-)?[0-9a-f-]+(.(child-|parent-)[0-9a-f-]+)?)$ {{(pid=87216) _qemu_img_info_base /opt/stack/cinder/cinder/volume/drivers/remotefs.py:896}}
Jul 09 03:04:39 devstack cinder-volume[87216]: DEBUG oslo_concurrency.processutils [None req-6622df08-9b91-4e93-abbf-739c4a985bbf tempest-VolumesDeleteCascade-1353616874 None] Running cmd (subprocess): sudo cinder-rootwrap /etc/cinder/rootwrap.conf qemu-img create -f qcow2 -o backing_file=/opt/stack/data/cinder/mnt/c563d46a920d054a01658200e3c2c798/volume-8b2296c0-ffa8-489f-b5fa-20be2cd292a8.50c209d7-94ff-42b3-ad05-6a3f79403181,backing_fmt=qcow2 /opt/stack/data/cinder/mnt/c563d46a920d054a01658200e3c2c798/volume-8b2296c0-ffa8-489f-b5fa-20be2cd292a8.12701b95-98c1-4a94-a314-7b21539f3554 1G {{(pid=87216) execute /opt/stack/data/venv/lib/python3.12/site-packages/oslo_concurrency/processutils.py:440}}
Jul 09 03:04:39 devstack sudo[90915]: quobyte : PWD=/ ; USER=root ; COMMAND=/opt/stack/data/venv/bin/cinder-rootwrap /etc/cinder/rootwrap.conf qemu-img create -f qcow2 -o backing_file=/opt/stack/data/cinder/mnt/c563d46a920d054a01658200e3c2c798/volume-8b2296c0-ffa8-489f-b5fa-20be2cd292a8.50c209d7-94ff-42b3-ad05-6a3f79403181,backing_fmt=qcow2 /opt/stack/data/cinder/mnt/c563d46a920d054a01658200e3c2c798/volume-8b2296c0-ffa8-489f-b5fa-20be2cd292a8.12701b95-98c1-4a94-a314-7b21539f3554 1G
Jul 09 03:04:39 devstack sudo[90915]: pam_unix(sudo:session): session opened for user root(uid=0) by (uid=1000)
Jul 09 03:04:39 devstack sudo[90915]: pam_unix(sudo:session): session closed for user root
Jul 09 03:04:39 devstack cinder-volume[87216]: DEBUG oslo_concurrency.processutils [None req-6622df08-9b91-4e93-abbf-739c4a985bbf tempest-VolumesDeleteCascade-1353616874 None] CMD "sudo cinder-rootwrap /etc/cinder/rootwrap.conf qemu-img create -f qcow2 -o backing_file=/opt/stack/data/cinder/mnt/c563d46a920d054a01658200e3c2c798/volume-8b2296c0-ffa8-489f-b5fa-20be2cd292a8.50c209d7-94ff-42b3-ad05-6a3f79403181,backing_fmt=qcow2 /opt/stack/data/cinder/mnt/c563d46a920d054a01658200e3c2c798/volume-8b2296c0-ffa8-489f-b5fa-20be2cd292a8.12701b95-98c1-4a94-a314-7b21539f3554 1G" returned: 0 in 0.864s {{(pid=87216) execute /opt/stack/data/venv/lib/python3.12/site-packages/oslo_concurrency/processutils.py:468}}
Jul 09 03:04:39 devstack cinder-volume[87216]: DEBUG oslo_concurrency.processutils [None req-6622df08-9b91-4e93-abbf-739c4a985bbf tempest-VolumesDeleteCascade-1353616874 None] Running cmd (subprocess): sudo cinder-rootwrap /etc/cinder/rootwrap.conf qemu-img rebase -u -b volume-8b2296c0-ffa8-489f-b5fa-20be2cd292a8.50c209d7-94ff-42b3-ad05-6a3f79403181 -F qcow2 /opt/stack/data/cinder/mnt/c563d46a920d054a01658200e3c2c798/volume-8b2296c0-ffa8-489f-b5fa-20be2cd292a8.12701b95-98c1-4a94-a314-7b21539f3554 {{(pid=87216) execute /opt/stack/data/venv/lib/python3.12/site-packages/oslo_concurrency/processutils.py:440}}
Jul 09 03:04:39 devstack sudo[90993]: quobyte : PWD=/ ; USER=root ; COMMAND=/opt/stack/data/venv/bin/cinder-rootwrap /etc/cinder/rootwrap.conf qemu-img rebase -u -b volume-8b2296c0-ffa8-489f-b5fa-20be2cd292a8.50c209d7-94ff-42b3-ad05-6a3f79403181 -F qcow2 /opt/stack/data/cinder/mnt/c563d46a920d054a01658200e3c2c798/volume-8b2296c0-ffa8-489f-b5fa-20be2cd292a8.12701b95-98c1-4a94-a314-7b21539f3554
Jul 09 03:04:39 devstack sudo[90993]: pam_unix(sudo:session): session opened for user root(uid=0) by (uid=1000)
Jul 09 03:04:40 devstack sudo[90993]: pam_unix(sudo:session): session closed for user root
Jul 09 03:04:40 devstack cinder-volume[87216]: DEBUG oslo_concurrency.processutils [None req-6622df08-9b91-4e93-abbf-739c4a985bbf tempest-VolumesDeleteCascade-1353616874 None] CMD "sudo cinder-rootwrap /etc/cinder/rootwrap.conf qemu-img rebase -u -b volume-8b2296c0-ffa8-489f-b5fa-20be2cd292a8.50c209d7-94ff-42b3-ad05-6a3f79403181 -F qcow2 /opt/stack/data/cinder/mnt/c563d46a920d054a01658200e3c2c798/volume-8b2296c0-ffa8-489f-b5fa-20be2cd292a8.12701b95-98c1-4a94-a314-7b21539f3554" returned: 0 in 0.891s {{(pid=87216) execute /opt/stack/data/venv/lib/python3.12/site-packages/oslo_concurrency/processutils.py:468}}
Jul 09 03:04:40 devstack cinder-volume[87216]: WARNING cinder.volume.drivers.remotefs [None req-6622df08-9b91-4e93-abbf-739c4a985bbf tempest-VolumesDeleteCascade-1353616874 None] /opt/stack/data/cinder/mnt/c563d46a920d054a01658200e3c2c798/volume-8b2296c0-ffa8-489f-b5fa-20be2cd292a8.12701b95-98c1-4a94-a314-7b21539f3554 is being set with open permissions: ugo+rw
Jul 09 03:04:40 devstack cinder-volume[87216]: DEBUG oslo_concurrency.processutils [None req-6622df08-9b91-4e93-abbf-739c4a985bbf tempest-VolumesDeleteCascade-1353616874 None] Running cmd (subprocess): sudo cinder-rootwrap /etc/cinder/rootwrap.conf chmod ugo+rw /opt/stack/data/cinder/mnt/c563d46a920d054a01658200e3c2c798/volume-8b2296c0-ffa8-489f-b5fa-20be2cd292a8.12701b95-98c1-4a94-a314-7b21539f3554 {{(pid=87216) execute /opt/stack/data/venv/lib/python3.12/site-packages/oslo_concurrency/processutils.py:440}}
Jul 09 03:04:40 devstack sudo[91036]: quobyte : PWD=/ ; USER=root ; COMMAND=/opt/stack/data/venv/bin/cinder-rootwrap /etc/cinder/rootwrap.conf chmod ugo+rw /opt/stack/data/cinder/mnt/c563d46a920d054a01658200e3c2c798/volume-8b2296c0-ffa8-489f-b5fa-20be2cd292a8.12701b95-98c1-4a94-a314-7b21539f3554
Jul 09 03:04:40 devstack sudo[91036]: pam_unix(sudo:session): session opened for user root(uid=0) by (uid=1000)
Jul 09 03:04:41 devstack sudo[91036]: pam_unix(sudo:session): session closed for user root
Jul 09 03:04:41 devstack cinder-volume[87216]: DEBUG oslo_concurrency.processutils [None req-6622df08-9b91-4e93-abbf-739c4a985bbf tempest-VolumesDeleteCascade-1353616874 None] CMD "sudo cinder-rootwrap /etc/cinder/rootwrap.conf chmod ugo+rw /opt/stack/data/cinder/mnt/c563d46a920d054a01658200e3c2c798/volume-8b2296c0-ffa8-489f-b5fa-20be2cd292a8.12701b95-98c1-4a94-a314-7b21539f3554" returned: 0 in 0.833s {{(pid=87216) execute /opt/stack/data/venv/lib/python3.12/site-packages/oslo_concurrency/processutils.py:468}}
Jul 09 03:04:41 devstack cinder-volume[87216]: DEBUG oslo_concurrency.lockutils [None req-6622df08-9b91-4e93-abbf-739c4a985bbf tempest-VolumesDeleteCascade-1353616874 None] Lock "quobyte" "released" by "cinder.volume.drivers.quobyte.QuobyteDriver.create_snapshot" :: held 3.770s {{(pid=87216) inner /opt/stack/data/venv/lib/python3.12/site-packages/oslo_concurrency/lockutils.py:543}}
Jul 09 03:04:41 devstack cinder-volume[87216]: INFO cinder.volume.manager [None req-6622df08-9b91-4e93-abbf-739c4a985bbf tempest-VolumesDeleteCascade-1353616874 None] Create snapshot completed successfully
Jul 09 03:04:42 devstack cinder-volume[87216]: DEBUG oslo_concurrency.lockutils [req-2ecf6f93-8422-4bdc-bea6-bd21459e72e2 req-5082c61b-6e05-480b-9e92-fcbff363abf1 tempest-AttachVolumeNegativeTest-1162607623 None] Acquiring lock "quobyte" by "cinder.volume.drivers.quobyte.QuobyteDriver.initialize_connection" {{(pid=87216) inner /opt/stack/data/venv/lib/python3.12/site-packages/oslo_concurrency/lockutils.py:511}}
Jul 09 03:04:42 devstack cinder-volume[87216]: DEBUG oslo_concurrency.lockutils [req-2ecf6f93-8422-4bdc-bea6-bd21459e72e2 req-5082c61b-6e05-480b-9e92-fcbff363abf1 tempest-AttachVolumeNegativeTest-1162607623 None] Lock "quobyte" acquired by "cinder.volume.drivers.quobyte.QuobyteDriver.initialize_connection" :: waited 0.001s {{(pid=87216) inner /opt/stack/data/venv/lib/python3.12/site-packages/oslo_concurrency/lockutils.py:524}}
Jul 09 03:04:42 devstack cinder-volume[87216]: DEBUG oslo.privsep.daemon [-] privsep: reply[36d84145-2e48-43d0-9d39-0696bf27fe65]: (4, 'qcow2') {{(pid=88178) _call_back /opt/stack/data/venv/lib/python3.12/site-packages/oslo_privsep/daemon.py:580}}
Jul 09 03:04:42 devstack cinder-volume[87216]: DEBUG oslo_concurrency.processutils [req-2ecf6f93-8422-4bdc-bea6-bd21459e72e2 req-5082c61b-6e05-480b-9e92-fcbff363abf1 tempest-AttachVolumeNegativeTest-1162607623 None] Running cmd (subprocess): /opt/stack/data/venv/bin/python3.12 -m oslo_concurrency.prlimit --as=1073741824 --cpu=60 -- sudo cinder-rootwrap /etc/cinder/rootwrap.conf env LC_ALL=C qemu-img info -f qcow2 --output=json --force-share /opt/stack/data/cinder/mnt/c563d46a920d054a01658200e3c2c798/volume-6be9da47-1d06-4651-9a2c-2a64cd965490 {{(pid=87216) execute /opt/stack/data/venv/lib/python3.12/site-packages/oslo_concurrency/processutils.py:440}}
Jul 09 03:04:42 devstack sudo[91380]: quobyte : PWD=/ ; USER=root ; COMMAND=/opt/stack/data/venv/bin/cinder-rootwrap /etc/cinder/rootwrap.conf env LC_ALL=C qemu-img info -f qcow2 --output=json --force-share /opt/stack/data/cinder/mnt/c563d46a920d054a01658200e3c2c798/volume-6be9da47-1d06-4651-9a2c-2a64cd965490
Jul 09 03:04:42 devstack sudo[91380]: pam_unix(sudo:session): session opened for user root(uid=0) by (uid=1000)
Jul 09 03:04:42 devstack cinder-volume[87216]: DEBUG cinder.coordination [None req-7a0dda58-ca2e-4a81-8286-198400d821a6 tempest-VolumesDeleteCascade-1353616874 None] Acquiring lock "cinder-8b2296c0-ffa8-489f-b5fa-20be2cd292a8-delete_volume" by "delete_volume" {{(pid=87216) __acquire /opt/stack/cinder/cinder/coordination.py:138}}
Jul 09 03:04:42 devstack cinder-volume[87216]: DEBUG cinder.coordination [None req-7a0dda58-ca2e-4a81-8286-198400d821a6 tempest-VolumesDeleteCascade-1353616874 None] Lock "cinder-8b2296c0-ffa8-489f-b5fa-20be2cd292a8-delete_volume" acquired by "delete_volume" :: waited 0.027s {{(pid=87216) __acquire /opt/stack/cinder/cinder/coordination.py:141}}
Jul 09 03:04:42 devstack cinder-volume[87216]: DEBUG cinder.volume.manager [None req-7a0dda58-ca2e-4a81-8286-198400d821a6 tempest-VolumesDeleteCascade-1353616874 None] Performing cascade delete. {{(pid=87216) delete_volume /opt/stack/cinder/cinder/volume/manager.py:995}}
Jul 09 03:04:42 devstack cinder-volume[87216]: DEBUG cinder.coordination [None req-7a0dda58-ca2e-4a81-8286-198400d821a6 tempest-VolumesDeleteCascade-1353616874 None] Acquiring lock "cinder-12701b95-98c1-4a94-a314-7b21539f3554-delete_snapshot" by "delete_snapshot" {{(pid=87216) __acquire /opt/stack/cinder/cinder/coordination.py:138}}
Jul 09 03:04:42 devstack cinder-volume[87216]: DEBUG cinder.coordination [None req-7a0dda58-ca2e-4a81-8286-198400d821a6 tempest-VolumesDeleteCascade-1353616874 None] Lock "cinder-12701b95-98c1-4a94-a314-7b21539f3554-delete_snapshot" acquired by "delete_snapshot" :: waited 0.026s {{(pid=87216) __acquire /opt/stack/cinder/cinder/coordination.py:141}}
Jul 09 03:04:42 devstack cinder-volume[87216]: DEBUG cinder.coordination [None req-7a0dda58-ca2e-4a81-8286-198400d821a6 tempest-VolumesDeleteCascade-1353616874 None] Acquiring lock "cinder-quobyte-8b2296c0-ffa8-489f-b5fa-20be2cd292a8" by "delete_snapshot" {{(pid=87216) __acquire /opt/stack/cinder/cinder/coordination.py:138}}
Jul 09 03:04:42 devstack cinder-volume[87216]: DEBUG cinder.coordination [None req-7a0dda58-ca2e-4a81-8286-198400d821a6 tempest-VolumesDeleteCascade-1353616874 None] Lock "cinder-quobyte-8b2296c0-ffa8-489f-b5fa-20be2cd292a8" acquired by "delete_snapshot" :: waited 0.046s {{(pid=87216) __acquire /opt/stack/cinder/cinder/coordination.py:141}}
Jul 09 03:04:42 devstack cinder-volume[87216]: DEBUG cinder.coordination [None req-7a0dda58-ca2e-4a81-8286-198400d821a6 tempest-VolumesDeleteCascade-1353616874 None] Acquiring lock "cinder-quobyte-12701b95-98c1-4a94-a314-7b21539f3554" by "_delete_snapshot" {{(pid=87216) __acquire /opt/stack/cinder/cinder/coordination.py:138}}
Jul 09 03:04:42 devstack cinder-volume[87216]: DEBUG cinder.coordination [None req-7a0dda58-ca2e-4a81-8286-198400d821a6 tempest-VolumesDeleteCascade-1353616874 None] Lock "cinder-quobyte-12701b95-98c1-4a94-a314-7b21539f3554" acquired by "_delete_snapshot" :: waited 0.045s {{(pid=87216) __acquire /opt/stack/cinder/cinder/coordination.py:141}}
Jul 09 03:04:42 devstack cinder-volume[87216]: DEBUG cinder.volume.drivers.remotefs [None req-7a0dda58-ca2e-4a81-8286-198400d821a6 tempest-VolumesDeleteCascade-1353616874 None] Deleting offline snapshot 12701b95-98c1-4a94-a314-7b21539f3554 of volume 8b2296c0-ffa8-489f-b5fa-20be2cd292a8 {{(pid=87216) _delete_snapshot /opt/stack/cinder/cinder/volume/drivers/remotefs.py:1288}}
Jul 09 03:04:43 devstack cinder-volume[87216]: DEBUG cinder.volume.drivers.remotefs [None req-7a0dda58-ca2e-4a81-8286-198400d821a6 tempest-VolumesDeleteCascade-1353616874 None] snapshot_file for this snap is: volume-8b2296c0-ffa8-489f-b5fa-20be2cd292a8.12701b95-98c1-4a94-a314-7b21539f3554 {{(pid=87216) _delete_snapshot /opt/stack/cinder/cinder/volume/drivers/remotefs.py:1317}}
Jul 09 03:04:43 devstack cinder-volume[87216]: DEBUG oslo.privsep.daemon [-] privsep: reply[6845b083-353d-4ea3-b6c5-ac5183d4f5a1]: (4, 'qcow2') {{(pid=88178) _call_back /opt/stack/data/venv/lib/python3.12/site-packages/oslo_privsep/daemon.py:580}}
Jul 09 03:04:43 devstack cinder-volume[87216]: DEBUG oslo_concurrency.processutils [None req-7a0dda58-ca2e-4a81-8286-198400d821a6 tempest-VolumesDeleteCascade-1353616874 None] Running cmd (subprocess): /opt/stack/data/venv/bin/python3.12 -m oslo_concurrency.prlimit --as=1073741824 --cpu=60 -- sudo cinder-rootwrap /etc/cinder/rootwrap.conf env LC_ALL=C qemu-img info -f qcow2 --output=json --force-share /opt/stack/data/cinder/mnt/c563d46a920d054a01658200e3c2c798/volume-8b2296c0-ffa8-489f-b5fa-20be2cd292a8.12701b95-98c1-4a94-a314-7b21539f3554 {{(pid=87216) execute /opt/stack/data/venv/lib/python3.12/site-packages/oslo_concurrency/processutils.py:440}}
Jul 09 03:04:43 devstack sudo[91392]: quobyte : PWD=/ ; USER=root ; COMMAND=/opt/stack/data/venv/bin/cinder-rootwrap /etc/cinder/rootwrap.conf env LC_ALL=C qemu-img info -f qcow2 --output=json --force-share /opt/stack/data/cinder/mnt/c563d46a920d054a01658200e3c2c798/volume-8b2296c0-ffa8-489f-b5fa-20be2cd292a8.12701b95-98c1-4a94-a314-7b21539f3554
Jul 09 03:04:43 devstack sudo[91392]: pam_unix(sudo:session): session opened for user root(uid=0) by (uid=1000)
Jul 09 03:04:43 devstack sudo[91380]: pam_unix(sudo:session): session closed for user root
Jul 09 03:04:43 devstack cinder-volume[87216]: DEBUG oslo_concurrency.processutils [req-2ecf6f93-8422-4bdc-bea6-bd21459e72e2 req-5082c61b-6e05-480b-9e92-fcbff363abf1 tempest-AttachVolumeNegativeTest-1162607623 None] CMD "/opt/stack/data/venv/bin/python3.12 -m oslo_concurrency.prlimit --as=1073741824 --cpu=60 -- sudo cinder-rootwrap /etc/cinder/rootwrap.conf env LC_ALL=C qemu-img info -f qcow2 --output=json --force-share /opt/stack/data/cinder/mnt/c563d46a920d054a01658200e3c2c798/volume-6be9da47-1d06-4651-9a2c-2a64cd965490" returned: 0 in 1.258s {{(pid=87216) execute /opt/stack/data/venv/lib/python3.12/site-packages/oslo_concurrency/processutils.py:468}}
Jul 09 03:04:43 devstack cinder-volume[87216]: DEBUG oslo_concurrency.lockutils [req-2ecf6f93-8422-4bdc-bea6-bd21459e72e2 req-5082c61b-6e05-480b-9e92-fcbff363abf1 tempest-AttachVolumeNegativeTest-1162607623 None] Lock "quobyte" "released" by "cinder.volume.drivers.quobyte.QuobyteDriver.initialize_connection" :: held 1.285s {{(pid=87216) inner /opt/stack/data/venv/lib/python3.12/site-packages/oslo_concurrency/lockutils.py:543}}
Jul 09 03:04:43 devstack cinder-volume[87216]: DEBUG cinder.volume.manager [req-2ecf6f93-8422-4bdc-bea6-bd21459e72e2 req-5082c61b-6e05-480b-9e92-fcbff363abf1 tempest-AttachVolumeNegativeTest-1162607623 None] Connection info returned from driver {'export': 'osci02.corp.quobyte.com/cinder-vol-96fe93f1-4a5a-4884-b351-47a10940ca3b', 'name': 'volume-6be9da47-1d06-4651-9a2c-2a64cd965490', 'options': None, 'format': 'qcow2', 'qos_specs': None, 'access_mode': 'rw', 'encrypted': False, 'cacheable': False, 'driver_volume_type': 'quobyte', 'mount_point_base': '/opt/stack/data/cinder/mnt', 'attachment_id': 'f52857ea-c7e8-4958-ba0c-433af1e8834e', 'enforce_multipath': True} {{(pid=87216) _connection_create /opt/stack/cinder/cinder/volume/manager.py:4924}}
Jul 09 03:04:43 devstack cinder-volume[87216]: INFO cinder.volume.manager [req-2ecf6f93-8422-4bdc-bea6-bd21459e72e2 req-5082c61b-6e05-480b-9e92-fcbff363abf1 tempest-AttachVolumeNegativeTest-1162607623 None] attachment_update completed successfully.
Jul 09 03:04:44 devstack sudo[91392]: pam_unix(sudo:session): session closed for user root
Jul 09 03:04:44 devstack cinder-volume[87216]: DEBUG oslo_concurrency.processutils [None req-7a0dda58-ca2e-4a81-8286-198400d821a6 tempest-VolumesDeleteCascade-1353616874 None] CMD "/opt/stack/data/venv/bin/python3.12 -m oslo_concurrency.prlimit --as=1073741824 --cpu=60 -- sudo cinder-rootwrap /etc/cinder/rootwrap.conf env LC_ALL=C qemu-img info -f qcow2 --output=json --force-share /opt/stack/data/cinder/mnt/c563d46a920d054a01658200e3c2c798/volume-8b2296c0-ffa8-489f-b5fa-20be2cd292a8.12701b95-98c1-4a94-a314-7b21539f3554" returned: 0 in 1.128s {{(pid=87216) execute /opt/stack/data/venv/lib/python3.12/site-packages/oslo_concurrency/processutils.py:468}}
Jul 09 03:04:44 devstack cinder-volume[87216]: DEBUG cinder.volume.drivers.remotefs [None req-7a0dda58-ca2e-4a81-8286-198400d821a6 tempest-VolumesDeleteCascade-1353616874 None] Fetching qemu-img info with special backing_file_template: (/opt/stack/data/cinder/mnt/[0-9a-f]+/)?(volume-8b2296c0-ffa8-489f-b5fa-20be2cd292a8(.(tmp-snap-)?[0-9a-f-]+)?|volume_from_snapshot_cache/(tmp-snap-)?[0-9a-f-]+(.(child-|parent-)[0-9a-f-]+)?)$ {{(pid=87216) _qemu_img_info_base /opt/stack/cinder/cinder/volume/drivers/remotefs.py:896}}
Jul 09 03:04:44 devstack cinder-volume[87216]: DEBUG oslo.privsep.daemon [-] privsep: reply[83f23daa-dffb-4e5a-ad3d-b0eac0b15417]: (4, 'qcow2') {{(pid=88178) _call_back /opt/stack/data/venv/lib/python3.12/site-packages/oslo_privsep/daemon.py:580}}
Jul 09 03:04:44 devstack cinder-volume[87216]: DEBUG oslo_concurrency.processutils [None req-7a0dda58-ca2e-4a81-8286-198400d821a6 tempest-VolumesDeleteCascade-1353616874 None] Running cmd (subprocess): /opt/stack/data/venv/bin/python3.12 -m oslo_concurrency.prlimit --as=1073741824 --cpu=60 -- sudo cinder-rootwrap /etc/cinder/rootwrap.conf env LC_ALL=C qemu-img info -f qcow2 --output=json --force-share /opt/stack/data/cinder/mnt/c563d46a920d054a01658200e3c2c798/volume-8b2296c0-ffa8-489f-b5fa-20be2cd292a8.50c209d7-94ff-42b3-ad05-6a3f79403181 {{(pid=87216) execute /opt/stack/data/venv/lib/python3.12/site-packages/oslo_concurrency/processutils.py:440}}
Jul 09 03:04:44 devstack sudo[91406]: quobyte : PWD=/ ; USER=root ; COMMAND=/opt/stack/data/venv/bin/cinder-rootwrap /etc/cinder/rootwrap.conf env LC_ALL=C qemu-img info -f qcow2 --output=json --force-share /opt/stack/data/cinder/mnt/c563d46a920d054a01658200e3c2c798/volume-8b2296c0-ffa8-489f-b5fa-20be2cd292a8.50c209d7-94ff-42b3-ad05-6a3f79403181
Jul 09 03:04:44 devstack sudo[91406]: pam_unix(sudo:session): session opened for user root(uid=0) by (uid=1000)
Jul 09 03:04:45 devstack sudo[91406]: pam_unix(sudo:session): session closed for user root
Jul 09 03:04:45 devstack cinder-volume[87216]: DEBUG oslo_concurrency.processutils [None req-7a0dda58-ca2e-4a81-8286-198400d821a6 tempest-VolumesDeleteCascade-1353616874 None] CMD "/opt/stack/data/venv/bin/python3.12 -m oslo_concurrency.prlimit --as=1073741824 --cpu=60 -- sudo cinder-rootwrap /etc/cinder/rootwrap.conf env LC_ALL=C qemu-img info -f qcow2 --output=json --force-share /opt/stack/data/cinder/mnt/c563d46a920d054a01658200e3c2c798/volume-8b2296c0-ffa8-489f-b5fa-20be2cd292a8.50c209d7-94ff-42b3-ad05-6a3f79403181" returned: 0 in 1.390s {{(pid=87216) execute /opt/stack/data/venv/lib/python3.12/site-packages/oslo_concurrency/processutils.py:468}}
Jul 09 03:04:45 devstack cinder-volume[87216]: DEBUG cinder.volume.drivers.remotefs [None req-7a0dda58-ca2e-4a81-8286-198400d821a6 tempest-VolumesDeleteCascade-1353616874 None] Fetching qemu-img info with special backing_file_template: (/opt/stack/data/cinder/mnt/[0-9a-f]+/)?(volume-8b2296c0-ffa8-489f-b5fa-20be2cd292a8(.(tmp-snap-)?[0-9a-f-]+)?|volume_from_snapshot_cache/(tmp-snap-)?[0-9a-f-]+(.(child-|parent-)[0-9a-f-]+)?)$ {{(pid=87216) _qemu_img_info_base /opt/stack/cinder/cinder/volume/drivers/remotefs.py:896}}
Jul 09 03:04:45 devstack cinder-volume[87216]: DEBUG oslo_concurrency.processutils [None req-7a0dda58-ca2e-4a81-8286-198400d821a6 tempest-VolumesDeleteCascade-1353616874 None] Running cmd (subprocess): sudo cinder-rootwrap /etc/cinder/rootwrap.conf qemu-img commit -d /opt/stack/data/cinder/mnt/c563d46a920d054a01658200e3c2c798/volume-8b2296c0-ffa8-489f-b5fa-20be2cd292a8.12701b95-98c1-4a94-a314-7b21539f3554 {{(pid=87216) execute /opt/stack/data/venv/lib/python3.12/site-packages/oslo_concurrency/processutils.py:440}}
Jul 09 03:04:45 devstack sudo[91412]: quobyte : PWD=/ ; USER=root ; COMMAND=/opt/stack/data/venv/bin/cinder-rootwrap /etc/cinder/rootwrap.conf qemu-img commit -d /opt/stack/data/cinder/mnt/c563d46a920d054a01658200e3c2c798/volume-8b2296c0-ffa8-489f-b5fa-20be2cd292a8.12701b95-98c1-4a94-a314-7b21539f3554
Jul 09 03:04:45 devstack sudo[91412]: pam_unix(sudo:session): session opened for user root(uid=0) by (uid=1000)
Jul 09 03:04:46 devstack sudo[91412]: pam_unix(sudo:session): session closed for user root
Jul 09 03:04:46 devstack cinder-volume[87216]: DEBUG oslo_concurrency.processutils [None req-7a0dda58-ca2e-4a81-8286-198400d821a6 tempest-VolumesDeleteCascade-1353616874 None] CMD "sudo cinder-rootwrap /etc/cinder/rootwrap.conf qemu-img commit -d /opt/stack/data/cinder/mnt/c563d46a920d054a01658200e3c2c798/volume-8b2296c0-ffa8-489f-b5fa-20be2cd292a8.12701b95-98c1-4a94-a314-7b21539f3554" returned: 0 in 1.385s {{(pid=87216) execute /opt/stack/data/venv/lib/python3.12/site-packages/oslo_concurrency/processutils.py:468}}
Jul 09 03:04:46 devstack cinder-volume[87216]: DEBUG oslo_concurrency.processutils [None req-7a0dda58-ca2e-4a81-8286-198400d821a6 tempest-VolumesDeleteCascade-1353616874 None] Running cmd (subprocess): sudo cinder-rootwrap /etc/cinder/rootwrap.conf rm -f /opt/stack/data/cinder/mnt/c563d46a920d054a01658200e3c2c798/volume-8b2296c0-ffa8-489f-b5fa-20be2cd292a8.12701b95-98c1-4a94-a314-7b21539f3554 {{(pid=87216) execute /opt/stack/data/venv/lib/python3.12/site-packages/oslo_concurrency/processutils.py:440}}
Jul 09 03:04:47 devstack sudo[91420]: quobyte : PWD=/ ; USER=root ; COMMAND=/opt/stack/data/venv/bin/cinder-rootwrap /etc/cinder/rootwrap.conf rm -f /opt/stack/data/cinder/mnt/c563d46a920d054a01658200e3c2c798/volume-8b2296c0-ffa8-489f-b5fa-20be2cd292a8.12701b95-98c1-4a94-a314-7b21539f3554
Jul 09 03:04:47 devstack sudo[91420]: pam_unix(sudo:session): session opened for user root(uid=0) by (uid=1000)
Jul 09 03:04:47 devstack sudo[91420]: pam_unix(sudo:session): session closed for user root
Jul 09 03:04:47 devstack cinder-volume[87216]: DEBUG oslo_concurrency.processutils [None req-7a0dda58-ca2e-4a81-8286-198400d821a6 tempest-VolumesDeleteCascade-1353616874 None] CMD "sudo cinder-rootwrap /etc/cinder/rootwrap.conf rm -f /opt/stack/data/cinder/mnt/c563d46a920d054a01658200e3c2c798/volume-8b2296c0-ffa8-489f-b5fa-20be2cd292a8.12701b95-98c1-4a94-a314-7b21539f3554" returned: 0 in 0.972s {{(pid=87216) execute /opt/stack/data/venv/lib/python3.12/site-packages/oslo_concurrency/processutils.py:468}}
Jul 09 03:04:48 devstack cinder-volume[87216]: DEBUG cinder.coordination [None req-7a0dda58-ca2e-4a81-8286-198400d821a6 tempest-VolumesDeleteCascade-1353616874 None] Lock "cinder-quobyte-12701b95-98c1-4a94-a314-7b21539f3554" released by "_delete_snapshot" :: held 5.072s {{(pid=87216) __release /opt/stack/cinder/cinder/coordination.py:152}}
Jul 09 03:04:48 devstack cinder-volume[87216]: DEBUG cinder.coordination [None req-7a0dda58-ca2e-4a81-8286-198400d821a6 tempest-VolumesDeleteCascade-1353616874 None] Lock "cinder-quobyte-8b2296c0-ffa8-489f-b5fa-20be2cd292a8" released by "delete_snapshot" :: held 5.129s {{(pid=87216) __release /opt/stack/cinder/cinder/coordination.py:152}}
Jul 09 03:04:48 devstack cinder-volume[87216]: DEBUG cinder.quota [None req-7a0dda58-ca2e-4a81-8286-198400d821a6 tempest-VolumesDeleteCascade-1353616874 None] Created reservations ['49cacced-af8f-4a5a-b1b8-cc4c73bb1ec7', 'f2b05ea9-42f8-4c69-8eef-e198a0341bc5', '88e8671f-21a0-4037-93f9-4c95749e0ade', '5c1a9205-23da-4f52-affa-27db98ed4a2e'] {{(pid=87216) reserve /opt/stack/cinder/cinder/quota.py:752}}
Jul 09 03:04:48 devstack cinder-volume[87216]: INFO cinder.volume.manager [None req-7a0dda58-ca2e-4a81-8286-198400d821a6 tempest-VolumesDeleteCascade-1353616874 None] Delete snapshot completed successfully.
Jul 09 03:04:48 devstack cinder-volume[87216]: DEBUG cinder.coordination [None req-7a0dda58-ca2e-4a81-8286-198400d821a6 tempest-VolumesDeleteCascade-1353616874 None] Lock "cinder-12701b95-98c1-4a94-a314-7b21539f3554-delete_snapshot" released by "delete_snapshot" :: held 5.375s {{(pid=87216) __release /opt/stack/cinder/cinder/coordination.py:152}}
Jul 09 03:04:48 devstack cinder-volume[87216]: DEBUG cinder.coordination [None req-7a0dda58-ca2e-4a81-8286-198400d821a6 tempest-VolumesDeleteCascade-1353616874 None] Acquiring lock "cinder-50c209d7-94ff-42b3-ad05-6a3f79403181-delete_snapshot" by "delete_snapshot" {{(pid=87216) __acquire /opt/stack/cinder/cinder/coordination.py:138}}
Jul 09 03:04:48 devstack cinder-volume[87216]: DEBUG cinder.coordination [None req-7a0dda58-ca2e-4a81-8286-198400d821a6 tempest-VolumesDeleteCascade-1353616874 None] Lock "cinder-50c209d7-94ff-42b3-ad05-6a3f79403181-delete_snapshot" acquired by "delete_snapshot" :: waited 0.022s {{(pid=87216) __acquire /opt/stack/cinder/cinder/coordination.py:141}}
Jul 09 03:04:48 devstack cinder-volume[87216]: DEBUG cinder.coordination [None req-7a0dda58-ca2e-4a81-8286-198400d821a6 tempest-VolumesDeleteCascade-1353616874 None] Acquiring lock "cinder-quobyte-8b2296c0-ffa8-489f-b5fa-20be2cd292a8" by "delete_snapshot" {{(pid=87216) __acquire /opt/stack/cinder/cinder/coordination.py:138}}
Jul 09 03:04:48 devstack cinder-volume[87216]: DEBUG cinder.coordination [None req-7a0dda58-ca2e-4a81-8286-198400d821a6 tempest-VolumesDeleteCascade-1353616874 None] Lock "cinder-quobyte-8b2296c0-ffa8-489f-b5fa-20be2cd292a8" acquired by "delete_snapshot" :: waited 0.025s {{(pid=87216) __acquire /opt/stack/cinder/cinder/coordination.py:141}}
Jul 09 03:04:48 devstack cinder-volume[87216]: DEBUG cinder.coordination [None req-7a0dda58-ca2e-4a81-8286-198400d821a6 tempest-VolumesDeleteCascade-1353616874 None] Acquiring lock "cinder-quobyte-50c209d7-94ff-42b3-ad05-6a3f79403181" by "_delete_snapshot" {{(pid=87216) __acquire /opt/stack/cinder/cinder/coordination.py:138}}
Jul 09 03:04:48 devstack cinder-volume[87216]: DEBUG cinder.coordination [None req-7a0dda58-ca2e-4a81-8286-198400d821a6 tempest-VolumesDeleteCascade-1353616874 None] Lock "cinder-quobyte-50c209d7-94ff-42b3-ad05-6a3f79403181" acquired by "_delete_snapshot" :: waited 0.021s {{(pid=87216) __acquire /opt/stack/cinder/cinder/coordination.py:141}}
Jul 09 03:04:48 devstack cinder-volume[87216]: DEBUG cinder.volume.drivers.remotefs [None req-7a0dda58-ca2e-4a81-8286-198400d821a6 tempest-VolumesDeleteCascade-1353616874 None] Deleting offline snapshot 50c209d7-94ff-42b3-ad05-6a3f79403181 of volume 8b2296c0-ffa8-489f-b5fa-20be2cd292a8 {{(pid=87216) _delete_snapshot /opt/stack/cinder/cinder/volume/drivers/remotefs.py:1288}}
Jul 09 03:04:48 devstack cinder-volume[87216]: DEBUG cinder.volume.drivers.remotefs [None req-7a0dda58-ca2e-4a81-8286-198400d821a6 tempest-VolumesDeleteCascade-1353616874 None] snapshot_file for this snap is: volume-8b2296c0-ffa8-489f-b5fa-20be2cd292a8.50c209d7-94ff-42b3-ad05-6a3f79403181 {{(pid=87216) _delete_snapshot /opt/stack/cinder/cinder/volume/drivers/remotefs.py:1317}}
Jul 09 03:04:48 devstack cinder-volume[87216]: DEBUG oslo.privsep.daemon [-] privsep: reply[2f14368a-341e-4471-be99-e944b848d514]: (4, 'qcow2') {{(pid=88178) _call_back /opt/stack/data/venv/lib/python3.12/site-packages/oslo_privsep/daemon.py:580}}
Jul 09 03:04:48 devstack cinder-volume[87216]: DEBUG oslo_concurrency.processutils [None req-7a0dda58-ca2e-4a81-8286-198400d821a6 tempest-VolumesDeleteCascade-1353616874 None] Running cmd (subprocess): /opt/stack/data/venv/bin/python3.12 -m oslo_concurrency.prlimit --as=1073741824 --cpu=60 -- sudo cinder-rootwrap /etc/cinder/rootwrap.conf env LC_ALL=C qemu-img info -f qcow2 --output=json --force-share /opt/stack/data/cinder/mnt/c563d46a920d054a01658200e3c2c798/volume-8b2296c0-ffa8-489f-b5fa-20be2cd292a8.50c209d7-94ff-42b3-ad05-6a3f79403181 {{(pid=87216) execute /opt/stack/data/venv/lib/python3.12/site-packages/oslo_concurrency/processutils.py:440}}
Jul 09 03:04:48 devstack sudo[91423]: quobyte : PWD=/ ; USER=root ; COMMAND=/opt/stack/data/venv/bin/cinder-rootwrap /etc/cinder/rootwrap.conf env LC_ALL=C qemu-img info -f qcow2 --output=json --force-share /opt/stack/data/cinder/mnt/c563d46a920d054a01658200e3c2c798/volume-8b2296c0-ffa8-489f-b5fa-20be2cd292a8.50c209d7-94ff-42b3-ad05-6a3f79403181
Jul 09 03:04:48 devstack sudo[91423]: pam_unix(sudo:session): session opened for user root(uid=0) by (uid=1000)
Jul 09 03:04:49 devstack sudo[91423]: pam_unix(sudo:session): session closed for user root
Jul 09 03:04:49 devstack cinder-volume[87216]: DEBUG oslo_concurrency.processutils [None req-7a0dda58-ca2e-4a81-8286-198400d821a6 tempest-VolumesDeleteCascade-1353616874 None] CMD "/opt/stack/data/venv/bin/python3.12 -m oslo_concurrency.prlimit --as=1073741824 --cpu=60 -- sudo cinder-rootwrap /etc/cinder/rootwrap.conf env LC_ALL=C qemu-img info -f qcow2 --output=json --force-share /opt/stack/data/cinder/mnt/c563d46a920d054a01658200e3c2c798/volume-8b2296c0-ffa8-489f-b5fa-20be2cd292a8.50c209d7-94ff-42b3-ad05-6a3f79403181" returned: 0 in 0.938s {{(pid=87216) execute /opt/stack/data/venv/lib/python3.12/site-packages/oslo_concurrency/processutils.py:468}}
Jul 09 03:04:49 devstack cinder-volume[87216]: DEBUG cinder.volume.drivers.remotefs [None req-7a0dda58-ca2e-4a81-8286-198400d821a6 tempest-VolumesDeleteCascade-1353616874 None] Fetching qemu-img info with special backing_file_template: (/opt/stack/data/cinder/mnt/[0-9a-f]+/)?(volume-8b2296c0-ffa8-489f-b5fa-20be2cd292a8(.(tmp-snap-)?[0-9a-f-]+)?|volume_from_snapshot_cache/(tmp-snap-)?[0-9a-f-]+(.(child-|parent-)[0-9a-f-]+)?)$ {{(pid=87216) _qemu_img_info_base /opt/stack/cinder/cinder/volume/drivers/remotefs.py:896}}
Jul 09 03:04:49 devstack cinder-volume[87216]: DEBUG oslo.privsep.daemon [-] privsep: reply[0f175218-b2a2-4e70-9746-8fbd193b8481]: (4, 'qcow2') {{(pid=88178) _call_back /opt/stack/data/venv/lib/python3.12/site-packages/oslo_privsep/daemon.py:580}}
Jul 09 03:04:49 devstack cinder-volume[87216]: DEBUG oslo_concurrency.processutils [None req-7a0dda58-ca2e-4a81-8286-198400d821a6 tempest-VolumesDeleteCascade-1353616874 None] Running cmd (subprocess): /opt/stack/data/venv/bin/python3.12 -m oslo_concurrency.prlimit --as=1073741824 --cpu=60 -- sudo cinder-rootwrap /etc/cinder/rootwrap.conf env LC_ALL=C qemu-img info -f qcow2 --output=json --force-share /opt/stack/data/cinder/mnt/c563d46a920d054a01658200e3c2c798/volume-8b2296c0-ffa8-489f-b5fa-20be2cd292a8 {{(pid=87216) execute /opt/stack/data/venv/lib/python3.12/site-packages/oslo_concurrency/processutils.py:440}}
Jul 09 03:04:49 devstack sudo[91429]: quobyte : PWD=/ ; USER=root ; COMMAND=/opt/stack/data/venv/bin/cinder-rootwrap /etc/cinder/rootwrap.conf env LC_ALL=C qemu-img info -f qcow2 --output=json --force-share /opt/stack/data/cinder/mnt/c563d46a920d054a01658200e3c2c798/volume-8b2296c0-ffa8-489f-b5fa-20be2cd292a8
Jul 09 03:04:49 devstack sudo[91429]: pam_unix(sudo:session): session opened for user root(uid=0) by (uid=1000)
Jul 09 03:04:50 devstack sudo[91429]: pam_unix(sudo:session): session closed for user root
Jul 09 03:04:50 devstack cinder-volume[87216]: DEBUG oslo_concurrency.processutils [None req-7a0dda58-ca2e-4a81-8286-198400d821a6 tempest-VolumesDeleteCascade-1353616874 None] CMD "/opt/stack/data/venv/bin/python3.12 -m oslo_concurrency.prlimit --as=1073741824 --cpu=60 -- sudo cinder-rootwrap /etc/cinder/rootwrap.conf env LC_ALL=C qemu-img info -f qcow2 --output=json --force-share /opt/stack/data/cinder/mnt/c563d46a920d054a01658200e3c2c798/volume-8b2296c0-ffa8-489f-b5fa-20be2cd292a8" returned: 0 in 0.797s {{(pid=87216) execute /opt/stack/data/venv/lib/python3.12/site-packages/oslo_concurrency/processutils.py:468}}
Jul 09 03:04:50 devstack cinder-volume[87216]: DEBUG oslo_concurrency.processutils [None req-7a0dda58-ca2e-4a81-8286-198400d821a6 tempest-VolumesDeleteCascade-1353616874 None] Running cmd (subprocess): sudo cinder-rootwrap /etc/cinder/rootwrap.conf qemu-img commit -d /opt/stack/data/cinder/mnt/c563d46a920d054a01658200e3c2c798/volume-8b2296c0-ffa8-489f-b5fa-20be2cd292a8.50c209d7-94ff-42b3-ad05-6a3f79403181 {{(pid=87216) execute /opt/stack/data/venv/lib/python3.12/site-packages/oslo_concurrency/processutils.py:440}}
Jul 09 03:04:50 devstack sudo[91436]: quobyte : PWD=/ ; USER=root ; COMMAND=/opt/stack/data/venv/bin/cinder-rootwrap /etc/cinder/rootwrap.conf qemu-img commit -d /opt/stack/data/cinder/mnt/c563d46a920d054a01658200e3c2c798/volume-8b2296c0-ffa8-489f-b5fa-20be2cd292a8.50c209d7-94ff-42b3-ad05-6a3f79403181
Jul 09 03:04:50 devstack sudo[91436]: pam_unix(sudo:session): session opened for user root(uid=0) by (uid=1000)
Jul 09 03:04:50 devstack cinder-volume[87216]: INFO cinder.volume.manager [req-af160809-ec4e-40ac-a6fa-ae679f1281cb req-5fb17f3b-f73c-45b0-b12c-a24b5450fdc2 tempest-AttachVolumeNegativeTest-1162607623 None] Terminate volume connection completed successfully.
Jul 09 03:04:50 devstack cinder-volume[87216]: DEBUG cinder.volume.manager [req-af160809-ec4e-40ac-a6fa-ae679f1281cb req-5fb17f3b-f73c-45b0-b12c-a24b5450fdc2 tempest-AttachVolumeNegativeTest-1162607623 None] Deleting attachment f52857ea-c7e8-4958-ba0c-433af1e8834e. {{(pid=87216) attachment_delete /opt/stack/cinder/cinder/volume/manager.py:5055}}
Jul 09 03:04:50 devstack sudo[91436]: pam_unix(sudo:session): session closed for user root
Jul 09 03:04:50 devstack cinder-volume[87216]: DEBUG oslo_concurrency.processutils [None req-7a0dda58-ca2e-4a81-8286-198400d821a6 tempest-VolumesDeleteCascade-1353616874 None] CMD "sudo cinder-rootwrap /etc/cinder/rootwrap.conf qemu-img commit -d /opt/stack/data/cinder/mnt/c563d46a920d054a01658200e3c2c798/volume-8b2296c0-ffa8-489f-b5fa-20be2cd292a8.50c209d7-94ff-42b3-ad05-6a3f79403181" returned: 0 in 0.816s {{(pid=87216) execute /opt/stack/data/venv/lib/python3.12/site-packages/oslo_concurrency/processutils.py:468}}
Jul 09 03:04:50 devstack cinder-volume[87216]: DEBUG oslo_concurrency.processutils [None req-7a0dda58-ca2e-4a81-8286-198400d821a6 tempest-VolumesDeleteCascade-1353616874 None] Running cmd (subprocess): sudo cinder-rootwrap /etc/cinder/rootwrap.conf rm -f /opt/stack/data/cinder/mnt/c563d46a920d054a01658200e3c2c798/volume-8b2296c0-ffa8-489f-b5fa-20be2cd292a8.50c209d7-94ff-42b3-ad05-6a3f79403181 {{(pid=87216) execute /opt/stack/data/venv/lib/python3.12/site-packages/oslo_concurrency/processutils.py:440}}
Jul 09 03:04:50 devstack sudo[91443]: quobyte : PWD=/ ; USER=root ; COMMAND=/opt/stack/data/venv/bin/cinder-rootwrap /etc/cinder/rootwrap.conf rm -f /opt/stack/data/cinder/mnt/c563d46a920d054a01658200e3c2c798/volume-8b2296c0-ffa8-489f-b5fa-20be2cd292a8.50c209d7-94ff-42b3-ad05-6a3f79403181
Jul 09 03:04:50 devstack sudo[91443]: pam_unix(sudo:session): session opened for user root(uid=0) by (uid=1000)
Jul 09 03:04:51 devstack sudo[91443]: pam_unix(sudo:session): session closed for user root
Jul 09 03:04:51 devstack cinder-volume[87216]: DEBUG oslo_concurrency.processutils [None req-7a0dda58-ca2e-4a81-8286-198400d821a6 tempest-VolumesDeleteCascade-1353616874 None] CMD "sudo cinder-rootwrap /etc/cinder/rootwrap.conf rm -f /opt/stack/data/cinder/mnt/c563d46a920d054a01658200e3c2c798/volume-8b2296c0-ffa8-489f-b5fa-20be2cd292a8.50c209d7-94ff-42b3-ad05-6a3f79403181" returned: 0 in 0.678s {{(pid=87216) execute /opt/stack/data/venv/lib/python3.12/site-packages/oslo_concurrency/processutils.py:468}}
Jul 09 03:04:51 devstack cinder-volume[87216]: DEBUG cinder.coordination [None req-7a0dda58-ca2e-4a81-8286-198400d821a6 tempest-VolumesDeleteCascade-1353616874 None] Lock "cinder-quobyte-50c209d7-94ff-42b3-ad05-6a3f79403181" released by "_delete_snapshot" :: held 3.334s {{(pid=87216) __release /opt/stack/cinder/cinder/coordination.py:152}}
Jul 09 03:04:51 devstack cinder-volume[87216]: DEBUG cinder.coordination [None req-7a0dda58-ca2e-4a81-8286-198400d821a6 tempest-VolumesDeleteCascade-1353616874 None] Lock "cinder-quobyte-8b2296c0-ffa8-489f-b5fa-20be2cd292a8" released by "delete_snapshot" :: held 3.368s {{(pid=87216) __release /opt/stack/cinder/cinder/coordination.py:152}}
