Jun 26 18:07:10 devstack devstack@n-api.service[68431]: DEBUG nova.api.openstack.wsgi_app [None req-ef9595db-e22a-48ed-9256-041d1979fe19 None None] keystone_authtoken.http_request_max_retries = 3 {{(pid=68431) log_opt_values /opt/stack/data/venv/lib/python3.12/site-packages/oslo_config/cfg.py:3253}}
Jun 26 18:07:10 devstack devstack@n-api.service[68430]: DEBUG nova.api.openstack.wsgi_app [None req-b1e04626-0186-40ad-8640-1076fe6a6a8b None None] keystone_authtoken.project_domain_id = None {{(pid=68430) log_opt_values /opt/stack/data/venv/lib/python3.12/site-packages/oslo_config/cfg.py:3253}}
Jun 26 18:07:10 devstack devstack@n-api.service[68431]: DEBUG nova.api.openstack.wsgi_app [None req-ef9595db-e22a-48ed-9256-041d1979fe19 None None] keystone_authtoken.include_service_catalog = True {{(pid=68431) log_opt_values /opt/stack/data/venv/lib/python3.12/site-packages/oslo_config/cfg.py:3253}}
Jun 26 18:07:10 devstack devstack@n-api.service[68430]: DEBUG nova.api.openstack.wsgi_app [None req-b1e04626-0186-40ad-8640-1076fe6a6a8b None None] keystone_authtoken.project_domain_name = Default {{(pid=68430) log_opt_values /opt/stack/data/venv/lib/python3.12/site-packages/oslo_config/cfg.py:3253}}
Jun 26 18:07:10 devstack devstack@n-api.service[68431]: DEBUG nova.api.openstack.wsgi_app [None req-ef9595db-e22a-48ed-9256-041d1979fe19 None None] keystone_authtoken.insecure = False {{(pid=68431) log_opt_values /opt/stack/data/venv/lib/python3.12/site-packages/oslo_config/cfg.py:3253}}
Jun 26 18:07:10 devstack devstack@n-api.service[68430]: DEBUG nova.api.openstack.wsgi_app [None req-b1e04626-0186-40ad-8640-1076fe6a6a8b None None] keystone_authtoken.project_id = None {{(pid=68430) log_opt_values /opt/stack/data/venv/lib/python3.12/site-packages/oslo_config/cfg.py:3253}}
Jun 26 18:07:10 devstack devstack@n-api.service[68431]: DEBUG nova.api.openstack.wsgi_app [None req-ef9595db-e22a-48ed-9256-041d1979fe19 None None] keystone_authtoken.interface = public {{(pid=68431) log_opt_values /opt/stack/data/venv/lib/python3.12/site-packages/oslo_config/cfg.py:3253}}
Jun 26 18:07:10 devstack devstack@n-api.service[68430]: DEBUG nova.api.openstack.wsgi_app [None req-b1e04626-0186-40ad-8640-1076fe6a6a8b None None] keystone_authtoken.project_name = service {{(pid=68430) log_opt_values /opt/stack/data/venv/lib/python3.12/site-packages/oslo_config/cfg.py:3253}}
Jun 26 18:07:10 devstack devstack@n-api.service[68431]: DEBUG nova.api.openstack.wsgi_app [None req-ef9595db-e22a-48ed-9256-041d1979fe19 None None] keystone_authtoken.keyfile = None {{(pid=68431) log_opt_values /opt/stack/data/venv/lib/python3.12/site-packages/oslo_config/cfg.py:3253}}
Jun 26 18:07:10 devstack devstack@n-api.service[68430]: DEBUG nova.api.openstack.wsgi_app [None req-b1e04626-0186-40ad-8640-1076fe6a6a8b None None] keystone_authtoken.region_name = None {{(pid=68430) log_opt_values /opt/stack/data/venv/lib/python3.12/site-packages/oslo_config/cfg.py:3253}}
Jun 26 18:07:10 devstack devstack@n-api.service[68431]: DEBUG nova.api.openstack.wsgi_app [None req-ef9595db-e22a-48ed-9256-041d1979fe19 None None] keystone_authtoken.memcache_password = {{(pid=68431) log_opt_values /opt/stack/data/venv/lib/python3.12/site-packages/oslo_config/cfg.py:3253}}
Jun 26 18:07:10 devstack devstack@n-api.service[68430]: DEBUG nova.api.openstack.wsgi_app [None req-b1e04626-0186-40ad-8640-1076fe6a6a8b None None] keystone_authtoken.service_token_roles = ['service'] {{(pid=68430) log_opt_values /opt/stack/data/venv/lib/python3.12/site-packages/oslo_config/cfg.py:3253}}
Jun 26 18:07:10 devstack devstack@n-api.service[68431]: DEBUG nova.api.openstack.wsgi_app [None req-ef9595db-e22a-48ed-9256-041d1979fe19 None None] keystone_authtoken.memcache_pool_conn_get_timeout = 10 {{(pid=68431) log_opt_values /opt/stack/data/venv/lib/python3.12/site-packages/oslo_config/cfg.py:3253}}
Jun 26 18:07:10 devstack devstack@n-api.service[68430]: DEBUG nova.api.openstack.wsgi_app [None req-b1e04626-0186-40ad-8640-1076fe6a6a8b None None] keystone_authtoken.service_token_roles_required = True {{(pid=68430) log_opt_values /opt/stack/data/venv/lib/python3.12/site-packages/oslo_config/cfg.py:3253}}
Jun 26 18:07:10 devstack devstack@n-api.service[68431]: DEBUG nova.api.openstack.wsgi_app [None req-ef9595db-e22a-48ed-9256-041d1979fe19 None None] keystone_authtoken.memcache_pool_dead_retry = 300 {{(pid=68431) log_opt_values /opt/stack/data/venv/lib/python3.12/site-packages/oslo_config/cfg.py:3253}}
Jun 26 18:07:10 devstack devstack@n-api.service[68430]: DEBUG nova.api.openstack.wsgi_app [None req-b1e04626-0186-40ad-8640-1076fe6a6a8b None None] keystone_authtoken.service_type = None {{(pid=68430) log_opt_values /opt/stack/data/venv/lib/python3.12/site-packages/oslo_config/cfg.py:3253}}
Jun 26 18:07:10 devstack devstack@n-api.service[68431]: DEBUG nova.api.openstack.wsgi_app [None req-ef9595db-e22a-48ed-9256-041d1979fe19 None None] keystone_authtoken.memcache_pool_maxsize = 10 {{(pid=68431) log_opt_values /opt/stack/data/venv/lib/python3.12/site-packages/oslo_config/cfg.py:3253}}
Jun 26 18:07:10 devstack devstack@n-api.service[68430]: DEBUG nova.api.openstack.wsgi_app [None req-b1e04626-0186-40ad-8640-1076fe6a6a8b None None] keystone_authtoken.system_scope = None {{(pid=68430) log_opt_values /opt/stack/data/venv/lib/python3.12/site-packages/oslo_config/cfg.py:3253}}
Jun 26 18:07:10 devstack devstack@n-api.service[68431]: DEBUG nova.api.openstack.wsgi_app [None req-ef9595db-e22a-48ed-9256-041d1979fe19 None None] keystone_authtoken.memcache_pool_socket_timeout = 3 {{(pid=68431) log_opt_values /opt/stack/data/venv/lib/python3.12/site-packages/oslo_config/cfg.py:3253}}
Jun 26 18:07:10 devstack devstack@n-api.service[68430]: DEBUG nova.api.openstack.wsgi_app [None req-b1e04626-0186-40ad-8640-1076fe6a6a8b None None] keystone_authtoken.token_cache_time = 300 {{(pid=68430) log_opt_values /opt/stack/data/venv/lib/python3.12/site-packages/oslo_config/cfg.py:3253}}
Jun 26 18:07:10 devstack devstack@n-api.service[68431]: DEBUG nova.api.openstack.wsgi_app [None req-ef9595db-e22a-48ed-9256-041d1979fe19 None None] keystone_authtoken.memcache_pool_unused_timeout = 60 {{(pid=68431) log_opt_values /opt/stack/data/venv/lib/python3.12/site-packages/oslo_config/cfg.py:3253}}
Jun 26 18:07:10 devstack devstack@n-api.service[68430]: DEBUG nova.api.openstack.wsgi_app [None req-b1e04626-0186-40ad-8640-1076fe6a6a8b None None] keystone_authtoken.trust_id = None {{(pid=68430) log_opt_values /opt/stack/data/venv/lib/python3.12/site-packages/oslo_config/cfg.py:3253}}
Jun 26 18:07:10 devstack devstack@n-api.service[68431]: DEBUG nova.api.openstack.wsgi_app [None req-ef9595db-e22a-48ed-9256-041d1979fe19 None None] keystone_authtoken.memcache_sasl_enabled = False {{(pid=68431) log_opt_values /opt/stack/data/venv/lib/python3.12/site-packages/oslo_config/cfg.py:3253}}
Jun 26 18:07:10 devstack devstack@n-api.service[68430]: DEBUG nova.api.openstack.wsgi_app [None req-b1e04626-0186-40ad-8640-1076fe6a6a8b None None] keystone_authtoken.user_domain_id = None {{(pid=68430) log_opt_values /opt/stack/data/venv/lib/python3.12/site-packages/oslo_config/cfg.py:3253}}
Jun 26 18:07:10 devstack devstack@n-api.service[68431]: DEBUG nova.api.openstack.wsgi_app [None req-ef9595db-e22a-48ed-9256-041d1979fe19 None None] keystone_authtoken.memcache_secret_key = **** {{(pid=68431) log_opt_values /opt/stack/data/venv/lib/python3.12/site-packages/oslo_config/cfg.py:3253}}
Jun 26 18:07:10 devstack devstack@n-api.service[68430]: DEBUG nova.api.openstack.wsgi_app [None req-b1e04626-0186-40ad-8640-1076fe6a6a8b None None] keystone_authtoken.user_domain_name = Default {{(pid=68430) log_opt_values /opt/stack/data/venv/lib/python3.12/site-packages/oslo_config/cfg.py:3253}}
Jun 26 18:07:10 devstack devstack@n-api.service[68431]: DEBUG nova.api.openstack.wsgi_app [None req-ef9595db-e22a-48ed-9256-041d1979fe19 None None] keystone_authtoken.memcache_security_strategy = None {{(pid=68431) log_opt_values /opt/stack/data/venv/lib/python3.12/site-packages/oslo_config/cfg.py:3253}}
Jun 26 18:07:10 devstack devstack@n-api.service[68430]: DEBUG nova.api.openstack.wsgi_app [None req-b1e04626-0186-40ad-8640-1076fe6a6a8b None None] keystone_authtoken.user_id = None {{(pid=68430) log_opt_values /opt/stack/data/venv/lib/python3.12/site-packages/oslo_config/cfg.py:3253}}
Jun 26 18:07:10 devstack devstack@n-api.service[68431]: DEBUG nova.api.openstack.wsgi_app [None req-ef9595db-e22a-48ed-9256-041d1979fe19 None None] keystone_authtoken.memcache_tls_allowed_ciphers = None {{(pid=68431) log_opt_values /opt/stack/data/venv/lib/python3.12/site-packages/oslo_config/cfg.py:3253}}
Jun 26 18:07:10 devstack devstack@n-api.service[68430]: DEBUG nova.api.openstack.wsgi_app [None req-b1e04626-0186-40ad-8640-1076fe6a6a8b None None] keystone_authtoken.username = nova {{(pid=68430) log_opt_values /opt/stack/data/venv/lib/python3.12/site-packages/oslo_config/cfg.py:3253}}
Jun 26 18:07:10 devstack devstack@n-api.service[68431]: DEBUG nova.api.openstack.wsgi_app [None req-ef9595db-e22a-48ed-9256-041d1979fe19 None None] keystone_authtoken.memcache_tls_cafile = None {{(pid=68431) log_opt_values /opt/stack/data/venv/lib/python3.12/site-packages/oslo_config/cfg.py:3253}}
Jun 26 18:07:10 devstack devstack@n-api.service[68430]: DEBUG nova.api.openstack.wsgi_app [None req-b1e04626-0186-40ad-8640-1076fe6a6a8b None None] keystone_authtoken.www_authenticate_uri = http://192.168.122.216/identity {{(pid=68430) log_opt_values /opt/stack/data/venv/lib/python3.12/site-packages/oslo_config/cfg.py:3253}}
Jun 26 18:07:10 devstack devstack@n-api.service[68431]: DEBUG nova.api.openstack.wsgi_app [None req-ef9595db-e22a-48ed-9256-041d1979fe19 None None] keystone_authtoken.memcache_tls_certfile = None {{(pid=68431) log_opt_values /opt/stack/data/venv/lib/python3.12/site-packages/oslo_config/cfg.py:3253}}
Jun 26 18:07:10 devstack devstack@n-api.service[68430]: DEBUG nova.api.openstack.wsgi_app [None req-b1e04626-0186-40ad-8640-1076fe6a6a8b None None] ******************************************************************************** {{(pid=68430) log_opt_values /opt/stack/data/venv/lib/python3.12/site-packages/oslo_config/cfg.py:3260}}
Jun 26 18:07:10 devstack devstack@n-api.service[68431]: DEBUG nova.api.openstack.wsgi_app [None req-ef9595db-e22a-48ed-9256-041d1979fe19 None None] keystone_authtoken.memcache_tls_enabled = False {{(pid=68431) log_opt_values /opt/stack/data/venv/lib/python3.12/site-packages/oslo_config/cfg.py:3253}}
Jun 26 18:07:10 devstack devstack@n-api.service[68430]: WSGI app 0 (mountpoint='') ready in 6 seconds on interpreter 0x7354308a3668 pid: 68430 (default app)
Jun 26 18:07:10 devstack devstack@n-api.service[68431]: DEBUG nova.api.openstack.wsgi_app [None req-ef9595db-e22a-48ed-9256-041d1979fe19 None None] keystone_authtoken.memcache_tls_keyfile = None {{(pid=68431) log_opt_values /opt/stack/data/venv/lib/python3.12/site-packages/oslo_config/cfg.py:3253}}
Jun 26 18:07:10 devstack devstack@n-api.service[68431]: DEBUG nova.api.openstack.wsgi_app [None req-ef9595db-e22a-48ed-9256-041d1979fe19 None None] keystone_authtoken.memcache_use_advanced_pool = True {{(pid=68431) log_opt_values /opt/stack/data/venv/lib/python3.12/site-packages/oslo_config/cfg.py:3253}}
Jun 26 18:07:10 devstack devstack@n-api.service[68431]: DEBUG nova.api.openstack.wsgi_app [None req-ef9595db-e22a-48ed-9256-041d1979fe19 None None] keystone_authtoken.memcache_username = {{(pid=68431) log_opt_values /opt/stack/data/venv/lib/python3.12/site-packages/oslo_config/cfg.py:3253}}
Jun 26 18:07:10 devstack devstack@n-api.service[68431]: DEBUG nova.api.openstack.wsgi_app [None req-ef9595db-e22a-48ed-9256-041d1979fe19 None None] keystone_authtoken.memcached_servers = ['localhost:11211'] {{(pid=68431) log_opt_values /opt/stack/data/venv/lib/python3.12/site-packages/oslo_config/cfg.py:3253}}
Jun 26 18:07:10 devstack devstack@n-api.service[68430]: DEBUG nova.api.openstack.wsgi [None req-b1e04626-0186-40ad-8640-1076fe6a6a8b None None] Calling method '>' {{(pid=68430) _process_stack /opt/stack/nova/nova/api/openstack/wsgi.py:551}}
Jun 26 18:07:10 devstack devstack@n-api.service[68431]: DEBUG nova.api.openstack.wsgi_app [None req-ef9595db-e22a-48ed-9256-041d1979fe19 None None] keystone_authtoken.password = **** {{(pid=68431) log_opt_values /opt/stack/data/venv/lib/python3.12/site-packages/oslo_config/cfg.py:3253}}
Jun 26 18:07:10 devstack devstack@n-api.service[68431]: DEBUG nova.api.openstack.wsgi_app [None req-ef9595db-e22a-48ed-9256-041d1979fe19 None None] keystone_authtoken.project_domain_id = None {{(pid=68431) log_opt_values /opt/stack/data/venv/lib/python3.12/site-packages/oslo_config/cfg.py:3253}}
Jun 26 18:07:10 devstack devstack@n-api.service[68431]: DEBUG nova.api.openstack.wsgi_app [None req-ef9595db-e22a-48ed-9256-041d1979fe19 None None] keystone_authtoken.project_domain_name = Default {{(pid=68431) log_opt_values /opt/stack/data/venv/lib/python3.12/site-packages/oslo_config/cfg.py:3253}}
Jun 26 18:07:10 devstack devstack@n-api.service[68431]: DEBUG nova.api.openstack.wsgi_app [None req-ef9595db-e22a-48ed-9256-041d1979fe19 None None] keystone_authtoken.project_id = None {{(pid=68431) log_opt_values /opt/stack/data/venv/lib/python3.12/site-packages/oslo_config/cfg.py:3253}}
Jun 26 18:07:10 devstack devstack@n-api.service[68431]: DEBUG nova.api.openstack.wsgi_app [None req-ef9595db-e22a-48ed-9256-041d1979fe19 None None] keystone_authtoken.project_name = service {{(pid=68431) log_opt_values /opt/stack/data/venv/lib/python3.12/site-packages/oslo_config/cfg.py:3253}}
Jun 26 18:07:10 devstack devstack@n-api.service[68431]: DEBUG nova.api.openstack.wsgi_app [None req-ef9595db-e22a-48ed-9256-041d1979fe19 None None] keystone_authtoken.region_name = None {{(pid=68431) log_opt_values /opt/stack/data/venv/lib/python3.12/site-packages/oslo_config/cfg.py:3253}}
Jun 26 18:07:10 devstack devstack@n-api.service[68431]: DEBUG nova.api.openstack.wsgi_app [None req-ef9595db-e22a-48ed-9256-041d1979fe19 None None] keystone_authtoken.service_token_roles = ['service'] {{(pid=68431) log_opt_values /opt/stack/data/venv/lib/python3.12/site-packages/oslo_config/cfg.py:3253}}
Jun 26 18:07:10 devstack devstack@n-api.service[68431]: DEBUG nova.api.openstack.wsgi_app [None req-ef9595db-e22a-48ed-9256-041d1979fe19 None None] keystone_authtoken.service_token_roles_required = True {{(pid=68431) log_opt_values /opt/stack/data/venv/lib/python3.12/site-packages/oslo_config/cfg.py:3253}}
Jun 26 18:07:10 devstack devstack@n-api.service[68431]: DEBUG nova.api.openstack.wsgi_app [None req-ef9595db-e22a-48ed-9256-041d1979fe19 None None] keystone_authtoken.service_type = None {{(pid=68431) log_opt_values /opt/stack/data/venv/lib/python3.12/site-packages/oslo_config/cfg.py:3253}}
Jun 26 18:07:10 devstack devstack@n-api.service[68431]: DEBUG nova.api.openstack.wsgi_app [None req-ef9595db-e22a-48ed-9256-041d1979fe19 None None] keystone_authtoken.system_scope = None {{(pid=68431) log_opt_values /opt/stack/data/venv/lib/python3.12/site-packages/oslo_config/cfg.py:3253}}
Jun 26 18:07:10 devstack devstack@n-api.service[68431]: DEBUG nova.api.openstack.wsgi_app [None req-ef9595db-e22a-48ed-9256-041d1979fe19 None None] keystone_authtoken.token_cache_time = 300 {{(pid=68431) log_opt_values /opt/stack/data/venv/lib/python3.12/site-packages/oslo_config/cfg.py:3253}}
Jun 26 18:07:10 devstack devstack@n-api.service[68431]: DEBUG nova.api.openstack.wsgi_app [None req-ef9595db-e22a-48ed-9256-041d1979fe19 None None] keystone_authtoken.trust_id = None {{(pid=68431) log_opt_values /opt/stack/data/venv/lib/python3.12/site-packages/oslo_config/cfg.py:3253}}
Jun 26 18:07:10 devstack devstack@n-api.service[68430]: INFO nova.api.openstack.requestlog [None req-b1e04626-0186-40ad-8640-1076fe6a6a8b None None] 192.168.122.216 "GET /compute/v2.1/" status: 200 len: 393 microversion: 2.1 time: 0.005601
Jun 26 18:07:10 devstack devstack@n-api.service[68431]: DEBUG nova.api.openstack.wsgi_app [None req-ef9595db-e22a-48ed-9256-041d1979fe19 None None] keystone_authtoken.user_domain_id = None {{(pid=68431) log_opt_values /opt/stack/data/venv/lib/python3.12/site-packages/oslo_config/cfg.py:3253}}
Jun 26 18:07:10 devstack devstack@n-api.service[68430]: [pid: 68430|app: 0|req: 1/1] 192.168.122.216 () {50 vars in 791 bytes} [Fri Jun 26 18:07:10 2026] GET /compute/v2.1/ => generated 393 bytes in 7 msecs (HTTP/1.1 200) 9 headers in 357 bytes (1 switches on core 0)
Jun 26 18:07:10 devstack devstack@n-api.service[68431]: DEBUG nova.api.openstack.wsgi_app [None req-ef9595db-e22a-48ed-9256-041d1979fe19 None None] keystone_authtoken.user_domain_name = Default {{(pid=68431) log_opt_values /opt/stack/data/venv/lib/python3.12/site-packages/oslo_config/cfg.py:3253}}
Jun 26 18:07:10 devstack devstack@n-api.service[68431]: DEBUG nova.api.openstack.wsgi_app [None req-ef9595db-e22a-48ed-9256-041d1979fe19 None None] keystone_authtoken.user_id = None {{(pid=68431) log_opt_values /opt/stack/data/venv/lib/python3.12/site-packages/oslo_config/cfg.py:3253}}
Jun 26 18:07:10 devstack devstack@n-api.service[68431]: DEBUG nova.api.openstack.wsgi_app [None req-ef9595db-e22a-48ed-9256-041d1979fe19 None None] keystone_authtoken.username = nova {{(pid=68431) log_opt_values /opt/stack/data/venv/lib/python3.12/site-packages/oslo_config/cfg.py:3253}}
Jun 26 18:07:10 devstack devstack@n-api.service[68431]: DEBUG nova.api.openstack.wsgi_app [None req-ef9595db-e22a-48ed-9256-041d1979fe19 None None] keystone_authtoken.www_authenticate_uri = http://192.168.122.216/identity {{(pid=68431) log_opt_values /opt/stack/data/venv/lib/python3.12/site-packages/oslo_config/cfg.py:3253}}
Jun 26 18:07:10 devstack devstack@n-api.service[68431]: DEBUG nova.api.openstack.wsgi_app [None req-ef9595db-e22a-48ed-9256-041d1979fe19 None None] ******************************************************************************** {{(pid=68431) log_opt_values /opt/stack/data/venv/lib/python3.12/site-packages/oslo_config/cfg.py:3260}}
Jun 26 18:07:10 devstack devstack@n-api.service[68431]: WSGI app 0 (mountpoint='') ready in 6 seconds on interpreter 0x7354308a3668 pid: 68431 (default app)
Jun 26 18:07:18 devstack devstack@n-api.service[68430]: DEBUG dbcounter [-] [68430] Writing DB stats nova_api:SELECT=1 {{(pid=68430) stat_writer /opt/stack/data/venv/lib/python3.12/site-packages/dbcounter.py:115}}
Jun 26 18:07:18 devstack devstack@n-api.service[68431]: DEBUG dbcounter [-] [68431] Writing DB stats nova_api:SELECT=1 {{(pid=68431) stat_writer /opt/stack/data/venv/lib/python3.12/site-packages/dbcounter.py:115}}
Jun 26 18:07:18 devstack devstack@n-api.service[68430]: DEBUG dbcounter [-] [68430] Writing DB stats nova_cell1:SELECT=1 {{(pid=68430) stat_writer /opt/stack/data/venv/lib/python3.12/site-packages/dbcounter.py:115}}
Jun 26 18:07:18 devstack devstack@n-api.service[68430]: DEBUG dbcounter [-] [68430] Writing DB stats nova_cell0:SELECT=1 {{(pid=68430) stat_writer /opt/stack/data/venv/lib/python3.12/site-packages/dbcounter.py:115}}
Jun 26 18:07:18 devstack devstack@n-api.service[68431]: DEBUG dbcounter [-] [68431] Writing DB stats nova_cell0:SELECT=1 {{(pid=68431) stat_writer /opt/stack/data/venv/lib/python3.12/site-packages/dbcounter.py:115}}
Jun 26 18:07:18 devstack devstack@n-api.service[68431]: DEBUG dbcounter [-] [68431] Writing DB stats nova_cell1:SELECT=1 {{(pid=68431) stat_writer /opt/stack/data/venv/lib/python3.12/site-packages/dbcounter.py:115}}
Jun 26 18:07:18 devstack devstack@n-api.service[68430]: DEBUG dbcounter [-] [68430] Writing DB stats nova_cell0:SELECT=2,nova_cell0:INSERT=1 {{(pid=68430) stat_writer /opt/stack/data/venv/lib/python3.12/site-packages/dbcounter.py:115}}
Jun 26 18:07:18 devstack devstack@n-api.service[68431]: DEBUG dbcounter [-] [68431] Writing DB stats nova_cell0:SELECT=1 {{(pid=68431) stat_writer /opt/stack/data/venv/lib/python3.12/site-packages/dbcounter.py:115}}
Jun 26 18:09:38 devstack devstack@n-api.service[68430]: DEBUG nova.api.openstack.wsgi [None req-b1e04626-0186-40ad-8640-1076fe6a6a8b None None] Calling method '>' {{(pid=68430) _process_stack /opt/stack/nova/nova/api/openstack/wsgi.py:551}}
Jun 26 18:09:38 devstack devstack@n-api.service[68430]: INFO nova.api.openstack.requestlog [None req-b1e04626-0186-40ad-8640-1076fe6a6a8b None None] 192.168.122.216 "GET /compute/v2.1" status: 200 len: 393 microversion: 2.1 time: 0.007202
Jun 26 18:09:38 devstack devstack@n-api.service[68430]: [pid: 68430|app: 0|req: 2/2] 192.168.122.216 () {54 vars in 935 bytes} [Fri Jun 26 18:09:38 2026] GET /compute/v2.1 => generated 393 bytes in 8 msecs (HTTP/1.1 200) 9 headers in 357 bytes (1 switches on core 0)
Jun 26 18:09:39 devstack devstack@n-api.service[68431]: DEBUG nova.api.openstack.wsgi [None req-393074d5-5617-4a64-8915-1c2dc6138950 admin admin] Calling method '>' {{(pid=68431) _process_stack /opt/stack/nova/nova/api/openstack/wsgi.py:551}}
Jun 26 18:09:39 devstack devstack@n-api.service[68431]: INFO nova.api.openstack.requestlog [None req-393074d5-5617-4a64-8915-1c2dc6138950 admin admin] 192.168.122.216 "GET /compute/v2.1/flavors/detail?is_public=True" status: 200 len: 15 microversion: 2.61 time: 0.481076
Jun 26 18:09:39 devstack devstack@n-api.service[68431]: [pid: 68431|app: 0|req: 1/3] 192.168.122.216 () {60 vars in 1296 bytes} [Fri Jun 26 18:09:38 2026] GET /compute/v2.1/flavors/detail?is_public=True => generated 15 bytes in 483 msecs (HTTP/1.1 200) 9 headers in 358 bytes (1 switches on core 0)
Jun 26 18:09:42 devstack devstack@n-api.service[68430]: DEBUG nova.api.openstack.wsgi [None req-b1e04626-0186-40ad-8640-1076fe6a6a8b None None] Calling method '>' {{(pid=68430) _process_stack /opt/stack/nova/nova/api/openstack/wsgi.py:551}}
Jun 26 18:09:42 devstack devstack@n-api.service[68430]: INFO nova.api.openstack.requestlog [None req-b1e04626-0186-40ad-8640-1076fe6a6a8b None None] 192.168.122.216 "GET /compute/v2.1" status: 200 len: 393 microversion: 2.1 time: 0.004863
Jun 26 18:09:42 devstack devstack@n-api.service[68430]: [pid: 68430|app: 0|req: 3/4] 192.168.122.216 () {54 vars in 935 bytes} [Fri Jun 26 18:09:42 2026] GET /compute/v2.1 => generated 393 bytes in 6 msecs (HTTP/1.1 200) 9 headers in 357 bytes (1 switches on core 0)
Jun 26 18:09:42 devstack devstack@n-api.service[68431]: DEBUG nova.api.openstack.wsgi [None req-29d0172e-9ca7-471f-875e-05cc05119e94 admin admin] Action: 'create', calling method: >, body: {"flavor": {"swap": 0, "OS-FLV-EXT-DATA:ephemeral": 0, "os-flavor-access:is_public": true, "name": "cirros256", "vcpus": 1, "disk": 1, "id": "c1", "ram": 256}} {{(pid=68431) _process_stack /opt/stack/nova/nova/api/openstack/wsgi.py:549}}
Jun 26 18:09:42 devstack devstack@n-api.service[68431]: INFO nova.api.openstack.requestlog [None req-29d0172e-9ca7-471f-875e-05cc05119e94 admin admin] 192.168.122.216 "POST /compute/v2.1/flavors" status: 200 len: 415 microversion: 2.61 time: 0.129868
Jun 26 18:09:42 devstack devstack@n-api.service[68431]: [pid: 68431|app: 0|req: 2/5] 192.168.122.216 () {64 vars in 1287 bytes} [Fri Jun 26 18:09:42 2026] POST /compute/v2.1/flavors => generated 415 bytes in 132 msecs (HTTP/1.1 200) 9 headers in 359 bytes (1 switches on core 0)
Jun 26 18:09:43 devstack devstack@n-api.service[68430]: DEBUG nova.api.openstack.wsgi [None req-188c6803-eab6-4f47-9ba4-13e7e26d872e admin admin] Action: 'create', calling method: >, body: {"extra_specs": {"hw_rng:allowed": "True"}} {{(pid=68430) _process_stack /opt/stack/nova/nova/api/openstack/wsgi.py:549}}
Jun 26 18:09:43 devstack devstack@n-api.service[68430]: INFO nova.api.openstack.requestlog [None req-188c6803-eab6-4f47-9ba4-13e7e26d872e admin admin] 192.168.122.216 "POST /compute/v2.1/flavors/c1/os-extra_specs" status: 200 len: 43 microversion: 2.61 time: 0.381166
Jun 26 18:09:43 devstack devstack@n-api.service[68430]: [pid: 68430|app: 0|req: 4/6] 192.168.122.216 () {64 vars in 1340 bytes} [Fri Jun 26 18:09:42 2026] POST /compute/v2.1/flavors/c1/os-extra_specs => generated 43 bytes in 385 msecs (HTTP/1.1 200) 9 headers in 358 bytes (1 switches on core 0)
Jun 26 18:09:46 devstack devstack@n-api.service[68431]: DEBUG nova.api.openstack.wsgi [None req-29d0172e-9ca7-471f-875e-05cc05119e94 admin admin] Calling method '>' {{(pid=68431) _process_stack /opt/stack/nova/nova/api/openstack/wsgi.py:551}}
Jun 26 18:09:46 devstack devstack@n-api.service[68431]: INFO nova.api.openstack.requestlog [None req-29d0172e-9ca7-471f-875e-05cc05119e94 admin admin] 192.168.122.216 "GET /compute/v2.1" status: 200 len: 393 microversion: 2.1 time: 0.006769
Jun 26 18:09:46 devstack devstack@n-api.service[68431]: [pid: 68431|app: 0|req: 3/7] 192.168.122.216 () {54 vars in 935 bytes} [Fri Jun 26 18:09:46 2026] GET /compute/v2.1 => generated 393 bytes in 8 msecs (HTTP/1.1 200) 9 headers in 357 bytes (1 switches on core 0)
Jun 26 18:09:46 devstack devstack@n-api.service[68430]: DEBUG nova.api.openstack.wsgi [None req-632ff41c-a495-461c-8f2a-ce94a98f412d admin admin] Action: 'create', calling method: >, body: {"flavor": {"OS-FLV-EXT-DATA:ephemeral": 0, "name": "ds512M", "os-flavor-access:is_public": true, "disk": 5, "vcpus": 1, "swap": 0, "id": "d1", "ram": 512}} {{(pid=68430) _process_stack /opt/stack/nova/nova/api/openstack/wsgi.py:549}}
Jun 26 18:09:46 devstack devstack@n-api.service[68430]: INFO nova.api.openstack.requestlog [None req-632ff41c-a495-461c-8f2a-ce94a98f412d admin admin] 192.168.122.216 "POST /compute/v2.1/flavors" status: 200 len: 412 microversion: 2.61 time: 0.185112
Jun 26 18:09:46 devstack devstack@n-api.service[68430]: [pid: 68430|app: 0|req: 5/8] 192.168.122.216 () {64 vars in 1287 bytes} [Fri Jun 26 18:09:46 2026] POST /compute/v2.1/flavors => generated 412 bytes in 189 msecs (HTTP/1.1 200) 9 headers in 359 bytes (1 switches on core 0)
Jun 26 18:09:46 devstack devstack@n-api.service[68431]: DEBUG nova.api.openstack.wsgi [None req-8627c317-5c04-48a2-9d70-4050217aaf39 admin admin] Action: 'create', calling method: >, body: {"extra_specs": {"hw_rng:allowed": "True"}} {{(pid=68431) _process_stack /opt/stack/nova/nova/api/openstack/wsgi.py:549}}
Jun 26 18:09:46 devstack devstack@n-api.service[68431]: INFO nova.api.openstack.requestlog [None req-8627c317-5c04-48a2-9d70-4050217aaf39 admin admin] 192.168.122.216 "POST /compute/v2.1/flavors/d1/os-extra_specs" status: 200 len: 43 microversion: 2.61 time: 0.072179
Jun 26 18:09:46 devstack devstack@n-api.service[68431]: [pid: 68431|app: 0|req: 4/9] 192.168.122.216 () {64 vars in 1340 bytes} [Fri Jun 26 18:09:46 2026] POST /compute/v2.1/flavors/d1/os-extra_specs => generated 43 bytes in 75 msecs (HTTP/1.1 200) 9 headers in 358 bytes (1 switches on core 0)
Jun 26 18:09:50 devstack devstack@n-api.service[68430]: DEBUG nova.api.openstack.wsgi [None req-632ff41c-a495-461c-8f2a-ce94a98f412d admin admin] Calling method '>' {{(pid=68430) _process_stack /opt/stack/nova/nova/api/openstack/wsgi.py:551}}
Jun 26 18:09:50 devstack devstack@n-api.service[68430]: INFO nova.api.openstack.requestlog [None req-632ff41c-a495-461c-8f2a-ce94a98f412d admin admin] 192.168.122.216 "GET /compute/v2.1" status: 200 len: 393 microversion: 2.1 time: 0.005651
Jun 26 18:09:50 devstack devstack@n-api.service[68430]: [pid: 68430|app: 0|req: 6/10] 192.168.122.216 () {54 vars in 935 bytes} [Fri Jun 26 18:09:50 2026] GET /compute/v2.1 => generated 393 bytes in 7 msecs (HTTP/1.1 200) 9 headers in 357 bytes (1 switches on core 0)
Jun 26 18:09:50 devstack devstack@n-api.service[68431]: DEBUG nova.api.openstack.wsgi [None req-1fb6e9b3-44c8-484b-a84e-ce6485df044c admin admin] Action: 'create', calling method: >, body: {"flavor": {"id": "d2", "vcpus": 1, "ram": 1024, "name": "ds1G", "os-flavor-access:is_public": true, "disk": 10, "swap": 0, "OS-FLV-EXT-DATA:ephemeral": 0}} {{(pid=68431) _process_stack /opt/stack/nova/nova/api/openstack/wsgi.py:549}}
Jun 26 18:09:50 devstack devstack@n-api.service[68431]: INFO nova.api.openstack.requestlog [None req-1fb6e9b3-44c8-484b-a84e-ce6485df044c admin admin] 192.168.122.216 "POST /compute/v2.1/flavors" status: 200 len: 412 microversion: 2.61 time: 0.153711
Jun 26 18:09:50 devstack devstack@n-api.service[68431]: [pid: 68431|app: 0|req: 5/11] 192.168.122.216 () {64 vars in 1287 bytes} [Fri Jun 26 18:09:50 2026] POST /compute/v2.1/flavors => generated 412 bytes in 155 msecs (HTTP/1.1 200) 9 headers in 359 bytes (1 switches on core 0)
Jun 26 18:09:50 devstack devstack@n-api.service[68430]: DEBUG nova.api.openstack.wsgi [None req-f4cf13d5-f5b5-4b4d-adf4-99899d3ed111 admin admin] Action: 'create', calling method: >, body: {"extra_specs": {"hw_rng:allowed": "True"}} {{(pid=68430) _process_stack /opt/stack/nova/nova/api/openstack/wsgi.py:549}}
Jun 26 18:09:50 devstack devstack@n-api.service[68430]: INFO nova.api.openstack.requestlog [None req-f4cf13d5-f5b5-4b4d-adf4-99899d3ed111 admin admin] 192.168.122.216 "POST /compute/v2.1/flavors/d2/os-extra_specs" status: 200 len: 43 microversion: 2.61 time: 0.046623
Jun 26 18:09:50 devstack devstack@n-api.service[68430]: [pid: 68430|app: 0|req: 7/12] 192.168.122.216 () {64 vars in 1340 bytes} [Fri Jun 26 18:09:50 2026] POST /compute/v2.1/flavors/d2/os-extra_specs => generated 43 bytes in 49 msecs (HTTP/1.1 200) 9 headers in 358 bytes (1 switches on core 0)
Jun 26 18:09:54 devstack devstack@n-api.service[68431]: DEBUG nova.api.openstack.wsgi [None req-1fb6e9b3-44c8-484b-a84e-ce6485df044c admin admin] Calling method '>' {{(pid=68431) _process_stack /opt/stack/nova/nova/api/openstack/wsgi.py:551}}
Jun 26 18:09:54 devstack devstack@n-api.service[68431]: INFO nova.api.openstack.requestlog [None req-1fb6e9b3-44c8-484b-a84e-ce6485df044c admin admin] 192.168.122.216 "GET /compute/v2.1" status: 200 len: 393 microversion: 2.1 time: 0.008133
Jun 26 18:09:54 devstack devstack@n-api.service[68431]: [pid: 68431|app: 0|req: 6/13] 192.168.122.216 () {54 vars in 935 bytes} [Fri Jun 26 18:09:54 2026] GET /compute/v2.1 => generated 393 bytes in 9 msecs (HTTP/1.1 200) 9 headers in 357 bytes (1 switches on core 0)
Jun 26 18:09:54 devstack devstack@n-api.service[68430]: DEBUG nova.api.openstack.wsgi [None req-7dd54964-391d-45c4-a18f-16eff899cbf9 admin admin] Action: 'create', calling method: >, body: {"flavor": {"ram": 2048, "os-flavor-access:is_public": true, "name": "ds2G", "disk": 10, "swap": 0, "vcpus": 2, "id": "d3", "OS-FLV-EXT-DATA:ephemeral": 0}} {{(pid=68430) _process_stack /opt/stack/nova/nova/api/openstack/wsgi.py:549}}
Jun 26 18:09:54 devstack devstack@n-api.service[68430]: INFO nova.api.openstack.requestlog [None req-7dd54964-391d-45c4-a18f-16eff899cbf9 admin admin] 192.168.122.216 "POST /compute/v2.1/flavors" status: 200 len: 412 microversion: 2.61 time: 0.088376
Jun 26 18:09:54 devstack devstack@n-api.service[68430]: [pid: 68430|app: 0|req: 8/14] 192.168.122.216 () {64 vars in 1287 bytes} [Fri Jun 26 18:09:54 2026] POST /compute/v2.1/flavors => generated 412 bytes in 90 msecs (HTTP/1.1 200) 9 headers in 359 bytes (2 switches on core 0)
Jun 26 18:09:54 devstack devstack@n-api.service[68431]: DEBUG nova.api.openstack.wsgi [None req-dfa62f92-c9c3-4793-8005-1842f2a2ce7a admin admin] Action: 'create', calling method: >, body: {"extra_specs": {"hw_rng:allowed": "True"}} {{(pid=68431) _process_stack /opt/stack/nova/nova/api/openstack/wsgi.py:549}}
Jun 26 18:09:54 devstack devstack@n-api.service[68431]: INFO nova.api.openstack.requestlog [None req-dfa62f92-c9c3-4793-8005-1842f2a2ce7a admin admin] 192.168.122.216 "POST /compute/v2.1/flavors/d3/os-extra_specs" status: 200 len: 43 microversion: 2.61 time: 0.042929
Jun 26 18:09:54 devstack devstack@n-api.service[68431]: [pid: 68431|app: 0|req: 7/15] 192.168.122.216 () {64 vars in 1340 bytes} [Fri Jun 26 18:09:54 2026] POST /compute/v2.1/flavors/d3/os-extra_specs => generated 43 bytes in 44 msecs (HTTP/1.1 200) 9 headers in 358 bytes (1 switches on core 0)
Jun 26 18:09:58 devstack devstack@n-api.service[68430]: DEBUG nova.api.openstack.wsgi [None req-7dd54964-391d-45c4-a18f-16eff899cbf9 admin admin] Calling method '>' {{(pid=68430) _process_stack /opt/stack/nova/nova/api/openstack/wsgi.py:551}}
Jun 26 18:09:58 devstack devstack@n-api.service[68430]: INFO nova.api.openstack.requestlog [None req-7dd54964-391d-45c4-a18f-16eff899cbf9 admin admin] 192.168.122.216 "GET /compute/v2.1" status: 200 len: 393 microversion: 2.1 time: 0.011749
Jun 26 18:09:58 devstack devstack@n-api.service[68430]: [pid: 68430|app: 0|req: 9/16] 192.168.122.216 () {54 vars in 935 bytes} [Fri Jun 26 18:09:57 2026] GET /compute/v2.1 => generated 393 bytes in 13 msecs (HTTP/1.1 200) 9 headers in 357 bytes (1 switches on core 0)
Jun 26 18:09:58 devstack devstack@n-api.service[68431]: DEBUG nova.api.openstack.wsgi [None req-d33b1774-4c0c-4be1-a722-75f0322c0ceb admin admin] Action: 'create', calling method: >, body: {"flavor": {"swap": 0, "vcpus": 4, "id": "d4", "ram": 4096, "name": "ds4G", "disk": 20, "OS-FLV-EXT-DATA:ephemeral": 0, "os-flavor-access:is_public": true}} {{(pid=68431) _process_stack /opt/stack/nova/nova/api/openstack/wsgi.py:549}}
Jun 26 18:09:58 devstack devstack@n-api.service[68431]: INFO nova.api.openstack.requestlog [None req-d33b1774-4c0c-4be1-a722-75f0322c0ceb admin admin] 192.168.122.216 "POST /compute/v2.1/flavors" status: 200 len: 412 microversion: 2.61 time: 0.088546
Jun 26 18:09:58 devstack devstack@n-api.service[68431]: [pid: 68431|app: 0|req: 8/17] 192.168.122.216 () {64 vars in 1287 bytes} [Fri Jun 26 18:09:58 2026] POST /compute/v2.1/flavors => generated 412 bytes in 90 msecs (HTTP/1.1 200) 9 headers in 359 bytes (1 switches on core 0)
Jun 26 18:09:58 devstack devstack@n-api.service[68430]: DEBUG nova.api.openstack.wsgi [None req-b9405a24-dc07-4360-b8ba-087bd079c1a0 admin admin] Action: 'create', calling method: >, body: {"extra_specs": {"hw_rng:allowed": "True"}} {{(pid=68430) _process_stack /opt/stack/nova/nova/api/openstack/wsgi.py:549}}
Jun 26 18:09:58 devstack devstack@n-api.service[68430]: INFO nova.api.openstack.requestlog [None req-b9405a24-dc07-4360-b8ba-087bd079c1a0 admin admin] 192.168.122.216 "POST /compute/v2.1/flavors/d4/os-extra_specs" status: 200 len: 43 microversion: 2.61 time: 0.044066
Jun 26 18:09:58 devstack devstack@n-api.service[68430]: [pid: 68430|app: 0|req: 10/18] 192.168.122.216 () {64 vars in 1340 bytes} [Fri Jun 26 18:09:58 2026] POST /compute/v2.1/flavors/d4/os-extra_specs => generated 43 bytes in 48 msecs (HTTP/1.1 200) 9 headers in 358 bytes (2 switches on core 0)
Jun 26 18:10:01 devstack devstack@n-api.service[68431]: DEBUG nova.api.openstack.wsgi [None req-d33b1774-4c0c-4be1-a722-75f0322c0ceb admin admin] Calling method '>' {{(pid=68431) _process_stack /opt/stack/nova/nova/api/openstack/wsgi.py:551}}
Jun 26 18:10:01 devstack devstack@n-api.service[68431]: INFO nova.api.openstack.requestlog [None req-d33b1774-4c0c-4be1-a722-75f0322c0ceb admin admin] 192.168.122.216 "GET /compute/v2.1" status: 200 len: 393 microversion: 2.1 time: 0.013496
Jun 26 18:10:01 devstack devstack@n-api.service[68431]: [pid: 68431|app: 0|req: 9/19] 192.168.122.216 () {54 vars in 935 bytes} [Fri Jun 26 18:10:01 2026] GET /compute/v2.1 => generated 393 bytes in 16 msecs (HTTP/1.1 200) 9 headers in 357 bytes (1 switches on core 0)
Jun 26 18:10:01 devstack devstack@n-api.service[68430]: DEBUG nova.api.openstack.wsgi [None req-190ea270-fccc-4a4a-b3d7-7673f1739799 admin admin] Calling method '>' {{(pid=68430) _process_stack /opt/stack/nova/nova/api/openstack/wsgi.py:551}}
Jun 26 18:10:01 devstack devstack@n-api.service[68430]: INFO nova.api.openstack.requestlog [None req-190ea270-fccc-4a4a-b3d7-7673f1739799 admin admin] 192.168.122.216 "GET /compute/v2.1/flavors/detail?is_public=True" status: 200 len: 2146 microversion: 2.61 time: 0.107955
Jun 26 18:10:01 devstack devstack@n-api.service[68430]: [pid: 68430|app: 0|req: 11/20] 192.168.122.216 () {60 vars in 1296 bytes} [Fri Jun 26 18:10:01 2026] GET /compute/v2.1/flavors/detail?is_public=True => generated 2146 bytes in 109 msecs (HTTP/1.1 200) 9 headers in 360 bytes (1 switches on core 0)
Jun 26 18:10:05 devstack devstack@n-api.service[68431]: DEBUG nova.api.openstack.wsgi [None req-d33b1774-4c0c-4be1-a722-75f0322c0ceb admin admin] Calling method '>' {{(pid=68431) _process_stack /opt/stack/nova/nova/api/openstack/wsgi.py:551}}
Jun 26 18:10:05 devstack devstack@n-api.service[68431]: INFO nova.api.openstack.requestlog [None req-d33b1774-4c0c-4be1-a722-75f0322c0ceb admin admin] 192.168.122.216 "GET /compute/v2.1" status: 200 len: 393 microversion: 2.1 time: 0.005982
Jun 26 18:10:05 devstack devstack@n-api.service[68431]: [pid: 68431|app: 0|req: 10/21] 192.168.122.216 () {54 vars in 935 bytes} [Fri Jun 26 18:10:05 2026] GET /compute/v2.1 => generated 393 bytes in 10 msecs (HTTP/1.1 200) 9 headers in 357 bytes (2 switches on core 0)
Jun 26 18:10:05 devstack devstack@n-api.service[68430]: DEBUG nova.api.openstack.wsgi [None req-0c1f32fc-39bf-4798-9866-a445cba10055 admin admin] Action: 'create', calling method: >, body: {"flavor": {"os-flavor-access:is_public": true, "id": "1", "name": "m1.tiny", "swap": 0, "disk": 1, "ram": 512, "OS-FLV-EXT-DATA:ephemeral": 0, "vcpus": 1}} {{(pid=68430) _process_stack /opt/stack/nova/nova/api/openstack/wsgi.py:549}}
Jun 26 18:10:05 devstack devstack@n-api.service[68430]: INFO nova.api.openstack.requestlog [None req-0c1f32fc-39bf-4798-9866-a445cba10055 admin admin] 192.168.122.216 "POST /compute/v2.1/flavors" status: 200 len: 410 microversion: 2.61 time: 0.108444
Jun 26 18:10:05 devstack devstack@n-api.service[68430]: [pid: 68430|app: 0|req: 12/22] 192.168.122.216 () {64 vars in 1287 bytes} [Fri Jun 26 18:10:05 2026] POST /compute/v2.1/flavors => generated 410 bytes in 110 msecs (HTTP/1.1 200) 9 headers in 359 bytes (1 switches on core 0)
Jun 26 18:10:05 devstack devstack@n-api.service[68431]: DEBUG nova.api.openstack.wsgi [None req-626e93d1-5277-4e98-b331-2b13db1e8470 admin admin] Action: 'create', calling method: >, body: {"extra_specs": {"hw_rng:allowed": "True"}} {{(pid=68431) _process_stack /opt/stack/nova/nova/api/openstack/wsgi.py:549}}
Jun 26 18:10:05 devstack devstack@n-api.service[68431]: INFO nova.api.openstack.requestlog [None req-626e93d1-5277-4e98-b331-2b13db1e8470 admin admin] 192.168.122.216 "POST /compute/v2.1/flavors/1/os-extra_specs" status: 200 len: 43 microversion: 2.61 time: 0.039208
Jun 26 18:10:05 devstack devstack@n-api.service[68431]: [pid: 68431|app: 0|req: 11/23] 192.168.122.216 () {64 vars in 1337 bytes} [Fri Jun 26 18:10:05 2026] POST /compute/v2.1/flavors/1/os-extra_specs => generated 43 bytes in 41 msecs (HTTP/1.1 200) 9 headers in 358 bytes (1 switches on core 0)
Jun 26 18:10:08 devstack devstack@n-api.service[68430]: DEBUG nova.api.openstack.wsgi [None req-0c1f32fc-39bf-4798-9866-a445cba10055 admin admin] Calling method '>' {{(pid=68430) _process_stack /opt/stack/nova/nova/api/openstack/wsgi.py:551}}
Jun 26 18:10:08 devstack devstack@n-api.service[68430]: INFO nova.api.openstack.requestlog [None req-0c1f32fc-39bf-4798-9866-a445cba10055 admin admin] 192.168.122.216 "GET /compute/v2.1" status: 200 len: 393 microversion: 2.1 time: 0.011845
Jun 26 18:10:08 devstack devstack@n-api.service[68430]: [pid: 68430|app: 0|req: 13/24] 192.168.122.216 () {54 vars in 935 bytes} [Fri Jun 26 18:10:08 2026] GET /compute/v2.1 => generated 393 bytes in 13 msecs (HTTP/1.1 200) 9 headers in 357 bytes (1 switches on core 0)
Jun 26 18:10:08 devstack devstack@n-api.service[68431]: DEBUG nova.api.openstack.wsgi [None req-5e33b3a6-eace-4c84-9a8f-d2e743536b75 admin admin] Action: 'create', calling method: >, body: {"flavor": {"vcpus": 1, "swap": 0, "name": "m1.small", "OS-FLV-EXT-DATA:ephemeral": 0, "disk": 20, "os-flavor-access:is_public": true, "ram": 2048, "id": "2"}} {{(pid=68431) _process_stack /opt/stack/nova/nova/api/openstack/wsgi.py:549}}
Jun 26 18:10:08 devstack devstack@n-api.service[68431]: INFO nova.api.openstack.requestlog [None req-5e33b3a6-eace-4c84-9a8f-d2e743536b75 admin admin] 192.168.122.216 "POST /compute/v2.1/flavors" status: 200 len: 413 microversion: 2.61 time: 0.105792
Jun 26 18:10:08 devstack devstack@n-api.service[68431]: [pid: 68431|app: 0|req: 12/25] 192.168.122.216 () {64 vars in 1287 bytes} [Fri Jun 26 18:10:08 2026] POST /compute/v2.1/flavors => generated 413 bytes in 107 msecs (HTTP/1.1 200) 9 headers in 359 bytes (1 switches on core 0)
Jun 26 18:10:09 devstack devstack@n-api.service[68430]: DEBUG nova.api.openstack.wsgi [None req-603df0e4-e90f-4620-8271-291b4d6c8836 admin admin] Action: 'create', calling method: >, body: {"extra_specs": {"hw_rng:allowed": "True"}} {{(pid=68430) _process_stack /opt/stack/nova/nova/api/openstack/wsgi.py:549}}
Jun 26 18:10:09 devstack devstack@n-api.service[68430]: INFO nova.api.openstack.requestlog [None req-603df0e4-e90f-4620-8271-291b4d6c8836 admin admin] 192.168.122.216 "POST /compute/v2.1/flavors/2/os-extra_specs" status: 200 len: 43 microversion: 2.61 time: 0.045393
Jun 26 18:10:09 devstack devstack@n-api.service[68430]: [pid: 68430|app: 0|req: 14/26] 192.168.122.216 () {64 vars in 1337 bytes} [Fri Jun 26 18:10:08 2026] POST /compute/v2.1/flavors/2/os-extra_specs => generated 43 bytes in 47 msecs (HTTP/1.1 200) 9 headers in 358 bytes (1 switches on core 0)
Jun 26 18:10:12 devstack devstack@n-api.service[68431]: DEBUG nova.api.openstack.wsgi [None req-5e33b3a6-eace-4c84-9a8f-d2e743536b75 admin admin] Calling method '>' {{(pid=68431) _process_stack /opt/stack/nova/nova/api/openstack/wsgi.py:551}}
Jun 26 18:10:12 devstack devstack@n-api.service[68431]: INFO nova.api.openstack.requestlog [None req-5e33b3a6-eace-4c84-9a8f-d2e743536b75 admin admin] 192.168.122.216 "GET /compute/v2.1" status: 200 len: 393 microversion: 2.1 time: 0.006196
Jun 26 18:10:12 devstack devstack@n-api.service[68431]: [pid: 68431|app: 0|req: 13/27] 192.168.122.216 () {54 vars in 935 bytes} [Fri Jun 26 18:10:12 2026] GET /compute/v2.1 => generated 393 bytes in 7 msecs (HTTP/1.1 200) 9 headers in 357 bytes (1 switches on core 0)
Jun 26 18:10:12 devstack devstack@n-api.service[68430]: DEBUG nova.api.openstack.wsgi [None req-6dba3f82-9227-401c-97d8-9d865c2b4f45 admin admin] Action: 'create', calling method: >, body: {"flavor": {"os-flavor-access:is_public": true, "OS-FLV-EXT-DATA:ephemeral": 0, "vcpus": 2, "name": "m1.medium", "ram": 4096, "disk": 40, "swap": 0, "id": "3"}} {{(pid=68430) _process_stack /opt/stack/nova/nova/api/openstack/wsgi.py:549}}
Jun 26 18:10:12 devstack devstack@n-api.service[68430]: INFO nova.api.openstack.requestlog [None req-6dba3f82-9227-401c-97d8-9d865c2b4f45 admin admin] 192.168.122.216 "POST /compute/v2.1/flavors" status: 200 len: 414 microversion: 2.61 time: 0.083642
Jun 26 18:10:12 devstack devstack@n-api.service[68430]: [pid: 68430|app: 0|req: 15/28] 192.168.122.216 () {64 vars in 1287 bytes} [Fri Jun 26 18:10:12 2026] POST /compute/v2.1/flavors => generated 414 bytes in 85 msecs (HTTP/1.1 200) 9 headers in 359 bytes (1 switches on core 0)
Jun 26 18:10:12 devstack devstack@n-api.service[68431]: DEBUG nova.api.openstack.wsgi [None req-e761f013-7aee-4d73-92d9-22c97f3442b6 admin admin] Action: 'create', calling method: >, body: {"extra_specs": {"hw_rng:allowed": "True"}} {{(pid=68431) _process_stack /opt/stack/nova/nova/api/openstack/wsgi.py:549}}
Jun 26 18:10:12 devstack devstack@n-api.service[68431]: INFO nova.api.openstack.requestlog [None req-e761f013-7aee-4d73-92d9-22c97f3442b6 admin admin] 192.168.122.216 "POST /compute/v2.1/flavors/3/os-extra_specs" status: 200 len: 43 microversion: 2.61 time: 0.032997
Jun 26 18:10:12 devstack devstack@n-api.service[68431]: [pid: 68431|app: 0|req: 14/29] 192.168.122.216 () {64 vars in 1337 bytes} [Fri Jun 26 18:10:12 2026] POST /compute/v2.1/flavors/3/os-extra_specs => generated 43 bytes in 34 msecs (HTTP/1.1 200) 9 headers in 358 bytes (1 switches on core 0)
Jun 26 18:10:15 devstack devstack@n-api.service[68430]: DEBUG nova.api.openstack.wsgi [None req-6dba3f82-9227-401c-97d8-9d865c2b4f45 admin admin] Calling method '>' {{(pid=68430) _process_stack /opt/stack/nova/nova/api/openstack/wsgi.py:551}}
Jun 26 18:10:15 devstack devstack@n-api.service[68430]: INFO nova.api.openstack.requestlog [None req-6dba3f82-9227-401c-97d8-9d865c2b4f45 admin admin] 192.168.122.216 "GET /compute/v2.1" status: 200 len: 393 microversion: 2.1 time: 0.005817
Jun 26 18:10:15 devstack devstack@n-api.service[68430]: [pid: 68430|app: 0|req: 16/30] 192.168.122.216 () {54 vars in 935 bytes} [Fri Jun 26 18:10:15 2026] GET /compute/v2.1 => generated 393 bytes in 7 msecs (HTTP/1.1 200) 9 headers in 357 bytes (1 switches on core 0)
Jun 26 18:10:15 devstack devstack@n-api.service[68431]: DEBUG nova.api.openstack.wsgi [None req-04bedf71-2921-453a-a4bb-fb0a158e8c4e admin admin] Action: 'create', calling method: >, body: {"flavor": {"swap": 0, "vcpus": 4, "ram": 8192, "OS-FLV-EXT-DATA:ephemeral": 0, "name": "m1.large", "disk": 80, "os-flavor-access:is_public": true, "id": "4"}} {{(pid=68431) _process_stack /opt/stack/nova/nova/api/openstack/wsgi.py:549}}
Jun 26 18:10:15 devstack devstack@n-api.service[68431]: INFO nova.api.openstack.requestlog [None req-04bedf71-2921-453a-a4bb-fb0a158e8c4e admin admin] 192.168.122.216 "POST /compute/v2.1/flavors" status: 200 len: 413 microversion: 2.61 time: 0.084961
Jun 26 18:10:15 devstack devstack@n-api.service[68431]: [pid: 68431|app: 0|req: 15/31] 192.168.122.216 () {64 vars in 1287 bytes} [Fri Jun 26 18:10:15 2026] POST /compute/v2.1/flavors => generated 413 bytes in 86 msecs (HTTP/1.1 200) 9 headers in 359 bytes (1 switches on core 0)
Jun 26 18:10:15 devstack devstack@n-api.service[68430]: DEBUG nova.api.openstack.wsgi [None req-54e5e443-544c-47fd-a062-7420b638f38f admin admin] Action: 'create', calling method: >, body: {"extra_specs": {"hw_rng:allowed": "True"}} {{(pid=68430) _process_stack /opt/stack/nova/nova/api/openstack/wsgi.py:549}}
Jun 26 18:10:15 devstack devstack@n-api.service[68430]: INFO nova.api.openstack.requestlog [None req-54e5e443-544c-47fd-a062-7420b638f38f admin admin] 192.168.122.216 "POST /compute/v2.1/flavors/4/os-extra_specs" status: 200 len: 43 microversion: 2.61 time: 0.035945
Jun 26 18:10:15 devstack devstack@n-api.service[68430]: [pid: 68430|app: 0|req: 17/32] 192.168.122.216 () {64 vars in 1337 bytes} [Fri Jun 26 18:10:15 2026] POST /compute/v2.1/flavors/4/os-extra_specs => generated 43 bytes in 37 msecs (HTTP/1.1 200) 9 headers in 358 bytes (1 switches on core 0)
Jun 26 18:10:19 devstack devstack@n-api.service[68431]: DEBUG nova.api.openstack.wsgi [None req-04bedf71-2921-453a-a4bb-fb0a158e8c4e admin admin] Calling method '>' {{(pid=68431) _process_stack /opt/stack/nova/nova/api/openstack/wsgi.py:551}}
Jun 26 18:10:19 devstack devstack@n-api.service[68431]: INFO nova.api.openstack.requestlog [None req-04bedf71-2921-453a-a4bb-fb0a158e8c4e admin admin] 192.168.122.216 "GET /compute/v2.1" status: 200 len: 393 microversion: 2.1 time: 0.004791
Jun 26 18:10:19 devstack devstack@n-api.service[68431]: [pid: 68431|app: 0|req: 16/33] 192.168.122.216 () {54 vars in 935 bytes} [Fri Jun 26 18:10:19 2026] GET /compute/v2.1 => generated 393 bytes in 6 msecs (HTTP/1.1 200) 9 headers in 357 bytes (1 switches on core 0)
Jun 26 18:10:19 devstack devstack@n-api.service[68430]: DEBUG nova.api.openstack.wsgi [None req-83563595-a722-4869-aa7f-effc3c3c34e5 admin admin] Action: 'create', calling method: >, body: {"flavor": {"os-flavor-access:is_public": true, "ram": 16384, "vcpus": 8, "name": "m1.xlarge", "OS-FLV-EXT-DATA:ephemeral": 0, "swap": 0, "id": "5", "disk": 160}} {{(pid=68430) _process_stack /opt/stack/nova/nova/api/openstack/wsgi.py:549}}
Jun 26 18:10:19 devstack devstack@n-api.service[68430]: INFO nova.api.openstack.requestlog [None req-83563595-a722-4869-aa7f-effc3c3c34e5 admin admin] 192.168.122.216 "POST /compute/v2.1/flavors" status: 200 len: 416 microversion: 2.61 time: 0.101931
Jun 26 18:10:19 devstack devstack@n-api.service[68430]: [pid: 68430|app: 0|req: 18/34] 192.168.122.216 () {64 vars in 1287 bytes} [Fri Jun 26 18:10:19 2026] POST /compute/v2.1/flavors => generated 416 bytes in 103 msecs (HTTP/1.1 200) 9 headers in 359 bytes (1 switches on core 0)
Jun 26 18:10:19 devstack devstack@n-api.service[68431]: DEBUG nova.api.openstack.wsgi [None req-68cfe643-76ae-4369-9343-7951d060ccb2 admin admin] Action: 'create', calling method: >, body: {"extra_specs": {"hw_rng:allowed": "True"}} {{(pid=68431) _process_stack /opt/stack/nova/nova/api/openstack/wsgi.py:549}}
Jun 26 18:10:19 devstack devstack@n-api.service[68431]: INFO nova.api.openstack.requestlog [None req-68cfe643-76ae-4369-9343-7951d060ccb2 admin admin] 192.168.122.216 "POST /compute/v2.1/flavors/5/os-extra_specs" status: 200 len: 43 microversion: 2.61 time: 0.035043
Jun 26 18:10:19 devstack devstack@n-api.service[68431]: [pid: 68431|app: 0|req: 17/35] 192.168.122.216 () {64 vars in 1337 bytes} [Fri Jun 26 18:10:19 2026] POST /compute/v2.1/flavors/5/os-extra_specs => generated 43 bytes in 38 msecs (HTTP/1.1 200) 9 headers in 358 bytes (1 switches on core 0)
Jun 26 18:10:27 devstack devstack@n-api.service[68430]: DEBUG nova.api.openstack.wsgi [None req-83563595-a722-4869-aa7f-effc3c3c34e5 admin admin] Calling method '>' {{(pid=68430) _process_stack /opt/stack/nova/nova/api/openstack/wsgi.py:551}}
Jun 26 18:10:27 devstack devstack@n-api.service[68430]: INFO nova.api.openstack.requestlog [None req-83563595-a722-4869-aa7f-effc3c3c34e5 admin admin] 192.168.122.216 "GET /compute/v2.1" status: 200 len: 393 microversion: 2.1 time: 0.005483
Jun 26 18:10:27 devstack devstack@n-api.service[68430]: [pid: 68430|app: 0|req: 19/36] 192.168.122.216 () {54 vars in 935 bytes} [Fri Jun 26 18:10:27 2026] GET /compute/v2.1 => generated 393 bytes in 6 msecs (HTTP/1.1 200) 9 headers in 357 bytes (1 switches on core 0)
Jun 26 18:10:27 devstack devstack@n-api.service[68431]: DEBUG nova.api.openstack.wsgi [None req-cd327406-03f3-421b-ae72-70757cb38d1f admin admin] Calling method '>' {{(pid=68431) _process_stack /opt/stack/nova/nova/api/openstack/wsgi.py:551}}
