Jan 09 22:56:39 devstack cinder-volume[81265]: DEBUG oslo.privsep.daemon [-] privsep: reply[abd3f930-a59a-4f72-9126-ba571c0dbe25]: (4, 'qcow2') {{(pid=82252) _call_back /opt/stack/data/venv/lib/python3.10/site-packages/oslo_privsep/daemon.py:515}}
Jan 09 22:56:39 devstack cinder-volume[81265]: DEBUG oslo_concurrency.processutils [None req-90448a82-3d2b-4de3-b809-cb339c4d446f tempest-GroupSnapshotsTest-1000711757 None] Running cmd (subprocess): /opt/stack/data/venv/bin/python3.10 -m oslo_concurrency.prlimit --as=1073741824 --cpu=60 -- sudo cinder-rootwrap /etc/cinder/rootwrap.conf env LC_ALL=C qemu-img info -f qcow2 --output=json --force-share /opt/stack/data/cinder/mnt/b465333f9661c7a49d3c51f6986b7260/volume-9676d506-d4b4-4dad-be9a-769d3906b9cd {{(pid=81265) execute /opt/stack/data/venv/lib/python3.10/site-packages/oslo_concurrency/processutils.py:349}}
Jan 09 22:56:39 devstack sudo[91633]: quobyte : PWD=/ ; USER=root ; COMMAND=/opt/stack/data/venv/bin/cinder-rootwrap /etc/cinder/rootwrap.conf env LC_ALL=C qemu-img info -f qcow2 --output=json --force-share /opt/stack/data/cinder/mnt/b465333f9661c7a49d3c51f6986b7260/volume-9676d506-d4b4-4dad-be9a-769d3906b9cd
Jan 09 22:56:39 devstack sudo[91633]: pam_unix(sudo:session): session opened for user root(uid=0) by (uid=1000)
Jan 09 22:56:40 devstack sudo[91633]: pam_unix(sudo:session): session closed for user root
Jan 09 22:56:40 devstack cinder-volume[81265]: DEBUG oslo_concurrency.processutils [None req-90448a82-3d2b-4de3-b809-cb339c4d446f tempest-GroupSnapshotsTest-1000711757 None] CMD "/opt/stack/data/venv/bin/python3.10 -m oslo_concurrency.prlimit --as=1073741824 --cpu=60 -- sudo cinder-rootwrap /etc/cinder/rootwrap.conf env LC_ALL=C qemu-img info -f qcow2 --output=json --force-share /opt/stack/data/cinder/mnt/b465333f9661c7a49d3c51f6986b7260/volume-9676d506-d4b4-4dad-be9a-769d3906b9cd" returned: 0 in 0.533s {{(pid=81265) execute /opt/stack/data/venv/lib/python3.10/site-packages/oslo_concurrency/processutils.py:372}}
Jan 09 22:56:40 devstack cinder-volume[81265]: DEBUG oslo_concurrency.processutils [None req-90448a82-3d2b-4de3-b809-cb339c4d446f tempest-GroupSnapshotsTest-1000711757 None] Running cmd (subprocess): sudo cinder-rootwrap /etc/cinder/rootwrap.conf qemu-img create -f qcow2 -o backing_file=/opt/stack/data/cinder/mnt/b465333f9661c7a49d3c51f6986b7260/volume-9676d506-d4b4-4dad-be9a-769d3906b9cd,backing_fmt=qcow2 /opt/stack/data/cinder/mnt/b465333f9661c7a49d3c51f6986b7260/volume-9676d506-d4b4-4dad-be9a-769d3906b9cd.dd6b9882-c801-4f66-b258-977f8a80371c 1G {{(pid=81265) execute /opt/stack/data/venv/lib/python3.10/site-packages/oslo_concurrency/processutils.py:349}}
Jan 09 22:56:40 devstack sudo[91638]: quobyte : PWD=/ ; USER=root ; COMMAND=/opt/stack/data/venv/bin/cinder-rootwrap /etc/cinder/rootwrap.conf qemu-img create -f qcow2 -o backing_file=/opt/stack/data/cinder/mnt/b465333f9661c7a49d3c51f6986b7260/volume-9676d506-d4b4-4dad-be9a-769d3906b9cd,backing_fmt=qcow2 /opt/stack/data/cinder/mnt/b465333f9661c7a49d3c51f6986b7260/volume-9676d506-d4b4-4dad-be9a-769d3906b9cd.dd6b9882-c801-4f66-b258-977f8a80371c 1G
Jan 09 22:56:40 devstack sudo[91638]: pam_unix(sudo:session): session opened for user root(uid=0) by (uid=1000)
Jan 09 22:56:40 devstack sudo[91638]: pam_unix(sudo:session): session closed for user root
Jan 09 22:56:40 devstack cinder-volume[81265]: DEBUG oslo_concurrency.processutils [None req-90448a82-3d2b-4de3-b809-cb339c4d446f tempest-GroupSnapshotsTest-1000711757 None] CMD "sudo cinder-rootwrap /etc/cinder/rootwrap.conf qemu-img create -f qcow2 -o backing_file=/opt/stack/data/cinder/mnt/b465333f9661c7a49d3c51f6986b7260/volume-9676d506-d4b4-4dad-be9a-769d3906b9cd,backing_fmt=qcow2 /opt/stack/data/cinder/mnt/b465333f9661c7a49d3c51f6986b7260/volume-9676d506-d4b4-4dad-be9a-769d3906b9cd.dd6b9882-c801-4f66-b258-977f8a80371c 1G" returned: 0 in 0.534s {{(pid=81265) execute /opt/stack/data/venv/lib/python3.10/site-packages/oslo_concurrency/processutils.py:372}}
Jan 09 22:56:40 devstack cinder-volume[81265]: DEBUG oslo_concurrency.processutils [None req-90448a82-3d2b-4de3-b809-cb339c4d446f tempest-GroupSnapshotsTest-1000711757 None] Running cmd (subprocess): sudo cinder-rootwrap /etc/cinder/rootwrap.conf qemu-img rebase -u -b volume-9676d506-d4b4-4dad-be9a-769d3906b9cd -F qcow2 /opt/stack/data/cinder/mnt/b465333f9661c7a49d3c51f6986b7260/volume-9676d506-d4b4-4dad-be9a-769d3906b9cd.dd6b9882-c801-4f66-b258-977f8a80371c {{(pid=81265) execute /opt/stack/data/venv/lib/python3.10/site-packages/oslo_concurrency/processutils.py:349}}
Jan 09 22:56:40 devstack sudo[91643]: quobyte : PWD=/ ; USER=root ; COMMAND=/opt/stack/data/venv/bin/cinder-rootwrap /etc/cinder/rootwrap.conf qemu-img rebase -u -b volume-9676d506-d4b4-4dad-be9a-769d3906b9cd -F qcow2 /opt/stack/data/cinder/mnt/b465333f9661c7a49d3c51f6986b7260/volume-9676d506-d4b4-4dad-be9a-769d3906b9cd.dd6b9882-c801-4f66-b258-977f8a80371c
Jan 09 22:56:40 devstack sudo[91643]: pam_unix(sudo:session): session opened for user root(uid=0) by (uid=1000)
Jan 09 22:56:41 devstack sudo[91643]: pam_unix(sudo:session): session closed for user root
Jan 09 22:56:41 devstack cinder-volume[81265]: DEBUG oslo_concurrency.processutils [None req-90448a82-3d2b-4de3-b809-cb339c4d446f tempest-GroupSnapshotsTest-1000711757 None] CMD "sudo cinder-rootwrap /etc/cinder/rootwrap.conf qemu-img rebase -u -b volume-9676d506-d4b4-4dad-be9a-769d3906b9cd -F qcow2 /opt/stack/data/cinder/mnt/b465333f9661c7a49d3c51f6986b7260/volume-9676d506-d4b4-4dad-be9a-769d3906b9cd.dd6b9882-c801-4f66-b258-977f8a80371c" returned: 0 in 0.472s {{(pid=81265) execute /opt/stack/data/venv/lib/python3.10/site-packages/oslo_concurrency/processutils.py:372}}
Jan 09 22:56:41 devstack cinder-volume[81265]: WARNING cinder.volume.drivers.remotefs [None req-90448a82-3d2b-4de3-b809-cb339c4d446f tempest-GroupSnapshotsTest-1000711757 None] /opt/stack/data/cinder/mnt/b465333f9661c7a49d3c51f6986b7260/volume-9676d506-d4b4-4dad-be9a-769d3906b9cd.dd6b9882-c801-4f66-b258-977f8a80371c is being set with open permissions: ugo+rw: NotImplementedError
Jan 09 22:56:41 devstack cinder-volume[81265]: DEBUG oslo_concurrency.processutils [None req-90448a82-3d2b-4de3-b809-cb339c4d446f tempest-GroupSnapshotsTest-1000711757 None] Running cmd (subprocess): sudo cinder-rootwrap /etc/cinder/rootwrap.conf chmod ugo+rw /opt/stack/data/cinder/mnt/b465333f9661c7a49d3c51f6986b7260/volume-9676d506-d4b4-4dad-be9a-769d3906b9cd.dd6b9882-c801-4f66-b258-977f8a80371c {{(pid=81265) execute /opt/stack/data/venv/lib/python3.10/site-packages/oslo_concurrency/processutils.py:349}}
Jan 09 22:56:41 devstack sudo[91648]: quobyte : PWD=/ ; USER=root ; COMMAND=/opt/stack/data/venv/bin/cinder-rootwrap /etc/cinder/rootwrap.conf chmod ugo+rw /opt/stack/data/cinder/mnt/b465333f9661c7a49d3c51f6986b7260/volume-9676d506-d4b4-4dad-be9a-769d3906b9cd.dd6b9882-c801-4f66-b258-977f8a80371c
Jan 09 22:56:41 devstack sudo[91648]: pam_unix(sudo:session): session opened for user root(uid=0) by (uid=1000)
Jan 09 22:56:41 devstack sudo[91648]: pam_unix(sudo:session): session closed for user root
Jan 09 22:56:41 devstack cinder-volume[81265]: DEBUG oslo_concurrency.processutils [None req-90448a82-3d2b-4de3-b809-cb339c4d446f tempest-GroupSnapshotsTest-1000711757 None] CMD "sudo cinder-rootwrap /etc/cinder/rootwrap.conf chmod ugo+rw /opt/stack/data/cinder/mnt/b465333f9661c7a49d3c51f6986b7260/volume-9676d506-d4b4-4dad-be9a-769d3906b9cd.dd6b9882-c801-4f66-b258-977f8a80371c" returned: 0 in 0.442s {{(pid=81265) execute /opt/stack/data/venv/lib/python3.10/site-packages/oslo_concurrency/processutils.py:372}}
Jan 09 22:56:41 devstack cinder-volume[81265]: DEBUG oslo_concurrency.processutils [None req-90448a82-3d2b-4de3-b809-cb339c4d446f tempest-GroupSnapshotsTest-1000711757 None] Running cmd (subprocess): sudo cinder-rootwrap /etc/cinder/rootwrap.conf truncate -s0 /opt/stack/data/cinder/mnt/b465333f9661c7a49d3c51f6986b7260/volume-9676d506-d4b4-4dad-be9a-769d3906b9cd.info {{(pid=81265) execute /opt/stack/data/venv/lib/python3.10/site-packages/oslo_concurrency/processutils.py:349}}
Jan 09 22:56:41 devstack sudo[91651]: quobyte : PWD=/ ; USER=root ; COMMAND=/opt/stack/data/venv/bin/cinder-rootwrap /etc/cinder/rootwrap.conf truncate -s0 /opt/stack/data/cinder/mnt/b465333f9661c7a49d3c51f6986b7260/volume-9676d506-d4b4-4dad-be9a-769d3906b9cd.info
Jan 09 22:56:41 devstack sudo[91651]: pam_unix(sudo:session): session opened for user root(uid=0) by (uid=1000)
Jan 09 22:56:42 devstack sudo[91651]: pam_unix(sudo:session): session closed for user root
Jan 09 22:56:42 devstack cinder-volume[81265]: DEBUG oslo_concurrency.processutils [None req-90448a82-3d2b-4de3-b809-cb339c4d446f tempest-GroupSnapshotsTest-1000711757 None] CMD "sudo cinder-rootwrap /etc/cinder/rootwrap.conf truncate -s0 /opt/stack/data/cinder/mnt/b465333f9661c7a49d3c51f6986b7260/volume-9676d506-d4b4-4dad-be9a-769d3906b9cd.info" returned: 0 in 0.480s {{(pid=81265) execute /opt/stack/data/venv/lib/python3.10/site-packages/oslo_concurrency/processutils.py:372}}
Jan 09 22:56:42 devstack cinder-volume[81265]: WARNING cinder.volume.drivers.remotefs [None req-90448a82-3d2b-4de3-b809-cb339c4d446f tempest-GroupSnapshotsTest-1000711757 None] /opt/stack/data/cinder/mnt/b465333f9661c7a49d3c51f6986b7260/volume-9676d506-d4b4-4dad-be9a-769d3906b9cd.info is being set with open permissions: ugo+rw: NotImplementedError
Jan 09 22:56:42 devstack cinder-volume[81265]: DEBUG oslo_concurrency.processutils [None req-90448a82-3d2b-4de3-b809-cb339c4d446f tempest-GroupSnapshotsTest-1000711757 None] Running cmd (subprocess): sudo cinder-rootwrap /etc/cinder/rootwrap.conf chmod ugo+rw /opt/stack/data/cinder/mnt/b465333f9661c7a49d3c51f6986b7260/volume-9676d506-d4b4-4dad-be9a-769d3906b9cd.info {{(pid=81265) execute /opt/stack/data/venv/lib/python3.10/site-packages/oslo_concurrency/processutils.py:349}}
Jan 09 22:56:42 devstack sudo[91654]: quobyte : PWD=/ ; USER=root ; COMMAND=/opt/stack/data/venv/bin/cinder-rootwrap /etc/cinder/rootwrap.conf chmod ugo+rw /opt/stack/data/cinder/mnt/b465333f9661c7a49d3c51f6986b7260/volume-9676d506-d4b4-4dad-be9a-769d3906b9cd.info
Jan 09 22:56:42 devstack sudo[91654]: pam_unix(sudo:session): session opened for user root(uid=0) by (uid=1000)
Jan 09 22:56:42 devstack sudo[91654]: pam_unix(sudo:session): session closed for user root
Jan 09 22:56:42 devstack cinder-volume[81265]: DEBUG oslo_concurrency.processutils [None req-90448a82-3d2b-4de3-b809-cb339c4d446f tempest-GroupSnapshotsTest-1000711757 None] CMD "sudo cinder-rootwrap /etc/cinder/rootwrap.conf chmod ugo+rw /opt/stack/data/cinder/mnt/b465333f9661c7a49d3c51f6986b7260/volume-9676d506-d4b4-4dad-be9a-769d3906b9cd.info" returned: 0 in 0.438s {{(pid=81265) execute /opt/stack/data/venv/lib/python3.10/site-packages/oslo_concurrency/processutils.py:372}}
Jan 09 22:56:42 devstack cinder-volume[81265]: DEBUG oslo_concurrency.lockutils [None req-90448a82-3d2b-4de3-b809-cb339c4d446f tempest-GroupSnapshotsTest-1000711757 None] Lock "quobyte" "released" by "cinder.volume.drivers.quobyte.QuobyteDriver.create_snapshot" :: held 2.947s {{(pid=81265) inner /opt/stack/data/venv/lib/python3.10/site-packages/oslo_concurrency/lockutils.py:424}}
Jan 09 22:56:42 devstack cinder-volume[81265]: INFO cinder.volume.manager [None req-90448a82-3d2b-4de3-b809-cb339c4d446f tempest-GroupSnapshotsTest-1000711757 None] group_snapshot 6d3c3e62-3948-42df-b3b4-76581f09245e: created successfully
Jan 09 22:56:42 devstack cinder-volume[81265]: INFO cinder.volume.manager [None req-3f3e3b50-330a-4d68-85bb-42dd544bb8d6 tempest-GroupSnapshotsTest-1000711757 None] group_snapshot 6d3c3e62-3948-42df-b3b4-76581f09245e: deleting
Jan 09 22:56:42 devstack cinder-volume[81265]: WARNING cinder.volume.volume_utils [None req-3f3e3b50-330a-4d68-85bb-42dd544bb8d6 tempest-GroupSnapshotsTest-1000711757 None] Volume driver (QuobyteDriver 1.1.13) is currently unsupported and may be removed in the next release of OpenStack. Use at your own risk.
Jan 09 22:56:42 devstack cinder-volume[81265]: DEBUG cinder.volume.manager [None req-3f3e3b50-330a-4d68-85bb-42dd544bb8d6 tempest-GroupSnapshotsTest-1000711757 None] group_snapshot 6d3c3e62-3948-42df-b3b4-76581f09245e: deleting {{(pid=81265) delete_group_snapshot /opt/stack/cinder/cinder/volume/manager.py:4361}}
Jan 09 22:56:43 devstack cinder-volume[81265]: DEBUG cinder.coordination [None req-3f3e3b50-330a-4d68-85bb-42dd544bb8d6 tempest-GroupSnapshotsTest-1000711757 None] Acquiring lock "cinder-quobyte-9676d506-d4b4-4dad-be9a-769d3906b9cd" by "delete_snapshot" {{(pid=81265) __acquire /opt/stack/cinder/cinder/coordination.py:143}}
Jan 09 22:56:43 devstack cinder-volume[81265]: DEBUG cinder.coordination [None req-3f3e3b50-330a-4d68-85bb-42dd544bb8d6 tempest-GroupSnapshotsTest-1000711757 None] Lock "cinder-quobyte-9676d506-d4b4-4dad-be9a-769d3906b9cd" acquired by "delete_snapshot" :: waited 0.011s {{(pid=81265) __acquire /opt/stack/cinder/cinder/coordination.py:146}}
Jan 09 22:56:43 devstack cinder-volume[81265]: DEBUG cinder.coordination [None req-3f3e3b50-330a-4d68-85bb-42dd544bb8d6 tempest-GroupSnapshotsTest-1000711757 None] Acquiring lock "cinder-quobyte-dd6b9882-c801-4f66-b258-977f8a80371c" by "_delete_snapshot" {{(pid=81265) __acquire /opt/stack/cinder/cinder/coordination.py:143}}
Jan 09 22:56:43 devstack cinder-volume[81265]: DEBUG cinder.coordination [None req-3f3e3b50-330a-4d68-85bb-42dd544bb8d6 tempest-GroupSnapshotsTest-1000711757 None] Lock "cinder-quobyte-dd6b9882-c801-4f66-b258-977f8a80371c" acquired by "_delete_snapshot" :: waited 0.013s {{(pid=81265) __acquire /opt/stack/cinder/cinder/coordination.py:146}}
Jan 09 22:56:43 devstack cinder-volume[81265]: DEBUG cinder.volume.drivers.remotefs [None req-3f3e3b50-330a-4d68-85bb-42dd544bb8d6 tempest-GroupSnapshotsTest-1000711757 None] Deleting offline snapshot dd6b9882-c801-4f66-b258-977f8a80371c of volume 9676d506-d4b4-4dad-be9a-769d3906b9cd {{(pid=81265) _delete_snapshot /opt/stack/cinder/cinder/volume/drivers/remotefs.py:1278}}
Jan 09 22:56:43 devstack cinder-volume[81265]: DEBUG cinder.volume.drivers.remotefs [None req-3f3e3b50-330a-4d68-85bb-42dd544bb8d6 tempest-GroupSnapshotsTest-1000711757 None] snapshot_file for this snap is: volume-9676d506-d4b4-4dad-be9a-769d3906b9cd.dd6b9882-c801-4f66-b258-977f8a80371c {{(pid=81265) _delete_snapshot /opt/stack/cinder/cinder/volume/drivers/remotefs.py:1307}}
Jan 09 22:56:43 devstack cinder-volume[81265]: DEBUG oslo.privsep.daemon [-] privsep: reply[3fd3d33f-e4c3-4225-9bc5-54b6f40d80e5]: (4, 'qcow2') {{(pid=82252) _call_back /opt/stack/data/venv/lib/python3.10/site-packages/oslo_privsep/daemon.py:515}}
Jan 09 22:56:43 devstack cinder-volume[81265]: DEBUG oslo_concurrency.processutils [None req-3f3e3b50-330a-4d68-85bb-42dd544bb8d6 tempest-GroupSnapshotsTest-1000711757 None] Running cmd (subprocess): /opt/stack/data/venv/bin/python3.10 -m oslo_concurrency.prlimit --as=1073741824 --cpu=60 -- sudo cinder-rootwrap /etc/cinder/rootwrap.conf env LC_ALL=C qemu-img info -f qcow2 --output=json --force-share /opt/stack/data/cinder/mnt/b465333f9661c7a49d3c51f6986b7260/volume-9676d506-d4b4-4dad-be9a-769d3906b9cd.dd6b9882-c801-4f66-b258-977f8a80371c {{(pid=81265) execute /opt/stack/data/venv/lib/python3.10/site-packages/oslo_concurrency/processutils.py:349}}
Jan 09 22:56:43 devstack sudo[91657]: quobyte : PWD=/ ; USER=root ; COMMAND=/opt/stack/data/venv/bin/cinder-rootwrap /etc/cinder/rootwrap.conf env LC_ALL=C qemu-img info -f qcow2 --output=json --force-share /opt/stack/data/cinder/mnt/b465333f9661c7a49d3c51f6986b7260/volume-9676d506-d4b4-4dad-be9a-769d3906b9cd.dd6b9882-c801-4f66-b258-977f8a80371c
Jan 09 22:56:43 devstack sudo[91657]: pam_unix(sudo:session): session opened for user root(uid=0) by (uid=1000)
Jan 09 22:56:43 devstack sudo[91657]: pam_unix(sudo:session): session closed for user root
Jan 09 22:56:43 devstack cinder-volume[81265]: DEBUG oslo_concurrency.processutils [None req-3f3e3b50-330a-4d68-85bb-42dd544bb8d6 tempest-GroupSnapshotsTest-1000711757 None] CMD "/opt/stack/data/venv/bin/python3.10 -m oslo_concurrency.prlimit --as=1073741824 --cpu=60 -- sudo cinder-rootwrap /etc/cinder/rootwrap.conf env LC_ALL=C qemu-img info -f qcow2 --output=json --force-share /opt/stack/data/cinder/mnt/b465333f9661c7a49d3c51f6986b7260/volume-9676d506-d4b4-4dad-be9a-769d3906b9cd.dd6b9882-c801-4f66-b258-977f8a80371c" returned: 0 in 0.554s {{(pid=81265) execute /opt/stack/data/venv/lib/python3.10/site-packages/oslo_concurrency/processutils.py:372}}
Jan 09 22:56:43 devstack cinder-volume[81265]: DEBUG cinder.volume.drivers.remotefs [None req-3f3e3b50-330a-4d68-85bb-42dd544bb8d6 tempest-GroupSnapshotsTest-1000711757 None] Fetching qemu-img info with special backing_file_template: (/opt/stack/data/cinder/mnt/[0-9a-f]+/)?(volume-9676d506-d4b4-4dad-be9a-769d3906b9cd(.(tmp-snap-)?[0-9a-f-]+)?|volume_from_snapshot_cache/(tmp-snap-)?[0-9a-f-]+(.(child-|parent-)[0-9a-f-]+)?)$ {{(pid=81265) _qemu_img_info_base /opt/stack/cinder/cinder/volume/drivers/remotefs.py:886}}
Jan 09 22:56:43 devstack cinder-volume[81265]: DEBUG oslo.privsep.daemon [-] privsep: reply[c9b03772-4215-4841-b407-ea4594fec180]: (4, 'qcow2') {{(pid=82252) _call_back /opt/stack/data/venv/lib/python3.10/site-packages/oslo_privsep/daemon.py:515}}
Jan 09 22:56:43 devstack cinder-volume[81265]: DEBUG oslo_concurrency.processutils [None req-3f3e3b50-330a-4d68-85bb-42dd544bb8d6 tempest-GroupSnapshotsTest-1000711757 None] Running cmd (subprocess): /opt/stack/data/venv/bin/python3.10 -m oslo_concurrency.prlimit --as=1073741824 --cpu=60 -- sudo cinder-rootwrap /etc/cinder/rootwrap.conf env LC_ALL=C qemu-img info -f qcow2 --output=json --force-share /opt/stack/data/cinder/mnt/b465333f9661c7a49d3c51f6986b7260/volume-9676d506-d4b4-4dad-be9a-769d3906b9cd {{(pid=81265) execute /opt/stack/data/venv/lib/python3.10/site-packages/oslo_concurrency/processutils.py:349}}
Jan 09 22:56:43 devstack sudo[91662]: quobyte : PWD=/ ; USER=root ; COMMAND=/opt/stack/data/venv/bin/cinder-rootwrap /etc/cinder/rootwrap.conf env LC_ALL=C qemu-img info -f qcow2 --output=json --force-share /opt/stack/data/cinder/mnt/b465333f9661c7a49d3c51f6986b7260/volume-9676d506-d4b4-4dad-be9a-769d3906b9cd
Jan 09 22:56:43 devstack sudo[91662]: pam_unix(sudo:session): session opened for user root(uid=0) by (uid=1000)
Jan 09 22:56:44 devstack sudo[91662]: pam_unix(sudo:session): session closed for user root
Jan 09 22:56:44 devstack cinder-volume[81265]: DEBUG oslo_concurrency.processutils [None req-3f3e3b50-330a-4d68-85bb-42dd544bb8d6 tempest-GroupSnapshotsTest-1000711757 None] CMD "/opt/stack/data/venv/bin/python3.10 -m oslo_concurrency.prlimit --as=1073741824 --cpu=60 -- sudo cinder-rootwrap /etc/cinder/rootwrap.conf env LC_ALL=C qemu-img info -f qcow2 --output=json --force-share /opt/stack/data/cinder/mnt/b465333f9661c7a49d3c51f6986b7260/volume-9676d506-d4b4-4dad-be9a-769d3906b9cd" returned: 0 in 0.577s {{(pid=81265) execute /opt/stack/data/venv/lib/python3.10/site-packages/oslo_concurrency/processutils.py:372}}
Jan 09 22:56:44 devstack cinder-volume[81265]: DEBUG oslo_concurrency.processutils [None req-3f3e3b50-330a-4d68-85bb-42dd544bb8d6 tempest-GroupSnapshotsTest-1000711757 None] Running cmd (subprocess): sudo cinder-rootwrap /etc/cinder/rootwrap.conf qemu-img commit -d /opt/stack/data/cinder/mnt/b465333f9661c7a49d3c51f6986b7260/volume-9676d506-d4b4-4dad-be9a-769d3906b9cd.dd6b9882-c801-4f66-b258-977f8a80371c {{(pid=81265) execute /opt/stack/data/venv/lib/python3.10/site-packages/oslo_concurrency/processutils.py:349}}
Jan 09 22:56:44 devstack sudo[91670]: quobyte : PWD=/ ; USER=root ; COMMAND=/opt/stack/data/venv/bin/cinder-rootwrap /etc/cinder/rootwrap.conf qemu-img commit -d /opt/stack/data/cinder/mnt/b465333f9661c7a49d3c51f6986b7260/volume-9676d506-d4b4-4dad-be9a-769d3906b9cd.dd6b9882-c801-4f66-b258-977f8a80371c
Jan 09 22:56:44 devstack sudo[91670]: pam_unix(sudo:session): session opened for user root(uid=0) by (uid=1000)
Jan 09 22:56:44 devstack sudo[91670]: pam_unix(sudo:session): session closed for user root
Jan 09 22:56:44 devstack cinder-volume[81265]: DEBUG oslo_concurrency.processutils [None req-3f3e3b50-330a-4d68-85bb-42dd544bb8d6 tempest-GroupSnapshotsTest-1000711757 None] CMD "sudo cinder-rootwrap /etc/cinder/rootwrap.conf qemu-img commit -d /opt/stack/data/cinder/mnt/b465333f9661c7a49d3c51f6986b7260/volume-9676d506-d4b4-4dad-be9a-769d3906b9cd.dd6b9882-c801-4f66-b258-977f8a80371c" returned: 0 in 0.522s {{(pid=81265) execute /opt/stack/data/venv/lib/python3.10/site-packages/oslo_concurrency/processutils.py:372}}
Jan 09 22:56:44 devstack cinder-volume[81265]: DEBUG oslo_concurrency.processutils [None req-3f3e3b50-330a-4d68-85bb-42dd544bb8d6 tempest-GroupSnapshotsTest-1000711757 None] Running cmd (subprocess): sudo cinder-rootwrap /etc/cinder/rootwrap.conf rm -f /opt/stack/data/cinder/mnt/b465333f9661c7a49d3c51f6986b7260/volume-9676d506-d4b4-4dad-be9a-769d3906b9cd.dd6b9882-c801-4f66-b258-977f8a80371c {{(pid=81265) execute /opt/stack/data/venv/lib/python3.10/site-packages/oslo_concurrency/processutils.py:349}}
Jan 09 22:56:44 devstack sudo[91675]: quobyte : PWD=/ ; USER=root ; COMMAND=/opt/stack/data/venv/bin/cinder-rootwrap /etc/cinder/rootwrap.conf rm -f /opt/stack/data/cinder/mnt/b465333f9661c7a49d3c51f6986b7260/volume-9676d506-d4b4-4dad-be9a-769d3906b9cd.dd6b9882-c801-4f66-b258-977f8a80371c
Jan 09 22:56:44 devstack sudo[91675]: pam_unix(sudo:session): session opened for user root(uid=0) by (uid=1000)
Jan 09 22:56:45 devstack sudo[91675]: pam_unix(sudo:session): session closed for user root
Jan 09 22:56:45 devstack cinder-volume[81265]: DEBUG oslo_concurrency.processutils [None req-3f3e3b50-330a-4d68-85bb-42dd544bb8d6 tempest-GroupSnapshotsTest-1000711757 None] CMD "sudo cinder-rootwrap /etc/cinder/rootwrap.conf rm -f /opt/stack/data/cinder/mnt/b465333f9661c7a49d3c51f6986b7260/volume-9676d506-d4b4-4dad-be9a-769d3906b9cd.dd6b9882-c801-4f66-b258-977f8a80371c" returned: 0 in 0.481s {{(pid=81265) execute /opt/stack/data/venv/lib/python3.10/site-packages/oslo_concurrency/processutils.py:372}}
Jan 09 22:56:45 devstack cinder-volume[81265]: DEBUG cinder.coordination [None req-3f3e3b50-330a-4d68-85bb-42dd544bb8d6 tempest-GroupSnapshotsTest-1000711757 None] Lock "cinder-quobyte-dd6b9882-c801-4f66-b258-977f8a80371c" released by "_delete_snapshot" :: held 2.221s {{(pid=81265) __release /opt/stack/cinder/cinder/coordination.py:157}}
Jan 09 22:56:45 devstack cinder-volume[81265]: DEBUG cinder.coordination [None req-3f3e3b50-330a-4d68-85bb-42dd544bb8d6 tempest-GroupSnapshotsTest-1000711757 None] Lock "cinder-quobyte-9676d506-d4b4-4dad-be9a-769d3906b9cd" released by "delete_snapshot" :: held 2.238s {{(pid=81265) __release /opt/stack/cinder/cinder/coordination.py:157}}
Jan 09 22:56:45 devstack cinder-volume[81265]: WARNING cinder.quota [None req-3f3e3b50-330a-4d68-85bb-42dd544bb8d6 tempest-GroupSnapshotsTest-1000711757 None] Deprecated: Default quota for resource: gigabytes_tempest-GroupSnapshotsTest-volume-type-1181913435 is set by the default quota flag: quota_gigabytes_tempest-GroupSnapshotsTest-volume-type-1181913435, it is now deprecated. Please use the default quota class for default quota.
Jan 09 22:56:45 devstack cinder-volume[81265]: WARNING cinder.quota [None req-3f3e3b50-330a-4d68-85bb-42dd544bb8d6 tempest-GroupSnapshotsTest-1000711757 None] Deprecated: Default quota for resource: snapshots_tempest-GroupSnapshotsTest-volume-type-1181913435 is set by the default quota flag: quota_snapshots_tempest-GroupSnapshotsTest-volume-type-1181913435, it is now deprecated. Please use the default quota class for default quota.
Jan 09 22:56:45 devstack cinder-volume[81265]: DEBUG cinder.quota [None req-3f3e3b50-330a-4d68-85bb-42dd544bb8d6 tempest-GroupSnapshotsTest-1000711757 None] Created reservations ['8850b4d5-23b7-4b93-9776-069923452c51', '3ae51b81-6910-45ac-abff-ff9e452cb19d', '790981a2-ec85-46cb-a67e-d763dccffc4b', '303abe00-ac15-4b03-868e-4dfd877b1e8a'] {{(pid=81265) reserve /opt/stack/cinder/cinder/quota.py:752}}
Jan 09 22:56:45 devstack cinder-volume[81265]: INFO cinder.volume.manager [None req-3f3e3b50-330a-4d68-85bb-42dd544bb8d6 tempest-GroupSnapshotsTest-1000711757 None] group_snapshot 6d3c3e62-3948-42df-b3b4-76581f09245e: deleted successfully
Jan 09 22:56:45 devstack cinder-volume[81265]: WARNING cinder.volume.volume_utils [None req-dc4f6039-65ac-4fd2-b53b-d7a5a9c52d42 tempest-ServerActionsTestOtherB-924546735 None] Volume driver (QuobyteDriver 1.1.13) is currently unsupported and may be removed in the next release of OpenStack. Use at your own risk.
Jan 09 22:56:45 devstack cinder-volume[81265]: DEBUG cinder.volume.flows.manager.create_volume [None req-dc4f6039-65ac-4fd2-b53b-d7a5a9c52d42 tempest-ServerActionsTestOtherB-924546735 None] Volume reschedule parameters: True retry: {'num_attempts': 1, 'backends': ['devstack@QuobyteHD#QuobyteHD'], 'hosts': ['devstack@QuobyteHD#QuobyteHD']} {{(pid=81265) get_flow /opt/stack/cinder/cinder/volume/flows/manager/create_volume.py:1384}}
Jan 09 22:56:46 devstack cinder-volume[81265]: DEBUG cinder.volume.manager [None req-dc4f6039-65ac-4fd2-b53b-d7a5a9c52d42 tempest-ServerActionsTestOtherB-924546735 None] Flow 'volume_create_manager' (4d9a066e-5bed-4090-98b3-8544aa426524) transitioned into state 'RUNNING' from state 'PENDING' {{(pid=81265) _flow_receiver /opt/stack/data/venv/lib/python3.10/site-packages/taskflow/listeners/logging.py:145}}
Jan 09 22:56:46 devstack cinder-volume[81265]: DEBUG cinder.volume.manager [None req-dc4f6039-65ac-4fd2-b53b-d7a5a9c52d42 tempest-ServerActionsTestOtherB-924546735 None] Task 'cinder.volume.flows.manager.create_volume.ExtractVolumeRefTask;volume:create' (eea59d92-c534-4bad-9c6a-8bb6ec227cdb) transitioned into state 'RUNNING' from state 'PENDING' {{(pid=81265) _task_receiver /opt/stack/data/venv/lib/python3.10/site-packages/taskflow/listeners/logging.py:194}}
Jan 09 22:56:46 devstack cinder-volume[81265]: DEBUG cinder.volume.manager [None req-dc4f6039-65ac-4fd2-b53b-d7a5a9c52d42 tempest-ServerActionsTestOtherB-924546735 None] Task 'cinder.volume.flows.manager.create_volume.ExtractVolumeRefTask;volume:create' (eea59d92-c534-4bad-9c6a-8bb6ec227cdb) transitioned into state 'SUCCESS' from state 'RUNNING' with result 'Volume(_name_id=None,admin_metadata=,attach_status='detached',availability_zone='nova',bootable=False,cluster=,cluster_name=None,consistencygroup=,consistencygroup_id=None,created_at=2026-01-09T21:56:46Z,deleted=False,deleted_at=None,display_description=None,display_name='tempest-ServerActionsTestOtherB-volume-1327592706',ec2_id=None,encryption_key_id=None,glance_metadata=,group=,group_id=None,host='devstack@QuobyteHD#QuobyteHD',id=d20843d9-b4e3-4a7d-9afa-b85a86b8b0a0,launched_at=None,metadata={},migration_status=None,multiattach=False,previous_status=None,project_id='8eb12cc7534e4fd88f75a5e185d5a30d',provider_auth=None,provider_geometry=None,provider_id=None,provider_location=None,replication_driver_data=None,replication_extended_status=None,replication_status=None,scheduled_at=2026-01-09T21:56:46Z,service_uuid=None,shared_targets=True,size=1,snapshot_id=None,snapshots=,source_volid=None,status='creating',terminated_at=None,updated_at=2026-01-09T21:56:46Z,use_quota=True,user_id='be2525ea24b5413a8a20bee758bb0727',volume_attachment=VolumeAttachmentList,volume_type=VolumeType(1b58cfd9-e646-4989-a2b9-45e922d2aaa7),volume_type_id=1b58cfd9-e646-4989-a2b9-45e922d2aaa7)' {{(pid=81265) _task_receiver /opt/stack/data/venv/lib/python3.10/site-packages/taskflow/listeners/logging.py:182}}
Jan 09 22:56:46 devstack cinder-volume[81265]: DEBUG cinder.volume.manager [None req-dc4f6039-65ac-4fd2-b53b-d7a5a9c52d42 tempest-ServerActionsTestOtherB-924546735 None] Task 'cinder.volume.flows.manager.create_volume.OnFailureRescheduleTask;volume:create' (fa9f9965-ae2b-4b84-9fd7-4f23b81e64ee) transitioned into state 'RUNNING' from state 'PENDING' {{(pid=81265) _task_receiver /opt/stack/data/venv/lib/python3.10/site-packages/taskflow/listeners/logging.py:194}}
Jan 09 22:56:46 devstack cinder-volume[81265]: DEBUG cinder.volume.manager [None req-dc4f6039-65ac-4fd2-b53b-d7a5a9c52d42 tempest-ServerActionsTestOtherB-924546735 None] Task 'cinder.volume.flows.manager.create_volume.OnFailureRescheduleTask;volume:create' (fa9f9965-ae2b-4b84-9fd7-4f23b81e64ee) transitioned into state 'SUCCESS' from state 'RUNNING' with result 'None' {{(pid=81265) _task_receiver /opt/stack/data/venv/lib/python3.10/site-packages/taskflow/listeners/logging.py:182}}
Jan 09 22:56:46 devstack cinder-volume[81265]: DEBUG cinder.volume.manager [None req-dc4f6039-65ac-4fd2-b53b-d7a5a9c52d42 tempest-ServerActionsTestOtherB-924546735 None] Task 'cinder.volume.flows.manager.create_volume.ExtractVolumeSpecTask;volume:create' (d8c7057a-9d6c-470d-9da6-8aba53f4ecde) transitioned into state 'RUNNING' from state 'PENDING' {{(pid=81265) _task_receiver /opt/stack/data/venv/lib/python3.10/site-packages/taskflow/listeners/logging.py:194}}
Jan 09 22:56:46 devstack cinder-volume[81265]: DEBUG cinder.volume.manager [None req-dc4f6039-65ac-4fd2-b53b-d7a5a9c52d42 tempest-ServerActionsTestOtherB-924546735 None] Task 'cinder.volume.flows.manager.create_volume.ExtractVolumeSpecTask;volume:create' (d8c7057a-9d6c-470d-9da6-8aba53f4ecde) transitioned into state 'SUCCESS' from state 'RUNNING' with result '{'status': 'creating', 'type': 'raw', 'volume_id': 'd20843d9-b4e3-4a7d-9afa-b85a86b8b0a0', 'volume_name': 'volume-d20843d9-b4e3-4a7d-9afa-b85a86b8b0a0', 'volume_size': 1}' {{(pid=81265) _task_receiver /opt/stack/data/venv/lib/python3.10/site-packages/taskflow/listeners/logging.py:182}}
Jan 09 22:56:46 devstack cinder-volume[81265]: DEBUG cinder.volume.manager [None req-dc4f6039-65ac-4fd2-b53b-d7a5a9c52d42 tempest-ServerActionsTestOtherB-924546735 None] Task 'cinder.volume.flows.manager.create_volume.NotifyVolumeActionTask;volume:create, create.start' (d8cd6467-fe8f-4f20-b9d5-12e2d6d2a7d8) transitioned into state 'RUNNING' from state 'PENDING' {{(pid=81265) _task_receiver /opt/stack/data/venv/lib/python3.10/site-packages/taskflow/listeners/logging.py:194}}
Jan 09 22:56:46 devstack cinder-volume[81265]: DEBUG cinder.volume.manager [None req-dc4f6039-65ac-4fd2-b53b-d7a5a9c52d42 tempest-ServerActionsTestOtherB-924546735 None] Task 'cinder.volume.flows.manager.create_volume.NotifyVolumeActionTask;volume:create, create.start' (d8cd6467-fe8f-4f20-b9d5-12e2d6d2a7d8) transitioned into state 'SUCCESS' from state 'RUNNING' with result 'None' {{(pid=81265) _task_receiver /opt/stack/data/venv/lib/python3.10/site-packages/taskflow/listeners/logging.py:182}}
Jan 09 22:56:46 devstack cinder-volume[81265]: DEBUG cinder.volume.manager [None req-dc4f6039-65ac-4fd2-b53b-d7a5a9c52d42 tempest-ServerActionsTestOtherB-924546735 None] Task 'cinder.volume.flows.manager.create_volume.CreateVolumeFromSpecTask;volume:create' (59611229-543b-4109-9a86-8e6839812400) transitioned into state 'RUNNING' from state 'PENDING' {{(pid=81265) _task_receiver /opt/stack/data/venv/lib/python3.10/site-packages/taskflow/listeners/logging.py:194}}
Jan 09 22:56:46 devstack cinder-volume[81265]: INFO cinder.volume.flows.manager.create_volume [None req-dc4f6039-65ac-4fd2-b53b-d7a5a9c52d42 tempest-ServerActionsTestOtherB-924546735 None] Volume d20843d9-b4e3-4a7d-9afa-b85a86b8b0a0: being created as raw with specification: {'status': 'creating', 'volume_name': 'volume-d20843d9-b4e3-4a7d-9afa-b85a86b8b0a0', 'volume_size': 1}
Jan 09 22:56:46 devstack cinder-volume[81265]: DEBUG oslo_concurrency.lockutils [None req-dc4f6039-65ac-4fd2-b53b-d7a5a9c52d42 tempest-ServerActionsTestOtherB-924546735 None] Acquiring lock "quobyte" by "cinder.volume.drivers.quobyte.QuobyteDriver.create_volume" {{(pid=81265) inner /opt/stack/data/venv/lib/python3.10/site-packages/oslo_concurrency/lockutils.py:405}}
Jan 09 22:56:46 devstack cinder-volume[81265]: DEBUG oslo_concurrency.lockutils [None req-dc4f6039-65ac-4fd2-b53b-d7a5a9c52d42 tempest-ServerActionsTestOtherB-924546735 None] Lock "quobyte" acquired by "cinder.volume.drivers.quobyte.QuobyteDriver.create_volume" :: waited 0.000s {{(pid=81265) inner /opt/stack/data/venv/lib/python3.10/site-packages/oslo_concurrency/lockutils.py:410}}
Jan 09 22:56:46 devstack cinder-volume[81265]: DEBUG cinder.volume.drivers.quobyte [None req-dc4f6039-65ac-4fd2-b53b-d7a5a9c52d42 tempest-ServerActionsTestOtherB-924546735 None] ==> create_volume: call "{'self': , 'volume': Volume(_name_id=None,admin_metadata=,attach_status='detached',availability_zone='nova',bootable=False,cluster=,cluster_name=None,consistencygroup=,consistencygroup_id=None,created_at=2026-01-09T21:56:46Z,deleted=False,deleted_at=None,display_description=None,display_name='tempest-ServerActionsTestOtherB-volume-1327592706',ec2_id=None,encryption_key_id=None,glance_metadata=,group=,group_id=None,host='devstack@QuobyteHD#QuobyteHD',id=d20843d9-b4e3-4a7d-9afa-b85a86b8b0a0,launched_at=None,metadata={},migration_status=None,multiattach=False,previous_status=None,project_id='8eb12cc7534e4fd88f75a5e185d5a30d',provider_auth=None,provider_geometry=None,provider_id=None,provider_location=None,replication_driver_data=None,replication_extended_status=None,replication_status=None,scheduled_at=2026-01-09T21:56:46Z,service_uuid=None,shared_targets=True,size=1,snapshot_id=None,snapshots=,source_volid=None,status='creating',terminated_at=None,updated_at=2026-01-09T21:56:46Z,use_quota=True,user_id='be2525ea24b5413a8a20bee758bb0727',volume_attachment=VolumeAttachmentList,volume_type=VolumeType(1b58cfd9-e646-4989-a2b9-45e922d2aaa7),volume_type_id=1b58cfd9-e646-4989-a2b9-45e922d2aaa7)}" {{(pid=81265) trace_logging_wrapper /opt/stack/cinder/cinder/volume/volume_utils.py:1498}}
Jan 09 22:56:46 devstack cinder-volume[81265]: DEBUG cinder.volume.drivers.remotefs [None req-dc4f6039-65ac-4fd2-b53b-d7a5a9c52d42 tempest-ServerActionsTestOtherB-924546735 None] Creating volume d20843d9-b4e3-4a7d-9afa-b85a86b8b0a0 {{(pid=81265) create_volume /opt/stack/cinder/cinder/volume/drivers/remotefs.py:290}}
Jan 09 22:56:46 devstack cinder-volume[81265]: DEBUG oslo_concurrency.lockutils [None req-dc4f6039-65ac-4fd2-b53b-d7a5a9c52d42 tempest-ServerActionsTestOtherB-924546735 None] Acquiring lock "quobyte_ensure" by "cinder.volume.drivers.quobyte.QuobyteDriver._ensure_shares_mounted" {{(pid=81265) inner /opt/stack/data/venv/lib/python3.10/site-packages/oslo_concurrency/lockutils.py:405}}
Jan 09 22:56:46 devstack cinder-volume[81265]: DEBUG oslo_concurrency.lockutils [None req-dc4f6039-65ac-4fd2-b53b-d7a5a9c52d42 tempest-ServerActionsTestOtherB-924546735 None] Lock "quobyte_ensure" acquired by "cinder.volume.drivers.quobyte.QuobyteDriver._ensure_shares_mounted" :: waited 0.001s {{(pid=81265) inner /opt/stack/data/venv/lib/python3.10/site-packages/oslo_concurrency/lockutils.py:410}}
Jan 09 22:56:46 devstack cinder-volume[81265]: DEBUG cinder.volume.drivers.quobyte [None req-dc4f6039-65ac-4fd2-b53b-d7a5a9c52d42 tempest-ServerActionsTestOtherB-924546735 None] Quobyte Volume URL set to: {'osci02.corp.quobyte.com/cinder-vol-3f2bfd3f-b181-482a-aade-1160e7512ff2': None} {{(pid=81265) _load_shares_config /opt/stack/cinder/cinder/volume/drivers/quobyte.py:604}}
Jan 09 22:56:46 devstack cinder-volume[81265]: DEBUG cinder.volume.drivers.quobyte [None req-dc4f6039-65ac-4fd2-b53b-d7a5a9c52d42 tempest-ServerActionsTestOtherB-924546735 None] Available shares ['osci02.corp.quobyte.com/cinder-vol-3f2bfd3f-b181-482a-aade-1160e7512ff2'] {{(pid=81265) _ensure_shares_mounted /opt/stack/cinder/cinder/volume/drivers/quobyte.py:634}}
Jan 09 22:56:46 devstack cinder-volume[81265]: DEBUG oslo_concurrency.lockutils [None req-dc4f6039-65ac-4fd2-b53b-d7a5a9c52d42 tempest-ServerActionsTestOtherB-924546735 None] Lock "quobyte_ensure" "released" by "cinder.volume.drivers.quobyte.QuobyteDriver._ensure_shares_mounted" :: held 0.004s {{(pid=81265) inner /opt/stack/data/venv/lib/python3.10/site-packages/oslo_concurrency/lockutils.py:424}}
Jan 09 22:56:46 devstack cinder-volume[81265]: DEBUG cinder.volume.drivers.quobyte [None req-dc4f6039-65ac-4fd2-b53b-d7a5a9c52d42 tempest-ServerActionsTestOtherB-924546735 None] Selected osci02.corp.quobyte.com/cinder-vol-3f2bfd3f-b181-482a-aade-1160e7512ff2 as target Quobyte volume. {{(pid=81265) _find_share /opt/stack/cinder/cinder/volume/drivers/quobyte.py:655}}
Jan 09 22:56:46 devstack cinder-volume[81265]: INFO cinder.volume.drivers.remotefs [None req-dc4f6039-65ac-4fd2-b53b-d7a5a9c52d42 tempest-ServerActionsTestOtherB-924546735 None] casted to osci02.corp.quobyte.com/cinder-vol-3f2bfd3f-b181-482a-aade-1160e7512ff2
Jan 09 22:56:46 devstack cinder-volume[81265]: DEBUG oslo_concurrency.processutils [None req-dc4f6039-65ac-4fd2-b53b-d7a5a9c52d42 tempest-ServerActionsTestOtherB-924546735 None] Running cmd (subprocess): sudo cinder-rootwrap /etc/cinder/rootwrap.conf qemu-img create -f qcow2 -o preallocation=metadata /opt/stack/data/cinder/mnt/b465333f9661c7a49d3c51f6986b7260/volume-d20843d9-b4e3-4a7d-9afa-b85a86b8b0a0 1073741824 {{(pid=81265) execute /opt/stack/data/venv/lib/python3.10/site-packages/oslo_concurrency/processutils.py:349}}
Jan 09 22:56:46 devstack sudo[91683]: quobyte : PWD=/ ; USER=root ; COMMAND=/opt/stack/data/venv/bin/cinder-rootwrap /etc/cinder/rootwrap.conf qemu-img create -f qcow2 -o preallocation=metadata /opt/stack/data/cinder/mnt/b465333f9661c7a49d3c51f6986b7260/volume-d20843d9-b4e3-4a7d-9afa-b85a86b8b0a0 1073741824
Jan 09 22:56:46 devstack sudo[91683]: pam_unix(sudo:session): session opened for user root(uid=0) by (uid=1000)
Jan 09 22:56:46 devstack cinder-volume[81265]: WARNING cinder.volume.volume_utils [None req-337e1b47-a941-4d30-b94d-c702faedf90c tempest-GroupSnapshotsTest-1000711757 None] Volume driver (QuobyteDriver 1.1.13) is currently unsupported and may be removed in the next release of OpenStack. Use at your own risk.
Jan 09 22:56:46 devstack cinder-volume[81265]: DEBUG cinder.coordination [None req-337e1b47-a941-4d30-b94d-c702faedf90c tempest-GroupSnapshotsTest-1000711757 None] Acquiring lock "cinder-quobyte-9676d506-d4b4-4dad-be9a-769d3906b9cd" by "delete_volume" {{(pid=81265) __acquire /opt/stack/cinder/cinder/coordination.py:143}}
Jan 09 22:56:46 devstack cinder-volume[81265]: DEBUG cinder.coordination [None req-337e1b47-a941-4d30-b94d-c702faedf90c tempest-GroupSnapshotsTest-1000711757 None] Lock "cinder-quobyte-9676d506-d4b4-4dad-be9a-769d3906b9cd" acquired by "delete_volume" :: waited 0.007s {{(pid=81265) __acquire /opt/stack/cinder/cinder/coordination.py:146}}
Jan 09 22:56:46 devstack cinder-volume[81265]: DEBUG oslo.privsep.daemon [-] privsep: reply[112f10aa-1dbf-42cf-8bac-4ba42cfe27cc]: (4, 'qcow2') {{(pid=82252) _call_back /opt/stack/data/venv/lib/python3.10/site-packages/oslo_privsep/daemon.py:515}}
Jan 09 22:56:46 devstack cinder-volume[81265]: DEBUG oslo_concurrency.processutils [None req-337e1b47-a941-4d30-b94d-c702faedf90c tempest-GroupSnapshotsTest-1000711757 None] Running cmd (subprocess): /opt/stack/data/venv/bin/python3.10 -m oslo_concurrency.prlimit --as=1073741824 --cpu=60 -- sudo cinder-rootwrap /etc/cinder/rootwrap.conf env LC_ALL=C qemu-img info -f qcow2 --output=json --force-share /opt/stack/data/cinder/mnt/b465333f9661c7a49d3c51f6986b7260/volume-9676d506-d4b4-4dad-be9a-769d3906b9cd {{(pid=81265) execute /opt/stack/data/venv/lib/python3.10/site-packages/oslo_concurrency/processutils.py:349}}
Jan 09 22:56:46 devstack sudo[91685]: quobyte : PWD=/ ; USER=root ; COMMAND=/opt/stack/data/venv/bin/cinder-rootwrap /etc/cinder/rootwrap.conf env LC_ALL=C qemu-img info -f qcow2 --output=json --force-share /opt/stack/data/cinder/mnt/b465333f9661c7a49d3c51f6986b7260/volume-9676d506-d4b4-4dad-be9a-769d3906b9cd
Jan 09 22:56:46 devstack sudo[91685]: pam_unix(sudo:session): session opened for user root(uid=0) by (uid=1000)
Jan 09 22:56:46 devstack sudo[91683]: pam_unix(sudo:session): session closed for user root
Jan 09 22:56:46 devstack cinder-volume[81265]: DEBUG oslo_concurrency.processutils [None req-dc4f6039-65ac-4fd2-b53b-d7a5a9c52d42 tempest-ServerActionsTestOtherB-924546735 None] CMD "sudo cinder-rootwrap /etc/cinder/rootwrap.conf qemu-img create -f qcow2 -o preallocation=metadata /opt/stack/data/cinder/mnt/b465333f9661c7a49d3c51f6986b7260/volume-d20843d9-b4e3-4a7d-9afa-b85a86b8b0a0 1073741824" returned: 0 in 0.639s {{(pid=81265) execute /opt/stack/data/venv/lib/python3.10/site-packages/oslo_concurrency/processutils.py:372}}
Jan 09 22:56:46 devstack cinder-volume[81265]: DEBUG oslo_concurrency.processutils [None req-dc4f6039-65ac-4fd2-b53b-d7a5a9c52d42 tempest-ServerActionsTestOtherB-924546735 None] Running cmd (subprocess): sudo cinder-rootwrap /etc/cinder/rootwrap.conf chmod ugo+rw /opt/stack/data/cinder/mnt/b465333f9661c7a49d3c51f6986b7260/volume-d20843d9-b4e3-4a7d-9afa-b85a86b8b0a0 {{(pid=81265) execute /opt/stack/data/venv/lib/python3.10/site-packages/oslo_concurrency/processutils.py:349}}
Jan 09 22:56:46 devstack sudo[91693]: quobyte : PWD=/ ; USER=root ; COMMAND=/opt/stack/data/venv/bin/cinder-rootwrap /etc/cinder/rootwrap.conf chmod ugo+rw /opt/stack/data/cinder/mnt/b465333f9661c7a49d3c51f6986b7260/volume-d20843d9-b4e3-4a7d-9afa-b85a86b8b0a0
Jan 09 22:56:46 devstack sudo[91693]: pam_unix(sudo:session): session opened for user root(uid=0) by (uid=1000)
Jan 09 22:56:47 devstack cinder-volume[81265]: WARNING cinder.volume.volume_utils [req-7ad8700f-b584-4cfd-ae93-63084c7ca0e2 req-026ab7de-b315-47a5-b124-0ea3ddf98a77 tempest-AttachVolumeTestJSON-23421296 None] Volume driver (QuobyteDriver 1.1.13) is currently unsupported and may be removed in the next release of OpenStack. Use at your own risk.
Jan 09 22:56:47 devstack cinder-volume[81265]: WARNING cinder.volume.volume_utils [req-7ad8700f-b584-4cfd-ae93-63084c7ca0e2 req-026ab7de-b315-47a5-b124-0ea3ddf98a77 tempest-AttachVolumeTestJSON-23421296 None] Volume driver (QuobyteDriver 1.1.13) is currently unsupported and may be removed in the next release of OpenStack. Use at your own risk.
Jan 09 22:56:47 devstack cinder-volume[81265]: INFO cinder.volume.manager [req-7ad8700f-b584-4cfd-ae93-63084c7ca0e2 req-026ab7de-b315-47a5-b124-0ea3ddf98a77 tempest-AttachVolumeTestJSON-23421296 None] Terminate volume connection completed successfully.
Jan 09 22:56:47 devstack cinder-volume[81265]: DEBUG cinder.volume.manager [req-7ad8700f-b584-4cfd-ae93-63084c7ca0e2 req-026ab7de-b315-47a5-b124-0ea3ddf98a77 tempest-AttachVolumeTestJSON-23421296 None] Deleting attachment 1f20e383-24dc-44d2-bc22-37f231ebc8c7. {{(pid=81265) attachment_delete /opt/stack/cinder/cinder/volume/manager.py:5066}}
Jan 09 22:56:47 devstack sudo[91685]: pam_unix(sudo:session): session closed for user root
Jan 09 22:56:47 devstack cinder-volume[81265]: DEBUG oslo_concurrency.processutils [None req-337e1b47-a941-4d30-b94d-c702faedf90c tempest-GroupSnapshotsTest-1000711757 None] CMD "/opt/stack/data/venv/bin/python3.10 -m oslo_concurrency.prlimit --as=1073741824 --cpu=60 -- sudo cinder-rootwrap /etc/cinder/rootwrap.conf env LC_ALL=C qemu-img info -f qcow2 --output=json --force-share /opt/stack/data/cinder/mnt/b465333f9661c7a49d3c51f6986b7260/volume-9676d506-d4b4-4dad-be9a-769d3906b9cd" returned: 0 in 0.710s {{(pid=81265) execute /opt/stack/data/venv/lib/python3.10/site-packages/oslo_concurrency/processutils.py:372}}
Jan 09 22:56:47 devstack cinder-volume[81265]: DEBUG oslo_concurrency.processutils [None req-337e1b47-a941-4d30-b94d-c702faedf90c tempest-GroupSnapshotsTest-1000711757 None] Running cmd (subprocess): sudo cinder-rootwrap /etc/cinder/rootwrap.conf rm -f /opt/stack/data/cinder/mnt/b465333f9661c7a49d3c51f6986b7260/volume-9676d506-d4b4-4dad-be9a-769d3906b9cd {{(pid=81265) execute /opt/stack/data/venv/lib/python3.10/site-packages/oslo_concurrency/processutils.py:349}}
Jan 09 22:56:47 devstack sudo[91703]: quobyte : PWD=/ ; USER=root ; COMMAND=/opt/stack/data/venv/bin/cinder-rootwrap /etc/cinder/rootwrap.conf rm -f /opt/stack/data/cinder/mnt/b465333f9661c7a49d3c51f6986b7260/volume-9676d506-d4b4-4dad-be9a-769d3906b9cd
Jan 09 22:56:47 devstack sudo[91693]: pam_unix(sudo:session): session closed for user root
Jan 09 22:56:47 devstack sudo[91703]: pam_unix(sudo:session): session opened for user root(uid=0) by (uid=1000)
Jan 09 22:56:47 devstack cinder-volume[81265]: DEBUG oslo_concurrency.processutils [None req-dc4f6039-65ac-4fd2-b53b-d7a5a9c52d42 tempest-ServerActionsTestOtherB-924546735 None] CMD "sudo cinder-rootwrap /etc/cinder/rootwrap.conf chmod ugo+rw /opt/stack/data/cinder/mnt/b465333f9661c7a49d3c51f6986b7260/volume-d20843d9-b4e3-4a7d-9afa-b85a86b8b0a0" returned: 0 in 0.489s {{(pid=81265) execute /opt/stack/data/venv/lib/python3.10/site-packages/oslo_concurrency/processutils.py:372}}
Jan 09 22:56:47 devstack cinder-volume[81265]: DEBUG cinder.volume.drivers.quobyte [None req-dc4f6039-65ac-4fd2-b53b-d7a5a9c52d42 tempest-ServerActionsTestOtherB-924546735 None] <== create_volume: return (1136ms) {'provider_location': 'osci02.corp.quobyte.com/cinder-vol-3f2bfd3f-b181-482a-aade-1160e7512ff2'} {{(pid=81265) trace_logging_wrapper /opt/stack/cinder/cinder/volume/volume_utils.py:1523}}
Jan 09 22:56:47 devstack cinder-volume[81265]: DEBUG oslo_concurrency.lockutils [None req-dc4f6039-65ac-4fd2-b53b-d7a5a9c52d42 tempest-ServerActionsTestOtherB-924546735 None] Lock "quobyte" "released" by "cinder.volume.drivers.quobyte.QuobyteDriver.create_volume" :: held 1.139s {{(pid=81265) inner /opt/stack/data/venv/lib/python3.10/site-packages/oslo_concurrency/lockutils.py:424}}
Jan 09 22:56:47 devstack cinder-volume[81265]: DEBUG cinder.volume.manager [None req-dc4f6039-65ac-4fd2-b53b-d7a5a9c52d42 tempest-ServerActionsTestOtherB-924546735 None] Task 'cinder.volume.flows.manager.create_volume.CreateVolumeFromSpecTask;volume:create' (59611229-543b-4109-9a86-8e6839812400) transitioned into state 'SUCCESS' from state 'RUNNING' with result '{'status': 'creating', 'volume_name': 'volume-d20843d9-b4e3-4a7d-9afa-b85a86b8b0a0', 'volume_size': 1}' {{(pid=81265) _task_receiver /opt/stack/data/venv/lib/python3.10/site-packages/taskflow/listeners/logging.py:182}}
Jan 09 22:56:47 devstack cinder-volume[81265]: DEBUG cinder.volume.manager [None req-dc4f6039-65ac-4fd2-b53b-d7a5a9c52d42 tempest-ServerActionsTestOtherB-924546735 None] Task 'cinder.volume.flows.manager.create_volume.CreateVolumeOnFinishTask;volume:create, create.end' (b1911b23-3454-4e25-93c8-4dd1c2601f33) transitioned into state 'RUNNING' from state 'PENDING' {{(pid=81265) _task_receiver /opt/stack/data/venv/lib/python3.10/site-packages/taskflow/listeners/logging.py:194}}
Jan 09 22:56:47 devstack cinder-volume[81265]: INFO cinder.volume.flows.manager.create_volume [None req-dc4f6039-65ac-4fd2-b53b-d7a5a9c52d42 tempest-ServerActionsTestOtherB-924546735 None] Volume volume-d20843d9-b4e3-4a7d-9afa-b85a86b8b0a0 (d20843d9-b4e3-4a7d-9afa-b85a86b8b0a0): created successfully
Jan 09 22:56:47 devstack cinder-volume[81265]: DEBUG cinder.volume.manager [None req-dc4f6039-65ac-4fd2-b53b-d7a5a9c52d42 tempest-ServerActionsTestOtherB-924546735 None] Task 'cinder.volume.flows.manager.create_volume.CreateVolumeOnFinishTask;volume:create, create.end' (b1911b23-3454-4e25-93c8-4dd1c2601f33) transitioned into state 'SUCCESS' from state 'RUNNING' with result 'None' {{(pid=81265) _task_receiver /opt/stack/data/venv/lib/python3.10/site-packages/taskflow/listeners/logging.py:182}}
Jan 09 22:56:47 devstack cinder-volume[81265]: DEBUG cinder.volume.manager [None req-dc4f6039-65ac-4fd2-b53b-d7a5a9c52d42 tempest-ServerActionsTestOtherB-924546735 None] Flow 'volume_create_manager' (4d9a066e-5bed-4090-98b3-8544aa426524) transitioned into state 'SUCCESS' from state 'RUNNING' {{(pid=81265) _flow_receiver /opt/stack/data/venv/lib/python3.10/site-packages/taskflow/listeners/logging.py:145}}
Jan 09 22:56:47 devstack cinder-volume[81265]: INFO cinder.volume.manager [None req-dc4f6039-65ac-4fd2-b53b-d7a5a9c52d42 tempest-ServerActionsTestOtherB-924546735 None] Created volume successfully.
Jan 09 22:56:47 devstack sudo[91703]: pam_unix(sudo:session): session closed for user root
Jan 09 22:56:47 devstack cinder-volume[81265]: DEBUG oslo_concurrency.processutils [None req-337e1b47-a941-4d30-b94d-c702faedf90c tempest-GroupSnapshotsTest-1000711757 None] CMD "sudo cinder-rootwrap /etc/cinder/rootwrap.conf rm -f /opt/stack/data/cinder/mnt/b465333f9661c7a49d3c51f6986b7260/volume-9676d506-d4b4-4dad-be9a-769d3906b9cd" returned: 0 in 0.468s {{(pid=81265) execute /opt/stack/data/venv/lib/python3.10/site-packages/oslo_concurrency/processutils.py:372}}
Jan 09 22:56:47 devstack cinder-volume[81265]: DEBUG cinder.coordination [None req-337e1b47-a941-4d30-b94d-c702faedf90c tempest-GroupSnapshotsTest-1000711757 None] Lock "cinder-quobyte-9676d506-d4b4-4dad-be9a-769d3906b9cd" released by "delete_volume" :: held 1.214s {{(pid=81265) __release /opt/stack/cinder/cinder/coordination.py:157}}
Jan 09 22:56:47 devstack cinder-volume[81265]: DEBUG cinder.quota [None req-337e1b47-a941-4d30-b94d-c702faedf90c tempest-GroupSnapshotsTest-1000711757 None] Created reservations ['7b7c5213-8a72-4ee3-9c1e-571b5aacd1e1'] {{(pid=81265) reserve /opt/stack/cinder/cinder/quota.py:752}}
Jan 09 22:56:47 devstack cinder-volume[81265]: WARNING cinder.quota [None req-337e1b47-a941-4d30-b94d-c702faedf90c tempest-GroupSnapshotsTest-1000711757 None] Deprecated: Default quota for resource: volumes_tempest-GroupSnapshotsTest-volume-type-1181913435 is set by the default quota flag: quota_volumes_tempest-GroupSnapshotsTest-volume-type-1181913435, it is now deprecated. Please use the default quota class for default quota.
Jan 09 22:56:47 devstack cinder-volume[81265]: DEBUG cinder.quota [None req-337e1b47-a941-4d30-b94d-c702faedf90c tempest-GroupSnapshotsTest-1000711757 None] Created reservations ['6bddb186-5aed-4a3d-8e59-f02d3e55033d', '832e8046-a864-47b5-b9b6-b571a0e14738', 'ba7dff6a-3614-46e2-843c-566b0ae9fd05', 'b834b336-b048-433b-a5e2-3ce9aa6a61a6'] {{(pid=81265) reserve /opt/stack/cinder/cinder/quota.py:752}}
