Jan 09 14:29:31 devstack cinder-volume[81759]: DEBUG cinder.coordination [None req-9c56b52d-fedf-4506-9a1f-907f75a2ba28 tempest-SnapshotsActionsTest-723469277 None] Lock "cinder-quobyte-e6da02c5-1419-4731-adb8-6ec794c03d16" acquired by "delete_snapshot" :: waited 0.012s {{(pid=81759) __acquire /opt/stack/cinder/cinder/coordination.py:146}}
Jan 09 14:29:31 devstack cinder-volume[81759]: DEBUG cinder.coordination [None req-9c56b52d-fedf-4506-9a1f-907f75a2ba28 tempest-SnapshotsActionsTest-723469277 None] Acquiring lock "cinder-quobyte-cbad5b3a-7704-40b4-93db-1daec6403889" by "_delete_snapshot" {{(pid=81759) __acquire /opt/stack/cinder/cinder/coordination.py:143}}
Jan 09 14:29:31 devstack cinder-volume[81759]: DEBUG cinder.coordination [None req-9c56b52d-fedf-4506-9a1f-907f75a2ba28 tempest-SnapshotsActionsTest-723469277 None] Lock "cinder-quobyte-cbad5b3a-7704-40b4-93db-1daec6403889" acquired by "_delete_snapshot" :: waited 0.014s {{(pid=81759) __acquire /opt/stack/cinder/cinder/coordination.py:146}}
Jan 09 14:29:31 devstack cinder-volume[81759]: DEBUG cinder.volume.drivers.remotefs [None req-9c56b52d-fedf-4506-9a1f-907f75a2ba28 tempest-SnapshotsActionsTest-723469277 None] Deleting offline snapshot cbad5b3a-7704-40b4-93db-1daec6403889 of volume e6da02c5-1419-4731-adb8-6ec794c03d16 {{(pid=81759) _delete_snapshot /opt/stack/cinder/cinder/volume/drivers/remotefs.py:1278}}
Jan 09 14:29:31 devstack cinder-volume[81759]: DEBUG cinder.volume.drivers.remotefs [None req-9c56b52d-fedf-4506-9a1f-907f75a2ba28 tempest-SnapshotsActionsTest-723469277 None] snapshot_file for this snap is: volume-e6da02c5-1419-4731-adb8-6ec794c03d16.cbad5b3a-7704-40b4-93db-1daec6403889 {{(pid=81759) _delete_snapshot /opt/stack/cinder/cinder/volume/drivers/remotefs.py:1307}}
Jan 09 14:29:31 devstack cinder-volume[81759]: WARNING cinder.volume.volume_utils [None req-63092ff4-6c1a-4ee1-9794-e71b4325fcad tempest-DeleteServersTestJSON-1947028969 None] Volume driver (QuobyteDriver 1.1.13) is currently unsupported and may be removed in the next release of OpenStack. Use at your own risk.
Jan 09 14:29:31 devstack cinder-volume[81759]: DEBUG cinder.coordination [None req-63092ff4-6c1a-4ee1-9794-e71b4325fcad tempest-DeleteServersTestJSON-1947028969 None] Acquiring lock "cinder-quobyte-ad8d01d4-3f70-4b96-8eec-f77d12732106" by "delete_volume" {{(pid=81759) __acquire /opt/stack/cinder/cinder/coordination.py:143}}
Jan 09 14:29:31 devstack cinder-volume[81759]: DEBUG cinder.coordination [None req-63092ff4-6c1a-4ee1-9794-e71b4325fcad tempest-DeleteServersTestJSON-1947028969 None] Lock "cinder-quobyte-ad8d01d4-3f70-4b96-8eec-f77d12732106" acquired by "delete_volume" :: waited 0.008s {{(pid=81759) __acquire /opt/stack/cinder/cinder/coordination.py:146}}
Jan 09 14:29:31 devstack cinder-volume[81759]: DEBUG oslo.privsep.daemon [-] privsep: reply[76fbe0a9-fe5c-4c21-838c-b2e78ea2d416]: (4, 'qcow2') {{(pid=82588) _call_back /opt/stack/data/venv/lib/python3.10/site-packages/oslo_privsep/daemon.py:515}}
Jan 09 14:29:31 devstack cinder-volume[81759]: DEBUG oslo_concurrency.processutils [None req-9c56b52d-fedf-4506-9a1f-907f75a2ba28 tempest-SnapshotsActionsTest-723469277 None] Running cmd (subprocess): /opt/stack/data/venv/bin/python3.10 -m oslo_concurrency.prlimit --as=1073741824 --cpu=60 -- sudo cinder-rootwrap /etc/cinder/rootwrap.conf env LC_ALL=C qemu-img info -f qcow2 --output=json --force-share /opt/stack/data/cinder/mnt/db7ede7c6537877239546325cca799c2/volume-e6da02c5-1419-4731-adb8-6ec794c03d16.cbad5b3a-7704-40b4-93db-1daec6403889 {{(pid=81759) execute /opt/stack/data/venv/lib/python3.10/site-packages/oslo_concurrency/processutils.py:349}}
Jan 09 14:29:31 devstack cinder-volume[81759]: DEBUG oslo.privsep.daemon [-] privsep: reply[6e484bf5-3894-4af0-865e-51df1946dee2]: (4, 'qcow2') {{(pid=82588) _call_back /opt/stack/data/venv/lib/python3.10/site-packages/oslo_privsep/daemon.py:515}}
Jan 09 14:29:31 devstack cinder-volume[81759]: DEBUG oslo_concurrency.processutils [None req-63092ff4-6c1a-4ee1-9794-e71b4325fcad tempest-DeleteServersTestJSON-1947028969 None] Running cmd (subprocess): /opt/stack/data/venv/bin/python3.10 -m oslo_concurrency.prlimit --as=1073741824 --cpu=60 -- sudo cinder-rootwrap /etc/cinder/rootwrap.conf env LC_ALL=C qemu-img info -f qcow2 --output=json --force-share /opt/stack/data/cinder/mnt/db7ede7c6537877239546325cca799c2/volume-ad8d01d4-3f70-4b96-8eec-f77d12732106 {{(pid=81759) execute /opt/stack/data/venv/lib/python3.10/site-packages/oslo_concurrency/processutils.py:349}}
Jan 09 14:29:31 devstack sudo[83384]: quobyte : PWD=/ ; USER=root ; COMMAND=/opt/stack/data/venv/bin/cinder-rootwrap /etc/cinder/rootwrap.conf env LC_ALL=C qemu-img info -f qcow2 --output=json --force-share /opt/stack/data/cinder/mnt/db7ede7c6537877239546325cca799c2/volume-e6da02c5-1419-4731-adb8-6ec794c03d16.cbad5b3a-7704-40b4-93db-1daec6403889
Jan 09 14:29:31 devstack sudo[83384]: pam_unix(sudo:session): session opened for user root(uid=0) by (uid=1000)
Jan 09 14:29:31 devstack sudo[83385]: quobyte : PWD=/ ; USER=root ; COMMAND=/opt/stack/data/venv/bin/cinder-rootwrap /etc/cinder/rootwrap.conf env LC_ALL=C qemu-img info -f qcow2 --output=json --force-share /opt/stack/data/cinder/mnt/db7ede7c6537877239546325cca799c2/volume-ad8d01d4-3f70-4b96-8eec-f77d12732106
Jan 09 14:29:31 devstack sudo[83385]: pam_unix(sudo:session): session opened for user root(uid=0) by (uid=1000)
Jan 09 14:29:31 devstack sudo[83384]: pam_unix(sudo:session): session closed for user root
Jan 09 14:29:31 devstack cinder-volume[81759]: DEBUG oslo_concurrency.processutils [None req-9c56b52d-fedf-4506-9a1f-907f75a2ba28 tempest-SnapshotsActionsTest-723469277 None] CMD "/opt/stack/data/venv/bin/python3.10 -m oslo_concurrency.prlimit --as=1073741824 --cpu=60 -- sudo cinder-rootwrap /etc/cinder/rootwrap.conf env LC_ALL=C qemu-img info -f qcow2 --output=json --force-share /opt/stack/data/cinder/mnt/db7ede7c6537877239546325cca799c2/volume-e6da02c5-1419-4731-adb8-6ec794c03d16.cbad5b3a-7704-40b4-93db-1daec6403889" returned: 0 in 0.537s {{(pid=81759) execute /opt/stack/data/venv/lib/python3.10/site-packages/oslo_concurrency/processutils.py:372}}
Jan 09 14:29:31 devstack cinder-volume[81759]: DEBUG cinder.volume.drivers.remotefs [None req-9c56b52d-fedf-4506-9a1f-907f75a2ba28 tempest-SnapshotsActionsTest-723469277 None] Fetching qemu-img info with special backing_file_template: (/opt/stack/data/cinder/mnt/[0-9a-f]+/)?(volume-e6da02c5-1419-4731-adb8-6ec794c03d16(.(tmp-snap-)?[0-9a-f-]+)?|volume_from_snapshot_cache/(tmp-snap-)?[0-9a-f-]+(.(child-|parent-)[0-9a-f-]+)?)$ {{(pid=81759) _qemu_img_info_base /opt/stack/cinder/cinder/volume/drivers/remotefs.py:886}}
Jan 09 14:29:31 devstack cinder-volume[81759]: DEBUG oslo.privsep.daemon [-] privsep: reply[9a934716-65f9-422f-a37f-fcc2fa2f7dd0]: (4, 'qcow2') {{(pid=82588) _call_back /opt/stack/data/venv/lib/python3.10/site-packages/oslo_privsep/daemon.py:515}}
Jan 09 14:29:31 devstack cinder-volume[81759]: DEBUG oslo_concurrency.processutils [None req-9c56b52d-fedf-4506-9a1f-907f75a2ba28 tempest-SnapshotsActionsTest-723469277 None] Running cmd (subprocess): /opt/stack/data/venv/bin/python3.10 -m oslo_concurrency.prlimit --as=1073741824 --cpu=60 -- sudo cinder-rootwrap /etc/cinder/rootwrap.conf env LC_ALL=C qemu-img info -f qcow2 --output=json --force-share /opt/stack/data/cinder/mnt/db7ede7c6537877239546325cca799c2/volume-e6da02c5-1419-4731-adb8-6ec794c03d16.d5ae4df5-b490-4e18-ae2a-598512926e8e {{(pid=81759) execute /opt/stack/data/venv/lib/python3.10/site-packages/oslo_concurrency/processutils.py:349}}
Jan 09 14:29:31 devstack sudo[83385]: pam_unix(sudo:session): session closed for user root
Jan 09 14:29:31 devstack cinder-volume[81759]: DEBUG oslo_concurrency.processutils [None req-63092ff4-6c1a-4ee1-9794-e71b4325fcad tempest-DeleteServersTestJSON-1947028969 None] CMD "/opt/stack/data/venv/bin/python3.10 -m oslo_concurrency.prlimit --as=1073741824 --cpu=60 -- sudo cinder-rootwrap /etc/cinder/rootwrap.conf env LC_ALL=C qemu-img info -f qcow2 --output=json --force-share /opt/stack/data/cinder/mnt/db7ede7c6537877239546325cca799c2/volume-ad8d01d4-3f70-4b96-8eec-f77d12732106" returned: 0 in 0.553s {{(pid=81759) execute /opt/stack/data/venv/lib/python3.10/site-packages/oslo_concurrency/processutils.py:372}}
Jan 09 14:29:31 devstack cinder-volume[81759]: DEBUG oslo_concurrency.processutils [None req-63092ff4-6c1a-4ee1-9794-e71b4325fcad tempest-DeleteServersTestJSON-1947028969 None] Running cmd (subprocess): sudo cinder-rootwrap /etc/cinder/rootwrap.conf rm -f /opt/stack/data/cinder/mnt/db7ede7c6537877239546325cca799c2/volume-ad8d01d4-3f70-4b96-8eec-f77d12732106 {{(pid=81759) execute /opt/stack/data/venv/lib/python3.10/site-packages/oslo_concurrency/processutils.py:349}}
Jan 09 14:29:31 devstack sudo[83395]: quobyte : PWD=/ ; USER=root ; COMMAND=/opt/stack/data/venv/bin/cinder-rootwrap /etc/cinder/rootwrap.conf rm -f /opt/stack/data/cinder/mnt/db7ede7c6537877239546325cca799c2/volume-ad8d01d4-3f70-4b96-8eec-f77d12732106
Jan 09 14:29:31 devstack sudo[83395]: pam_unix(sudo:session): session opened for user root(uid=0) by (uid=1000)
Jan 09 14:29:31 devstack sudo[83394]: quobyte : PWD=/ ; USER=root ; COMMAND=/opt/stack/data/venv/bin/cinder-rootwrap /etc/cinder/rootwrap.conf env LC_ALL=C qemu-img info -f qcow2 --output=json --force-share /opt/stack/data/cinder/mnt/db7ede7c6537877239546325cca799c2/volume-e6da02c5-1419-4731-adb8-6ec794c03d16.d5ae4df5-b490-4e18-ae2a-598512926e8e
Jan 09 14:29:31 devstack sudo[83394]: pam_unix(sudo:session): session opened for user root(uid=0) by (uid=1000)
Jan 09 14:29:32 devstack sudo[83395]: pam_unix(sudo:session): session closed for user root
Jan 09 14:29:32 devstack cinder-volume[81759]: DEBUG oslo_concurrency.processutils [None req-63092ff4-6c1a-4ee1-9794-e71b4325fcad tempest-DeleteServersTestJSON-1947028969 None] CMD "sudo cinder-rootwrap /etc/cinder/rootwrap.conf rm -f /opt/stack/data/cinder/mnt/db7ede7c6537877239546325cca799c2/volume-ad8d01d4-3f70-4b96-8eec-f77d12732106" returned: 0 in 0.493s {{(pid=81759) execute /opt/stack/data/venv/lib/python3.10/site-packages/oslo_concurrency/processutils.py:372}}
Jan 09 14:29:32 devstack cinder-volume[81759]: DEBUG cinder.coordination [None req-63092ff4-6c1a-4ee1-9794-e71b4325fcad tempest-DeleteServersTestJSON-1947028969 None] Lock "cinder-quobyte-ad8d01d4-3f70-4b96-8eec-f77d12732106" released by "delete_volume" :: held 1.072s {{(pid=81759) __release /opt/stack/cinder/cinder/coordination.py:157}}
Jan 09 14:29:32 devstack sudo[83394]: pam_unix(sudo:session): session closed for user root
Jan 09 14:29:32 devstack cinder-volume[81759]: DEBUG oslo_concurrency.processutils [None req-9c56b52d-fedf-4506-9a1f-907f75a2ba28 tempest-SnapshotsActionsTest-723469277 None] CMD "/opt/stack/data/venv/bin/python3.10 -m oslo_concurrency.prlimit --as=1073741824 --cpu=60 -- sudo cinder-rootwrap /etc/cinder/rootwrap.conf env LC_ALL=C qemu-img info -f qcow2 --output=json --force-share /opt/stack/data/cinder/mnt/db7ede7c6537877239546325cca799c2/volume-e6da02c5-1419-4731-adb8-6ec794c03d16.d5ae4df5-b490-4e18-ae2a-598512926e8e" returned: 0 in 0.554s {{(pid=81759) execute /opt/stack/data/venv/lib/python3.10/site-packages/oslo_concurrency/processutils.py:372}}
Jan 09 14:29:32 devstack cinder-volume[81759]: DEBUG cinder.volume.drivers.remotefs [None req-9c56b52d-fedf-4506-9a1f-907f75a2ba28 tempest-SnapshotsActionsTest-723469277 None] Fetching qemu-img info with special backing_file_template: (/opt/stack/data/cinder/mnt/[0-9a-f]+/)?(volume-e6da02c5-1419-4731-adb8-6ec794c03d16(.(tmp-snap-)?[0-9a-f-]+)?|volume_from_snapshot_cache/(tmp-snap-)?[0-9a-f-]+(.(child-|parent-)[0-9a-f-]+)?)$ {{(pid=81759) _qemu_img_info_base /opt/stack/cinder/cinder/volume/drivers/remotefs.py:886}}
Jan 09 14:29:32 devstack cinder-volume[81759]: DEBUG oslo_concurrency.processutils [None req-9c56b52d-fedf-4506-9a1f-907f75a2ba28 tempest-SnapshotsActionsTest-723469277 None] Running cmd (subprocess): sudo cinder-rootwrap /etc/cinder/rootwrap.conf qemu-img commit -d /opt/stack/data/cinder/mnt/db7ede7c6537877239546325cca799c2/volume-e6da02c5-1419-4731-adb8-6ec794c03d16.cbad5b3a-7704-40b4-93db-1daec6403889 {{(pid=81759) execute /opt/stack/data/venv/lib/python3.10/site-packages/oslo_concurrency/processutils.py:349}}
Jan 09 14:29:32 devstack cinder-volume[81759]: DEBUG cinder.quota [None req-63092ff4-6c1a-4ee1-9794-e71b4325fcad tempest-DeleteServersTestJSON-1947028969 None] Created reservations ['795651dc-08f8-4647-bf45-56846b187669', 'fe32e9de-64d1-4559-be5f-b4ae645ecd37', '2e27f568-44ec-4f7b-9e03-89ab7e06df76', 'e7e1fb4c-df30-4022-ad47-b5efb9dbd7a5'] {{(pid=81759) reserve /opt/stack/cinder/cinder/quota.py:752}}
Jan 09 14:29:32 devstack sudo[83402]: quobyte : PWD=/ ; USER=root ; COMMAND=/opt/stack/data/venv/bin/cinder-rootwrap /etc/cinder/rootwrap.conf qemu-img commit -d /opt/stack/data/cinder/mnt/db7ede7c6537877239546325cca799c2/volume-e6da02c5-1419-4731-adb8-6ec794c03d16.cbad5b3a-7704-40b4-93db-1daec6403889
Jan 09 14:29:32 devstack sudo[83402]: pam_unix(sudo:session): session opened for user root(uid=0) by (uid=1000)
Jan 09 14:29:32 devstack cinder-volume[81759]: DEBUG oslo_concurrency.lockutils [None req-63092ff4-6c1a-4ee1-9794-e71b4325fcad tempest-DeleteServersTestJSON-1947028969 None] Acquiring lock "quobyte_ensure" by "cinder.volume.drivers.quobyte.QuobyteDriver._ensure_shares_mounted" {{(pid=81759) inner /opt/stack/data/venv/lib/python3.10/site-packages/oslo_concurrency/lockutils.py:405}}
Jan 09 14:29:32 devstack cinder-volume[81759]: DEBUG oslo_concurrency.lockutils [None req-63092ff4-6c1a-4ee1-9794-e71b4325fcad tempest-DeleteServersTestJSON-1947028969 None] Lock "quobyte_ensure" acquired by "cinder.volume.drivers.quobyte.QuobyteDriver._ensure_shares_mounted" :: waited 0.001s {{(pid=81759) inner /opt/stack/data/venv/lib/python3.10/site-packages/oslo_concurrency/lockutils.py:410}}
Jan 09 14:29:32 devstack cinder-volume[81759]: DEBUG cinder.volume.drivers.quobyte [None req-63092ff4-6c1a-4ee1-9794-e71b4325fcad tempest-DeleteServersTestJSON-1947028969 None] Quobyte Volume URL set to: {'osci02.corp.quobyte.com/cinder-vol-12156a4d-77c1-4d53-bc2b-1ac6743a6741': None} {{(pid=81759) _load_shares_config /opt/stack/cinder/cinder/volume/drivers/quobyte.py:604}}
Jan 09 14:29:32 devstack cinder-volume[81759]: DEBUG cinder.volume.drivers.quobyte [None req-63092ff4-6c1a-4ee1-9794-e71b4325fcad tempest-DeleteServersTestJSON-1947028969 None] Available shares ['osci02.corp.quobyte.com/cinder-vol-12156a4d-77c1-4d53-bc2b-1ac6743a6741'] {{(pid=81759) _ensure_shares_mounted /opt/stack/cinder/cinder/volume/drivers/quobyte.py:634}}
Jan 09 14:29:32 devstack cinder-volume[81759]: DEBUG oslo_concurrency.lockutils [None req-63092ff4-6c1a-4ee1-9794-e71b4325fcad tempest-DeleteServersTestJSON-1947028969 None] Lock "quobyte_ensure" "released" by "cinder.volume.drivers.quobyte.QuobyteDriver._ensure_shares_mounted" :: held 0.003s {{(pid=81759) inner /opt/stack/data/venv/lib/python3.10/site-packages/oslo_concurrency/lockutils.py:424}}
Jan 09 14:29:32 devstack cinder-volume[81759]: DEBUG oslo_concurrency.processutils [None req-63092ff4-6c1a-4ee1-9794-e71b4325fcad tempest-DeleteServersTestJSON-1947028969 None] Running cmd (subprocess): sudo cinder-rootwrap /etc/cinder/rootwrap.conf df --portability --block-size 1 /opt/stack/data/cinder/mnt/db7ede7c6537877239546325cca799c2 {{(pid=81759) execute /opt/stack/data/venv/lib/python3.10/site-packages/oslo_concurrency/processutils.py:349}}
Jan 09 14:29:32 devstack sudo[83404]: quobyte : PWD=/ ; USER=root ; COMMAND=/opt/stack/data/venv/bin/cinder-rootwrap /etc/cinder/rootwrap.conf df --portability --block-size 1 /opt/stack/data/cinder/mnt/db7ede7c6537877239546325cca799c2
Jan 09 14:29:32 devstack sudo[83404]: pam_unix(sudo:session): session opened for user root(uid=0) by (uid=1000)
Jan 09 14:29:32 devstack sudo[83402]: pam_unix(sudo:session): session closed for user root
Jan 09 14:29:32 devstack cinder-volume[81759]: DEBUG oslo_concurrency.processutils [None req-9c56b52d-fedf-4506-9a1f-907f75a2ba28 tempest-SnapshotsActionsTest-723469277 None] CMD "sudo cinder-rootwrap /etc/cinder/rootwrap.conf qemu-img commit -d /opt/stack/data/cinder/mnt/db7ede7c6537877239546325cca799c2/volume-e6da02c5-1419-4731-adb8-6ec794c03d16.cbad5b3a-7704-40b4-93db-1daec6403889" returned: 0 in 0.491s {{(pid=81759) execute /opt/stack/data/venv/lib/python3.10/site-packages/oslo_concurrency/processutils.py:372}}
Jan 09 14:29:32 devstack cinder-volume[81759]: DEBUG oslo_concurrency.processutils [None req-9c56b52d-fedf-4506-9a1f-907f75a2ba28 tempest-SnapshotsActionsTest-723469277 None] Running cmd (subprocess): sudo cinder-rootwrap /etc/cinder/rootwrap.conf rm -f /opt/stack/data/cinder/mnt/db7ede7c6537877239546325cca799c2/volume-e6da02c5-1419-4731-adb8-6ec794c03d16.cbad5b3a-7704-40b4-93db-1daec6403889 {{(pid=81759) execute /opt/stack/data/venv/lib/python3.10/site-packages/oslo_concurrency/processutils.py:349}}
Jan 09 14:29:32 devstack sudo[83411]: quobyte : PWD=/ ; USER=root ; COMMAND=/opt/stack/data/venv/bin/cinder-rootwrap /etc/cinder/rootwrap.conf rm -f /opt/stack/data/cinder/mnt/db7ede7c6537877239546325cca799c2/volume-e6da02c5-1419-4731-adb8-6ec794c03d16.cbad5b3a-7704-40b4-93db-1daec6403889
Jan 09 14:29:32 devstack sudo[83411]: pam_unix(sudo:session): session opened for user root(uid=0) by (uid=1000)
Jan 09 14:29:32 devstack sudo[83404]: pam_unix(sudo:session): session closed for user root
Jan 09 14:29:32 devstack cinder-volume[81759]: DEBUG oslo_concurrency.processutils [None req-63092ff4-6c1a-4ee1-9794-e71b4325fcad tempest-DeleteServersTestJSON-1947028969 None] CMD "sudo cinder-rootwrap /etc/cinder/rootwrap.conf df --portability --block-size 1 /opt/stack/data/cinder/mnt/db7ede7c6537877239546325cca799c2" returned: 0 in 0.489s {{(pid=81759) execute /opt/stack/data/venv/lib/python3.10/site-packages/oslo_concurrency/processutils.py:372}}
Jan 09 14:29:32 devstack cinder-volume[81759]: DEBUG cinder.manager [None req-63092ff4-6c1a-4ee1-9794-e71b4325fcad tempest-DeleteServersTestJSON-1947028969 None] Notifying Schedulers of capabilities ... {{(pid=81759) _publish_service_capabilities /opt/stack/cinder/cinder/manager.py:202}}
Jan 09 14:29:32 devstack cinder-volume[81759]: INFO cinder.volume.manager [None req-63092ff4-6c1a-4ee1-9794-e71b4325fcad tempest-DeleteServersTestJSON-1947028969 None] Deleted volume successfully.
Jan 09 14:29:32 devstack cinder-volume[81759]: DEBUG cinder.coordination [None req-63092ff4-6c1a-4ee1-9794-e71b4325fcad tempest-DeleteServersTestJSON-1947028969 None] Lock "cinder-ad8d01d4-3f70-4b96-8eec-f77d12732106-delete_volume" released by "delete_volume" :: held 1.748s {{(pid=81759) __release /opt/stack/cinder/cinder/coordination.py:157}}
Jan 09 14:29:33 devstack sudo[83411]: pam_unix(sudo:session): session closed for user root
Jan 09 14:29:33 devstack cinder-volume[81759]: DEBUG oslo_concurrency.processutils [None req-9c56b52d-fedf-4506-9a1f-907f75a2ba28 tempest-SnapshotsActionsTest-723469277 None] CMD "sudo cinder-rootwrap /etc/cinder/rootwrap.conf rm -f /opt/stack/data/cinder/mnt/db7ede7c6537877239546325cca799c2/volume-e6da02c5-1419-4731-adb8-6ec794c03d16.cbad5b3a-7704-40b4-93db-1daec6403889" returned: 0 in 0.510s {{(pid=81759) execute /opt/stack/data/venv/lib/python3.10/site-packages/oslo_concurrency/processutils.py:372}}
Jan 09 14:29:33 devstack cinder-volume[81759]: DEBUG cinder.coordination [None req-9c56b52d-fedf-4506-9a1f-907f75a2ba28 tempest-SnapshotsActionsTest-723469277 None] Lock "cinder-quobyte-cbad5b3a-7704-40b4-93db-1daec6403889" released by "_delete_snapshot" :: held 2.172s {{(pid=81759) __release /opt/stack/cinder/cinder/coordination.py:157}}
Jan 09 14:29:33 devstack cinder-volume[81759]: DEBUG cinder.coordination [None req-9c56b52d-fedf-4506-9a1f-907f75a2ba28 tempest-SnapshotsActionsTest-723469277 None] Lock "cinder-quobyte-e6da02c5-1419-4731-adb8-6ec794c03d16" released by "delete_snapshot" :: held 2.190s {{(pid=81759) __release /opt/stack/cinder/cinder/coordination.py:157}}
Jan 09 14:29:33 devstack cinder-volume[81759]: WARNING cinder.quota [None req-9c56b52d-fedf-4506-9a1f-907f75a2ba28 tempest-SnapshotsActionsTest-723469277 None] Deprecated: Default quota for resource: snapshots_QuobyteHD is set by the default quota flag: quota_snapshots_QuobyteHD, it is now deprecated. Please use the default quota class for default quota.
Jan 09 14:29:33 devstack cinder-volume[81759]: DEBUG cinder.quota [None req-9c56b52d-fedf-4506-9a1f-907f75a2ba28 tempest-SnapshotsActionsTest-723469277 None] Created reservations ['fabc5d9d-6b35-4a70-8b63-4c3045c857b7', 'c4c129ab-73da-4f67-b817-064918cabecb', 'bb54e38e-4278-440d-b54c-c2068b01d468', '931344ba-d848-4925-aae2-82912622739a'] {{(pid=81759) reserve /opt/stack/cinder/cinder/quota.py:752}}
Jan 09 14:29:33 devstack cinder-volume[81759]: INFO cinder.volume.manager [None req-9c56b52d-fedf-4506-9a1f-907f75a2ba28 tempest-SnapshotsActionsTest-723469277 None] Delete snapshot completed successfully.
Jan 09 14:29:33 devstack cinder-volume[81759]: DEBUG cinder.coordination [None req-9c56b52d-fedf-4506-9a1f-907f75a2ba28 tempest-SnapshotsActionsTest-723469277 None] Lock "cinder-cbad5b3a-7704-40b4-93db-1daec6403889-delete_snapshot" released by "delete_snapshot" :: held 2.287s {{(pid=81759) __release /opt/stack/cinder/cinder/coordination.py:157}}
Jan 09 14:29:34 devstack cinder-volume[81759]: WARNING cinder.volume.volume_utils [None req-06fbd11d-4899-4027-a269-976acdeaba7a tempest-SnapshotsActionsTest-1778009287 None] Volume driver (QuobyteDriver 1.1.13) is currently unsupported and may be removed in the next release of OpenStack. Use at your own risk.
Jan 09 14:29:34 devstack cinder-volume[81759]: DEBUG oslo_concurrency.lockutils [None req-06fbd11d-4899-4027-a269-976acdeaba7a tempest-SnapshotsActionsTest-1778009287 None] Acquiring lock "quobyte" by "cinder.volume.drivers.quobyte.QuobyteDriver.create_snapshot" {{(pid=81759) inner /opt/stack/data/venv/lib/python3.10/site-packages/oslo_concurrency/lockutils.py:405}}
Jan 09 14:29:34 devstack cinder-volume[81759]: DEBUG oslo_concurrency.lockutils [None req-06fbd11d-4899-4027-a269-976acdeaba7a tempest-SnapshotsActionsTest-1778009287 None] Lock "quobyte" acquired by "cinder.volume.drivers.quobyte.QuobyteDriver.create_snapshot" :: waited 0.000s {{(pid=81759) inner /opt/stack/data/venv/lib/python3.10/site-packages/oslo_concurrency/lockutils.py:410}}
Jan 09 14:29:34 devstack cinder-volume[81759]: DEBUG cinder.volume.drivers.remotefs [None req-06fbd11d-4899-4027-a269-976acdeaba7a tempest-SnapshotsActionsTest-1778009287 None] Creating offline snapshot 83b874fa-bcd5-45d5-b762-3907523bd0e1 of volume e6da02c5-1419-4731-adb8-6ec794c03d16 {{(pid=81759) _create_snapshot /opt/stack/cinder/cinder/volume/drivers/remotefs.py:1694}}
Jan 09 14:29:34 devstack cinder-volume[81759]: DEBUG oslo.privsep.daemon [-] privsep: reply[1dc8eea7-4adc-43eb-a37c-09e3aaf810cc]: (4, 'qcow2') {{(pid=82588) _call_back /opt/stack/data/venv/lib/python3.10/site-packages/oslo_privsep/daemon.py:515}}
Jan 09 14:29:34 devstack cinder-volume[81759]: DEBUG oslo_concurrency.processutils [None req-06fbd11d-4899-4027-a269-976acdeaba7a tempest-SnapshotsActionsTest-1778009287 None] Running cmd (subprocess): /opt/stack/data/venv/bin/python3.10 -m oslo_concurrency.prlimit --as=1073741824 --cpu=60 -- sudo cinder-rootwrap /etc/cinder/rootwrap.conf env LC_ALL=C qemu-img info -f qcow2 --output=json --force-share /opt/stack/data/cinder/mnt/db7ede7c6537877239546325cca799c2/volume-e6da02c5-1419-4731-adb8-6ec794c03d16.d5ae4df5-b490-4e18-ae2a-598512926e8e {{(pid=81759) execute /opt/stack/data/venv/lib/python3.10/site-packages/oslo_concurrency/processutils.py:349}}
Jan 09 14:29:34 devstack sudo[83415]: quobyte : PWD=/ ; USER=root ; COMMAND=/opt/stack/data/venv/bin/cinder-rootwrap /etc/cinder/rootwrap.conf env LC_ALL=C qemu-img info -f qcow2 --output=json --force-share /opt/stack/data/cinder/mnt/db7ede7c6537877239546325cca799c2/volume-e6da02c5-1419-4731-adb8-6ec794c03d16.d5ae4df5-b490-4e18-ae2a-598512926e8e
Jan 09 14:29:34 devstack sudo[83415]: pam_unix(sudo:session): session opened for user root(uid=0) by (uid=1000)
Jan 09 14:29:35 devstack sudo[83415]: pam_unix(sudo:session): session closed for user root
Jan 09 14:29:35 devstack cinder-volume[81759]: DEBUG oslo_concurrency.processutils [None req-06fbd11d-4899-4027-a269-976acdeaba7a tempest-SnapshotsActionsTest-1778009287 None] CMD "/opt/stack/data/venv/bin/python3.10 -m oslo_concurrency.prlimit --as=1073741824 --cpu=60 -- sudo cinder-rootwrap /etc/cinder/rootwrap.conf env LC_ALL=C qemu-img info -f qcow2 --output=json --force-share /opt/stack/data/cinder/mnt/db7ede7c6537877239546325cca799c2/volume-e6da02c5-1419-4731-adb8-6ec794c03d16.d5ae4df5-b490-4e18-ae2a-598512926e8e" returned: 0 in 0.663s {{(pid=81759) execute /opt/stack/data/venv/lib/python3.10/site-packages/oslo_concurrency/processutils.py:372}}
Jan 09 14:29:35 devstack cinder-volume[81759]: DEBUG cinder.volume.drivers.remotefs [None req-06fbd11d-4899-4027-a269-976acdeaba7a tempest-SnapshotsActionsTest-1778009287 None] Fetching qemu-img info with special backing_file_template: (/opt/stack/data/cinder/mnt/[0-9a-f]+/)?(volume-e6da02c5-1419-4731-adb8-6ec794c03d16(.(tmp-snap-)?[0-9a-f-]+)?|volume_from_snapshot_cache/(tmp-snap-)?[0-9a-f-]+(.(child-|parent-)[0-9a-f-]+)?)$ {{(pid=81759) _qemu_img_info_base /opt/stack/cinder/cinder/volume/drivers/remotefs.py:886}}
Jan 09 14:29:35 devstack cinder-volume[81759]: DEBUG oslo_concurrency.processutils [None req-06fbd11d-4899-4027-a269-976acdeaba7a tempest-SnapshotsActionsTest-1778009287 None] Running cmd (subprocess): sudo cinder-rootwrap /etc/cinder/rootwrap.conf qemu-img create -f qcow2 -o backing_file=/opt/stack/data/cinder/mnt/db7ede7c6537877239546325cca799c2/volume-e6da02c5-1419-4731-adb8-6ec794c03d16.d5ae4df5-b490-4e18-ae2a-598512926e8e,backing_fmt=qcow2 /opt/stack/data/cinder/mnt/db7ede7c6537877239546325cca799c2/volume-e6da02c5-1419-4731-adb8-6ec794c03d16.83b874fa-bcd5-45d5-b762-3907523bd0e1 1G {{(pid=81759) execute /opt/stack/data/venv/lib/python3.10/site-packages/oslo_concurrency/processutils.py:349}}
Jan 09 14:29:35 devstack sudo[83420]: quobyte : PWD=/ ; USER=root ; COMMAND=/opt/stack/data/venv/bin/cinder-rootwrap /etc/cinder/rootwrap.conf qemu-img create -f qcow2 -o backing_file=/opt/stack/data/cinder/mnt/db7ede7c6537877239546325cca799c2/volume-e6da02c5-1419-4731-adb8-6ec794c03d16.d5ae4df5-b490-4e18-ae2a-598512926e8e,backing_fmt=qcow2 /opt/stack/data/cinder/mnt/db7ede7c6537877239546325cca799c2/volume-e6da02c5-1419-4731-adb8-6ec794c03d16.83b874fa-bcd5-45d5-b762-3907523bd0e1 1G
Jan 09 14:29:35 devstack sudo[83420]: pam_unix(sudo:session): session opened for user root(uid=0) by (uid=1000)
Jan 09 14:29:35 devstack sudo[83420]: pam_unix(sudo:session): session closed for user root
Jan 09 14:29:35 devstack cinder-volume[81759]: DEBUG oslo_concurrency.processutils [None req-06fbd11d-4899-4027-a269-976acdeaba7a tempest-SnapshotsActionsTest-1778009287 None] CMD "sudo cinder-rootwrap /etc/cinder/rootwrap.conf qemu-img create -f qcow2 -o backing_file=/opt/stack/data/cinder/mnt/db7ede7c6537877239546325cca799c2/volume-e6da02c5-1419-4731-adb8-6ec794c03d16.d5ae4df5-b490-4e18-ae2a-598512926e8e,backing_fmt=qcow2 /opt/stack/data/cinder/mnt/db7ede7c6537877239546325cca799c2/volume-e6da02c5-1419-4731-adb8-6ec794c03d16.83b874fa-bcd5-45d5-b762-3907523bd0e1 1G" returned: 0 in 0.673s {{(pid=81759) execute /opt/stack/data/venv/lib/python3.10/site-packages/oslo_concurrency/processutils.py:372}}
Jan 09 14:29:35 devstack cinder-volume[81759]: DEBUG oslo_concurrency.processutils [None req-06fbd11d-4899-4027-a269-976acdeaba7a tempest-SnapshotsActionsTest-1778009287 None] Running cmd (subprocess): sudo cinder-rootwrap /etc/cinder/rootwrap.conf qemu-img rebase -u -b volume-e6da02c5-1419-4731-adb8-6ec794c03d16.d5ae4df5-b490-4e18-ae2a-598512926e8e -F qcow2 /opt/stack/data/cinder/mnt/db7ede7c6537877239546325cca799c2/volume-e6da02c5-1419-4731-adb8-6ec794c03d16.83b874fa-bcd5-45d5-b762-3907523bd0e1 {{(pid=81759) execute /opt/stack/data/venv/lib/python3.10/site-packages/oslo_concurrency/processutils.py:349}}
Jan 09 14:29:35 devstack sudo[83425]: quobyte : PWD=/ ; USER=root ; COMMAND=/opt/stack/data/venv/bin/cinder-rootwrap /etc/cinder/rootwrap.conf qemu-img rebase -u -b volume-e6da02c5-1419-4731-adb8-6ec794c03d16.d5ae4df5-b490-4e18-ae2a-598512926e8e -F qcow2 /opt/stack/data/cinder/mnt/db7ede7c6537877239546325cca799c2/volume-e6da02c5-1419-4731-adb8-6ec794c03d16.83b874fa-bcd5-45d5-b762-3907523bd0e1
Jan 09 14:29:35 devstack sudo[83425]: pam_unix(sudo:session): session opened for user root(uid=0) by (uid=1000)
Jan 09 14:29:36 devstack sudo[83425]: pam_unix(sudo:session): session closed for user root
Jan 09 14:29:36 devstack cinder-volume[81759]: DEBUG oslo_concurrency.processutils [None req-06fbd11d-4899-4027-a269-976acdeaba7a tempest-SnapshotsActionsTest-1778009287 None] CMD "sudo cinder-rootwrap /etc/cinder/rootwrap.conf qemu-img rebase -u -b volume-e6da02c5-1419-4731-adb8-6ec794c03d16.d5ae4df5-b490-4e18-ae2a-598512926e8e -F qcow2 /opt/stack/data/cinder/mnt/db7ede7c6537877239546325cca799c2/volume-e6da02c5-1419-4731-adb8-6ec794c03d16.83b874fa-bcd5-45d5-b762-3907523bd0e1" returned: 0 in 0.687s {{(pid=81759) execute /opt/stack/data/venv/lib/python3.10/site-packages/oslo_concurrency/processutils.py:372}}
Jan 09 14:29:36 devstack cinder-volume[81759]: WARNING cinder.volume.drivers.remotefs [None req-06fbd11d-4899-4027-a269-976acdeaba7a tempest-SnapshotsActionsTest-1778009287 None] /opt/stack/data/cinder/mnt/db7ede7c6537877239546325cca799c2/volume-e6da02c5-1419-4731-adb8-6ec794c03d16.83b874fa-bcd5-45d5-b762-3907523bd0e1 is being set with open permissions: ugo+rw
Jan 09 14:29:36 devstack cinder-volume[81759]: DEBUG oslo_concurrency.processutils [None req-06fbd11d-4899-4027-a269-976acdeaba7a tempest-SnapshotsActionsTest-1778009287 None] Running cmd (subprocess): sudo cinder-rootwrap /etc/cinder/rootwrap.conf chmod ugo+rw /opt/stack/data/cinder/mnt/db7ede7c6537877239546325cca799c2/volume-e6da02c5-1419-4731-adb8-6ec794c03d16.83b874fa-bcd5-45d5-b762-3907523bd0e1 {{(pid=81759) execute /opt/stack/data/venv/lib/python3.10/site-packages/oslo_concurrency/processutils.py:349}}
Jan 09 14:29:36 devstack sudo[83431]: quobyte : PWD=/ ; USER=root ; COMMAND=/opt/stack/data/venv/bin/cinder-rootwrap /etc/cinder/rootwrap.conf chmod ugo+rw /opt/stack/data/cinder/mnt/db7ede7c6537877239546325cca799c2/volume-e6da02c5-1419-4731-adb8-6ec794c03d16.83b874fa-bcd5-45d5-b762-3907523bd0e1
Jan 09 14:29:36 devstack sudo[83431]: pam_unix(sudo:session): session opened for user root(uid=0) by (uid=1000)
Jan 09 14:29:37 devstack sudo[83431]: pam_unix(sudo:session): session closed for user root
Jan 09 14:29:37 devstack cinder-volume[81759]: DEBUG oslo_concurrency.processutils [None req-06fbd11d-4899-4027-a269-976acdeaba7a tempest-SnapshotsActionsTest-1778009287 None] CMD "sudo cinder-rootwrap /etc/cinder/rootwrap.conf chmod ugo+rw /opt/stack/data/cinder/mnt/db7ede7c6537877239546325cca799c2/volume-e6da02c5-1419-4731-adb8-6ec794c03d16.83b874fa-bcd5-45d5-b762-3907523bd0e1" returned: 0 in 0.586s {{(pid=81759) execute /opt/stack/data/venv/lib/python3.10/site-packages/oslo_concurrency/processutils.py:372}}
Jan 09 14:29:37 devstack cinder-volume[81759]: DEBUG oslo_concurrency.lockutils [None req-06fbd11d-4899-4027-a269-976acdeaba7a tempest-SnapshotsActionsTest-1778009287 None] Lock "quobyte" "released" by "cinder.volume.drivers.quobyte.QuobyteDriver.create_snapshot" :: held 2.730s {{(pid=81759) inner /opt/stack/data/venv/lib/python3.10/site-packages/oslo_concurrency/lockutils.py:424}}
Jan 09 14:29:37 devstack cinder-volume[81759]: INFO cinder.volume.manager [None req-06fbd11d-4899-4027-a269-976acdeaba7a tempest-SnapshotsActionsTest-1778009287 None] Create snapshot completed successfully
Jan 09 14:29:37 devstack cinder-volume[81759]: DEBUG cinder.coordination [None req-3cc08dec-a50b-40cd-8638-9dc66886faec tempest-SnapshotsActionsTest-723469277 None] Acquiring lock "cinder-83b874fa-bcd5-45d5-b762-3907523bd0e1-delete_snapshot" by "delete_snapshot" {{(pid=81759) __acquire /opt/stack/cinder/cinder/coordination.py:143}}
Jan 09 14:29:37 devstack cinder-volume[81759]: DEBUG cinder.coordination [None req-3cc08dec-a50b-40cd-8638-9dc66886faec tempest-SnapshotsActionsTest-723469277 None] Lock "cinder-83b874fa-bcd5-45d5-b762-3907523bd0e1-delete_snapshot" acquired by "delete_snapshot" :: waited 0.014s {{(pid=81759) __acquire /opt/stack/cinder/cinder/coordination.py:146}}
Jan 09 14:29:37 devstack cinder-volume[81759]: WARNING cinder.volume.volume_utils [None req-3cc08dec-a50b-40cd-8638-9dc66886faec tempest-SnapshotsActionsTest-723469277 None] Volume driver (QuobyteDriver 1.1.13) is currently unsupported and may be removed in the next release of OpenStack. Use at your own risk.
Jan 09 14:29:37 devstack cinder-volume[81759]: DEBUG cinder.coordination [None req-3cc08dec-a50b-40cd-8638-9dc66886faec tempest-SnapshotsActionsTest-723469277 None] Acquiring lock "cinder-quobyte-e6da02c5-1419-4731-adb8-6ec794c03d16" by "delete_snapshot" {{(pid=81759) __acquire /opt/stack/cinder/cinder/coordination.py:143}}
Jan 09 14:29:37 devstack cinder-volume[81759]: DEBUG cinder.coordination [None req-3cc08dec-a50b-40cd-8638-9dc66886faec tempest-SnapshotsActionsTest-723469277 None] Lock "cinder-quobyte-e6da02c5-1419-4731-adb8-6ec794c03d16" acquired by "delete_snapshot" :: waited 0.010s {{(pid=81759) __acquire /opt/stack/cinder/cinder/coordination.py:146}}
Jan 09 14:29:37 devstack cinder-volume[81759]: DEBUG cinder.coordination [None req-3cc08dec-a50b-40cd-8638-9dc66886faec tempest-SnapshotsActionsTest-723469277 None] Acquiring lock "cinder-quobyte-83b874fa-bcd5-45d5-b762-3907523bd0e1" by "_delete_snapshot" {{(pid=81759) __acquire /opt/stack/cinder/cinder/coordination.py:143}}
Jan 09 14:29:37 devstack cinder-volume[81759]: DEBUG cinder.coordination [None req-3cc08dec-a50b-40cd-8638-9dc66886faec tempest-SnapshotsActionsTest-723469277 None] Lock "cinder-quobyte-83b874fa-bcd5-45d5-b762-3907523bd0e1" acquired by "_delete_snapshot" :: waited 0.012s {{(pid=81759) __acquire /opt/stack/cinder/cinder/coordination.py:146}}
Jan 09 14:29:37 devstack cinder-volume[81759]: DEBUG cinder.volume.drivers.remotefs [None req-3cc08dec-a50b-40cd-8638-9dc66886faec tempest-SnapshotsActionsTest-723469277 None] Deleting offline snapshot 83b874fa-bcd5-45d5-b762-3907523bd0e1 of volume e6da02c5-1419-4731-adb8-6ec794c03d16 {{(pid=81759) _delete_snapshot /opt/stack/cinder/cinder/volume/drivers/remotefs.py:1278}}
Jan 09 14:29:37 devstack cinder-volume[81759]: DEBUG cinder.volume.drivers.remotefs [None req-3cc08dec-a50b-40cd-8638-9dc66886faec tempest-SnapshotsActionsTest-723469277 None] snapshot_file for this snap is: volume-e6da02c5-1419-4731-adb8-6ec794c03d16.83b874fa-bcd5-45d5-b762-3907523bd0e1 {{(pid=81759) _delete_snapshot /opt/stack/cinder/cinder/volume/drivers/remotefs.py:1307}}
Jan 09 14:29:37 devstack cinder-volume[81759]: DEBUG oslo.privsep.daemon [-] privsep: reply[f6bbd699-e1bc-4fda-a333-b7d705dfafc7]: (4, 'qcow2') {{(pid=82588) _call_back /opt/stack/data/venv/lib/python3.10/site-packages/oslo_privsep/daemon.py:515}}
Jan 09 14:29:37 devstack cinder-volume[81759]: DEBUG oslo_concurrency.processutils [None req-3cc08dec-a50b-40cd-8638-9dc66886faec tempest-SnapshotsActionsTest-723469277 None] Running cmd (subprocess): /opt/stack/data/venv/bin/python3.10 -m oslo_concurrency.prlimit --as=1073741824 --cpu=60 -- sudo cinder-rootwrap /etc/cinder/rootwrap.conf env LC_ALL=C qemu-img info -f qcow2 --output=json --force-share /opt/stack/data/cinder/mnt/db7ede7c6537877239546325cca799c2/volume-e6da02c5-1419-4731-adb8-6ec794c03d16.83b874fa-bcd5-45d5-b762-3907523bd0e1 {{(pid=81759) execute /opt/stack/data/venv/lib/python3.10/site-packages/oslo_concurrency/processutils.py:349}}
Jan 09 14:29:37 devstack sudo[83468]: quobyte : PWD=/ ; USER=root ; COMMAND=/opt/stack/data/venv/bin/cinder-rootwrap /etc/cinder/rootwrap.conf env LC_ALL=C qemu-img info -f qcow2 --output=json --force-share /opt/stack/data/cinder/mnt/db7ede7c6537877239546325cca799c2/volume-e6da02c5-1419-4731-adb8-6ec794c03d16.83b874fa-bcd5-45d5-b762-3907523bd0e1
Jan 09 14:29:37 devstack sudo[83468]: pam_unix(sudo:session): session opened for user root(uid=0) by (uid=1000)
Jan 09 14:29:38 devstack sudo[83468]: pam_unix(sudo:session): session closed for user root
Jan 09 14:29:38 devstack cinder-volume[81759]: DEBUG oslo_concurrency.processutils [None req-3cc08dec-a50b-40cd-8638-9dc66886faec tempest-SnapshotsActionsTest-723469277 None] CMD "/opt/stack/data/venv/bin/python3.10 -m oslo_concurrency.prlimit --as=1073741824 --cpu=60 -- sudo cinder-rootwrap /etc/cinder/rootwrap.conf env LC_ALL=C qemu-img info -f qcow2 --output=json --force-share /opt/stack/data/cinder/mnt/db7ede7c6537877239546325cca799c2/volume-e6da02c5-1419-4731-adb8-6ec794c03d16.83b874fa-bcd5-45d5-b762-3907523bd0e1" returned: 0 in 0.723s {{(pid=81759) execute /opt/stack/data/venv/lib/python3.10/site-packages/oslo_concurrency/processutils.py:372}}
Jan 09 14:29:38 devstack cinder-volume[81759]: DEBUG cinder.volume.drivers.remotefs [None req-3cc08dec-a50b-40cd-8638-9dc66886faec tempest-SnapshotsActionsTest-723469277 None] Fetching qemu-img info with special backing_file_template: (/opt/stack/data/cinder/mnt/[0-9a-f]+/)?(volume-e6da02c5-1419-4731-adb8-6ec794c03d16(.(tmp-snap-)?[0-9a-f-]+)?|volume_from_snapshot_cache/(tmp-snap-)?[0-9a-f-]+(.(child-|parent-)[0-9a-f-]+)?)$ {{(pid=81759) _qemu_img_info_base /opt/stack/cinder/cinder/volume/drivers/remotefs.py:886}}
Jan 09 14:29:38 devstack cinder-volume[81759]: DEBUG oslo.privsep.daemon [-] privsep: reply[697c8285-853f-4608-82b5-f571d6d1ade9]: (4, 'qcow2') {{(pid=82588) _call_back /opt/stack/data/venv/lib/python3.10/site-packages/oslo_privsep/daemon.py:515}}
Jan 09 14:29:38 devstack cinder-volume[81759]: DEBUG oslo_concurrency.processutils [None req-3cc08dec-a50b-40cd-8638-9dc66886faec tempest-SnapshotsActionsTest-723469277 None] Running cmd (subprocess): /opt/stack/data/venv/bin/python3.10 -m oslo_concurrency.prlimit --as=1073741824 --cpu=60 -- sudo cinder-rootwrap /etc/cinder/rootwrap.conf env LC_ALL=C qemu-img info -f qcow2 --output=json --force-share /opt/stack/data/cinder/mnt/db7ede7c6537877239546325cca799c2/volume-e6da02c5-1419-4731-adb8-6ec794c03d16.d5ae4df5-b490-4e18-ae2a-598512926e8e {{(pid=81759) execute /opt/stack/data/venv/lib/python3.10/site-packages/oslo_concurrency/processutils.py:349}}
Jan 09 14:29:38 devstack sudo[83473]: quobyte : PWD=/ ; USER=root ; COMMAND=/opt/stack/data/venv/bin/cinder-rootwrap /etc/cinder/rootwrap.conf env LC_ALL=C qemu-img info -f qcow2 --output=json --force-share /opt/stack/data/cinder/mnt/db7ede7c6537877239546325cca799c2/volume-e6da02c5-1419-4731-adb8-6ec794c03d16.d5ae4df5-b490-4e18-ae2a-598512926e8e
Jan 09 14:29:38 devstack sudo[83473]: pam_unix(sudo:session): session opened for user root(uid=0) by (uid=1000)
Jan 09 14:29:39 devstack sudo[83473]: pam_unix(sudo:session): session closed for user root
Jan 09 14:29:39 devstack cinder-volume[81759]: DEBUG oslo_concurrency.processutils [None req-3cc08dec-a50b-40cd-8638-9dc66886faec tempest-SnapshotsActionsTest-723469277 None] CMD "/opt/stack/data/venv/bin/python3.10 -m oslo_concurrency.prlimit --as=1073741824 --cpu=60 -- sudo cinder-rootwrap /etc/cinder/rootwrap.conf env LC_ALL=C qemu-img info -f qcow2 --output=json --force-share /opt/stack/data/cinder/mnt/db7ede7c6537877239546325cca799c2/volume-e6da02c5-1419-4731-adb8-6ec794c03d16.d5ae4df5-b490-4e18-ae2a-598512926e8e" returned: 0 in 0.732s {{(pid=81759) execute /opt/stack/data/venv/lib/python3.10/site-packages/oslo_concurrency/processutils.py:372}}
Jan 09 14:29:39 devstack cinder-volume[81759]: DEBUG cinder.volume.drivers.remotefs [None req-3cc08dec-a50b-40cd-8638-9dc66886faec tempest-SnapshotsActionsTest-723469277 None] Fetching qemu-img info with special backing_file_template: (/opt/stack/data/cinder/mnt/[0-9a-f]+/)?(volume-e6da02c5-1419-4731-adb8-6ec794c03d16(.(tmp-snap-)?[0-9a-f-]+)?|volume_from_snapshot_cache/(tmp-snap-)?[0-9a-f-]+(.(child-|parent-)[0-9a-f-]+)?)$ {{(pid=81759) _qemu_img_info_base /opt/stack/cinder/cinder/volume/drivers/remotefs.py:886}}
Jan 09 14:29:39 devstack cinder-volume[81759]: DEBUG oslo_concurrency.processutils [None req-3cc08dec-a50b-40cd-8638-9dc66886faec tempest-SnapshotsActionsTest-723469277 None] Running cmd (subprocess): sudo cinder-rootwrap /etc/cinder/rootwrap.conf qemu-img commit -d /opt/stack/data/cinder/mnt/db7ede7c6537877239546325cca799c2/volume-e6da02c5-1419-4731-adb8-6ec794c03d16.83b874fa-bcd5-45d5-b762-3907523bd0e1 {{(pid=81759) execute /opt/stack/data/venv/lib/python3.10/site-packages/oslo_concurrency/processutils.py:349}}
Jan 09 14:29:39 devstack sudo[83478]: quobyte : PWD=/ ; USER=root ; COMMAND=/opt/stack/data/venv/bin/cinder-rootwrap /etc/cinder/rootwrap.conf qemu-img commit -d /opt/stack/data/cinder/mnt/db7ede7c6537877239546325cca799c2/volume-e6da02c5-1419-4731-adb8-6ec794c03d16.83b874fa-bcd5-45d5-b762-3907523bd0e1
Jan 09 14:29:39 devstack sudo[83478]: pam_unix(sudo:session): session opened for user root(uid=0) by (uid=1000)
Jan 09 14:29:39 devstack sudo[83478]: pam_unix(sudo:session): session closed for user root
Jan 09 14:29:39 devstack cinder-volume[81759]: DEBUG oslo_concurrency.processutils [None req-3cc08dec-a50b-40cd-8638-9dc66886faec tempest-SnapshotsActionsTest-723469277 None] CMD "sudo cinder-rootwrap /etc/cinder/rootwrap.conf qemu-img commit -d /opt/stack/data/cinder/mnt/db7ede7c6537877239546325cca799c2/volume-e6da02c5-1419-4731-adb8-6ec794c03d16.83b874fa-bcd5-45d5-b762-3907523bd0e1" returned: 0 in 0.608s {{(pid=81759) execute /opt/stack/data/venv/lib/python3.10/site-packages/oslo_concurrency/processutils.py:372}}
Jan 09 14:29:39 devstack cinder-volume[81759]: DEBUG oslo_concurrency.processutils [None req-3cc08dec-a50b-40cd-8638-9dc66886faec tempest-SnapshotsActionsTest-723469277 None] Running cmd (subprocess): sudo cinder-rootwrap /etc/cinder/rootwrap.conf rm -f /opt/stack/data/cinder/mnt/db7ede7c6537877239546325cca799c2/volume-e6da02c5-1419-4731-adb8-6ec794c03d16.83b874fa-bcd5-45d5-b762-3907523bd0e1 {{(pid=81759) execute /opt/stack/data/venv/lib/python3.10/site-packages/oslo_concurrency/processutils.py:349}}
Jan 09 14:29:39 devstack sudo[83483]: quobyte : PWD=/ ; USER=root ; COMMAND=/opt/stack/data/venv/bin/cinder-rootwrap /etc/cinder/rootwrap.conf rm -f /opt/stack/data/cinder/mnt/db7ede7c6537877239546325cca799c2/volume-e6da02c5-1419-4731-adb8-6ec794c03d16.83b874fa-bcd5-45d5-b762-3907523bd0e1
Jan 09 14:29:39 devstack sudo[83483]: pam_unix(sudo:session): session opened for user root(uid=0) by (uid=1000)
Jan 09 14:29:40 devstack sudo[83483]: pam_unix(sudo:session): session closed for user root
Jan 09 14:29:40 devstack cinder-volume[81759]: DEBUG oslo_concurrency.processutils [None req-3cc08dec-a50b-40cd-8638-9dc66886faec tempest-SnapshotsActionsTest-723469277 None] CMD "sudo cinder-rootwrap /etc/cinder/rootwrap.conf rm -f /opt/stack/data/cinder/mnt/db7ede7c6537877239546325cca799c2/volume-e6da02c5-1419-4731-adb8-6ec794c03d16.83b874fa-bcd5-45d5-b762-3907523bd0e1" returned: 0 in 0.485s {{(pid=81759) execute /opt/stack/data/venv/lib/python3.10/site-packages/oslo_concurrency/processutils.py:372}}
Jan 09 14:29:40 devstack cinder-volume[81759]: DEBUG cinder.coordination [None req-3cc08dec-a50b-40cd-8638-9dc66886faec tempest-SnapshotsActionsTest-723469277 None] Lock "cinder-quobyte-83b874fa-bcd5-45d5-b762-3907523bd0e1" released by "_delete_snapshot" :: held 2.633s {{(pid=81759) __release /opt/stack/cinder/cinder/coordination.py:157}}
Jan 09 14:29:40 devstack cinder-volume[81759]: DEBUG cinder.coordination [None req-3cc08dec-a50b-40cd-8638-9dc66886faec tempest-SnapshotsActionsTest-723469277 None] Lock "cinder-quobyte-e6da02c5-1419-4731-adb8-6ec794c03d16" released by "delete_snapshot" :: held 2.654s {{(pid=81759) __release /opt/stack/cinder/cinder/coordination.py:157}}
Jan 09 14:29:40 devstack cinder-volume[81759]: DEBUG cinder.quota [None req-3cc08dec-a50b-40cd-8638-9dc66886faec tempest-SnapshotsActionsTest-723469277 None] Created reservations ['cc0add80-3a49-48dd-9a09-bbb226076d06', '6cea394d-2451-4cc7-975a-57ccd822ca30', '40df3b98-7b61-4715-80e6-1d2e1ac8a9e8', 'a929c073-dd6b-48ef-8eaa-3ccf3828db31'] {{(pid=81759) reserve /opt/stack/cinder/cinder/quota.py:752}}
Jan 09 14:29:40 devstack cinder-volume[81759]: INFO cinder.volume.manager [None req-3cc08dec-a50b-40cd-8638-9dc66886faec tempest-SnapshotsActionsTest-723469277 None] Delete snapshot completed successfully.
Jan 09 14:29:40 devstack cinder-volume[81759]: DEBUG cinder.coordination [None req-3cc08dec-a50b-40cd-8638-9dc66886faec tempest-SnapshotsActionsTest-723469277 None] Lock "cinder-83b874fa-bcd5-45d5-b762-3907523bd0e1-delete_snapshot" released by "delete_snapshot" :: held 2.769s {{(pid=81759) __release /opt/stack/cinder/cinder/coordination.py:157}}
Jan 09 14:29:41 devstack cinder-volume[81759]: WARNING cinder.volume.volume_utils [None req-77d7b719-cf31-4975-94cc-c4765b93cb27 tempest-SnapshotsActionsTest-1778009287 None] Volume driver (QuobyteDriver 1.1.13) is currently unsupported and may be removed in the next release of OpenStack. Use at your own risk.
Jan 09 14:29:41 devstack cinder-volume[81759]: DEBUG oslo_concurrency.lockutils [None req-77d7b719-cf31-4975-94cc-c4765b93cb27 tempest-SnapshotsActionsTest-1778009287 None] Acquiring lock "quobyte" by "cinder.volume.drivers.quobyte.QuobyteDriver.create_snapshot" {{(pid=81759) inner /opt/stack/data/venv/lib/python3.10/site-packages/oslo_concurrency/lockutils.py:405}}
Jan 09 14:29:41 devstack cinder-volume[81759]: DEBUG oslo_concurrency.lockutils [None req-77d7b719-cf31-4975-94cc-c4765b93cb27 tempest-SnapshotsActionsTest-1778009287 None] Lock "quobyte" acquired by "cinder.volume.drivers.quobyte.QuobyteDriver.create_snapshot" :: waited 0.000s {{(pid=81759) inner /opt/stack/data/venv/lib/python3.10/site-packages/oslo_concurrency/lockutils.py:410}}
Jan 09 14:29:41 devstack cinder-volume[81759]: DEBUG cinder.volume.drivers.remotefs [None req-77d7b719-cf31-4975-94cc-c4765b93cb27 tempest-SnapshotsActionsTest-1778009287 None] Creating offline snapshot 82ff0b8d-98a3-4c96-a904-f37e87ebce1a of volume e6da02c5-1419-4731-adb8-6ec794c03d16 {{(pid=81759) _create_snapshot /opt/stack/cinder/cinder/volume/drivers/remotefs.py:1694}}
Jan 09 14:29:41 devstack cinder-volume[81759]: DEBUG oslo.privsep.daemon [-] privsep: reply[2e19f958-f8b1-4e8d-9f57-7584def32b9d]: (4, 'qcow2') {{(pid=82588) _call_back /opt/stack/data/venv/lib/python3.10/site-packages/oslo_privsep/daemon.py:515}}
Jan 09 14:29:41 devstack cinder-volume[81759]: DEBUG oslo_concurrency.processutils [None req-77d7b719-cf31-4975-94cc-c4765b93cb27 tempest-SnapshotsActionsTest-1778009287 None] Running cmd (subprocess): /opt/stack/data/venv/bin/python3.10 -m oslo_concurrency.prlimit --as=1073741824 --cpu=60 -- sudo cinder-rootwrap /etc/cinder/rootwrap.conf env LC_ALL=C qemu-img info -f qcow2 --output=json --force-share /opt/stack/data/cinder/mnt/db7ede7c6537877239546325cca799c2/volume-e6da02c5-1419-4731-adb8-6ec794c03d16.d5ae4df5-b490-4e18-ae2a-598512926e8e {{(pid=81759) execute /opt/stack/data/venv/lib/python3.10/site-packages/oslo_concurrency/processutils.py:349}}
Jan 09 14:29:41 devstack sudo[83487]: quobyte : PWD=/ ; USER=root ; COMMAND=/opt/stack/data/venv/bin/cinder-rootwrap /etc/cinder/rootwrap.conf env LC_ALL=C qemu-img info -f qcow2 --output=json --force-share /opt/stack/data/cinder/mnt/db7ede7c6537877239546325cca799c2/volume-e6da02c5-1419-4731-adb8-6ec794c03d16.d5ae4df5-b490-4e18-ae2a-598512926e8e
Jan 09 14:29:41 devstack sudo[83487]: pam_unix(sudo:session): session opened for user root(uid=0) by (uid=1000)
Jan 09 14:29:41 devstack sudo[83487]: pam_unix(sudo:session): session closed for user root
Jan 09 14:29:41 devstack cinder-volume[81759]: DEBUG oslo_concurrency.processutils [None req-77d7b719-cf31-4975-94cc-c4765b93cb27 tempest-SnapshotsActionsTest-1778009287 None] CMD "/opt/stack/data/venv/bin/python3.10 -m oslo_concurrency.prlimit --as=1073741824 --cpu=60 -- sudo cinder-rootwrap /etc/cinder/rootwrap.conf env LC_ALL=C qemu-img info -f qcow2 --output=json --force-share /opt/stack/data/cinder/mnt/db7ede7c6537877239546325cca799c2/volume-e6da02c5-1419-4731-adb8-6ec794c03d16.d5ae4df5-b490-4e18-ae2a-598512926e8e" returned: 0 in 0.779s {{(pid=81759) execute /opt/stack/data/venv/lib/python3.10/site-packages/oslo_concurrency/processutils.py:372}}
Jan 09 14:29:41 devstack cinder-volume[81759]: DEBUG cinder.volume.drivers.remotefs [None req-77d7b719-cf31-4975-94cc-c4765b93cb27 tempest-SnapshotsActionsTest-1778009287 None] Fetching qemu-img info with special backing_file_template: (/opt/stack/data/cinder/mnt/[0-9a-f]+/)?(volume-e6da02c5-1419-4731-adb8-6ec794c03d16(.(tmp-snap-)?[0-9a-f-]+)?|volume_from_snapshot_cache/(tmp-snap-)?[0-9a-f-]+(.(child-|parent-)[0-9a-f-]+)?)$ {{(pid=81759) _qemu_img_info_base /opt/stack/cinder/cinder/volume/drivers/remotefs.py:886}}
Jan 09 14:29:41 devstack cinder-volume[81759]: DEBUG oslo_concurrency.processutils [None req-77d7b719-cf31-4975-94cc-c4765b93cb27 tempest-SnapshotsActionsTest-1778009287 None] Running cmd (subprocess): sudo cinder-rootwrap /etc/cinder/rootwrap.conf qemu-img create -f qcow2 -o backing_file=/opt/stack/data/cinder/mnt/db7ede7c6537877239546325cca799c2/volume-e6da02c5-1419-4731-adb8-6ec794c03d16.d5ae4df5-b490-4e18-ae2a-598512926e8e,backing_fmt=qcow2 /opt/stack/data/cinder/mnt/db7ede7c6537877239546325cca799c2/volume-e6da02c5-1419-4731-adb8-6ec794c03d16.82ff0b8d-98a3-4c96-a904-f37e87ebce1a 1G {{(pid=81759) execute /opt/stack/data/venv/lib/python3.10/site-packages/oslo_concurrency/processutils.py:349}}
