Aug 10 15:57:36 devstack cinder-volume[88641]: DEBUG oslo_concurrency.processutils [None req-0a5bfdcd-fcc3-476e-9cfd-f6032a394bd2 tempest-GroupSnapshotsTest-1493708790 None] Running cmd (subprocess): sudo cinder-rootwrap /etc/cinder/rootwrap.conf qemu-img create -f qcow2 -o backing_file=/opt/stack/data/cinder/mnt/a6daaeaf6559c2cef9d9258f254a9e1f/volume-963e9104-5650-48fd-8fd9-1edfbed79cf7,backing_fmt=qcow2 /opt/stack/data/cinder/mnt/a6daaeaf6559c2cef9d9258f254a9e1f/volume-963e9104-5650-48fd-8fd9-1edfbed79cf7.0f7e34f5-aac5-481b-93b4-6adb87a8ba8f 1G {{(pid=88641) execute /opt/stack/data/venv/lib/python3.12/site-packages/oslo_concurrency/processutils.py:440}}
Aug 10 15:57:36 devstack sudo[93120]: pam_unix(sudo:session): session closed for user root
Aug 10 15:57:36 devstack cinder-volume[88641]: DEBUG oslo_concurrency.processutils [req-d66202d7-9b73-47ea-9bb3-ae19fed6256f req-90bccf41-010d-46d5-bc44-44f9af8aa3bf tempest-VolumesGetTestJSON-290632544 None] CMD "/opt/stack/data/venv/bin/python3.12 -m oslo_concurrency.prlimit --as=1073741824 --cpu=60 -- sudo cinder-rootwrap /etc/cinder/rootwrap.conf env LC_ALL=C qemu-img info -f qcow2 --output=json --force-share /opt/stack/data/cinder/mnt/a6daaeaf6559c2cef9d9258f254a9e1f/volume-64e6c7d7-a2c2-42a1-998d-bee3fa96550b" returned: 0 in 0.551s {{(pid=88641) execute /opt/stack/data/venv/lib/python3.12/site-packages/oslo_concurrency/processutils.py:468}}
Aug 10 15:57:36 devstack cinder-volume[88641]: DEBUG oslo_concurrency.processutils [req-d66202d7-9b73-47ea-9bb3-ae19fed6256f req-90bccf41-010d-46d5-bc44-44f9af8aa3bf tempest-VolumesGetTestJSON-290632544 None] Running cmd (subprocess): sudo cinder-rootwrap /etc/cinder/rootwrap.conf rm -f /opt/stack/data/cinder/mnt/a6daaeaf6559c2cef9d9258f254a9e1f/volume-64e6c7d7-a2c2-42a1-998d-bee3fa96550b {{(pid=88641) execute /opt/stack/data/venv/lib/python3.12/site-packages/oslo_concurrency/processutils.py:440}}
Aug 10 15:57:36 devstack sudo[93131]: quobyte : PWD=/ ; USER=root ; COMMAND=/opt/stack/data/venv/bin/cinder-rootwrap /etc/cinder/rootwrap.conf qemu-img create -f qcow2 -o backing_file=/opt/stack/data/cinder/mnt/a6daaeaf6559c2cef9d9258f254a9e1f/volume-963e9104-5650-48fd-8fd9-1edfbed79cf7,backing_fmt=qcow2 /opt/stack/data/cinder/mnt/a6daaeaf6559c2cef9d9258f254a9e1f/volume-963e9104-5650-48fd-8fd9-1edfbed79cf7.0f7e34f5-aac5-481b-93b4-6adb87a8ba8f 1G
Aug 10 15:57:36 devstack sudo[93131]: pam_unix(sudo:session): session opened for user root(uid=0) by (uid=1000)
Aug 10 15:57:36 devstack sudo[93134]: quobyte : PWD=/ ; USER=root ; COMMAND=/opt/stack/data/venv/bin/cinder-rootwrap /etc/cinder/rootwrap.conf rm -f /opt/stack/data/cinder/mnt/a6daaeaf6559c2cef9d9258f254a9e1f/volume-64e6c7d7-a2c2-42a1-998d-bee3fa96550b
Aug 10 15:57:36 devstack sudo[93134]: pam_unix(sudo:session): session opened for user root(uid=0) by (uid=1000)
Aug 10 15:57:36 devstack sudo[93123]: pam_unix(sudo:session): session closed for user root
Aug 10 15:57:36 devstack cinder-volume[88641]: DEBUG oslo_concurrency.processutils [None req-bbe75761-dc3e-44dc-858c-8bf3ea1dcf4f None None] CMD "sudo cinder-rootwrap /etc/cinder/rootwrap.conf df --portability --block-size 1 /opt/stack/data/cinder/mnt/a6daaeaf6559c2cef9d9258f254a9e1f" returned: 0 in 0.356s {{(pid=88641) execute /opt/stack/data/venv/lib/python3.12/site-packages/oslo_concurrency/processutils.py:468}}
Aug 10 15:57:36 devstack cinder-volume[88641]: DEBUG cinder.manager [None req-bbe75761-dc3e-44dc-858c-8bf3ea1dcf4f None None] Notifying Schedulers of capabilities ... {{(pid=88641) _publish_service_capabilities /opt/stack/cinder/cinder/manager.py:219}}
Aug 10 15:57:36 devstack cinder-volume[88641]: DEBUG oslo_service.periodic_task [None req-bbe75761-dc3e-44dc-858c-8bf3ea1dcf4f None None] Running periodic task VolumeManager._thread_info {{(pid=88641) run_periodic_tasks /opt/stack/data/venv/lib/python3.12/site-packages/oslo_service/periodic_task.py:254}}
Aug 10 15:57:36 devstack cinder-volume[88641]: DEBUG cinder.volume.manager [None req-bbe75761-dc3e-44dc-858c-8bf3ea1dcf4f None None] thread count: 8 {{(pid=88641) _thread_info /opt/stack/cinder/cinder/volume/manager.py:5472}}
Aug 10 15:57:36 devstack cinder-volume[88641]: DEBUG cinder.volume.manager [None req-bbe75761-dc3e-44dc-858c-8bf3ea1dcf4f None None] thread info: [<_MainThread(MainThread, started 127361545748608)>, , , , , , , ] {{(pid=88641) _thread_info /opt/stack/cinder/cinder/volume/manager.py:5473}}
Aug 10 15:57:37 devstack sudo[93134]: pam_unix(sudo:session): session closed for user root
Aug 10 15:57:37 devstack cinder-volume[88641]: DEBUG oslo_concurrency.processutils [req-d66202d7-9b73-47ea-9bb3-ae19fed6256f req-90bccf41-010d-46d5-bc44-44f9af8aa3bf tempest-VolumesGetTestJSON-290632544 None] CMD "sudo cinder-rootwrap /etc/cinder/rootwrap.conf rm -f /opt/stack/data/cinder/mnt/a6daaeaf6559c2cef9d9258f254a9e1f/volume-64e6c7d7-a2c2-42a1-998d-bee3fa96550b" returned: 0 in 0.342s {{(pid=88641) execute /opt/stack/data/venv/lib/python3.12/site-packages/oslo_concurrency/processutils.py:468}}
Aug 10 15:57:37 devstack cinder-volume[88641]: DEBUG cinder.coordination [req-d66202d7-9b73-47ea-9bb3-ae19fed6256f req-90bccf41-010d-46d5-bc44-44f9af8aa3bf tempest-VolumesGetTestJSON-290632544 None] Lock "cinder-quobyte-64e6c7d7-a2c2-42a1-998d-bee3fa96550b" released by "delete_volume" :: held 0.963s {{(pid=88641) __release /opt/stack/cinder/cinder/coordination.py:152}}
Aug 10 15:57:37 devstack cinder-volume[88641]: DEBUG cinder.quota [req-d66202d7-9b73-47ea-9bb3-ae19fed6256f req-90bccf41-010d-46d5-bc44-44f9af8aa3bf tempest-VolumesGetTestJSON-290632544 None] Created reservations ['4b6809ad-1162-4fda-bfff-be80b2fdc707', '364db0a0-2b32-425d-8296-0edf32be5604', '4b542fce-4f47-487c-b08b-2485c43621e2', 'ee02b276-00e6-4134-b1ad-2f741ebfc34e'] {{(pid=88641) reserve /opt/stack/cinder/cinder/quota.py:752}}
Aug 10 15:57:37 devstack sudo[93131]: pam_unix(sudo:session): session closed for user root
Aug 10 15:57:37 devstack cinder-volume[88641]: DEBUG oslo_concurrency.processutils [None req-0a5bfdcd-fcc3-476e-9cfd-f6032a394bd2 tempest-GroupSnapshotsTest-1493708790 None] CMD "sudo cinder-rootwrap /etc/cinder/rootwrap.conf qemu-img create -f qcow2 -o backing_file=/opt/stack/data/cinder/mnt/a6daaeaf6559c2cef9d9258f254a9e1f/volume-963e9104-5650-48fd-8fd9-1edfbed79cf7,backing_fmt=qcow2 /opt/stack/data/cinder/mnt/a6daaeaf6559c2cef9d9258f254a9e1f/volume-963e9104-5650-48fd-8fd9-1edfbed79cf7.0f7e34f5-aac5-481b-93b4-6adb87a8ba8f 1G" returned: 0 in 0.541s {{(pid=88641) execute /opt/stack/data/venv/lib/python3.12/site-packages/oslo_concurrency/processutils.py:468}}
Aug 10 15:57:37 devstack cinder-volume[88641]: DEBUG oslo_concurrency.processutils [None req-0a5bfdcd-fcc3-476e-9cfd-f6032a394bd2 tempest-GroupSnapshotsTest-1493708790 None] Running cmd (subprocess): sudo cinder-rootwrap /etc/cinder/rootwrap.conf qemu-img rebase -u -b volume-963e9104-5650-48fd-8fd9-1edfbed79cf7 -F qcow2 /opt/stack/data/cinder/mnt/a6daaeaf6559c2cef9d9258f254a9e1f/volume-963e9104-5650-48fd-8fd9-1edfbed79cf7.0f7e34f5-aac5-481b-93b4-6adb87a8ba8f {{(pid=88641) execute /opt/stack/data/venv/lib/python3.12/site-packages/oslo_concurrency/processutils.py:440}}
Aug 10 15:57:37 devstack sudo[93140]: quobyte : PWD=/ ; USER=root ; COMMAND=/opt/stack/data/venv/bin/cinder-rootwrap /etc/cinder/rootwrap.conf qemu-img rebase -u -b volume-963e9104-5650-48fd-8fd9-1edfbed79cf7 -F qcow2 /opt/stack/data/cinder/mnt/a6daaeaf6559c2cef9d9258f254a9e1f/volume-963e9104-5650-48fd-8fd9-1edfbed79cf7.0f7e34f5-aac5-481b-93b4-6adb87a8ba8f
Aug 10 15:57:37 devstack sudo[93140]: pam_unix(sudo:session): session opened for user root(uid=0) by (uid=1000)
Aug 10 15:57:37 devstack cinder-volume[88641]: DEBUG oslo_concurrency.lockutils [req-d66202d7-9b73-47ea-9bb3-ae19fed6256f req-90bccf41-010d-46d5-bc44-44f9af8aa3bf tempest-VolumesGetTestJSON-290632544 None] Acquiring lock "quobyte_ensure" by "cinder.volume.drivers.quobyte.QuobyteDriver._ensure_shares_mounted" {{(pid=88641) inner /opt/stack/data/venv/lib/python3.12/site-packages/oslo_concurrency/lockutils.py:512}}
Aug 10 15:57:37 devstack cinder-volume[88641]: DEBUG oslo_concurrency.lockutils [req-d66202d7-9b73-47ea-9bb3-ae19fed6256f req-90bccf41-010d-46d5-bc44-44f9af8aa3bf tempest-VolumesGetTestJSON-290632544 None] Lock "quobyte_ensure" acquired by "cinder.volume.drivers.quobyte.QuobyteDriver._ensure_shares_mounted" :: waited 0.002s {{(pid=88641) inner /opt/stack/data/venv/lib/python3.12/site-packages/oslo_concurrency/lockutils.py:525}}
Aug 10 15:57:37 devstack cinder-volume[88641]: DEBUG cinder.volume.drivers.quobyte [req-d66202d7-9b73-47ea-9bb3-ae19fed6256f req-90bccf41-010d-46d5-bc44-44f9af8aa3bf tempest-VolumesGetTestJSON-290632544 None] Quobyte Volume URL set to: {'osci02.corp.quobyte.com/cinder-vol-92def67d-6d14-4b3e-b6d4-44c2a0d3e5dc': None} {{(pid=88641) _load_shares_config /opt/stack/cinder/cinder/volume/drivers/quobyte.py:665}}
Aug 10 15:57:37 devstack cinder-volume[88641]: DEBUG cinder.volume.drivers.quobyte [req-d66202d7-9b73-47ea-9bb3-ae19fed6256f req-90bccf41-010d-46d5-bc44-44f9af8aa3bf tempest-VolumesGetTestJSON-290632544 None] Available shares ['osci02.corp.quobyte.com/cinder-vol-92def67d-6d14-4b3e-b6d4-44c2a0d3e5dc'] {{(pid=88641) _ensure_shares_mounted /opt/stack/cinder/cinder/volume/drivers/quobyte.py:695}}
Aug 10 15:57:37 devstack cinder-volume[88641]: DEBUG oslo_concurrency.lockutils [req-d66202d7-9b73-47ea-9bb3-ae19fed6256f req-90bccf41-010d-46d5-bc44-44f9af8aa3bf tempest-VolumesGetTestJSON-290632544 None] Lock "quobyte_ensure" "released" by "cinder.volume.drivers.quobyte.QuobyteDriver._ensure_shares_mounted" :: held 0.010s {{(pid=88641) inner /opt/stack/data/venv/lib/python3.12/site-packages/oslo_concurrency/lockutils.py:544}}
Aug 10 15:57:37 devstack cinder-volume[88641]: DEBUG oslo_concurrency.processutils [req-d66202d7-9b73-47ea-9bb3-ae19fed6256f req-90bccf41-010d-46d5-bc44-44f9af8aa3bf tempest-VolumesGetTestJSON-290632544 None] Running cmd (subprocess): sudo cinder-rootwrap /etc/cinder/rootwrap.conf df --portability --block-size 1 /opt/stack/data/cinder/mnt/a6daaeaf6559c2cef9d9258f254a9e1f {{(pid=88641) execute /opt/stack/data/venv/lib/python3.12/site-packages/oslo_concurrency/processutils.py:440}}
Aug 10 15:57:37 devstack sudo[93142]: quobyte : PWD=/ ; USER=root ; COMMAND=/opt/stack/data/venv/bin/cinder-rootwrap /etc/cinder/rootwrap.conf df --portability --block-size 1 /opt/stack/data/cinder/mnt/a6daaeaf6559c2cef9d9258f254a9e1f
Aug 10 15:57:37 devstack sudo[93142]: pam_unix(sudo:session): session opened for user root(uid=0) by (uid=1000)
Aug 10 15:57:37 devstack sudo[93140]: pam_unix(sudo:session): session closed for user root
Aug 10 15:57:37 devstack cinder-volume[88641]: DEBUG oslo_concurrency.processutils [None req-0a5bfdcd-fcc3-476e-9cfd-f6032a394bd2 tempest-GroupSnapshotsTest-1493708790 None] CMD "sudo cinder-rootwrap /etc/cinder/rootwrap.conf qemu-img rebase -u -b volume-963e9104-5650-48fd-8fd9-1edfbed79cf7 -F qcow2 /opt/stack/data/cinder/mnt/a6daaeaf6559c2cef9d9258f254a9e1f/volume-963e9104-5650-48fd-8fd9-1edfbed79cf7.0f7e34f5-aac5-481b-93b4-6adb87a8ba8f" returned: 0 in 0.335s {{(pid=88641) execute /opt/stack/data/venv/lib/python3.12/site-packages/oslo_concurrency/processutils.py:468}}
Aug 10 15:57:37 devstack cinder-volume[88641]: WARNING cinder.volume.drivers.remotefs [None req-0a5bfdcd-fcc3-476e-9cfd-f6032a394bd2 tempest-GroupSnapshotsTest-1493708790 None] /opt/stack/data/cinder/mnt/a6daaeaf6559c2cef9d9258f254a9e1f/volume-963e9104-5650-48fd-8fd9-1edfbed79cf7.0f7e34f5-aac5-481b-93b4-6adb87a8ba8f is being set with open permissions: ugo+rw: NotImplementedError
Aug 10 15:57:37 devstack cinder-volume[88641]: DEBUG oslo_concurrency.processutils [None req-0a5bfdcd-fcc3-476e-9cfd-f6032a394bd2 tempest-GroupSnapshotsTest-1493708790 None] Running cmd (subprocess): sudo cinder-rootwrap /etc/cinder/rootwrap.conf chmod ugo+rw /opt/stack/data/cinder/mnt/a6daaeaf6559c2cef9d9258f254a9e1f/volume-963e9104-5650-48fd-8fd9-1edfbed79cf7.0f7e34f5-aac5-481b-93b4-6adb87a8ba8f {{(pid=88641) execute /opt/stack/data/venv/lib/python3.12/site-packages/oslo_concurrency/processutils.py:440}}
Aug 10 15:57:37 devstack sudo[93148]: quobyte : PWD=/ ; USER=root ; COMMAND=/opt/stack/data/venv/bin/cinder-rootwrap /etc/cinder/rootwrap.conf chmod ugo+rw /opt/stack/data/cinder/mnt/a6daaeaf6559c2cef9d9258f254a9e1f/volume-963e9104-5650-48fd-8fd9-1edfbed79cf7.0f7e34f5-aac5-481b-93b4-6adb87a8ba8f
Aug 10 15:57:37 devstack sudo[93148]: pam_unix(sudo:session): session opened for user root(uid=0) by (uid=1000)
Aug 10 15:57:37 devstack sudo[93142]: pam_unix(sudo:session): session closed for user root
Aug 10 15:57:37 devstack cinder-volume[88641]: DEBUG oslo_concurrency.processutils [req-d66202d7-9b73-47ea-9bb3-ae19fed6256f req-90bccf41-010d-46d5-bc44-44f9af8aa3bf tempest-VolumesGetTestJSON-290632544 None] CMD "sudo cinder-rootwrap /etc/cinder/rootwrap.conf df --portability --block-size 1 /opt/stack/data/cinder/mnt/a6daaeaf6559c2cef9d9258f254a9e1f" returned: 0 in 0.398s {{(pid=88641) execute /opt/stack/data/venv/lib/python3.12/site-packages/oslo_concurrency/processutils.py:468}}
Aug 10 15:57:37 devstack cinder-volume[88641]: DEBUG cinder.manager [req-d66202d7-9b73-47ea-9bb3-ae19fed6256f req-90bccf41-010d-46d5-bc44-44f9af8aa3bf tempest-VolumesGetTestJSON-290632544 None] Notifying Schedulers of capabilities ... {{(pid=88641) _publish_service_capabilities /opt/stack/cinder/cinder/manager.py:219}}
Aug 10 15:57:37 devstack cinder-volume[88641]: INFO cinder.volume.manager [req-d66202d7-9b73-47ea-9bb3-ae19fed6256f req-90bccf41-010d-46d5-bc44-44f9af8aa3bf tempest-VolumesGetTestJSON-290632544 None] Deleted volume successfully.
Aug 10 15:57:37 devstack cinder-volume[88641]: DEBUG cinder.coordination [req-d66202d7-9b73-47ea-9bb3-ae19fed6256f req-90bccf41-010d-46d5-bc44-44f9af8aa3bf tempest-VolumesGetTestJSON-290632544 None] Lock "cinder-64e6c7d7-a2c2-42a1-998d-bee3fa96550b-delete_volume" released by "delete_volume" :: held 1.881s {{(pid=88641) __release /opt/stack/cinder/cinder/coordination.py:152}}
Aug 10 15:57:37 devstack sudo[93148]: pam_unix(sudo:session): session closed for user root
Aug 10 15:57:37 devstack cinder-volume[88641]: DEBUG oslo_concurrency.processutils [None req-0a5bfdcd-fcc3-476e-9cfd-f6032a394bd2 tempest-GroupSnapshotsTest-1493708790 None] CMD "sudo cinder-rootwrap /etc/cinder/rootwrap.conf chmod ugo+rw /opt/stack/data/cinder/mnt/a6daaeaf6559c2cef9d9258f254a9e1f/volume-963e9104-5650-48fd-8fd9-1edfbed79cf7.0f7e34f5-aac5-481b-93b4-6adb87a8ba8f" returned: 0 in 0.352s {{(pid=88641) execute /opt/stack/data/venv/lib/python3.12/site-packages/oslo_concurrency/processutils.py:468}}
Aug 10 15:57:37 devstack cinder-volume[88641]: DEBUG oslo_concurrency.processutils [None req-0a5bfdcd-fcc3-476e-9cfd-f6032a394bd2 tempest-GroupSnapshotsTest-1493708790 None] Running cmd (subprocess): sudo cinder-rootwrap /etc/cinder/rootwrap.conf truncate -s0 /opt/stack/data/cinder/mnt/a6daaeaf6559c2cef9d9258f254a9e1f/volume-963e9104-5650-48fd-8fd9-1edfbed79cf7.info {{(pid=88641) execute /opt/stack/data/venv/lib/python3.12/site-packages/oslo_concurrency/processutils.py:440}}
Aug 10 15:57:37 devstack sudo[93152]: quobyte : PWD=/ ; USER=root ; COMMAND=/opt/stack/data/venv/bin/cinder-rootwrap /etc/cinder/rootwrap.conf truncate -s0 /opt/stack/data/cinder/mnt/a6daaeaf6559c2cef9d9258f254a9e1f/volume-963e9104-5650-48fd-8fd9-1edfbed79cf7.info
Aug 10 15:57:37 devstack sudo[93152]: pam_unix(sudo:session): session opened for user root(uid=0) by (uid=1000)
Aug 10 15:57:38 devstack sudo[93152]: pam_unix(sudo:session): session closed for user root
Aug 10 15:57:38 devstack cinder-volume[88641]: DEBUG oslo_concurrency.processutils [None req-0a5bfdcd-fcc3-476e-9cfd-f6032a394bd2 tempest-GroupSnapshotsTest-1493708790 None] CMD "sudo cinder-rootwrap /etc/cinder/rootwrap.conf truncate -s0 /opt/stack/data/cinder/mnt/a6daaeaf6559c2cef9d9258f254a9e1f/volume-963e9104-5650-48fd-8fd9-1edfbed79cf7.info" returned: 0 in 0.280s {{(pid=88641) execute /opt/stack/data/venv/lib/python3.12/site-packages/oslo_concurrency/processutils.py:468}}
Aug 10 15:57:38 devstack cinder-volume[88641]: WARNING cinder.volume.drivers.remotefs [None req-0a5bfdcd-fcc3-476e-9cfd-f6032a394bd2 tempest-GroupSnapshotsTest-1493708790 None] /opt/stack/data/cinder/mnt/a6daaeaf6559c2cef9d9258f254a9e1f/volume-963e9104-5650-48fd-8fd9-1edfbed79cf7.info is being set with open permissions: ugo+rw: NotImplementedError
Aug 10 15:57:38 devstack cinder-volume[88641]: DEBUG oslo_concurrency.processutils [None req-0a5bfdcd-fcc3-476e-9cfd-f6032a394bd2 tempest-GroupSnapshotsTest-1493708790 None] Running cmd (subprocess): sudo cinder-rootwrap /etc/cinder/rootwrap.conf chmod ugo+rw /opt/stack/data/cinder/mnt/a6daaeaf6559c2cef9d9258f254a9e1f/volume-963e9104-5650-48fd-8fd9-1edfbed79cf7.info {{(pid=88641) execute /opt/stack/data/venv/lib/python3.12/site-packages/oslo_concurrency/processutils.py:440}}
Aug 10 15:57:38 devstack sudo[93155]: quobyte : PWD=/ ; USER=root ; COMMAND=/opt/stack/data/venv/bin/cinder-rootwrap /etc/cinder/rootwrap.conf chmod ugo+rw /opt/stack/data/cinder/mnt/a6daaeaf6559c2cef9d9258f254a9e1f/volume-963e9104-5650-48fd-8fd9-1edfbed79cf7.info
Aug 10 15:57:38 devstack sudo[93155]: pam_unix(sudo:session): session opened for user root(uid=0) by (uid=1000)
Aug 10 15:57:38 devstack sudo[93155]: pam_unix(sudo:session): session closed for user root
Aug 10 15:57:38 devstack cinder-volume[88641]: DEBUG oslo_concurrency.processutils [None req-0a5bfdcd-fcc3-476e-9cfd-f6032a394bd2 tempest-GroupSnapshotsTest-1493708790 None] CMD "sudo cinder-rootwrap /etc/cinder/rootwrap.conf chmod ugo+rw /opt/stack/data/cinder/mnt/a6daaeaf6559c2cef9d9258f254a9e1f/volume-963e9104-5650-48fd-8fd9-1edfbed79cf7.info" returned: 0 in 0.318s {{(pid=88641) execute /opt/stack/data/venv/lib/python3.12/site-packages/oslo_concurrency/processutils.py:468}}
Aug 10 15:57:38 devstack cinder-volume[88641]: DEBUG oslo_concurrency.lockutils [None req-0a5bfdcd-fcc3-476e-9cfd-f6032a394bd2 tempest-GroupSnapshotsTest-1493708790 None] Lock "quobyte" "released" by "cinder.volume.drivers.quobyte.QuobyteDriver.create_snapshot" :: held 2.547s {{(pid=88641) inner /opt/stack/data/venv/lib/python3.12/site-packages/oslo_concurrency/lockutils.py:544}}
Aug 10 15:57:38 devstack cinder-volume[88641]: DEBUG oslo_concurrency.lockutils [None req-0a5bfdcd-fcc3-476e-9cfd-f6032a394bd2 tempest-GroupSnapshotsTest-1493708790 None] Acquiring lock "quobyte" by "cinder.volume.drivers.quobyte.QuobyteDriver.create_snapshot" {{(pid=88641) inner /opt/stack/data/venv/lib/python3.12/site-packages/oslo_concurrency/lockutils.py:512}}
Aug 10 15:57:38 devstack cinder-volume[88641]: DEBUG oslo_concurrency.lockutils [None req-0a5bfdcd-fcc3-476e-9cfd-f6032a394bd2 tempest-GroupSnapshotsTest-1493708790 None] Lock "quobyte" acquired by "cinder.volume.drivers.quobyte.QuobyteDriver.create_snapshot" :: waited 0.000s {{(pid=88641) inner /opt/stack/data/venv/lib/python3.12/site-packages/oslo_concurrency/lockutils.py:525}}
Aug 10 15:57:38 devstack cinder-volume[88641]: DEBUG cinder.volume.drivers.remotefs [None req-0a5bfdcd-fcc3-476e-9cfd-f6032a394bd2 tempest-GroupSnapshotsTest-1493708790 None] Creating offline snapshot 36784f04-1b5d-4fd7-8c6a-03d79eba9203 of volume 3b140c40-30a9-4805-9a13-7ab45e4f5ffc {{(pid=88641) _create_snapshot /opt/stack/cinder/cinder/volume/drivers/remotefs.py:1816}}
Aug 10 15:57:38 devstack cinder-volume[88641]: DEBUG oslo.privsep.daemon [-] privsep: reply[0e384bac-366a-48dc-a963-97f6443e6159]: (4, 'qcow2') {{(pid=90565) _call_back /opt/stack/data/venv/lib/python3.12/site-packages/oslo_privsep/daemon.py:580}}
Aug 10 15:57:38 devstack cinder-volume[88641]: DEBUG oslo_concurrency.processutils [None req-0a5bfdcd-fcc3-476e-9cfd-f6032a394bd2 tempest-GroupSnapshotsTest-1493708790 None] Running cmd (subprocess): /opt/stack/data/venv/bin/python3.12 -m oslo_concurrency.prlimit --as=1073741824 --cpu=60 -- sudo cinder-rootwrap /etc/cinder/rootwrap.conf env LC_ALL=C qemu-img info -f qcow2 --output=json --force-share /opt/stack/data/cinder/mnt/a6daaeaf6559c2cef9d9258f254a9e1f/volume-3b140c40-30a9-4805-9a13-7ab45e4f5ffc {{(pid=88641) execute /opt/stack/data/venv/lib/python3.12/site-packages/oslo_concurrency/processutils.py:440}}
Aug 10 15:57:38 devstack sudo[93158]: quobyte : PWD=/ ; USER=root ; COMMAND=/opt/stack/data/venv/bin/cinder-rootwrap /etc/cinder/rootwrap.conf env LC_ALL=C qemu-img info -f qcow2 --output=json --force-share /opt/stack/data/cinder/mnt/a6daaeaf6559c2cef9d9258f254a9e1f/volume-3b140c40-30a9-4805-9a13-7ab45e4f5ffc
Aug 10 15:57:38 devstack sudo[93158]: pam_unix(sudo:session): session opened for user root(uid=0) by (uid=1000)
Aug 10 15:57:39 devstack sudo[93158]: pam_unix(sudo:session): session closed for user root
Aug 10 15:57:39 devstack cinder-volume[88641]: DEBUG oslo_concurrency.processutils [None req-0a5bfdcd-fcc3-476e-9cfd-f6032a394bd2 tempest-GroupSnapshotsTest-1493708790 None] CMD "/opt/stack/data/venv/bin/python3.12 -m oslo_concurrency.prlimit --as=1073741824 --cpu=60 -- sudo cinder-rootwrap /etc/cinder/rootwrap.conf env LC_ALL=C qemu-img info -f qcow2 --output=json --force-share /opt/stack/data/cinder/mnt/a6daaeaf6559c2cef9d9258f254a9e1f/volume-3b140c40-30a9-4805-9a13-7ab45e4f5ffc" returned: 0 in 0.526s {{(pid=88641) execute /opt/stack/data/venv/lib/python3.12/site-packages/oslo_concurrency/processutils.py:468}}
Aug 10 15:57:39 devstack cinder-volume[88641]: DEBUG oslo_concurrency.processutils [None req-0a5bfdcd-fcc3-476e-9cfd-f6032a394bd2 tempest-GroupSnapshotsTest-1493708790 None] Running cmd (subprocess): sudo cinder-rootwrap /etc/cinder/rootwrap.conf qemu-img create -f qcow2 -o backing_file=/opt/stack/data/cinder/mnt/a6daaeaf6559c2cef9d9258f254a9e1f/volume-3b140c40-30a9-4805-9a13-7ab45e4f5ffc,backing_fmt=qcow2 /opt/stack/data/cinder/mnt/a6daaeaf6559c2cef9d9258f254a9e1f/volume-3b140c40-30a9-4805-9a13-7ab45e4f5ffc.36784f04-1b5d-4fd7-8c6a-03d79eba9203 1G {{(pid=88641) execute /opt/stack/data/venv/lib/python3.12/site-packages/oslo_concurrency/processutils.py:440}}
Aug 10 15:57:39 devstack sudo[93164]: quobyte : PWD=/ ; USER=root ; COMMAND=/opt/stack/data/venv/bin/cinder-rootwrap /etc/cinder/rootwrap.conf qemu-img create -f qcow2 -o backing_file=/opt/stack/data/cinder/mnt/a6daaeaf6559c2cef9d9258f254a9e1f/volume-3b140c40-30a9-4805-9a13-7ab45e4f5ffc,backing_fmt=qcow2 /opt/stack/data/cinder/mnt/a6daaeaf6559c2cef9d9258f254a9e1f/volume-3b140c40-30a9-4805-9a13-7ab45e4f5ffc.36784f04-1b5d-4fd7-8c6a-03d79eba9203 1G
Aug 10 15:57:39 devstack sudo[93164]: pam_unix(sudo:session): session opened for user root(uid=0) by (uid=1000)
Aug 10 15:57:39 devstack sudo[93164]: pam_unix(sudo:session): session closed for user root
Aug 10 15:57:39 devstack cinder-volume[88641]: DEBUG oslo_concurrency.processutils [None req-0a5bfdcd-fcc3-476e-9cfd-f6032a394bd2 tempest-GroupSnapshotsTest-1493708790 None] CMD "sudo cinder-rootwrap /etc/cinder/rootwrap.conf qemu-img create -f qcow2 -o backing_file=/opt/stack/data/cinder/mnt/a6daaeaf6559c2cef9d9258f254a9e1f/volume-3b140c40-30a9-4805-9a13-7ab45e4f5ffc,backing_fmt=qcow2 /opt/stack/data/cinder/mnt/a6daaeaf6559c2cef9d9258f254a9e1f/volume-3b140c40-30a9-4805-9a13-7ab45e4f5ffc.36784f04-1b5d-4fd7-8c6a-03d79eba9203 1G" returned: 0 in 0.440s {{(pid=88641) execute /opt/stack/data/venv/lib/python3.12/site-packages/oslo_concurrency/processutils.py:468}}
Aug 10 15:57:39 devstack cinder-volume[88641]: DEBUG oslo_concurrency.processutils [None req-0a5bfdcd-fcc3-476e-9cfd-f6032a394bd2 tempest-GroupSnapshotsTest-1493708790 None] Running cmd (subprocess): sudo cinder-rootwrap /etc/cinder/rootwrap.conf qemu-img rebase -u -b volume-3b140c40-30a9-4805-9a13-7ab45e4f5ffc -F qcow2 /opt/stack/data/cinder/mnt/a6daaeaf6559c2cef9d9258f254a9e1f/volume-3b140c40-30a9-4805-9a13-7ab45e4f5ffc.36784f04-1b5d-4fd7-8c6a-03d79eba9203 {{(pid=88641) execute /opt/stack/data/venv/lib/python3.12/site-packages/oslo_concurrency/processutils.py:440}}
Aug 10 15:57:39 devstack sudo[93171]: quobyte : PWD=/ ; USER=root ; COMMAND=/opt/stack/data/venv/bin/cinder-rootwrap /etc/cinder/rootwrap.conf qemu-img rebase -u -b volume-3b140c40-30a9-4805-9a13-7ab45e4f5ffc -F qcow2 /opt/stack/data/cinder/mnt/a6daaeaf6559c2cef9d9258f254a9e1f/volume-3b140c40-30a9-4805-9a13-7ab45e4f5ffc.36784f04-1b5d-4fd7-8c6a-03d79eba9203
Aug 10 15:57:39 devstack sudo[93171]: pam_unix(sudo:session): session opened for user root(uid=0) by (uid=1000)
Aug 10 15:57:40 devstack sudo[93171]: pam_unix(sudo:session): session closed for user root
Aug 10 15:57:40 devstack cinder-volume[88641]: DEBUG oslo_concurrency.processutils [None req-0a5bfdcd-fcc3-476e-9cfd-f6032a394bd2 tempest-GroupSnapshotsTest-1493708790 None] CMD "sudo cinder-rootwrap /etc/cinder/rootwrap.conf qemu-img rebase -u -b volume-3b140c40-30a9-4805-9a13-7ab45e4f5ffc -F qcow2 /opt/stack/data/cinder/mnt/a6daaeaf6559c2cef9d9258f254a9e1f/volume-3b140c40-30a9-4805-9a13-7ab45e4f5ffc.36784f04-1b5d-4fd7-8c6a-03d79eba9203" returned: 0 in 0.448s {{(pid=88641) execute /opt/stack/data/venv/lib/python3.12/site-packages/oslo_concurrency/processutils.py:468}}
Aug 10 15:57:40 devstack cinder-volume[88641]: WARNING cinder.volume.drivers.remotefs [None req-0a5bfdcd-fcc3-476e-9cfd-f6032a394bd2 tempest-GroupSnapshotsTest-1493708790 None] /opt/stack/data/cinder/mnt/a6daaeaf6559c2cef9d9258f254a9e1f/volume-3b140c40-30a9-4805-9a13-7ab45e4f5ffc.36784f04-1b5d-4fd7-8c6a-03d79eba9203 is being set with open permissions: ugo+rw: NotImplementedError
Aug 10 15:57:40 devstack cinder-volume[88641]: DEBUG oslo_concurrency.processutils [None req-0a5bfdcd-fcc3-476e-9cfd-f6032a394bd2 tempest-GroupSnapshotsTest-1493708790 None] Running cmd (subprocess): sudo cinder-rootwrap /etc/cinder/rootwrap.conf chmod ugo+rw /opt/stack/data/cinder/mnt/a6daaeaf6559c2cef9d9258f254a9e1f/volume-3b140c40-30a9-4805-9a13-7ab45e4f5ffc.36784f04-1b5d-4fd7-8c6a-03d79eba9203 {{(pid=88641) execute /opt/stack/data/venv/lib/python3.12/site-packages/oslo_concurrency/processutils.py:440}}
Aug 10 15:57:40 devstack sudo[93176]: quobyte : PWD=/ ; USER=root ; COMMAND=/opt/stack/data/venv/bin/cinder-rootwrap /etc/cinder/rootwrap.conf chmod ugo+rw /opt/stack/data/cinder/mnt/a6daaeaf6559c2cef9d9258f254a9e1f/volume-3b140c40-30a9-4805-9a13-7ab45e4f5ffc.36784f04-1b5d-4fd7-8c6a-03d79eba9203
Aug 10 15:57:40 devstack sudo[93176]: pam_unix(sudo:session): session opened for user root(uid=0) by (uid=1000)
Aug 10 15:57:40 devstack sudo[93176]: pam_unix(sudo:session): session closed for user root
Aug 10 15:57:40 devstack cinder-volume[88641]: DEBUG oslo_concurrency.processutils [None req-0a5bfdcd-fcc3-476e-9cfd-f6032a394bd2 tempest-GroupSnapshotsTest-1493708790 None] CMD "sudo cinder-rootwrap /etc/cinder/rootwrap.conf chmod ugo+rw /opt/stack/data/cinder/mnt/a6daaeaf6559c2cef9d9258f254a9e1f/volume-3b140c40-30a9-4805-9a13-7ab45e4f5ffc.36784f04-1b5d-4fd7-8c6a-03d79eba9203" returned: 0 in 0.375s {{(pid=88641) execute /opt/stack/data/venv/lib/python3.12/site-packages/oslo_concurrency/processutils.py:468}}
Aug 10 15:57:40 devstack cinder-volume[88641]: DEBUG oslo_concurrency.processutils [None req-0a5bfdcd-fcc3-476e-9cfd-f6032a394bd2 tempest-GroupSnapshotsTest-1493708790 None] Running cmd (subprocess): sudo cinder-rootwrap /etc/cinder/rootwrap.conf truncate -s0 /opt/stack/data/cinder/mnt/a6daaeaf6559c2cef9d9258f254a9e1f/volume-3b140c40-30a9-4805-9a13-7ab45e4f5ffc.info {{(pid=88641) execute /opt/stack/data/venv/lib/python3.12/site-packages/oslo_concurrency/processutils.py:440}}
Aug 10 15:57:40 devstack sudo[93179]: quobyte : PWD=/ ; USER=root ; COMMAND=/opt/stack/data/venv/bin/cinder-rootwrap /etc/cinder/rootwrap.conf truncate -s0 /opt/stack/data/cinder/mnt/a6daaeaf6559c2cef9d9258f254a9e1f/volume-3b140c40-30a9-4805-9a13-7ab45e4f5ffc.info
Aug 10 15:57:40 devstack sudo[93179]: pam_unix(sudo:session): session opened for user root(uid=0) by (uid=1000)
Aug 10 15:57:40 devstack sudo[93179]: pam_unix(sudo:session): session closed for user root
Aug 10 15:57:40 devstack cinder-volume[88641]: DEBUG oslo_concurrency.processutils [None req-0a5bfdcd-fcc3-476e-9cfd-f6032a394bd2 tempest-GroupSnapshotsTest-1493708790 None] CMD "sudo cinder-rootwrap /etc/cinder/rootwrap.conf truncate -s0 /opt/stack/data/cinder/mnt/a6daaeaf6559c2cef9d9258f254a9e1f/volume-3b140c40-30a9-4805-9a13-7ab45e4f5ffc.info" returned: 0 in 0.330s {{(pid=88641) execute /opt/stack/data/venv/lib/python3.12/site-packages/oslo_concurrency/processutils.py:468}}
Aug 10 15:57:40 devstack cinder-volume[88641]: WARNING cinder.volume.drivers.remotefs [None req-0a5bfdcd-fcc3-476e-9cfd-f6032a394bd2 tempest-GroupSnapshotsTest-1493708790 None] /opt/stack/data/cinder/mnt/a6daaeaf6559c2cef9d9258f254a9e1f/volume-3b140c40-30a9-4805-9a13-7ab45e4f5ffc.info is being set with open permissions: ugo+rw: NotImplementedError
Aug 10 15:57:40 devstack cinder-volume[88641]: DEBUG oslo_concurrency.processutils [None req-0a5bfdcd-fcc3-476e-9cfd-f6032a394bd2 tempest-GroupSnapshotsTest-1493708790 None] Running cmd (subprocess): sudo cinder-rootwrap /etc/cinder/rootwrap.conf chmod ugo+rw /opt/stack/data/cinder/mnt/a6daaeaf6559c2cef9d9258f254a9e1f/volume-3b140c40-30a9-4805-9a13-7ab45e4f5ffc.info {{(pid=88641) execute /opt/stack/data/venv/lib/python3.12/site-packages/oslo_concurrency/processutils.py:440}}
Aug 10 15:57:40 devstack sudo[93182]: quobyte : PWD=/ ; USER=root ; COMMAND=/opt/stack/data/venv/bin/cinder-rootwrap /etc/cinder/rootwrap.conf chmod ugo+rw /opt/stack/data/cinder/mnt/a6daaeaf6559c2cef9d9258f254a9e1f/volume-3b140c40-30a9-4805-9a13-7ab45e4f5ffc.info
Aug 10 15:57:40 devstack sudo[93182]: pam_unix(sudo:session): session opened for user root(uid=0) by (uid=1000)
Aug 10 15:57:41 devstack sudo[93182]: pam_unix(sudo:session): session closed for user root
Aug 10 15:57:41 devstack cinder-volume[88641]: DEBUG oslo_concurrency.processutils [None req-0a5bfdcd-fcc3-476e-9cfd-f6032a394bd2 tempest-GroupSnapshotsTest-1493708790 None] CMD "sudo cinder-rootwrap /etc/cinder/rootwrap.conf chmod ugo+rw /opt/stack/data/cinder/mnt/a6daaeaf6559c2cef9d9258f254a9e1f/volume-3b140c40-30a9-4805-9a13-7ab45e4f5ffc.info" returned: 0 in 0.383s {{(pid=88641) execute /opt/stack/data/venv/lib/python3.12/site-packages/oslo_concurrency/processutils.py:468}}
Aug 10 15:57:41 devstack cinder-volume[88641]: DEBUG oslo_concurrency.lockutils [None req-0a5bfdcd-fcc3-476e-9cfd-f6032a394bd2 tempest-GroupSnapshotsTest-1493708790 None] Lock "quobyte" "released" by "cinder.volume.drivers.quobyte.QuobyteDriver.create_snapshot" :: held 2.637s {{(pid=88641) inner /opt/stack/data/venv/lib/python3.12/site-packages/oslo_concurrency/lockutils.py:544}}
Aug 10 15:57:41 devstack cinder-volume[88641]: INFO cinder.volume.manager [None req-0a5bfdcd-fcc3-476e-9cfd-f6032a394bd2 tempest-GroupSnapshotsTest-1493708790 None] group_snapshot f7f6b2bb-467a-4aed-91ff-d1218f319b35: created successfully
Aug 10 15:57:41 devstack cinder-volume[88641]: INFO cinder.volume.manager [None req-61e28a71-3f0d-463b-925d-d607cf6da132 tempest-GroupSnapshotsTest-1493708790 None] group_snapshot f7f6b2bb-467a-4aed-91ff-d1218f319b35: deleting
Aug 10 15:57:41 devstack cinder-volume[88641]: DEBUG cinder.volume.manager [None req-61e28a71-3f0d-463b-925d-d607cf6da132 tempest-GroupSnapshotsTest-1493708790 None] group_snapshot f7f6b2bb-467a-4aed-91ff-d1218f319b35: deleting {{(pid=88641) delete_group_snapshot /opt/stack/cinder/cinder/volume/manager.py:4350}}
Aug 10 15:57:41 devstack cinder-volume[88641]: DEBUG cinder.coordination [None req-61e28a71-3f0d-463b-925d-d607cf6da132 tempest-GroupSnapshotsTest-1493708790 None] Acquiring lock "cinder-quobyte-963e9104-5650-48fd-8fd9-1edfbed79cf7" by "delete_snapshot" {{(pid=88641) __acquire /opt/stack/cinder/cinder/coordination.py:138}}
Aug 10 15:57:41 devstack cinder-volume[88641]: DEBUG cinder.coordination [None req-61e28a71-3f0d-463b-925d-d607cf6da132 tempest-GroupSnapshotsTest-1493708790 None] Lock "cinder-quobyte-963e9104-5650-48fd-8fd9-1edfbed79cf7" acquired by "delete_snapshot" :: waited 0.029s {{(pid=88641) __acquire /opt/stack/cinder/cinder/coordination.py:141}}
Aug 10 15:57:41 devstack cinder-volume[88641]: DEBUG cinder.coordination [None req-61e28a71-3f0d-463b-925d-d607cf6da132 tempest-GroupSnapshotsTest-1493708790 None] Acquiring lock "cinder-quobyte-0f7e34f5-aac5-481b-93b4-6adb87a8ba8f" by "_delete_snapshot" {{(pid=88641) __acquire /opt/stack/cinder/cinder/coordination.py:138}}
Aug 10 15:57:41 devstack cinder-volume[88641]: DEBUG cinder.coordination [None req-61e28a71-3f0d-463b-925d-d607cf6da132 tempest-GroupSnapshotsTest-1493708790 None] Lock "cinder-quobyte-0f7e34f5-aac5-481b-93b4-6adb87a8ba8f" acquired by "_delete_snapshot" :: waited 0.028s {{(pid=88641) __acquire /opt/stack/cinder/cinder/coordination.py:141}}
Aug 10 15:57:41 devstack cinder-volume[88641]: DEBUG cinder.volume.drivers.remotefs [None req-61e28a71-3f0d-463b-925d-d607cf6da132 tempest-GroupSnapshotsTest-1493708790 None] Deleting offline snapshot 0f7e34f5-aac5-481b-93b4-6adb87a8ba8f of volume 963e9104-5650-48fd-8fd9-1edfbed79cf7 {{(pid=88641) _delete_snapshot /opt/stack/cinder/cinder/volume/drivers/remotefs.py:1288}}
Aug 10 15:57:41 devstack cinder-volume[88641]: DEBUG cinder.volume.drivers.remotefs [None req-61e28a71-3f0d-463b-925d-d607cf6da132 tempest-GroupSnapshotsTest-1493708790 None] snapshot_file for this snap is: volume-963e9104-5650-48fd-8fd9-1edfbed79cf7.0f7e34f5-aac5-481b-93b4-6adb87a8ba8f {{(pid=88641) _delete_snapshot /opt/stack/cinder/cinder/volume/drivers/remotefs.py:1317}}
Aug 10 15:57:41 devstack cinder-volume[88641]: DEBUG oslo.privsep.daemon [-] privsep: reply[595c6e32-07ef-4686-8809-913f03ffdc4f]: (4, 'qcow2') {{(pid=90565) _call_back /opt/stack/data/venv/lib/python3.12/site-packages/oslo_privsep/daemon.py:580}}
Aug 10 15:57:41 devstack cinder-volume[88641]: DEBUG oslo_concurrency.processutils [None req-61e28a71-3f0d-463b-925d-d607cf6da132 tempest-GroupSnapshotsTest-1493708790 None] Running cmd (subprocess): /opt/stack/data/venv/bin/python3.12 -m oslo_concurrency.prlimit --as=1073741824 --cpu=60 -- sudo cinder-rootwrap /etc/cinder/rootwrap.conf env LC_ALL=C qemu-img info -f qcow2 --output=json --force-share /opt/stack/data/cinder/mnt/a6daaeaf6559c2cef9d9258f254a9e1f/volume-963e9104-5650-48fd-8fd9-1edfbed79cf7.0f7e34f5-aac5-481b-93b4-6adb87a8ba8f {{(pid=88641) execute /opt/stack/data/venv/lib/python3.12/site-packages/oslo_concurrency/processutils.py:440}}
Aug 10 15:57:42 devstack sudo[93186]: quobyte : PWD=/ ; USER=root ; COMMAND=/opt/stack/data/venv/bin/cinder-rootwrap /etc/cinder/rootwrap.conf env LC_ALL=C qemu-img info -f qcow2 --output=json --force-share /opt/stack/data/cinder/mnt/a6daaeaf6559c2cef9d9258f254a9e1f/volume-963e9104-5650-48fd-8fd9-1edfbed79cf7.0f7e34f5-aac5-481b-93b4-6adb87a8ba8f
Aug 10 15:57:42 devstack sudo[93186]: pam_unix(sudo:session): session opened for user root(uid=0) by (uid=1000)
Aug 10 15:57:42 devstack sudo[93186]: pam_unix(sudo:session): session closed for user root
Aug 10 15:57:42 devstack cinder-volume[88641]: DEBUG oslo_concurrency.processutils [None req-61e28a71-3f0d-463b-925d-d607cf6da132 tempest-GroupSnapshotsTest-1493708790 None] CMD "/opt/stack/data/venv/bin/python3.12 -m oslo_concurrency.prlimit --as=1073741824 --cpu=60 -- sudo cinder-rootwrap /etc/cinder/rootwrap.conf env LC_ALL=C qemu-img info -f qcow2 --output=json --force-share /opt/stack/data/cinder/mnt/a6daaeaf6559c2cef9d9258f254a9e1f/volume-963e9104-5650-48fd-8fd9-1edfbed79cf7.0f7e34f5-aac5-481b-93b4-6adb87a8ba8f" returned: 0 in 0.644s {{(pid=88641) execute /opt/stack/data/venv/lib/python3.12/site-packages/oslo_concurrency/processutils.py:468}}
Aug 10 15:57:42 devstack cinder-volume[88641]: DEBUG cinder.volume.drivers.remotefs [None req-61e28a71-3f0d-463b-925d-d607cf6da132 tempest-GroupSnapshotsTest-1493708790 None] Fetching qemu-img info with special backing_file_template: (/opt/stack/data/cinder/mnt/[0-9a-f]+/)?(volume-963e9104-5650-48fd-8fd9-1edfbed79cf7(.(tmp-snap-)?[0-9a-f-]+)?|volume_from_snapshot_cache/(tmp-snap-)?[0-9a-f-]+(.(child-|parent-)[0-9a-f-]+)?)$ {{(pid=88641) _qemu_img_info_base /opt/stack/cinder/cinder/volume/drivers/remotefs.py:896}}
Aug 10 15:57:42 devstack cinder-volume[88641]: DEBUG oslo.privsep.daemon [-] privsep: reply[95b0aa07-7768-4798-bfb5-565d2ad2da96]: (4, 'qcow2') {{(pid=90565) _call_back /opt/stack/data/venv/lib/python3.12/site-packages/oslo_privsep/daemon.py:580}}
Aug 10 15:57:42 devstack cinder-volume[88641]: DEBUG oslo_concurrency.processutils [None req-61e28a71-3f0d-463b-925d-d607cf6da132 tempest-GroupSnapshotsTest-1493708790 None] Running cmd (subprocess): /opt/stack/data/venv/bin/python3.12 -m oslo_concurrency.prlimit --as=1073741824 --cpu=60 -- sudo cinder-rootwrap /etc/cinder/rootwrap.conf env LC_ALL=C qemu-img info -f qcow2 --output=json --force-share /opt/stack/data/cinder/mnt/a6daaeaf6559c2cef9d9258f254a9e1f/volume-963e9104-5650-48fd-8fd9-1edfbed79cf7 {{(pid=88641) execute /opt/stack/data/venv/lib/python3.12/site-packages/oslo_concurrency/processutils.py:440}}
Aug 10 15:57:42 devstack sudo[93220]: quobyte : PWD=/ ; USER=root ; COMMAND=/opt/stack/data/venv/bin/cinder-rootwrap /etc/cinder/rootwrap.conf env LC_ALL=C qemu-img info -f qcow2 --output=json --force-share /opt/stack/data/cinder/mnt/a6daaeaf6559c2cef9d9258f254a9e1f/volume-963e9104-5650-48fd-8fd9-1edfbed79cf7
Aug 10 15:57:42 devstack sudo[93220]: pam_unix(sudo:session): session opened for user root(uid=0) by (uid=1000)
Aug 10 15:57:43 devstack sudo[93220]: pam_unix(sudo:session): session closed for user root
Aug 10 15:57:43 devstack cinder-volume[88641]: DEBUG oslo_concurrency.processutils [None req-61e28a71-3f0d-463b-925d-d607cf6da132 tempest-GroupSnapshotsTest-1493708790 None] CMD "/opt/stack/data/venv/bin/python3.12 -m oslo_concurrency.prlimit --as=1073741824 --cpu=60 -- sudo cinder-rootwrap /etc/cinder/rootwrap.conf env LC_ALL=C qemu-img info -f qcow2 --output=json --force-share /opt/stack/data/cinder/mnt/a6daaeaf6559c2cef9d9258f254a9e1f/volume-963e9104-5650-48fd-8fd9-1edfbed79cf7" returned: 0 in 0.507s {{(pid=88641) execute /opt/stack/data/venv/lib/python3.12/site-packages/oslo_concurrency/processutils.py:468}}
Aug 10 15:57:43 devstack cinder-volume[88641]: DEBUG oslo_concurrency.processutils [None req-61e28a71-3f0d-463b-925d-d607cf6da132 tempest-GroupSnapshotsTest-1493708790 None] Running cmd (subprocess): sudo cinder-rootwrap /etc/cinder/rootwrap.conf qemu-img commit -d /opt/stack/data/cinder/mnt/a6daaeaf6559c2cef9d9258f254a9e1f/volume-963e9104-5650-48fd-8fd9-1edfbed79cf7.0f7e34f5-aac5-481b-93b4-6adb87a8ba8f {{(pid=88641) execute /opt/stack/data/venv/lib/python3.12/site-packages/oslo_concurrency/processutils.py:440}}
Aug 10 15:57:43 devstack sudo[93227]: quobyte : PWD=/ ; USER=root ; COMMAND=/opt/stack/data/venv/bin/cinder-rootwrap /etc/cinder/rootwrap.conf qemu-img commit -d /opt/stack/data/cinder/mnt/a6daaeaf6559c2cef9d9258f254a9e1f/volume-963e9104-5650-48fd-8fd9-1edfbed79cf7.0f7e34f5-aac5-481b-93b4-6adb87a8ba8f
Aug 10 15:57:43 devstack sudo[93227]: pam_unix(sudo:session): session opened for user root(uid=0) by (uid=1000)
Aug 10 15:57:43 devstack sudo[93227]: pam_unix(sudo:session): session closed for user root
Aug 10 15:57:43 devstack cinder-volume[88641]: DEBUG oslo_concurrency.processutils [None req-61e28a71-3f0d-463b-925d-d607cf6da132 tempest-GroupSnapshotsTest-1493708790 None] CMD "sudo cinder-rootwrap /etc/cinder/rootwrap.conf qemu-img commit -d /opt/stack/data/cinder/mnt/a6daaeaf6559c2cef9d9258f254a9e1f/volume-963e9104-5650-48fd-8fd9-1edfbed79cf7.0f7e34f5-aac5-481b-93b4-6adb87a8ba8f" returned: 0 in 0.417s {{(pid=88641) execute /opt/stack/data/venv/lib/python3.12/site-packages/oslo_concurrency/processutils.py:468}}
Aug 10 15:57:43 devstack cinder-volume[88641]: DEBUG oslo_concurrency.processutils [None req-61e28a71-3f0d-463b-925d-d607cf6da132 tempest-GroupSnapshotsTest-1493708790 None] Running cmd (subprocess): sudo cinder-rootwrap /etc/cinder/rootwrap.conf rm -f /opt/stack/data/cinder/mnt/a6daaeaf6559c2cef9d9258f254a9e1f/volume-963e9104-5650-48fd-8fd9-1edfbed79cf7.0f7e34f5-aac5-481b-93b4-6adb87a8ba8f {{(pid=88641) execute /opt/stack/data/venv/lib/python3.12/site-packages/oslo_concurrency/processutils.py:440}}
Aug 10 15:57:43 devstack sudo[93233]: quobyte : PWD=/ ; USER=root ; COMMAND=/opt/stack/data/venv/bin/cinder-rootwrap /etc/cinder/rootwrap.conf rm -f /opt/stack/data/cinder/mnt/a6daaeaf6559c2cef9d9258f254a9e1f/volume-963e9104-5650-48fd-8fd9-1edfbed79cf7.0f7e34f5-aac5-481b-93b4-6adb87a8ba8f
Aug 10 15:57:43 devstack sudo[93233]: pam_unix(sudo:session): session opened for user root(uid=0) by (uid=1000)
Aug 10 15:57:43 devstack sudo[93233]: pam_unix(sudo:session): session closed for user root
Aug 10 15:57:43 devstack cinder-volume[88641]: DEBUG oslo_concurrency.processutils [None req-61e28a71-3f0d-463b-925d-d607cf6da132 tempest-GroupSnapshotsTest-1493708790 None] CMD "sudo cinder-rootwrap /etc/cinder/rootwrap.conf rm -f /opt/stack/data/cinder/mnt/a6daaeaf6559c2cef9d9258f254a9e1f/volume-963e9104-5650-48fd-8fd9-1edfbed79cf7.0f7e34f5-aac5-481b-93b4-6adb87a8ba8f" returned: 0 in 0.355s {{(pid=88641) execute /opt/stack/data/venv/lib/python3.12/site-packages/oslo_concurrency/processutils.py:468}}
Aug 10 15:57:43 devstack cinder-volume[88641]: DEBUG cinder.coordination [None req-61e28a71-3f0d-463b-925d-d607cf6da132 tempest-GroupSnapshotsTest-1493708790 None] Lock "cinder-quobyte-0f7e34f5-aac5-481b-93b4-6adb87a8ba8f" released by "_delete_snapshot" :: held 2.064s {{(pid=88641) __release /opt/stack/cinder/cinder/coordination.py:152}}
Aug 10 15:57:43 devstack cinder-volume[88641]: DEBUG cinder.coordination [None req-61e28a71-3f0d-463b-925d-d607cf6da132 tempest-GroupSnapshotsTest-1493708790 None] Lock "cinder-quobyte-963e9104-5650-48fd-8fd9-1edfbed79cf7" released by "delete_snapshot" :: held 2.104s {{(pid=88641) __release /opt/stack/cinder/cinder/coordination.py:152}}
Aug 10 15:57:43 devstack cinder-volume[88641]: DEBUG cinder.volume.flows.manager.create_volume [None req-f10c3257-41b5-467f-afae-99f0b79ef0a3 tempest-VolumesTestJSON-963726379 None] Volume reschedule parameters: True retry: {'num_attempts': 1, 'backends': ['devstack@QuobyteHD#QuobyteHD'], 'hosts': ['devstack@QuobyteHD#QuobyteHD']} {{(pid=88641) get_flow /opt/stack/cinder/cinder/volume/flows/manager/create_volume.py:1397}}
Aug 10 15:57:43 devstack cinder-volume[88641]: DEBUG cinder.volume.manager [None req-f10c3257-41b5-467f-afae-99f0b79ef0a3 tempest-VolumesTestJSON-963726379 None] Flow 'volume_create_manager' (7ee98c24-f1ab-4948-93aa-1b481da888b8) transitioned into state 'RUNNING' from state 'PENDING' {{(pid=88641) _flow_receiver /opt/stack/data/venv/lib/python3.12/site-packages/taskflow/listeners/logging.py:160}}
Aug 10 15:57:43 devstack cinder-volume[88641]: DEBUG cinder.volume.manager [None req-f10c3257-41b5-467f-afae-99f0b79ef0a3 tempest-VolumesTestJSON-963726379 None] Task 'cinder.volume.flows.manager.create_volume.ExtractVolumeRefTask;volume:create' (f586702f-b23a-4c67-944f-d8f428e31277) transitioned into state 'RUNNING' from state 'PENDING' {{(pid=88641) _task_receiver /opt/stack/data/venv/lib/python3.12/site-packages/taskflow/listeners/logging.py:242}}
Aug 10 15:57:43 devstack cinder-volume[88641]: DEBUG cinder.coordination [None req-61e28a71-3f0d-463b-925d-d607cf6da132 tempest-GroupSnapshotsTest-1493708790 None] Acquiring lock "cinder-quobyte-3b140c40-30a9-4805-9a13-7ab45e4f5ffc" by "delete_snapshot" {{(pid=88641) __acquire /opt/stack/cinder/cinder/coordination.py:138}}
Aug 10 15:57:43 devstack cinder-volume[88641]: DEBUG cinder.volume.manager [None req-f10c3257-41b5-467f-afae-99f0b79ef0a3 tempest-VolumesTestJSON-963726379 None] Task 'cinder.volume.flows.manager.create_volume.ExtractVolumeRefTask;volume:create' (f586702f-b23a-4c67-944f-d8f428e31277) transitioned into state 'SUCCESS' from state 'RUNNING' with result 'Volume(_name_id=None,admin_metadata=,attach_status='detached',availability_zone='nova',bootable=False,cluster=,cluster_name=None,consistencygroup=,consistencygroup_id=None,created_at=2026-08-10T13:57:43Z,deleted=False,deleted_at=None,display_description=None,display_name='tempest-VolumesTestJSON-volume-1945231727',ec2_id=None,encryption_key_id=None,glance_metadata=,group=,group_id=None,host='devstack@QuobyteHD#QuobyteHD',id=0a4885c9-6eab-4397-85a7-6164a3e4b75e,launched_at=None,metadata={Type='work'},migration_status=None,multiattach=False,previous_status=None,project_id='14cfaa3d899b42c096fe0d480c4d04fd',provider_auth=None,provider_geometry=None,provider_id=None,provider_location=None,replication_driver_data=None,replication_extended_status=None,replication_status=None,scheduled_at=2026-08-10T13:57:44Z,service_uuid=None,shared_targets=True,size=1,snapshot_id=None,snapshots=,source_volid=None,status='creating',terminated_at=None,updated_at=2026-08-10T13:57:44Z,use_quota=True,user_id='d4161bf2cdb845c08d9adc7a053e286d',volume_attachment=VolumeAttachmentList,volume_type=VolumeType(31ce84fb-e569-491d-9418-4fddedf66caf),volume_type_id=31ce84fb-e569-491d-9418-4fddedf66caf)' {{(pid=88641) _task_receiver /opt/stack/data/venv/lib/python3.12/site-packages/taskflow/listeners/logging.py:218}}
Aug 10 15:57:43 devstack cinder-volume[88641]: DEBUG cinder.volume.manager [None req-f10c3257-41b5-467f-afae-99f0b79ef0a3 tempest-VolumesTestJSON-963726379 None] Task 'cinder.volume.flows.manager.create_volume.OnFailureRescheduleTask;volume:create' (88b4a1d1-4b4c-4201-94ff-96e04df63d78) transitioned into state 'RUNNING' from state 'PENDING' {{(pid=88641) _task_receiver /opt/stack/data/venv/lib/python3.12/site-packages/taskflow/listeners/logging.py:242}}
Aug 10 15:57:43 devstack cinder-volume[88641]: DEBUG cinder.volume.manager [None req-f10c3257-41b5-467f-afae-99f0b79ef0a3 tempest-VolumesTestJSON-963726379 None] Task 'cinder.volume.flows.manager.create_volume.OnFailureRescheduleTask;volume:create' (88b4a1d1-4b4c-4201-94ff-96e04df63d78) transitioned into state 'SUCCESS' from state 'RUNNING' with result 'None' {{(pid=88641) _task_receiver /opt/stack/data/venv/lib/python3.12/site-packages/taskflow/listeners/logging.py:218}}
Aug 10 15:57:43 devstack cinder-volume[88641]: DEBUG cinder.volume.manager [None req-f10c3257-41b5-467f-afae-99f0b79ef0a3 tempest-VolumesTestJSON-963726379 None] Task 'cinder.volume.flows.manager.create_volume.ExtractVolumeSpecTask;volume:create' (7683c9c7-0bd8-43ea-946f-22bb6b12a571) transitioned into state 'RUNNING' from state 'PENDING' {{(pid=88641) _task_receiver /opt/stack/data/venv/lib/python3.12/site-packages/taskflow/listeners/logging.py:242}}
Aug 10 15:57:43 devstack cinder-volume[88641]: DEBUG cinder.volume.manager [None req-f10c3257-41b5-467f-afae-99f0b79ef0a3 tempest-VolumesTestJSON-963726379 None] Task 'cinder.volume.flows.manager.create_volume.ExtractVolumeSpecTask;volume:create' (7683c9c7-0bd8-43ea-946f-22bb6b12a571) transitioned into state 'SUCCESS' from state 'RUNNING' with result '{'status': 'creating', 'type': 'raw', 'volume_id': '0a4885c9-6eab-4397-85a7-6164a3e4b75e', 'volume_name': 'volume-0a4885c9-6eab-4397-85a7-6164a3e4b75e', 'volume_size': 1}' {{(pid=88641) _task_receiver /opt/stack/data/venv/lib/python3.12/site-packages/taskflow/listeners/logging.py:218}}
Aug 10 15:57:43 devstack cinder-volume[88641]: DEBUG cinder.volume.manager [None req-f10c3257-41b5-467f-afae-99f0b79ef0a3 tempest-VolumesTestJSON-963726379 None] Task 'cinder.volume.flows.manager.create_volume.NotifyVolumeActionTask;volume:create, create.start' (12987bde-b409-4e7b-8384-41f917e7f02d) transitioned into state 'RUNNING' from state 'PENDING' {{(pid=88641) _task_receiver /opt/stack/data/venv/lib/python3.12/site-packages/taskflow/listeners/logging.py:242}}
Aug 10 15:57:43 devstack cinder-volume[88641]: DEBUG cinder.volume.manager [None req-f10c3257-41b5-467f-afae-99f0b79ef0a3 tempest-VolumesTestJSON-963726379 None] Task 'cinder.volume.flows.manager.create_volume.NotifyVolumeActionTask;volume:create, create.start' (12987bde-b409-4e7b-8384-41f917e7f02d) transitioned into state 'SUCCESS' from state 'RUNNING' with result 'None' {{(pid=88641) _task_receiver /opt/stack/data/venv/lib/python3.12/site-packages/taskflow/listeners/logging.py:218}}
Aug 10 15:57:43 devstack cinder-volume[88641]: DEBUG cinder.volume.manager [None req-f10c3257-41b5-467f-afae-99f0b79ef0a3 tempest-VolumesTestJSON-963726379 None] Task 'cinder.volume.flows.manager.create_volume.CreateVolumeFromSpecTask;volume:create' (2d52ac9e-e652-4807-b922-20e6b385af1b) transitioned into state 'RUNNING' from state 'PENDING' {{(pid=88641) _task_receiver /opt/stack/data/venv/lib/python3.12/site-packages/taskflow/listeners/logging.py:242}}
Aug 10 15:57:43 devstack cinder-volume[88641]: INFO cinder.volume.flows.manager.create_volume [None req-f10c3257-41b5-467f-afae-99f0b79ef0a3 tempest-VolumesTestJSON-963726379 None] Volume 0a4885c9-6eab-4397-85a7-6164a3e4b75e: being created as raw with specification: {'status': 'creating', 'volume_name': 'volume-0a4885c9-6eab-4397-85a7-6164a3e4b75e', 'volume_size': 1}
Aug 10 15:57:44 devstack cinder-volume[88641]: DEBUG oslo_concurrency.lockutils [None req-f10c3257-41b5-467f-afae-99f0b79ef0a3 tempest-VolumesTestJSON-963726379 None] Acquiring lock "quobyte" by "cinder.volume.drivers.quobyte.QuobyteDriver.create_volume" {{(pid=88641) inner /opt/stack/data/venv/lib/python3.12/site-packages/oslo_concurrency/lockutils.py:512}}
Aug 10 15:57:44 devstack cinder-volume[88641]: DEBUG oslo_concurrency.lockutils [None req-f10c3257-41b5-467f-afae-99f0b79ef0a3 tempest-VolumesTestJSON-963726379 None] Lock "quobyte" acquired by "cinder.volume.drivers.quobyte.QuobyteDriver.create_volume" :: waited 0.000s {{(pid=88641) inner /opt/stack/data/venv/lib/python3.12/site-packages/oslo_concurrency/lockutils.py:525}}
