Apr 09 17:27:04 devstack devstack@g-api.service[73628]: [uWSGI] getting INI configuration from /etc/glance/glance-uwsgi.ini
Apr 09 17:27:04 devstack devstack@g-api.service[73628]: *** Starting uWSGI 2.0.20-debian (64bit) on [Thu Apr 9 17:27:04 2026] ***
Apr 09 17:27:04 devstack devstack@g-api.service[73628]: compiled with version: 11.2.0 on 21 March 2022 11:00:44
Apr 09 17:27:04 devstack devstack@g-api.service[73628]: os: Linux-5.15.0-171-generic #181-Ubuntu SMP Fri Feb 6 22:44:50 UTC 2026
Apr 09 17:27:04 devstack devstack@g-api.service[73628]: nodename: devstack
Apr 09 17:27:04 devstack devstack@g-api.service[73628]: machine: x86_64
Apr 09 17:27:04 devstack devstack@g-api.service[73628]: clock source: unix
Apr 09 17:27:04 devstack devstack@g-api.service[73628]: pcre jit disabled
Apr 09 17:27:04 devstack devstack@g-api.service[73628]: detected number of CPU cores: 4
Apr 09 17:27:04 devstack devstack@g-api.service[73628]: current working directory: /
Apr 09 17:27:04 devstack devstack@g-api.service[73628]: detected binary path: /usr/bin/uwsgi-core
Apr 09 17:27:04 devstack devstack@g-api.service[73628]: your processes number limit is 47362
Apr 09 17:27:04 devstack devstack@g-api.service[73628]: your memory page size is 4096 bytes
Apr 09 17:27:04 devstack devstack@g-api.service[73628]: detected max file descriptor number: 2048
Apr 09 17:27:04 devstack devstack@g-api.service[73628]: lock engine: pthread robust mutexes
Apr 09 17:27:04 devstack devstack@g-api.service[73628]: thunder lock: enabled
Apr 09 17:27:04 devstack devstack@g-api.service[73628]: uwsgi socket 0 bound to TCP address 127.0.0.1:60999 fd 4
Apr 09 17:27:04 devstack devstack@g-api.service[73628]: Python version: 3.10.12 (main, Mar 3 2026, 11:56:32) [GCC 11.4.0]
Apr 09 17:27:04 devstack devstack@g-api.service[73628]: PEP 405 virtualenv detected: /opt/stack/data/venv
Apr 09 17:27:04 devstack devstack@g-api.service[73628]: Set PythonHome to /opt/stack/data/venv
Apr 09 17:27:04 devstack devstack@g-api.service[73628]: Python main interpreter initialized at 0x5617fd3786a0
Apr 09 17:27:04 devstack devstack@g-api.service[73628]: python threads support enabled
Apr 09 17:27:04 devstack devstack@g-api.service[73628]: your server socket listen backlog is limited to 100 connections
Apr 09 17:27:04 devstack devstack@g-api.service[73628]: your mercy for graceful operations on workers is 80 seconds
Apr 09 17:27:04 devstack devstack@g-api.service[73628]: mapped 403077 bytes (393 KB) for 2 cores
Apr 09 17:27:04 devstack devstack@g-api.service[73628]: *** Operational MODE: preforking ***
Apr 09 17:27:04 devstack devstack@g-api.service[73628]: *** uWSGI is running in multiple interpreter mode ***
Apr 09 17:27:04 devstack devstack@g-api.service[73628]: spawned uWSGI master process (pid: 73628)
Apr 09 17:27:04 devstack devstack@g-api.service[73628]: spawned uWSGI worker 1 (pid: 73632, cores: 1)
Apr 09 17:27:04 devstack devstack@g-api.service[73628]: spawned uWSGI worker 2 (pid: 73633, cores: 1)
Apr 09 17:27:04 devstack devstack@g-api.service[73628]: running "unix_signal:15 gracefully_kill_them_all" (master-start)...
Apr 09 17:27:05 devstack devstack@g-api.service[73633]: /opt/stack/data/venv/lib/python3.10/site-packages/oslo_utils/importutils.py:77: EventletDeprecationWarning:
Apr 09 17:27:05 devstack devstack@g-api.service[73633]: Eventlet is deprecated. It is currently being maintained in bugfix mode, and
Apr 09 17:27:05 devstack devstack@g-api.service[73633]: we strongly recommend against using it for new projects.
Apr 09 17:27:05 devstack devstack@g-api.service[73633]: If you are already using Eventlet, we recommend migrating to a different
Apr 09 17:27:05 devstack devstack@g-api.service[73633]: framework. For more detail see
Apr 09 17:27:05 devstack devstack@g-api.service[73633]: https://eventlet.readthedocs.io/en/latest/asyncio/migration.html
Apr 09 17:27:05 devstack devstack@g-api.service[73633]: __import__(import_str)
Apr 09 17:27:05 devstack devstack@g-api.service[73632]: /opt/stack/data/venv/lib/python3.10/site-packages/oslo_utils/importutils.py:77: EventletDeprecationWarning:
Apr 09 17:27:05 devstack devstack@g-api.service[73632]: Eventlet is deprecated. It is currently being maintained in bugfix mode, and
Apr 09 17:27:05 devstack devstack@g-api.service[73632]: we strongly recommend against using it for new projects.
Apr 09 17:27:05 devstack devstack@g-api.service[73632]: If you are already using Eventlet, we recommend migrating to a different
Apr 09 17:27:05 devstack devstack@g-api.service[73632]: framework. For more detail see
Apr 09 17:27:05 devstack devstack@g-api.service[73632]: https://eventlet.readthedocs.io/en/latest/asyncio/migration.html
Apr 09 17:27:05 devstack devstack@g-api.service[73632]: __import__(import_str)
Apr 09 17:27:06 devstack devstack@g-api.service[73633]: INFO glance.async_ [-] Threadpool model set to 'NativeThreadPoolModel'
Apr 09 17:27:06 devstack devstack@g-api.service[73632]: INFO glance.async_ [-] Threadpool model set to 'NativeThreadPoolModel'
Apr 09 17:27:06 devstack devstack@g-api.service[73633]: DEBUG oslo_concurrency.processutils [-] Running cmd (subprocess): grep -F node.session.scan /sbin/iscsiadm {{(pid=73633) execute /opt/stack/data/venv/lib/python3.10/site-packages/oslo_concurrency/processutils.py:440}}
Apr 09 17:27:06 devstack devstack@g-api.service[73632]: DEBUG oslo_concurrency.processutils [-] Running cmd (subprocess): grep -F node.session.scan /sbin/iscsiadm {{(pid=73632) execute /opt/stack/data/venv/lib/python3.10/site-packages/oslo_concurrency/processutils.py:440}}
Apr 09 17:27:06 devstack devstack@g-api.service[73632]: DEBUG oslo_concurrency.processutils [-] CMD "grep -F node.session.scan /sbin/iscsiadm" returned: 0 in 0.014s {{(pid=73632) execute /opt/stack/data/venv/lib/python3.10/site-packages/oslo_concurrency/processutils.py:468}}
Apr 09 17:27:06 devstack devstack@g-api.service[73633]: DEBUG oslo_concurrency.processutils [-] CMD "grep -F node.session.scan /sbin/iscsiadm" returned: 0 in 0.026s {{(pid=73633) execute /opt/stack/data/venv/lib/python3.10/site-packages/oslo_concurrency/processutils.py:468}}
Apr 09 17:27:06 devstack devstack@g-api.service[73632]: DEBUG glance_store.backend [-] Attempting to import store cinder {{(pid=73632) _load_store /opt/stack/data/venv/lib/python3.10/site-packages/glance_store/backend.py:215}}
Apr 09 17:27:06 devstack devstack@g-api.service[73632]: DEBUG glance_store.backend [-] Attempting to import store file {{(pid=73632) _load_store /opt/stack/data/venv/lib/python3.10/site-packages/glance_store/backend.py:215}}
Apr 09 17:27:06 devstack devstack@g-api.service[73632]: DEBUG glance_store.backend [-] Attempting to import store glance.store.cinder.Store {{(pid=73632) _load_store /opt/stack/data/venv/lib/python3.10/site-packages/glance_store/backend.py:215}}
Apr 09 17:27:06 devstack devstack@g-api.service[73632]: DEBUG glance_store.backend [-] Attempting to import store glance.store.filesystem.Store {{(pid=73632) _load_store /opt/stack/data/venv/lib/python3.10/site-packages/glance_store/backend.py:215}}
Apr 09 17:27:06 devstack devstack@g-api.service[73632]: DEBUG glance_store.backend [-] Attempting to import store glance.store.http.Store {{(pid=73632) _load_store /opt/stack/data/venv/lib/python3.10/site-packages/glance_store/backend.py:215}}
Apr 09 17:27:06 devstack devstack@g-api.service[73632]: DEBUG glance_store.backend [-] Attempting to import store glance.store.rbd.Store {{(pid=73632) _load_store /opt/stack/data/venv/lib/python3.10/site-packages/glance_store/backend.py:215}}
Apr 09 17:27:06 devstack devstack@g-api.service[73632]: DEBUG glance_store.backend [-] Attempting to import store glance.store.s3.Store {{(pid=73632) _load_store /opt/stack/data/venv/lib/python3.10/site-packages/glance_store/backend.py:215}}
Apr 09 17:27:06 devstack devstack@g-api.service[73632]: DEBUG glance_store.backend [-] Attempting to import store glance.store.swift.Store {{(pid=73632) _load_store /opt/stack/data/venv/lib/python3.10/site-packages/glance_store/backend.py:215}}
Apr 09 17:27:06 devstack devstack@g-api.service[73632]: DEBUG glance_store.backend [-] Attempting to import store glance.store.vmware_datastore.Store {{(pid=73632) _load_store /opt/stack/data/venv/lib/python3.10/site-packages/glance_store/backend.py:215}}
Apr 09 17:27:06 devstack devstack@g-api.service[73633]: DEBUG glance_store.backend [-] Attempting to import store cinder {{(pid=73633) _load_store /opt/stack/data/venv/lib/python3.10/site-packages/glance_store/backend.py:215}}
Apr 09 17:27:06 devstack devstack@g-api.service[73633]: DEBUG glance_store.backend [-] Attempting to import store file {{(pid=73633) _load_store /opt/stack/data/venv/lib/python3.10/site-packages/glance_store/backend.py:215}}
Apr 09 17:27:06 devstack devstack@g-api.service[73632]: DEBUG glance_store.backend [-] Attempting to import store http {{(pid=73632) _load_store /opt/stack/data/venv/lib/python3.10/site-packages/glance_store/backend.py:215}}
Apr 09 17:27:06 devstack devstack@g-api.service[73633]: DEBUG glance_store.backend [-] Attempting to import store glance.store.cinder.Store {{(pid=73633) _load_store /opt/stack/data/venv/lib/python3.10/site-packages/glance_store/backend.py:215}}
Apr 09 17:27:06 devstack devstack@g-api.service[73633]: DEBUG glance_store.backend [-] Attempting to import store glance.store.filesystem.Store {{(pid=73633) _load_store /opt/stack/data/venv/lib/python3.10/site-packages/glance_store/backend.py:215}}
Apr 09 17:27:06 devstack devstack@g-api.service[73633]: DEBUG glance_store.backend [-] Attempting to import store glance.store.http.Store {{(pid=73633) _load_store /opt/stack/data/venv/lib/python3.10/site-packages/glance_store/backend.py:215}}
Apr 09 17:27:06 devstack devstack@g-api.service[73632]: DEBUG glance_store.backend [-] Attempting to import store no_conf {{(pid=73632) _load_store /opt/stack/data/venv/lib/python3.10/site-packages/glance_store/backend.py:215}}
Apr 09 17:27:06 devstack devstack@g-api.service[73633]: DEBUG glance_store.backend [-] Attempting to import store glance.store.rbd.Store {{(pid=73633) _load_store /opt/stack/data/venv/lib/python3.10/site-packages/glance_store/backend.py:215}}
Apr 09 17:27:06 devstack devstack@g-api.service[73633]: DEBUG glance_store.backend [-] Attempting to import store glance.store.s3.Store {{(pid=73633) _load_store /opt/stack/data/venv/lib/python3.10/site-packages/glance_store/backend.py:215}}
Apr 09 17:27:06 devstack devstack@g-api.service[73633]: DEBUG glance_store.backend [-] Attempting to import store glance.store.swift.Store {{(pid=73633) _load_store /opt/stack/data/venv/lib/python3.10/site-packages/glance_store/backend.py:215}}
Apr 09 17:27:06 devstack devstack@g-api.service[73633]: DEBUG glance_store.backend [-] Attempting to import store glance.store.vmware_datastore.Store {{(pid=73633) _load_store /opt/stack/data/venv/lib/python3.10/site-packages/glance_store/backend.py:215}}
Apr 09 17:27:06 devstack devstack@g-api.service[73632]: DEBUG glance_store.backend [-] Attempting to import store rbd {{(pid=73632) _load_store /opt/stack/data/venv/lib/python3.10/site-packages/glance_store/backend.py:215}}
Apr 09 17:27:06 devstack devstack@g-api.service[73633]: DEBUG glance_store.backend [-] Attempting to import store http {{(pid=73633) _load_store /opt/stack/data/venv/lib/python3.10/site-packages/glance_store/backend.py:215}}
Apr 09 17:27:06 devstack devstack@g-api.service[73633]: DEBUG glance_store.backend [-] Attempting to import store no_conf {{(pid=73633) _load_store /opt/stack/data/venv/lib/python3.10/site-packages/glance_store/backend.py:215}}
Apr 09 17:27:06 devstack devstack@g-api.service[73633]: DEBUG glance_store.backend [-] Attempting to import store rbd {{(pid=73633) _load_store /opt/stack/data/venv/lib/python3.10/site-packages/glance_store/backend.py:215}}
Apr 09 17:27:06 devstack devstack@g-api.service[73632]: DEBUG glance_store.backend [-] Attempting to import store s3 {{(pid=73632) _load_store /opt/stack/data/venv/lib/python3.10/site-packages/glance_store/backend.py:215}}
Apr 09 17:27:06 devstack devstack@g-api.service[73633]: DEBUG glance_store.backend [-] Attempting to import store s3 {{(pid=73633) _load_store /opt/stack/data/venv/lib/python3.10/site-packages/glance_store/backend.py:215}}
Apr 09 17:27:06 devstack devstack@g-api.service[73633]: DEBUG glance_store.backend [-] Attempting to import store swift {{(pid=73633) _load_store /opt/stack/data/venv/lib/python3.10/site-packages/glance_store/backend.py:215}}
Apr 09 17:27:06 devstack devstack@g-api.service[73633]: DEBUG glance_store.backend [-] Attempting to import store vmware {{(pid=73633) _load_store /opt/stack/data/venv/lib/python3.10/site-packages/glance_store/backend.py:215}}
Apr 09 17:27:06 devstack devstack@g-api.service[73632]: DEBUG glance_store.backend [-] Attempting to import store swift {{(pid=73632) _load_store /opt/stack/data/venv/lib/python3.10/site-packages/glance_store/backend.py:215}}
Apr 09 17:27:06 devstack devstack@g-api.service[73633]: DEBUG glance_store.backend [-] Registering options for group glance_store {{(pid=73633) register_opts /opt/stack/data/venv/lib/python3.10/site-packages/glance_store/backend.py:144}}
Apr 09 17:27:06 devstack devstack@g-api.service[73633]: DEBUG glance_store.backend [-] Registering options for group glance_store {{(pid=73633) register_opts /opt/stack/data/venv/lib/python3.10/site-packages/glance_store/backend.py:144}}
Apr 09 17:27:06 devstack devstack@g-api.service[73632]: DEBUG glance_store.backend [-] Attempting to import store vmware {{(pid=73632) _load_store /opt/stack/data/venv/lib/python3.10/site-packages/glance_store/backend.py:215}}
Apr 09 17:27:06 devstack devstack@g-api.service[73632]: DEBUG glance_store.backend [-] Registering options for group glance_store {{(pid=73632) register_opts /opt/stack/data/venv/lib/python3.10/site-packages/glance_store/backend.py:144}}
Apr 09 17:27:06 devstack devstack@g-api.service[73633]: DEBUG glance_store.backend [-] Attempting to import store file {{(pid=73633) _load_store /opt/stack/data/venv/lib/python3.10/site-packages/glance_store/backend.py:215}}
Apr 09 17:27:06 devstack devstack@g-api.service[73632]: DEBUG glance_store.backend [-] Registering options for group glance_store {{(pid=73632) register_opts /opt/stack/data/venv/lib/python3.10/site-packages/glance_store/backend.py:144}}
Apr 09 17:27:06 devstack devstack@g-api.service[73633]: DEBUG glance_store.capabilities [-] Store glance_store._drivers.filesystem.Store doesn't support updating dynamic storage capabilities. Please overwrite 'update_capabilities' method of the store to implement updating logics if needed. {{(pid=73633) update_capabilities /opt/stack/data/venv/lib/python3.10/site-packages/glance_store/capabilities.py:91}}
Apr 09 17:27:06 devstack devstack@g-api.service[73633]: DEBUG glance_store.backend [-] Registering store file with schemes ('file', 'filesystem') {{(pid=73633) create_stores /opt/stack/data/venv/lib/python3.10/site-packages/glance_store/backend.py:261}}
Apr 09 17:27:06 devstack devstack@g-api.service[73633]: DEBUG glance_store.driver [-] Late loading location class glance_store._drivers.filesystem.StoreLocation {{(pid=73633) get_store_location_class /opt/stack/data/venv/lib/python3.10/site-packages/glance_store/driver.py:134}}
Apr 09 17:27:06 devstack devstack@g-api.service[73633]: DEBUG glance_store.location [-] Registering scheme file with {'store': , 'location_class': , 'store_entry': 'file'} {{(pid=73633) register_scheme_map /opt/stack/data/venv/lib/python3.10/site-packages/glance_store/location.py:146}}
Apr 09 17:27:06 devstack devstack@g-api.service[73633]: DEBUG glance_store.location [-] Registering scheme filesystem with {'store': , 'location_class': , 'store_entry': 'file'} {{(pid=73633) register_scheme_map /opt/stack/data/venv/lib/python3.10/site-packages/glance_store/location.py:146}}
Apr 09 17:27:06 devstack devstack@g-api.service[73633]: DEBUG glance_store.backend [-] Attempting to import store http {{(pid=73633) _load_store /opt/stack/data/venv/lib/python3.10/site-packages/glance_store/backend.py:215}}
Apr 09 17:27:06 devstack devstack@g-api.service[73632]: DEBUG glance_store.backend [-] Attempting to import store file {{(pid=73632) _load_store /opt/stack/data/venv/lib/python3.10/site-packages/glance_store/backend.py:215}}
Apr 09 17:27:06 devstack devstack@g-api.service[73633]: DEBUG glance_store.capabilities [-] Store glance_store._drivers.http.Store doesn't support updating dynamic storage capabilities. Please overwrite 'update_capabilities' method of the store to implement updating logics if needed. {{(pid=73633) update_capabilities /opt/stack/data/venv/lib/python3.10/site-packages/glance_store/capabilities.py:91}}
Apr 09 17:27:06 devstack devstack@g-api.service[73633]: DEBUG glance_store.backend [-] Registering store http with schemes ('http', 'https') {{(pid=73633) create_stores /opt/stack/data/venv/lib/python3.10/site-packages/glance_store/backend.py:261}}
Apr 09 17:27:06 devstack devstack@g-api.service[73633]: DEBUG glance_store.driver [-] Late loading location class glance_store._drivers.http.StoreLocation {{(pid=73633) get_store_location_class /opt/stack/data/venv/lib/python3.10/site-packages/glance_store/driver.py:134}}
Apr 09 17:27:06 devstack devstack@g-api.service[73633]: DEBUG glance_store.location [-] Registering scheme http with {'store': , 'location_class': , 'store_entry': 'http'} {{(pid=73633) register_scheme_map /opt/stack/data/venv/lib/python3.10/site-packages/glance_store/location.py:146}}
Apr 09 17:27:06 devstack devstack@g-api.service[73633]: DEBUG glance_store.location [-] Registering scheme https with {'store': , 'location_class': , 'store_entry': 'http'} {{(pid=73633) register_scheme_map /opt/stack/data/venv/lib/python3.10/site-packages/glance_store/location.py:146}}
Apr 09 17:27:06 devstack devstack@g-api.service[73633]: DEBUG glance.sqlite_migration [-] SQLite caching database not located, skipping migration {{(pid=73633) get_db_path /opt/stack/glance/glance/sqlite_migration.py:68}}
Apr 09 17:27:06 devstack devstack@g-api.service[73632]: DEBUG glance_store.capabilities [-] Store glance_store._drivers.filesystem.Store doesn't support updating dynamic storage capabilities. Please overwrite 'update_capabilities' method of the store to implement updating logics if needed. {{(pid=73632) update_capabilities /opt/stack/data/venv/lib/python3.10/site-packages/glance_store/capabilities.py:91}}
Apr 09 17:27:06 devstack devstack@g-api.service[73633]: WARNING glance.common.wsgi_app [-] Import methods are enabled but staging directory /tmp/staging/ does not exist; Imports will fail!
Apr 09 17:27:06 devstack devstack@g-api.service[73632]: DEBUG glance_store.backend [-] Registering store file with schemes ('file', 'filesystem') {{(pid=73632) create_stores /opt/stack/data/venv/lib/python3.10/site-packages/glance_store/backend.py:261}}
Apr 09 17:27:06 devstack devstack@g-api.service[73632]: DEBUG glance_store.driver [-] Late loading location class glance_store._drivers.filesystem.StoreLocation {{(pid=73632) get_store_location_class /opt/stack/data/venv/lib/python3.10/site-packages/glance_store/driver.py:134}}
Apr 09 17:27:06 devstack devstack@g-api.service[73632]: DEBUG glance_store.location [-] Registering scheme file with {'store': , 'location_class': , 'store_entry': 'file'} {{(pid=73632) register_scheme_map /opt/stack/data/venv/lib/python3.10/site-packages/glance_store/location.py:146}}
Apr 09 17:27:06 devstack devstack@g-api.service[73632]: DEBUG glance_store.location [-] Registering scheme filesystem with {'store': , 'location_class': , 'store_entry': 'file'} {{(pid=73632) register_scheme_map /opt/stack/data/venv/lib/python3.10/site-packages/glance_store/location.py:146}}
Apr 09 17:27:06 devstack devstack@g-api.service[73632]: DEBUG glance_store.backend [-] Attempting to import store http {{(pid=73632) _load_store /opt/stack/data/venv/lib/python3.10/site-packages/glance_store/backend.py:215}}
Apr 09 17:27:06 devstack devstack@g-api.service[73632]: DEBUG glance_store.capabilities [-] Store glance_store._drivers.http.Store doesn't support updating dynamic storage capabilities. Please overwrite 'update_capabilities' method of the store to implement updating logics if needed. {{(pid=73632) update_capabilities /opt/stack/data/venv/lib/python3.10/site-packages/glance_store/capabilities.py:91}}
Apr 09 17:27:06 devstack devstack@g-api.service[73632]: DEBUG glance_store.backend [-] Registering store http with schemes ('http', 'https') {{(pid=73632) create_stores /opt/stack/data/venv/lib/python3.10/site-packages/glance_store/backend.py:261}}
Apr 09 17:27:06 devstack devstack@g-api.service[73632]: DEBUG glance_store.driver [-] Late loading location class glance_store._drivers.http.StoreLocation {{(pid=73632) get_store_location_class /opt/stack/data/venv/lib/python3.10/site-packages/glance_store/driver.py:134}}
Apr 09 17:27:06 devstack devstack@g-api.service[73632]: DEBUG glance_store.location [-] Registering scheme http with {'store': , 'location_class': , 'store_entry': 'http'} {{(pid=73632) register_scheme_map /opt/stack/data/venv/lib/python3.10/site-packages/glance_store/location.py:146}}
Apr 09 17:27:06 devstack devstack@g-api.service[73632]: DEBUG glance_store.location [-] Registering scheme https with {'store': , 'location_class': , 'store_entry': 'http'} {{(pid=73632) register_scheme_map /opt/stack/data/venv/lib/python3.10/site-packages/glance_store/location.py:146}}
Apr 09 17:27:06 devstack devstack@g-api.service[73632]: DEBUG glance.sqlite_migration [-] SQLite caching database not located, skipping migration {{(pid=73632) get_db_path /opt/stack/glance/glance/sqlite_migration.py:68}}
Apr 09 17:27:06 devstack devstack@g-api.service[73632]: WARNING glance.common.wsgi_app [-] Import methods are enabled but staging directory /tmp/staging/ does not exist; Imports will fail!
Apr 09 17:27:07 devstack devstack@g-api.service[73632]: DEBUG glance.common.config [None req-4a9097a6-a77b-4ef6-aef5-f8b2c550d75f None None] Loading glance-api-keystone+cachemanagement from /etc/glance/glance-api-paste.ini {{(pid=73632) load_paste_app /opt/stack/glance/glance/common/config.py:758}}
Apr 09 17:27:07 devstack devstack@g-api.service[73633]: DEBUG glance.common.config [None req-ba0f141d-b42d-4553-b3fb-8bb6253bb177 None None] Loading glance-api-keystone+cachemanagement from /etc/glance/glance-api-paste.ini {{(pid=73633) load_paste_app /opt/stack/glance/glance/common/config.py:758}}
Apr 09 17:27:08 devstack devstack@g-api.service[73632]: INFO glance.image_cache [None req-4a9097a6-a77b-4ef6-aef5-f8b2c550d75f None None] Image cache loaded driver 'centralized_db'.
Apr 09 17:27:08 devstack devstack@g-api.service[73633]: INFO glance.image_cache [None req-ba0f141d-b42d-4553-b3fb-8bb6253bb177 None None] Image cache loaded driver 'centralized_db'.
Apr 09 17:27:08 devstack devstack@g-api.service[73632]: INFO dbcounter [None req-4a9097a6-a77b-4ef6-aef5-f8b2c550d75f None None] Registered counter for database glance
Apr 09 17:27:08 devstack devstack@g-api.service[73633]: INFO dbcounter [None req-ba0f141d-b42d-4553-b3fb-8bb6253bb177 None None] Registered counter for database glance
Apr 09 17:27:08 devstack devstack@g-api.service[73632]: DEBUG oslo_db.sqlalchemy.engines [None req-4a9097a6-a77b-4ef6-aef5-f8b2c550d75f None None] MySQL server mode set to STRICT_TRANS_TABLES,STRICT_ALL_TABLES,NO_ZERO_IN_DATE,NO_ZERO_DATE,ERROR_FOR_DIVISION_BY_ZERO,TRADITIONAL,NO_ENGINE_SUBSTITUTION {{(pid=73632) _check_effective_sql_mode /opt/stack/data/venv/lib/python3.10/site-packages/oslo_db/sqlalchemy/engines.py:325}}
Apr 09 17:27:08 devstack devstack@g-api.service[73633]: DEBUG oslo_db.sqlalchemy.engines [None req-ba0f141d-b42d-4553-b3fb-8bb6253bb177 None None] MySQL server mode set to STRICT_TRANS_TABLES,STRICT_ALL_TABLES,NO_ZERO_IN_DATE,NO_ZERO_DATE,ERROR_FOR_DIVISION_BY_ZERO,TRADITIONAL,NO_ENGINE_SUBSTITUTION {{(pid=73633) _check_effective_sql_mode /opt/stack/data/venv/lib/python3.10/site-packages/oslo_db/sqlalchemy/engines.py:325}}
Apr 09 17:27:08 devstack devstack@g-api.service[73632]: DEBUG dbcounter [-] [73632] Writer thread running {{(pid=73632) stat_writer /opt/stack/data/venv/lib/python3.10/site-packages/dbcounter.py:102}}
Apr 09 17:27:08 devstack devstack@g-api.service[73633]: DEBUG dbcounter [-] [73633] Writer thread running {{(pid=73633) stat_writer /opt/stack/data/venv/lib/python3.10/site-packages/dbcounter.py:102}}
Apr 09 17:27:08 devstack devstack@g-api.service[73633]: DEBUG glance.image_cache.drivers.centralized_db [None req-ba0f141d-b42d-4553-b3fb-8bb6253bb177 None None] Node reference is already recorded, ignoring it {{(pid=73633) configure /opt/stack/glance/glance/image_cache/drivers/centralized_db.py:71}}
Apr 09 17:27:08 devstack devstack@g-api.service[73632]: INFO glance.image_cache [None req-4a9097a6-a77b-4ef6-aef5-f8b2c550d75f None None] Image cache loaded driver 'centralized_db'.
Apr 09 17:27:08 devstack devstack@g-api.service[73633]: INFO glance.image_cache [None req-ba0f141d-b42d-4553-b3fb-8bb6253bb177 None None] Image cache loaded driver 'centralized_db'.
Apr 09 17:27:08 devstack devstack@g-api.service[73633]: DEBUG glance.image_cache.drivers.centralized_db [None req-ba0f141d-b42d-4553-b3fb-8bb6253bb177 None None] Node reference is already recorded, ignoring it {{(pid=73633) configure /opt/stack/glance/glance/image_cache/drivers/centralized_db.py:71}}
Apr 09 17:27:08 devstack devstack@g-api.service[73632]: DEBUG glance.image_cache.drivers.centralized_db [None req-4a9097a6-a77b-4ef6-aef5-f8b2c550d75f None None] Node reference is already recorded, ignoring it {{(pid=73632) configure /opt/stack/glance/glance/image_cache/drivers/centralized_db.py:71}}
Apr 09 17:27:08 devstack devstack@g-api.service[73633]: DEBUG glance.api.v2.cached_images [None req-ba0f141d-b42d-4553-b3fb-8bb6253bb177 None None] Started cache worker thread {{(pid=73633) __init__ /opt/stack/glance/glance/api/v2/cached_images.py:69}}
Apr 09 17:27:08 devstack devstack@g-api.service[73632]: DEBUG glance.api.v2.cached_images [None req-4a9097a6-a77b-4ef6-aef5-f8b2c550d75f None None] Started cache worker thread {{(pid=73632) __init__ /opt/stack/glance/glance/api/v2/cached_images.py:69}}
Apr 09 17:27:08 devstack devstack@g-api.service[73633]: INFO glance.image_cache [None req-ba0f141d-b42d-4553-b3fb-8bb6253bb177 None None] Image cache loaded driver 'centralized_db'.
Apr 09 17:27:08 devstack devstack@g-api.service[73632]: INFO glance.image_cache [None req-4a9097a6-a77b-4ef6-aef5-f8b2c550d75f None None] Image cache loaded driver 'centralized_db'.
Apr 09 17:27:08 devstack devstack@g-api.service[73633]: DEBUG glance.image_cache.drivers.centralized_db [None req-ba0f141d-b42d-4553-b3fb-8bb6253bb177 None None] Node reference is already recorded, ignoring it {{(pid=73633) configure /opt/stack/glance/glance/image_cache/drivers/centralized_db.py:71}}
Apr 09 17:27:08 devstack devstack@g-api.service[73632]: DEBUG glance.image_cache.drivers.centralized_db [None req-4a9097a6-a77b-4ef6-aef5-f8b2c550d75f None None] Node reference is already recorded, ignoring it {{(pid=73632) configure /opt/stack/glance/glance/image_cache/drivers/centralized_db.py:71}}
Apr 09 17:27:08 devstack devstack@g-api.service[73633]: INFO glance.api.middleware.cache_manage [None req-ba0f141d-b42d-4553-b3fb-8bb6253bb177 None None] Initialized image cache management middleware
Apr 09 17:27:08 devstack devstack@g-api.service[73633]: INFO glance.image_cache [None req-ba0f141d-b42d-4553-b3fb-8bb6253bb177 None None] Image cache loaded driver 'centralized_db'.
Apr 09 17:27:08 devstack devstack@g-api.service[73632]: INFO glance.api.middleware.cache_manage [None req-4a9097a6-a77b-4ef6-aef5-f8b2c550d75f None None] Initialized image cache management middleware
Apr 09 17:27:08 devstack devstack@g-api.service[73632]: INFO glance.image_cache [None req-4a9097a6-a77b-4ef6-aef5-f8b2c550d75f None None] Image cache loaded driver 'centralized_db'.
Apr 09 17:27:08 devstack devstack@g-api.service[73633]: DEBUG glance.image_cache.drivers.centralized_db [None req-ba0f141d-b42d-4553-b3fb-8bb6253bb177 None None] Node reference is already recorded, ignoring it {{(pid=73633) configure /opt/stack/glance/glance/image_cache/drivers/centralized_db.py:71}}
Apr 09 17:27:08 devstack devstack@g-api.service[73632]: DEBUG glance.image_cache.drivers.centralized_db [None req-4a9097a6-a77b-4ef6-aef5-f8b2c550d75f None None] Node reference is already recorded, ignoring it {{(pid=73632) configure /opt/stack/glance/glance/image_cache/drivers/centralized_db.py:71}}
Apr 09 17:27:08 devstack devstack@g-api.service[73633]: INFO glance.api.middleware.cache [None req-ba0f141d-b42d-4553-b3fb-8bb6253bb177 None None] Initialized image cache middleware
Apr 09 17:27:08 devstack devstack@g-api.service[73632]: INFO glance.api.middleware.cache [None req-4a9097a6-a77b-4ef6-aef5-f8b2c550d75f None None] Initialized image cache middleware
Apr 09 17:27:08 devstack devstack@g-api.service[73633]: WARNING keystonemiddleware.auth_token [None req-ba0f141d-b42d-4553-b3fb-8bb6253bb177 None None] AuthToken middleware is set with keystone_authtoken.service_token_roles_required set to False. This is backwards compatible but deprecated behaviour. Please set this to True.
Apr 09 17:27:08 devstack devstack@g-api.service[73632]: WARNING keystonemiddleware.auth_token [None req-4a9097a6-a77b-4ef6-aef5-f8b2c550d75f None None] AuthToken middleware is set with keystone_authtoken.service_token_roles_required set to False. This is backwards compatible but deprecated behaviour. Please set this to True.
Apr 09 17:27:08 devstack devstack@g-api.service[73633]: DEBUG glance.common.config [None req-ba0f141d-b42d-4553-b3fb-8bb6253bb177 None None] ******************************************************************************** {{(pid=73633) log_opt_values /opt/stack/data/venv/lib/python3.10/site-packages/oslo_config/cfg.py:2979}}
Apr 09 17:27:08 devstack devstack@g-api.service[73633]: DEBUG glance.common.config [None req-ba0f141d-b42d-4553-b3fb-8bb6253bb177 None None] Configuration options gathered from: {{(pid=73633) log_opt_values /opt/stack/data/venv/lib/python3.10/site-packages/oslo_config/cfg.py:2980}}
Apr 09 17:27:08 devstack devstack@g-api.service[73633]: DEBUG glance.common.config [None req-ba0f141d-b42d-4553-b3fb-8bb6253bb177 None None] command line args: [] {{(pid=73633) log_opt_values /opt/stack/data/venv/lib/python3.10/site-packages/oslo_config/cfg.py:2981}}
Apr 09 17:27:08 devstack devstack@g-api.service[73633]: DEBUG glance.common.config [None req-ba0f141d-b42d-4553-b3fb-8bb6253bb177 None None] config files: ['/etc/glance/glance-image-import.conf', '/etc/glance/glance-api.conf'] {{(pid=73633) log_opt_values /opt/stack/data/venv/lib/python3.10/site-packages/oslo_config/cfg.py:2982}}
Apr 09 17:27:08 devstack devstack@g-api.service[73633]: DEBUG glance.common.config [None req-ba0f141d-b42d-4553-b3fb-8bb6253bb177 None None] ================================================================================ {{(pid=73633) log_opt_values /opt/stack/data/venv/lib/python3.10/site-packages/oslo_config/cfg.py:2987}}
Apr 09 17:27:08 devstack devstack@g-api.service[73633]: DEBUG glance.common.config [None req-ba0f141d-b42d-4553-b3fb-8bb6253bb177 None None] allow_anonymous_access = False {{(pid=73633) log_opt_values /opt/stack/data/venv/lib/python3.10/site-packages/oslo_config/cfg.py:2995}}
Apr 09 17:27:08 devstack devstack@g-api.service[73633]: DEBUG glance.common.config [None req-ba0f141d-b42d-4553-b3fb-8bb6253bb177 None None] api_limit_max = 1000 {{(pid=73633) log_opt_values /opt/stack/data/venv/lib/python3.10/site-packages/oslo_config/cfg.py:2995}}
Apr 09 17:27:08 devstack devstack@g-api.service[73633]: DEBUG glance.common.config [None req-ba0f141d-b42d-4553-b3fb-8bb6253bb177 None None] backlog = 4096 {{(pid=73633) log_opt_values /opt/stack/data/venv/lib/python3.10/site-packages/oslo_config/cfg.py:2995}}
Apr 09 17:27:08 devstack devstack@g-api.service[73633]: DEBUG glance.common.config [None req-ba0f141d-b42d-4553-b3fb-8bb6253bb177 None None] bind_host = 0.0.0.0 {{(pid=73633) log_opt_values /opt/stack/data/venv/lib/python3.10/site-packages/oslo_config/cfg.py:2995}}
Apr 09 17:27:08 devstack devstack@g-api.service[73633]: DEBUG glance.common.config [None req-ba0f141d-b42d-4553-b3fb-8bb6253bb177 None None] bind_port = None {{(pid=73633) log_opt_values /opt/stack/data/venv/lib/python3.10/site-packages/oslo_config/cfg.py:2995}}
Apr 09 17:27:08 devstack devstack@g-api.service[73633]: DEBUG glance.common.config [None req-ba0f141d-b42d-4553-b3fb-8bb6253bb177 None None] client_socket_timeout = 900 {{(pid=73633) log_opt_values /opt/stack/data/venv/lib/python3.10/site-packages/oslo_config/cfg.py:2995}}
Apr 09 17:27:08 devstack devstack@g-api.service[73633]: DEBUG glance.common.config [None req-ba0f141d-b42d-4553-b3fb-8bb6253bb177 None None] config_dir = [] {{(pid=73633) log_opt_values /opt/stack/data/venv/lib/python3.10/site-packages/oslo_config/cfg.py:2995}}
Apr 09 17:27:08 devstack devstack@g-api.service[73633]: DEBUG glance.common.config [None req-ba0f141d-b42d-4553-b3fb-8bb6253bb177 None None] config_file = ['/etc/glance/glance-image-import.conf', '/etc/glance/glance-api.conf'] {{(pid=73633) log_opt_values /opt/stack/data/venv/lib/python3.10/site-packages/oslo_config/cfg.py:2995}}
Apr 09 17:27:08 devstack devstack@g-api.service[73633]: DEBUG glance.common.config [None req-ba0f141d-b42d-4553-b3fb-8bb6253bb177 None None] config_source = [] {{(pid=73633) log_opt_values /opt/stack/data/venv/lib/python3.10/site-packages/oslo_config/cfg.py:2995}}
Apr 09 17:27:08 devstack devstack@g-api.service[73633]: DEBUG glance.common.config [None req-ba0f141d-b42d-4553-b3fb-8bb6253bb177 None None] control_exchange = glance {{(pid=73633) log_opt_values /opt/stack/data/venv/lib/python3.10/site-packages/oslo_config/cfg.py:2995}}
Apr 09 17:27:08 devstack devstack@g-api.service[73633]: DEBUG glance.common.config [None req-ba0f141d-b42d-4553-b3fb-8bb6253bb177 None None] debug = True {{(pid=73633) log_opt_values /opt/stack/data/venv/lib/python3.10/site-packages/oslo_config/cfg.py:2995}}
Apr 09 17:27:08 devstack devstack@g-api.service[73633]: DEBUG glance.common.config [None req-ba0f141d-b42d-4553-b3fb-8bb6253bb177 None None] default_log_levels = ['amqp=WARN', 'boto=WARN', 'sqlalchemy=WARN', 'suds=INFO', 'oslo.messaging=INFO', 'oslo_messaging=INFO', 'iso8601=WARN', 'requests.packages.urllib3.connectionpool=WARN', 'urllib3.connectionpool=WARN', 'websocket=WARN', 'requests.packages.urllib3.util.retry=WARN', 'urllib3.util.retry=WARN', 'keystonemiddleware=WARN', 'routes.middleware=WARN', 'stevedore=WARN', 'taskflow=WARN', 'keystoneauth=WARN', 'oslo.cache=INFO', 'oslo_policy=INFO', 'dogpile.core.dogpile=INFO'] {{(pid=73633) log_opt_values /opt/stack/data/venv/lib/python3.10/site-packages/oslo_config/cfg.py:2995}}
Apr 09 17:27:08 devstack devstack@g-api.service[73633]: DEBUG glance.common.config [None req-ba0f141d-b42d-4553-b3fb-8bb6253bb177 None None] default_publisher_id = image.localhost {{(pid=73633) log_opt_values /opt/stack/data/venv/lib/python3.10/site-packages/oslo_config/cfg.py:2995}}
Apr 09 17:27:08 devstack devstack@g-api.service[73633]: DEBUG glance.common.config [None req-ba0f141d-b42d-4553-b3fb-8bb6253bb177 None None] delayed_delete = False {{(pid=73633) log_opt_values /opt/stack/data/venv/lib/python3.10/site-packages/oslo_config/cfg.py:2995}}
Apr 09 17:27:08 devstack devstack@g-api.service[73633]: DEBUG glance.common.config [None req-ba0f141d-b42d-4553-b3fb-8bb6253bb177 None None] digest_algorithm = sha256 {{(pid=73633) log_opt_values /opt/stack/data/venv/lib/python3.10/site-packages/oslo_config/cfg.py:2995}}
Apr 09 17:27:08 devstack devstack@g-api.service[73633]: DEBUG glance.common.config [None req-ba0f141d-b42d-4553-b3fb-8bb6253bb177 None None] disabled_notifications = [] {{(pid=73633) log_opt_values /opt/stack/data/venv/lib/python3.10/site-packages/oslo_config/cfg.py:2995}}
Apr 09 17:27:08 devstack devstack@g-api.service[73633]: DEBUG glance.common.config [None req-ba0f141d-b42d-4553-b3fb-8bb6253bb177 None None] do_secure_hash = True {{(pid=73633) log_opt_values /opt/stack/data/venv/lib/python3.10/site-packages/oslo_config/cfg.py:2995}}
Apr 09 17:27:08 devstack devstack@g-api.service[73633]: DEBUG glance.common.config [None req-ba0f141d-b42d-4553-b3fb-8bb6253bb177 None None] enabled_backends = None {{(pid=73633) log_opt_values /opt/stack/data/venv/lib/python3.10/site-packages/oslo_config/cfg.py:2995}}
Apr 09 17:27:08 devstack devstack@g-api.service[73633]: DEBUG glance.common.config [None req-ba0f141d-b42d-4553-b3fb-8bb6253bb177 None None] enabled_import_methods = ['glance-direct', 'web-download', 'copy-image'] {{(pid=73633) log_opt_values /opt/stack/data/venv/lib/python3.10/site-packages/oslo_config/cfg.py:2995}}
Apr 09 17:27:08 devstack devstack@g-api.service[73633]: DEBUG glance.common.config [None req-ba0f141d-b42d-4553-b3fb-8bb6253bb177 None None] hashing_algorithm = sha512 {{(pid=73633) log_opt_values /opt/stack/data/venv/lib/python3.10/site-packages/oslo_config/cfg.py:2995}}
Apr 09 17:27:08 devstack devstack@g-api.service[73633]: DEBUG glance.common.config [None req-ba0f141d-b42d-4553-b3fb-8bb6253bb177 None None] http_keepalive = True {{(pid=73633) log_opt_values /opt/stack/data/venv/lib/python3.10/site-packages/oslo_config/cfg.py:2995}}
Apr 09 17:27:08 devstack devstack@g-api.service[73633]: DEBUG glance.common.config [None req-ba0f141d-b42d-4553-b3fb-8bb6253bb177 None None] http_retries = 3 {{(pid=73633) log_opt_values /opt/stack/data/venv/lib/python3.10/site-packages/oslo_config/cfg.py:2995}}
Apr 09 17:27:08 devstack devstack@g-api.service[73633]: DEBUG glance.common.config [None req-ba0f141d-b42d-4553-b3fb-8bb6253bb177 None None] image_cache_dir = /opt/stack/data/glance/cache/ {{(pid=73633) log_opt_values /opt/stack/data/venv/lib/python3.10/site-packages/oslo_config/cfg.py:2995}}
Apr 09 17:27:08 devstack devstack@g-api.service[73633]: DEBUG glance.common.config [None req-ba0f141d-b42d-4553-b3fb-8bb6253bb177 None None] image_cache_driver = centralized_db {{(pid=73633) log_opt_values /opt/stack/data/venv/lib/python3.10/site-packages/oslo_config/cfg.py:2995}}
Apr 09 17:27:08 devstack devstack@g-api.service[73633]: DEBUG glance.common.config [None req-ba0f141d-b42d-4553-b3fb-8bb6253bb177 None None] image_cache_max_size = 10737418240 {{(pid=73633) log_opt_values /opt/stack/data/venv/lib/python3.10/site-packages/oslo_config/cfg.py:2995}}
Apr 09 17:27:08 devstack devstack@g-api.service[73633]: DEBUG glance.common.config [None req-ba0f141d-b42d-4553-b3fb-8bb6253bb177 None None] image_cache_sqlite_db = cache.db {{(pid=73633) log_opt_values /opt/stack/data/venv/lib/python3.10/site-packages/oslo_config/cfg.py:2995}}
Apr 09 17:27:08 devstack devstack@g-api.service[73633]: DEBUG glance.common.config [None req-ba0f141d-b42d-4553-b3fb-8bb6253bb177 None None] image_cache_stall_time = 86400 {{(pid=73633) log_opt_values /opt/stack/data/venv/lib/python3.10/site-packages/oslo_config/cfg.py:2995}}
Apr 09 17:27:08 devstack devstack@g-api.service[73633]: DEBUG glance.common.config [None req-ba0f141d-b42d-4553-b3fb-8bb6253bb177 None None] image_location_quota = 10 {{(pid=73633) log_opt_values /opt/stack/data/venv/lib/python3.10/site-packages/oslo_config/cfg.py:2995}}
Apr 09 17:27:08 devstack devstack@g-api.service[73633]: DEBUG glance.common.config [None req-ba0f141d-b42d-4553-b3fb-8bb6253bb177 None None] image_member_quota = 128 {{(pid=73633) log_opt_values /opt/stack/data/venv/lib/python3.10/site-packages/oslo_config/cfg.py:2995}}
Apr 09 17:27:08 devstack devstack@g-api.service[73633]: DEBUG glance.common.config [None req-ba0f141d-b42d-4553-b3fb-8bb6253bb177 None None] image_property_quota = 128 {{(pid=73633) log_opt_values /opt/stack/data/venv/lib/python3.10/site-packages/oslo_config/cfg.py:2995}}
Apr 09 17:27:08 devstack devstack@g-api.service[73633]: DEBUG glance.common.config [None req-ba0f141d-b42d-4553-b3fb-8bb6253bb177 None None] image_size_cap = 1099511627776 {{(pid=73633) log_opt_values /opt/stack/data/venv/lib/python3.10/site-packages/oslo_config/cfg.py:2995}}
Apr 09 17:27:08 devstack devstack@g-api.service[73633]: DEBUG glance.common.config [None req-ba0f141d-b42d-4553-b3fb-8bb6253bb177 None None] image_tag_quota = 128 {{(pid=73633) log_opt_values /opt/stack/data/venv/lib/python3.10/site-packages/oslo_config/cfg.py:2995}}
Apr 09 17:27:08 devstack devstack@g-api.service[73633]: DEBUG glance.common.config [None req-ba0f141d-b42d-4553-b3fb-8bb6253bb177 None None] instance_format = [instance: %(uuid)s] {{(pid=73633) log_opt_values /opt/stack/data/venv/lib/python3.10/site-packages/oslo_config/cfg.py:2995}}
Apr 09 17:27:08 devstack devstack@g-api.service[73633]: DEBUG glance.common.config [None req-ba0f141d-b42d-4553-b3fb-8bb6253bb177 None None] instance_uuid_format = [instance: %(uuid)s] {{(pid=73633) log_opt_values /opt/stack/data/venv/lib/python3.10/site-packages/oslo_config/cfg.py:2995}}
Apr 09 17:27:08 devstack devstack@g-api.service[73633]: DEBUG glance.common.config [None req-ba0f141d-b42d-4553-b3fb-8bb6253bb177 None None] limit_param_default = 25 {{(pid=73633) log_opt_values /opt/stack/data/venv/lib/python3.10/site-packages/oslo_config/cfg.py:2995}}
Apr 09 17:27:08 devstack devstack@g-api.service[73633]: DEBUG glance.common.config [None req-ba0f141d-b42d-4553-b3fb-8bb6253bb177 None None] log_color = False {{(pid=73633) log_opt_values /opt/stack/data/venv/lib/python3.10/site-packages/oslo_config/cfg.py:2995}}
Apr 09 17:27:08 devstack devstack@g-api.service[73633]: DEBUG glance.common.config [None req-ba0f141d-b42d-4553-b3fb-8bb6253bb177 None None] log_config_append = None {{(pid=73633) log_opt_values /opt/stack/data/venv/lib/python3.10/site-packages/oslo_config/cfg.py:2995}}
Apr 09 17:27:08 devstack devstack@g-api.service[73633]: DEBUG glance.common.config [None req-ba0f141d-b42d-4553-b3fb-8bb6253bb177 None None] log_date_format = %Y-%m-%d %H:%M:%S {{(pid=73633) log_opt_values /opt/stack/data/venv/lib/python3.10/site-packages/oslo_config/cfg.py:2995}}
Apr 09 17:27:08 devstack devstack@g-api.service[73633]: DEBUG glance.common.config [None req-ba0f141d-b42d-4553-b3fb-8bb6253bb177 None None] log_dir = None {{(pid=73633) log_opt_values /opt/stack/data/venv/lib/python3.10/site-packages/oslo_config/cfg.py:2995}}
Apr 09 17:27:08 devstack devstack@g-api.service[73633]: DEBUG glance.common.config [None req-ba0f141d-b42d-4553-b3fb-8bb6253bb177 None None] log_file = None {{(pid=73633) log_opt_values /opt/stack/data/venv/lib/python3.10/site-packages/oslo_config/cfg.py:2995}}
Apr 09 17:27:08 devstack devstack@g-api.service[73633]: DEBUG glance.common.config [None req-ba0f141d-b42d-4553-b3fb-8bb6253bb177 None None] log_rotate_interval = 1 {{(pid=73633) log_opt_values /opt/stack/data/venv/lib/python3.10/site-packages/oslo_config/cfg.py:2995}}
Apr 09 17:27:08 devstack devstack@g-api.service[73633]: DEBUG glance.common.config [None req-ba0f141d-b42d-4553-b3fb-8bb6253bb177 None None] log_rotate_interval_type = days {{(pid=73633) log_opt_values /opt/stack/data/venv/lib/python3.10/site-packages/oslo_config/cfg.py:2995}}
Apr 09 17:27:08 devstack devstack@g-api.service[73633]: DEBUG glance.common.config [None req-ba0f141d-b42d-4553-b3fb-8bb6253bb177 None None] log_rotation_type = none {{(pid=73633) log_opt_values /opt/stack/data/venv/lib/python3.10/site-packages/oslo_config/cfg.py:2995}}
Apr 09 17:27:08 devstack devstack@g-api.service[73633]: DEBUG glance.common.config [None req-ba0f141d-b42d-4553-b3fb-8bb6253bb177 None None] logging_context_format_string = %(color)s%(levelname)s %(name)s [%(global_request_id)s %(request_id)s %(project_name)s %(user_name)s%(color)s] %(instance)s%(color)s%(message)s {{(pid=73633) log_opt_values /opt/stack/data/venv/lib/python3.10/site-packages/oslo_config/cfg.py:2995}}
Apr 09 17:27:08 devstack devstack@g-api.service[73633]: DEBUG glance.common.config [None req-ba0f141d-b42d-4553-b3fb-8bb6253bb177 None None] logging_debug_format_suffix = {{(pid=%(process)d) %(funcName)s %(pathname)s:%(lineno)d}} {{(pid=73633) log_opt_values /opt/stack/data/venv/lib/python3.10/site-packages/oslo_config/cfg.py:2995}}
Apr 09 17:27:08 devstack devstack@g-api.service[73633]: DEBUG glance.common.config [None req-ba0f141d-b42d-4553-b3fb-8bb6253bb177 None None] logging_default_format_string = %(color)s%(levelname)s %(name)s [-%(color)s] %(instance)s%(color)s%(message)s {{(pid=73633) log_opt_values /opt/stack/data/venv/lib/python3.10/site-packages/oslo_config/cfg.py:2995}}
Apr 09 17:27:08 devstack devstack@g-api.service[73633]: DEBUG glance.common.config [None req-ba0f141d-b42d-4553-b3fb-8bb6253bb177 None None] logging_exception_prefix = ERROR %(name)s %(instance)s {{(pid=73633) log_opt_values /opt/stack/data/venv/lib/python3.10/site-packages/oslo_config/cfg.py:2995}}
Apr 09 17:27:08 devstack devstack@g-api.service[73633]: DEBUG glance.common.config [None req-ba0f141d-b42d-4553-b3fb-8bb6253bb177 None None] logging_user_identity_format = %(user)s %(project)s %(domain)s %(system_scope)s %(user_domain)s %(project_domain)s {{(pid=73633) log_opt_values /opt/stack/data/venv/lib/python3.10/site-packages/oslo_config/cfg.py:2995}}
Apr 09 17:27:08 devstack devstack@g-api.service[73633]: DEBUG glance.common.config [None req-ba0f141d-b42d-4553-b3fb-8bb6253bb177 None None] max_header_line = 16384 {{(pid=73633) log_opt_values /opt/stack/data/venv/lib/python3.10/site-packages/oslo_config/cfg.py:2995}}
Apr 09 17:27:08 devstack devstack@g-api.service[73633]: DEBUG glance.common.config [None req-ba0f141d-b42d-4553-b3fb-8bb6253bb177 None None] max_logfile_count = 30 {{(pid=73633) log_opt_values /opt/stack/data/venv/lib/python3.10/site-packages/oslo_config/cfg.py:2995}}
Apr 09 17:27:08 devstack devstack@g-api.service[73633]: DEBUG glance.common.config [None req-ba0f141d-b42d-4553-b3fb-8bb6253bb177 None None] max_logfile_size_mb = 200 {{(pid=73633) log_opt_values /opt/stack/data/venv/lib/python3.10/site-packages/oslo_config/cfg.py:2995}}
Apr 09 17:27:08 devstack devstack@g-api.service[73633]: DEBUG glance.common.config [None req-ba0f141d-b42d-4553-b3fb-8bb6253bb177 None None] max_request_id_length = 64 {{(pid=73633) log_opt_values /opt/stack/data/venv/lib/python3.10/site-packages/oslo_config/cfg.py:2995}}
Apr 09 17:27:08 devstack devstack@g-api.service[73633]: DEBUG glance.common.config [None req-ba0f141d-b42d-4553-b3fb-8bb6253bb177 None None] metadata_encryption_key = **** {{(pid=73633) log_opt_values /opt/stack/data/venv/lib/python3.10/site-packages/oslo_config/cfg.py:2995}}
Apr 09 17:27:08 devstack devstack@g-api.service[73633]: DEBUG glance.common.config [None req-ba0f141d-b42d-4553-b3fb-8bb6253bb177 None None] node_staging_uri = file:///tmp/staging/ {{(pid=73633) log_opt_values /opt/stack/data/venv/lib/python3.10/site-packages/oslo_config/cfg.py:2995}}
Apr 09 17:27:08 devstack devstack@g-api.service[73633]: DEBUG glance.common.config [None req-ba0f141d-b42d-4553-b3fb-8bb6253bb177 None None] property_protection_file = None {{(pid=73633) log_opt_values /opt/stack/data/venv/lib/python3.10/site-packages/oslo_config/cfg.py:2995}}
Apr 09 17:27:08 devstack devstack@g-api.service[73633]: DEBUG glance.common.config [None req-ba0f141d-b42d-4553-b3fb-8bb6253bb177 None None] property_protection_rule_format = roles {{(pid=73633) log_opt_values /opt/stack/data/venv/lib/python3.10/site-packages/oslo_config/cfg.py:2995}}
Apr 09 17:27:08 devstack devstack@g-api.service[73633]: DEBUG glance.common.config [None req-ba0f141d-b42d-4553-b3fb-8bb6253bb177 None None] public_endpoint = http://192.168.122.149/image {{(pid=73633) log_opt_values /opt/stack/data/venv/lib/python3.10/site-packages/oslo_config/cfg.py:2995}}
Apr 09 17:27:08 devstack devstack@g-api.service[73633]: DEBUG glance.common.config [None req-ba0f141d-b42d-4553-b3fb-8bb6253bb177 None None] publish_errors = False {{(pid=73633) log_opt_values /opt/stack/data/venv/lib/python3.10/site-packages/oslo_config/cfg.py:2995}}
Apr 09 17:27:08 devstack devstack@g-api.service[73633]: DEBUG glance.common.config [None req-ba0f141d-b42d-4553-b3fb-8bb6253bb177 None None] pydev_worker_debug_host = None {{(pid=73633) log_opt_values /opt/stack/data/venv/lib/python3.10/site-packages/oslo_config/cfg.py:2995}}
Apr 09 17:27:08 devstack devstack@g-api.service[73633]: DEBUG glance.common.config [None req-ba0f141d-b42d-4553-b3fb-8bb6253bb177 None None] pydev_worker_debug_port = 5678 {{(pid=73633) log_opt_values /opt/stack/data/venv/lib/python3.10/site-packages/oslo_config/cfg.py:2995}}
Apr 09 17:27:08 devstack devstack@g-api.service[73633]: DEBUG glance.common.config [None req-ba0f141d-b42d-4553-b3fb-8bb6253bb177 None None] rate_limit_burst = 0 {{(pid=73633) log_opt_values /opt/stack/data/venv/lib/python3.10/site-packages/oslo_config/cfg.py:2995}}
Apr 09 17:27:08 devstack devstack@g-api.service[73633]: DEBUG glance.common.config [None req-ba0f141d-b42d-4553-b3fb-8bb6253bb177 None None] rate_limit_except_level = CRITICAL {{(pid=73633) log_opt_values /opt/stack/data/venv/lib/python3.10/site-packages/oslo_config/cfg.py:2995}}
Apr 09 17:27:08 devstack devstack@g-api.service[73633]: DEBUG glance.common.config [None req-ba0f141d-b42d-4553-b3fb-8bb6253bb177 None None] rate_limit_interval = 0 {{(pid=73633) log_opt_values /opt/stack/data/venv/lib/python3.10/site-packages/oslo_config/cfg.py:2995}}
Apr 09 17:27:08 devstack devstack@g-api.service[73633]: DEBUG glance.common.config [None req-ba0f141d-b42d-4553-b3fb-8bb6253bb177 None None] scrub_pool_size = 1 {{(pid=73633) log_opt_values /opt/stack/data/venv/lib/python3.10/site-packages/oslo_config/cfg.py:2995}}
Apr 09 17:27:08 devstack devstack@g-api.service[73633]: DEBUG glance.common.config [None req-ba0f141d-b42d-4553-b3fb-8bb6253bb177 None None] scrub_time = 0 {{(pid=73633) log_opt_values /opt/stack/data/venv/lib/python3.10/site-packages/oslo_config/cfg.py:2995}}
