Apr 09 17:33:41 devstack cinder-volume[82701]: DEBUG oslo_concurrency.processutils [None req-25705846-0614-49df-b8f7-4f095e5bfcaa tempest-VolumeRetypeWithoutMigrationTest-754016957 None] Running cmd (subprocess): /opt/stack/data/venv/bin/python3.10 -m oslo_concurrency.prlimit --as=1073741824 --cpu=60 -- sudo cinder-rootwrap /etc/cinder/rootwrap.conf env LC_ALL=C qemu-img info -f qcow2 --output=json --force-share /opt/stack/data/cinder/mnt/c5dfbf9005ed89bf37539b8cad2389ac/volume-f8638e50-0981-408d-a5c7-b0460cd9a902 {{(pid=82701) execute /opt/stack/data/venv/lib/python3.10/site-packages/oslo_concurrency/processutils.py:440}}
Apr 09 17:33:41 devstack sudo[85544]: pam_unix(sudo:session): session closed for user root
Apr 09 17:33:41 devstack cinder-volume[82701]: DEBUG oslo_concurrency.processutils [None req-9a7898ef-a695-4557-9484-dff5acb36513 tempest-VolumeRetypeWithoutMigrationTest-754016957 None] CMD "sudo cinder-rootwrap /etc/cinder/rootwrap.conf df --portability --block-size 1 /opt/stack/data/cinder/mnt/c5dfbf9005ed89bf37539b8cad2389ac" returned: 0 in 0.555s {{(pid=82701) execute /opt/stack/data/venv/lib/python3.10/site-packages/oslo_concurrency/processutils.py:468}}
Apr 09 17:33:41 devstack cinder-volume[82701]: DEBUG cinder.manager [None req-9a7898ef-a695-4557-9484-dff5acb36513 tempest-VolumeRetypeWithoutMigrationTest-754016957 None] Notifying Schedulers of capabilities ... {{(pid=82701) _publish_service_capabilities /opt/stack/cinder/cinder/manager.py:202}}
Apr 09 17:33:41 devstack cinder-volume[82701]: INFO cinder.volume.manager [None req-9a7898ef-a695-4557-9484-dff5acb36513 tempest-VolumeRetypeWithoutMigrationTest-754016957 None] Retype volume completed successfully.
Apr 09 17:33:41 devstack sudo[85555]: quobyte : PWD=/ ; USER=root ; COMMAND=/opt/stack/data/venv/bin/cinder-rootwrap /etc/cinder/rootwrap.conf env LC_ALL=C qemu-img info -f qcow2 --output=json --force-share /opt/stack/data/cinder/mnt/c5dfbf9005ed89bf37539b8cad2389ac/volume-f8638e50-0981-408d-a5c7-b0460cd9a902
Apr 09 17:33:41 devstack sudo[85555]: pam_unix(sudo:session): session opened for user root(uid=0) by (uid=1000)
Apr 09 17:33:42 devstack sudo[85549]: pam_unix(sudo:session): session closed for user root
Apr 09 17:33:42 devstack cinder-volume[82701]: DEBUG oslo_concurrency.processutils [None req-fd67a644-5224-414f-a987-5473bdd8de19 tempest-GroupSnapshotsTest-2066517290 None] CMD "sudo cinder-rootwrap /etc/cinder/rootwrap.conf qemu-img create -f qcow2 -o preallocation=metadata /opt/stack/data/cinder/mnt/c5dfbf9005ed89bf37539b8cad2389ac/volume-cf460b28-a8a1-43d4-9db1-42b605352f41 1073741824" returned: 0 in 0.691s {{(pid=82701) execute /opt/stack/data/venv/lib/python3.10/site-packages/oslo_concurrency/processutils.py:468}}
Apr 09 17:33:42 devstack cinder-volume[82701]: DEBUG oslo_concurrency.processutils [None req-fd67a644-5224-414f-a987-5473bdd8de19 tempest-GroupSnapshotsTest-2066517290 None] Running cmd (subprocess): sudo cinder-rootwrap /etc/cinder/rootwrap.conf chmod ugo+rw /opt/stack/data/cinder/mnt/c5dfbf9005ed89bf37539b8cad2389ac/volume-cf460b28-a8a1-43d4-9db1-42b605352f41 {{(pid=82701) execute /opt/stack/data/venv/lib/python3.10/site-packages/oslo_concurrency/processutils.py:440}}
Apr 09 17:33:42 devstack sudo[85563]: quobyte : PWD=/ ; USER=root ; COMMAND=/opt/stack/data/venv/bin/cinder-rootwrap /etc/cinder/rootwrap.conf chmod ugo+rw /opt/stack/data/cinder/mnt/c5dfbf9005ed89bf37539b8cad2389ac/volume-cf460b28-a8a1-43d4-9db1-42b605352f41
Apr 09 17:33:42 devstack sudo[85563]: pam_unix(sudo:session): session opened for user root(uid=0) by (uid=1000)
Apr 09 17:33:42 devstack sudo[85552]: pam_unix(sudo:session): session closed for user root
Apr 09 17:33:42 devstack cinder-volume[82701]: DEBUG oslo_concurrency.processutils [None req-35f50904-2346-477a-b534-e45467ba9b08 tempest-GroupsV314Test-505929731 None] CMD "/opt/stack/data/venv/bin/python3.10 -m oslo_concurrency.prlimit --as=1073741824 --cpu=60 -- sudo cinder-rootwrap /etc/cinder/rootwrap.conf env LC_ALL=C qemu-img info -f qcow2 --output=json --force-share /opt/stack/data/cinder/mnt/c5dfbf9005ed89bf37539b8cad2389ac/volume-abeebd6d-97af-431b-b7fc-206d0039cf61" returned: 0 in 0.621s {{(pid=82701) execute /opt/stack/data/venv/lib/python3.10/site-packages/oslo_concurrency/processutils.py:468}}
Apr 09 17:33:42 devstack cinder-volume[82701]: DEBUG oslo_concurrency.processutils [None req-35f50904-2346-477a-b534-e45467ba9b08 tempest-GroupsV314Test-505929731 None] Running cmd (subprocess): sudo cinder-rootwrap /etc/cinder/rootwrap.conf rm -f /opt/stack/data/cinder/mnt/c5dfbf9005ed89bf37539b8cad2389ac/volume-abeebd6d-97af-431b-b7fc-206d0039cf61 {{(pid=82701) execute /opt/stack/data/venv/lib/python3.10/site-packages/oslo_concurrency/processutils.py:440}}
Apr 09 17:33:42 devstack sudo[85567]: quobyte : PWD=/ ; USER=root ; COMMAND=/opt/stack/data/venv/bin/cinder-rootwrap /etc/cinder/rootwrap.conf rm -f /opt/stack/data/cinder/mnt/c5dfbf9005ed89bf37539b8cad2389ac/volume-abeebd6d-97af-431b-b7fc-206d0039cf61
Apr 09 17:33:42 devstack sudo[85567]: pam_unix(sudo:session): session opened for user root(uid=0) by (uid=1000)
Apr 09 17:33:42 devstack sudo[85555]: pam_unix(sudo:session): session closed for user root
Apr 09 17:33:42 devstack cinder-volume[82701]: DEBUG oslo_concurrency.processutils [None req-25705846-0614-49df-b8f7-4f095e5bfcaa tempest-VolumeRetypeWithoutMigrationTest-754016957 None] CMD "/opt/stack/data/venv/bin/python3.10 -m oslo_concurrency.prlimit --as=1073741824 --cpu=60 -- sudo cinder-rootwrap /etc/cinder/rootwrap.conf env LC_ALL=C qemu-img info -f qcow2 --output=json --force-share /opt/stack/data/cinder/mnt/c5dfbf9005ed89bf37539b8cad2389ac/volume-f8638e50-0981-408d-a5c7-b0460cd9a902" returned: 0 in 0.479s {{(pid=82701) execute /opt/stack/data/venv/lib/python3.10/site-packages/oslo_concurrency/processutils.py:468}}
Apr 09 17:33:42 devstack cinder-volume[82701]: DEBUG oslo_concurrency.processutils [None req-25705846-0614-49df-b8f7-4f095e5bfcaa tempest-VolumeRetypeWithoutMigrationTest-754016957 None] Running cmd (subprocess): sudo cinder-rootwrap /etc/cinder/rootwrap.conf rm -f /opt/stack/data/cinder/mnt/c5dfbf9005ed89bf37539b8cad2389ac/volume-f8638e50-0981-408d-a5c7-b0460cd9a902 {{(pid=82701) execute /opt/stack/data/venv/lib/python3.10/site-packages/oslo_concurrency/processutils.py:440}}
Apr 09 17:33:42 devstack sudo[85570]: quobyte : PWD=/ ; USER=root ; COMMAND=/opt/stack/data/venv/bin/cinder-rootwrap /etc/cinder/rootwrap.conf rm -f /opt/stack/data/cinder/mnt/c5dfbf9005ed89bf37539b8cad2389ac/volume-f8638e50-0981-408d-a5c7-b0460cd9a902
Apr 09 17:33:42 devstack sudo[85570]: pam_unix(sudo:session): session opened for user root(uid=0) by (uid=1000)
Apr 09 17:33:42 devstack sudo[85563]: pam_unix(sudo:session): session closed for user root
Apr 09 17:33:42 devstack cinder-volume[82701]: DEBUG oslo_concurrency.processutils [None req-fd67a644-5224-414f-a987-5473bdd8de19 tempest-GroupSnapshotsTest-2066517290 None] CMD "sudo cinder-rootwrap /etc/cinder/rootwrap.conf chmod ugo+rw /opt/stack/data/cinder/mnt/c5dfbf9005ed89bf37539b8cad2389ac/volume-cf460b28-a8a1-43d4-9db1-42b605352f41" returned: 0 in 0.446s {{(pid=82701) execute /opt/stack/data/venv/lib/python3.10/site-packages/oslo_concurrency/processutils.py:468}}
Apr 09 17:33:42 devstack cinder-volume[82701]: DEBUG cinder.volume.drivers.quobyte [None req-fd67a644-5224-414f-a987-5473bdd8de19 tempest-GroupSnapshotsTest-2066517290 None] <== create_volume: return (1161ms) {'provider_location': 'osci02.corp.quobyte.com/cinder-vol-f37b9b3b-0c00-4c5e-b7d8-40efe9d2c1d6'} {{(pid=82701) trace_logging_wrapper /opt/stack/cinder/cinder/volume/volume_utils.py:1523}}
Apr 09 17:33:42 devstack cinder-volume[82701]: DEBUG oslo_concurrency.lockutils [None req-fd67a644-5224-414f-a987-5473bdd8de19 tempest-GroupSnapshotsTest-2066517290 None] Lock "quobyte" "released" by "cinder.volume.drivers.quobyte.QuobyteDriver.create_volume" :: held 1.164s {{(pid=82701) inner /opt/stack/data/venv/lib/python3.10/site-packages/oslo_concurrency/lockutils.py:538}}
Apr 09 17:33:42 devstack cinder-volume[82701]: DEBUG cinder.volume.manager [None req-fd67a644-5224-414f-a987-5473bdd8de19 tempest-GroupSnapshotsTest-2066517290 None] Task 'cinder.volume.flows.manager.create_volume.CreateVolumeFromSpecTask;volume:create' (e2b7672f-49b9-42e9-a360-f6e88b67bd03) transitioned into state 'SUCCESS' from state 'RUNNING' with result '{'status': 'creating', 'volume_name': 'volume-cf460b28-a8a1-43d4-9db1-42b605352f41', 'volume_size': 1}' {{(pid=82701) _task_receiver /opt/stack/data/venv/lib/python3.10/site-packages/taskflow/listeners/logging.py:182}}
Apr 09 17:33:42 devstack cinder-volume[82701]: DEBUG cinder.volume.manager [None req-fd67a644-5224-414f-a987-5473bdd8de19 tempest-GroupSnapshotsTest-2066517290 None] Task 'cinder.volume.flows.manager.create_volume.CreateVolumeOnFinishTask;volume:create, create.end' (076ec70c-0f31-46ad-9dbc-b9c6fda8073a) transitioned into state 'RUNNING' from state 'PENDING' {{(pid=82701) _task_receiver /opt/stack/data/venv/lib/python3.10/site-packages/taskflow/listeners/logging.py:194}}
Apr 09 17:33:42 devstack cinder-volume[82701]: INFO cinder.volume.flows.manager.create_volume [None req-fd67a644-5224-414f-a987-5473bdd8de19 tempest-GroupSnapshotsTest-2066517290 None] Volume volume-cf460b28-a8a1-43d4-9db1-42b605352f41 (cf460b28-a8a1-43d4-9db1-42b605352f41): created successfully
Apr 09 17:33:42 devstack sudo[85567]: pam_unix(sudo:session): session closed for user root
Apr 09 17:33:42 devstack cinder-volume[82701]: DEBUG cinder.volume.manager [None req-fd67a644-5224-414f-a987-5473bdd8de19 tempest-GroupSnapshotsTest-2066517290 None] Task 'cinder.volume.flows.manager.create_volume.CreateVolumeOnFinishTask;volume:create, create.end' (076ec70c-0f31-46ad-9dbc-b9c6fda8073a) transitioned into state 'SUCCESS' from state 'RUNNING' with result 'None' {{(pid=82701) _task_receiver /opt/stack/data/venv/lib/python3.10/site-packages/taskflow/listeners/logging.py:182}}
Apr 09 17:33:42 devstack cinder-volume[82701]: DEBUG cinder.volume.manager [None req-fd67a644-5224-414f-a987-5473bdd8de19 tempest-GroupSnapshotsTest-2066517290 None] Flow 'volume_create_manager' (fcfbf70b-1a39-407b-a744-dda6a20f1276) transitioned into state 'SUCCESS' from state 'RUNNING' {{(pid=82701) _flow_receiver /opt/stack/data/venv/lib/python3.10/site-packages/taskflow/listeners/logging.py:145}}
Apr 09 17:33:42 devstack cinder-volume[82701]: DEBUG oslo_concurrency.processutils [None req-35f50904-2346-477a-b534-e45467ba9b08 tempest-GroupsV314Test-505929731 None] CMD "sudo cinder-rootwrap /etc/cinder/rootwrap.conf rm -f /opt/stack/data/cinder/mnt/c5dfbf9005ed89bf37539b8cad2389ac/volume-abeebd6d-97af-431b-b7fc-206d0039cf61" returned: 0 in 0.431s {{(pid=82701) execute /opt/stack/data/venv/lib/python3.10/site-packages/oslo_concurrency/processutils.py:468}}
Apr 09 17:33:42 devstack cinder-volume[82701]: DEBUG cinder.coordination [None req-35f50904-2346-477a-b534-e45467ba9b08 tempest-GroupsV314Test-505929731 None] Lock "cinder-quobyte-abeebd6d-97af-431b-b7fc-206d0039cf61" released by "delete_volume" :: held 1.099s {{(pid=82701) __release /opt/stack/cinder/cinder/coordination.py:152}}
Apr 09 17:33:42 devstack cinder-volume[82701]: INFO cinder.volume.manager [None req-fd67a644-5224-414f-a987-5473bdd8de19 tempest-GroupSnapshotsTest-2066517290 None] Created volume successfully.
Apr 09 17:33:42 devstack cinder-volume[82701]: DEBUG cinder.quota [None req-35f50904-2346-477a-b534-e45467ba9b08 tempest-GroupsV314Test-505929731 None] Created reservations ['37631e19-ec82-4f89-b890-3b0c4cad9155'] {{(pid=82701) reserve /opt/stack/cinder/cinder/quota.py:752}}
Apr 09 17:33:42 devstack sudo[85570]: pam_unix(sudo:session): session closed for user root
Apr 09 17:33:42 devstack cinder-volume[82701]: DEBUG oslo_concurrency.processutils [None req-25705846-0614-49df-b8f7-4f095e5bfcaa tempest-VolumeRetypeWithoutMigrationTest-754016957 None] CMD "sudo cinder-rootwrap /etc/cinder/rootwrap.conf rm -f /opt/stack/data/cinder/mnt/c5dfbf9005ed89bf37539b8cad2389ac/volume-f8638e50-0981-408d-a5c7-b0460cd9a902" returned: 0 in 0.435s {{(pid=82701) execute /opt/stack/data/venv/lib/python3.10/site-packages/oslo_concurrency/processutils.py:468}}
Apr 09 17:33:42 devstack cinder-volume[82701]: DEBUG cinder.coordination [None req-25705846-0614-49df-b8f7-4f095e5bfcaa tempest-VolumeRetypeWithoutMigrationTest-754016957 None] Lock "cinder-quobyte-f8638e50-0981-408d-a5c7-b0460cd9a902" released by "delete_volume" :: held 0.937s {{(pid=82701) __release /opt/stack/cinder/cinder/coordination.py:152}}
Apr 09 17:33:42 devstack cinder-volume[82701]: DEBUG cinder.quota [None req-35f50904-2346-477a-b534-e45467ba9b08 tempest-GroupsV314Test-505929731 None] Created reservations ['6c73e004-dbd9-4ec7-ae57-ee231f5b4704', 'bc3b6c57-5d11-4945-ac41-76d70a1bf722', '322607a5-a63f-4da4-902d-57572bf8ece2', '3c0fc6fe-5ca0-43f1-be65-04f5355fdfcb'] {{(pid=82701) reserve /opt/stack/cinder/cinder/quota.py:752}}
Apr 09 17:33:42 devstack cinder-volume[82701]: WARNING cinder.quota [None req-25705846-0614-49df-b8f7-4f095e5bfcaa tempest-VolumeRetypeWithoutMigrationTest-754016957 None] Deprecated: Default quota for resource: volumes_volume-type-2 is set by the default quota flag: quota_volumes_volume-type-2, it is now deprecated. Please use the default quota class for default quota.
Apr 09 17:33:42 devstack cinder-volume[82701]: WARNING cinder.quota [None req-25705846-0614-49df-b8f7-4f095e5bfcaa tempest-VolumeRetypeWithoutMigrationTest-754016957 None] Deprecated: Default quota for resource: gigabytes_volume-type-2 is set by the default quota flag: quota_gigabytes_volume-type-2, it is now deprecated. Please use the default quota class for default quota.
Apr 09 17:33:42 devstack cinder-volume[82701]: DEBUG cinder.quota [None req-25705846-0614-49df-b8f7-4f095e5bfcaa tempest-VolumeRetypeWithoutMigrationTest-754016957 None] Created reservations ['492a05cf-81ee-4f2d-b7f7-323484c6ea8a', '39fb1cfe-f16a-4480-824b-84165fcb1b20', '5731fd41-2f8b-425f-b1a8-c32b76f39b0c', '9a77d4f6-fcea-4445-8dbb-05c5c15ac650'] {{(pid=82701) reserve /opt/stack/cinder/cinder/quota.py:752}}
Apr 09 17:33:42 devstack cinder-volume[82701]: DEBUG oslo_concurrency.lockutils [None req-25705846-0614-49df-b8f7-4f095e5bfcaa tempest-VolumeRetypeWithoutMigrationTest-754016957 None] Acquiring lock "quobyte_ensure" by "cinder.volume.drivers.quobyte.QuobyteDriver._ensure_shares_mounted" {{(pid=82701) inner /opt/stack/data/venv/lib/python3.10/site-packages/oslo_concurrency/lockutils.py:506}}
Apr 09 17:33:42 devstack cinder-volume[82701]: DEBUG oslo_concurrency.lockutils [None req-25705846-0614-49df-b8f7-4f095e5bfcaa tempest-VolumeRetypeWithoutMigrationTest-754016957 None] Lock "quobyte_ensure" acquired by "cinder.volume.drivers.quobyte.QuobyteDriver._ensure_shares_mounted" :: waited 0.001s {{(pid=82701) inner /opt/stack/data/venv/lib/python3.10/site-packages/oslo_concurrency/lockutils.py:519}}
Apr 09 17:33:42 devstack cinder-volume[82701]: DEBUG cinder.volume.drivers.quobyte [None req-25705846-0614-49df-b8f7-4f095e5bfcaa tempest-VolumeRetypeWithoutMigrationTest-754016957 None] Quobyte Volume URL set to: {'osci02.corp.quobyte.com/cinder-vol-f37b9b3b-0c00-4c5e-b7d8-40efe9d2c1d6': None} {{(pid=82701) _load_shares_config /opt/stack/cinder/cinder/volume/drivers/quobyte.py:617}}
Apr 09 17:33:42 devstack cinder-volume[82701]: DEBUG cinder.volume.drivers.quobyte [None req-25705846-0614-49df-b8f7-4f095e5bfcaa tempest-VolumeRetypeWithoutMigrationTest-754016957 None] Available shares ['osci02.corp.quobyte.com/cinder-vol-f37b9b3b-0c00-4c5e-b7d8-40efe9d2c1d6'] {{(pid=82701) _ensure_shares_mounted /opt/stack/cinder/cinder/volume/drivers/quobyte.py:647}}
Apr 09 17:33:42 devstack cinder-volume[82701]: DEBUG oslo_concurrency.lockutils [None req-25705846-0614-49df-b8f7-4f095e5bfcaa tempest-VolumeRetypeWithoutMigrationTest-754016957 None] Lock "quobyte_ensure" "released" by "cinder.volume.drivers.quobyte.QuobyteDriver._ensure_shares_mounted" :: held 0.005s {{(pid=82701) inner /opt/stack/data/venv/lib/python3.10/site-packages/oslo_concurrency/lockutils.py:538}}
Apr 09 17:33:42 devstack cinder-volume[82701]: DEBUG oslo_concurrency.processutils [None req-25705846-0614-49df-b8f7-4f095e5bfcaa tempest-VolumeRetypeWithoutMigrationTest-754016957 None] Running cmd (subprocess): sudo cinder-rootwrap /etc/cinder/rootwrap.conf df --portability --block-size 1 /opt/stack/data/cinder/mnt/c5dfbf9005ed89bf37539b8cad2389ac {{(pid=82701) execute /opt/stack/data/venv/lib/python3.10/site-packages/oslo_concurrency/processutils.py:440}}
Apr 09 17:33:42 devstack cinder-volume[82701]: DEBUG oslo_concurrency.lockutils [None req-35f50904-2346-477a-b534-e45467ba9b08 tempest-GroupsV314Test-505929731 None] Acquiring lock "quobyte_ensure" by "cinder.volume.drivers.quobyte.QuobyteDriver._ensure_shares_mounted" {{(pid=82701) inner /opt/stack/data/venv/lib/python3.10/site-packages/oslo_concurrency/lockutils.py:506}}
Apr 09 17:33:42 devstack cinder-volume[82701]: DEBUG oslo_concurrency.lockutils [None req-35f50904-2346-477a-b534-e45467ba9b08 tempest-GroupsV314Test-505929731 None] Lock "quobyte_ensure" acquired by "cinder.volume.drivers.quobyte.QuobyteDriver._ensure_shares_mounted" :: waited 0.001s {{(pid=82701) inner /opt/stack/data/venv/lib/python3.10/site-packages/oslo_concurrency/lockutils.py:519}}
Apr 09 17:33:42 devstack cinder-volume[82701]: DEBUG cinder.volume.drivers.quobyte [None req-35f50904-2346-477a-b534-e45467ba9b08 tempest-GroupsV314Test-505929731 None] Quobyte Volume URL set to: {'osci02.corp.quobyte.com/cinder-vol-f37b9b3b-0c00-4c5e-b7d8-40efe9d2c1d6': None} {{(pid=82701) _load_shares_config /opt/stack/cinder/cinder/volume/drivers/quobyte.py:617}}
Apr 09 17:33:42 devstack cinder-volume[82701]: DEBUG cinder.volume.drivers.quobyte [None req-35f50904-2346-477a-b534-e45467ba9b08 tempest-GroupsV314Test-505929731 None] Available shares ['osci02.corp.quobyte.com/cinder-vol-f37b9b3b-0c00-4c5e-b7d8-40efe9d2c1d6'] {{(pid=82701) _ensure_shares_mounted /opt/stack/cinder/cinder/volume/drivers/quobyte.py:647}}
Apr 09 17:33:42 devstack cinder-volume[82701]: DEBUG oslo_concurrency.lockutils [None req-35f50904-2346-477a-b534-e45467ba9b08 tempest-GroupsV314Test-505929731 None] Lock "quobyte_ensure" "released" by "cinder.volume.drivers.quobyte.QuobyteDriver._ensure_shares_mounted" :: held 0.004s {{(pid=82701) inner /opt/stack/data/venv/lib/python3.10/site-packages/oslo_concurrency/lockutils.py:538}}
Apr 09 17:33:42 devstack cinder-volume[82701]: DEBUG oslo_concurrency.processutils [None req-35f50904-2346-477a-b534-e45467ba9b08 tempest-GroupsV314Test-505929731 None] Running cmd (subprocess): sudo cinder-rootwrap /etc/cinder/rootwrap.conf df --portability --block-size 1 /opt/stack/data/cinder/mnt/c5dfbf9005ed89bf37539b8cad2389ac {{(pid=82701) execute /opt/stack/data/venv/lib/python3.10/site-packages/oslo_concurrency/processutils.py:440}}
Apr 09 17:33:42 devstack sudo[85575]: quobyte : PWD=/ ; USER=root ; COMMAND=/opt/stack/data/venv/bin/cinder-rootwrap /etc/cinder/rootwrap.conf df --portability --block-size 1 /opt/stack/data/cinder/mnt/c5dfbf9005ed89bf37539b8cad2389ac
Apr 09 17:33:42 devstack sudo[85575]: pam_unix(sudo:session): session opened for user root(uid=0) by (uid=1000)
Apr 09 17:33:42 devstack sudo[85577]: quobyte : PWD=/ ; USER=root ; COMMAND=/opt/stack/data/venv/bin/cinder-rootwrap /etc/cinder/rootwrap.conf df --portability --block-size 1 /opt/stack/data/cinder/mnt/c5dfbf9005ed89bf37539b8cad2389ac
Apr 09 17:33:42 devstack sudo[85577]: pam_unix(sudo:session): session opened for user root(uid=0) by (uid=1000)
Apr 09 17:33:43 devstack sudo[85577]: pam_unix(sudo:session): session closed for user root
Apr 09 17:33:43 devstack cinder-volume[82701]: DEBUG oslo_concurrency.processutils [None req-35f50904-2346-477a-b534-e45467ba9b08 tempest-GroupsV314Test-505929731 None] CMD "sudo cinder-rootwrap /etc/cinder/rootwrap.conf df --portability --block-size 1 /opt/stack/data/cinder/mnt/c5dfbf9005ed89bf37539b8cad2389ac" returned: 0 in 0.439s {{(pid=82701) execute /opt/stack/data/venv/lib/python3.10/site-packages/oslo_concurrency/processutils.py:468}}
Apr 09 17:33:43 devstack cinder-volume[82701]: DEBUG cinder.manager [None req-35f50904-2346-477a-b534-e45467ba9b08 tempest-GroupsV314Test-505929731 None] Notifying Schedulers of capabilities ... {{(pid=82701) _publish_service_capabilities /opt/stack/cinder/cinder/manager.py:202}}
Apr 09 17:33:43 devstack cinder-volume[82701]: INFO cinder.volume.manager [None req-35f50904-2346-477a-b534-e45467ba9b08 tempest-GroupsV314Test-505929731 None] Delete group completed successfully.
Apr 09 17:33:43 devstack sudo[85575]: pam_unix(sudo:session): session closed for user root
Apr 09 17:33:43 devstack cinder-volume[82701]: DEBUG oslo_concurrency.processutils [None req-25705846-0614-49df-b8f7-4f095e5bfcaa tempest-VolumeRetypeWithoutMigrationTest-754016957 None] CMD "sudo cinder-rootwrap /etc/cinder/rootwrap.conf df --portability --block-size 1 /opt/stack/data/cinder/mnt/c5dfbf9005ed89bf37539b8cad2389ac" returned: 0 in 0.486s {{(pid=82701) execute /opt/stack/data/venv/lib/python3.10/site-packages/oslo_concurrency/processutils.py:468}}
Apr 09 17:33:43 devstack cinder-volume[82701]: DEBUG cinder.manager [None req-25705846-0614-49df-b8f7-4f095e5bfcaa tempest-VolumeRetypeWithoutMigrationTest-754016957 None] Notifying Schedulers of capabilities ... {{(pid=82701) _publish_service_capabilities /opt/stack/cinder/cinder/manager.py:202}}
Apr 09 17:33:43 devstack cinder-volume[82701]: INFO cinder.volume.manager [None req-25705846-0614-49df-b8f7-4f095e5bfcaa tempest-VolumeRetypeWithoutMigrationTest-754016957 None] Deleted volume successfully.
Apr 09 17:33:43 devstack cinder-volume[82701]: DEBUG cinder.coordination [None req-25705846-0614-49df-b8f7-4f095e5bfcaa tempest-VolumeRetypeWithoutMigrationTest-754016957 None] Lock "cinder-f8638e50-0981-408d-a5c7-b0460cd9a902-delete_volume" released by "delete_volume" :: held 1.588s {{(pid=82701) __release /opt/stack/cinder/cinder/coordination.py:152}}
Apr 09 17:33:43 devstack cinder-volume[82701]: INFO cinder.volume.manager [None req-581309d5-94b1-495f-8ab2-1c2f94bd576d tempest-GroupSnapshotsTest-2066517290 None] GroupSnapshot af972e83-c1d1-4bac-b575-c28bd330130b: creating.
Apr 09 17:33:43 devstack cinder-volume[82701]: DEBUG cinder.volume.manager [None req-581309d5-94b1-495f-8ab2-1c2f94bd576d tempest-GroupSnapshotsTest-2066517290 None] Group snapshot af972e83-c1d1-4bac-b575-c28bd330130b: creating. {{(pid=82701) create_group_snapshot /opt/stack/cinder/cinder/volume/manager.py:4175}}
Apr 09 17:33:43 devstack cinder-volume[82701]: DEBUG oslo_concurrency.lockutils [None req-581309d5-94b1-495f-8ab2-1c2f94bd576d tempest-GroupSnapshotsTest-2066517290 None] Acquiring lock "quobyte" by "cinder.volume.drivers.quobyte.QuobyteDriver.create_snapshot" {{(pid=82701) inner /opt/stack/data/venv/lib/python3.10/site-packages/oslo_concurrency/lockutils.py:506}}
Apr 09 17:33:43 devstack cinder-volume[82701]: DEBUG oslo_concurrency.lockutils [None req-581309d5-94b1-495f-8ab2-1c2f94bd576d tempest-GroupSnapshotsTest-2066517290 None] Lock "quobyte" acquired by "cinder.volume.drivers.quobyte.QuobyteDriver.create_snapshot" :: waited 0.001s {{(pid=82701) inner /opt/stack/data/venv/lib/python3.10/site-packages/oslo_concurrency/lockutils.py:519}}
Apr 09 17:33:43 devstack cinder-volume[82701]: DEBUG cinder.volume.drivers.remotefs [None req-581309d5-94b1-495f-8ab2-1c2f94bd576d tempest-GroupSnapshotsTest-2066517290 None] Creating offline snapshot dc7e938f-61db-40a9-8c2c-c07fe8dbbd81 of volume cf460b28-a8a1-43d4-9db1-42b605352f41 {{(pid=82701) _create_snapshot /opt/stack/cinder/cinder/volume/drivers/remotefs.py:1815}}
Apr 09 17:33:43 devstack cinder-volume[82701]: DEBUG oslo.privsep.daemon [-] privsep: reply[b6864756-380d-44ea-8100-5c8dfb049ad4]: (4, 'qcow2') {{(pid=83627) _call_back /opt/stack/data/venv/lib/python3.10/site-packages/oslo_privsep/daemon.py:573}}
Apr 09 17:33:43 devstack cinder-volume[82701]: DEBUG oslo_concurrency.processutils [None req-581309d5-94b1-495f-8ab2-1c2f94bd576d tempest-GroupSnapshotsTest-2066517290 None] Running cmd (subprocess): /opt/stack/data/venv/bin/python3.10 -m oslo_concurrency.prlimit --as=1073741824 --cpu=60 -- sudo cinder-rootwrap /etc/cinder/rootwrap.conf env LC_ALL=C qemu-img info -f qcow2 --output=json --force-share /opt/stack/data/cinder/mnt/c5dfbf9005ed89bf37539b8cad2389ac/volume-cf460b28-a8a1-43d4-9db1-42b605352f41 {{(pid=82701) execute /opt/stack/data/venv/lib/python3.10/site-packages/oslo_concurrency/processutils.py:440}}
Apr 09 17:33:43 devstack sudo[85581]: quobyte : PWD=/ ; USER=root ; COMMAND=/opt/stack/data/venv/bin/cinder-rootwrap /etc/cinder/rootwrap.conf env LC_ALL=C qemu-img info -f qcow2 --output=json --force-share /opt/stack/data/cinder/mnt/c5dfbf9005ed89bf37539b8cad2389ac/volume-cf460b28-a8a1-43d4-9db1-42b605352f41
Apr 09 17:33:43 devstack sudo[85581]: pam_unix(sudo:session): session opened for user root(uid=0) by (uid=1000)
Apr 09 17:33:44 devstack sudo[85581]: pam_unix(sudo:session): session closed for user root
Apr 09 17:33:44 devstack cinder-volume[82701]: DEBUG oslo_concurrency.processutils [None req-581309d5-94b1-495f-8ab2-1c2f94bd576d tempest-GroupSnapshotsTest-2066517290 None] CMD "/opt/stack/data/venv/bin/python3.10 -m oslo_concurrency.prlimit --as=1073741824 --cpu=60 -- sudo cinder-rootwrap /etc/cinder/rootwrap.conf env LC_ALL=C qemu-img info -f qcow2 --output=json --force-share /opt/stack/data/cinder/mnt/c5dfbf9005ed89bf37539b8cad2389ac/volume-cf460b28-a8a1-43d4-9db1-42b605352f41" returned: 0 in 0.593s {{(pid=82701) execute /opt/stack/data/venv/lib/python3.10/site-packages/oslo_concurrency/processutils.py:468}}
Apr 09 17:33:44 devstack cinder-volume[82701]: DEBUG oslo_concurrency.processutils [None req-581309d5-94b1-495f-8ab2-1c2f94bd576d tempest-GroupSnapshotsTest-2066517290 None] Running cmd (subprocess): sudo cinder-rootwrap /etc/cinder/rootwrap.conf qemu-img create -f qcow2 -o backing_file=/opt/stack/data/cinder/mnt/c5dfbf9005ed89bf37539b8cad2389ac/volume-cf460b28-a8a1-43d4-9db1-42b605352f41,backing_fmt=qcow2 /opt/stack/data/cinder/mnt/c5dfbf9005ed89bf37539b8cad2389ac/volume-cf460b28-a8a1-43d4-9db1-42b605352f41.dc7e938f-61db-40a9-8c2c-c07fe8dbbd81 1G {{(pid=82701) execute /opt/stack/data/venv/lib/python3.10/site-packages/oslo_concurrency/processutils.py:440}}
Apr 09 17:33:44 devstack sudo[85586]: quobyte : PWD=/ ; USER=root ; COMMAND=/opt/stack/data/venv/bin/cinder-rootwrap /etc/cinder/rootwrap.conf qemu-img create -f qcow2 -o backing_file=/opt/stack/data/cinder/mnt/c5dfbf9005ed89bf37539b8cad2389ac/volume-cf460b28-a8a1-43d4-9db1-42b605352f41,backing_fmt=qcow2 /opt/stack/data/cinder/mnt/c5dfbf9005ed89bf37539b8cad2389ac/volume-cf460b28-a8a1-43d4-9db1-42b605352f41.dc7e938f-61db-40a9-8c2c-c07fe8dbbd81 1G
Apr 09 17:33:44 devstack sudo[85586]: pam_unix(sudo:session): session opened for user root(uid=0) by (uid=1000)
Apr 09 17:33:44 devstack sudo[85586]: pam_unix(sudo:session): session closed for user root
Apr 09 17:33:44 devstack cinder-volume[82701]: DEBUG oslo_concurrency.processutils [None req-581309d5-94b1-495f-8ab2-1c2f94bd576d tempest-GroupSnapshotsTest-2066517290 None] CMD "sudo cinder-rootwrap /etc/cinder/rootwrap.conf qemu-img create -f qcow2 -o backing_file=/opt/stack/data/cinder/mnt/c5dfbf9005ed89bf37539b8cad2389ac/volume-cf460b28-a8a1-43d4-9db1-42b605352f41,backing_fmt=qcow2 /opt/stack/data/cinder/mnt/c5dfbf9005ed89bf37539b8cad2389ac/volume-cf460b28-a8a1-43d4-9db1-42b605352f41.dc7e938f-61db-40a9-8c2c-c07fe8dbbd81 1G" returned: 0 in 0.640s {{(pid=82701) execute /opt/stack/data/venv/lib/python3.10/site-packages/oslo_concurrency/processutils.py:468}}
Apr 09 17:33:44 devstack cinder-volume[82701]: DEBUG oslo_concurrency.processutils [None req-581309d5-94b1-495f-8ab2-1c2f94bd576d tempest-GroupSnapshotsTest-2066517290 None] Running cmd (subprocess): sudo cinder-rootwrap /etc/cinder/rootwrap.conf qemu-img rebase -u -b volume-cf460b28-a8a1-43d4-9db1-42b605352f41 -F qcow2 /opt/stack/data/cinder/mnt/c5dfbf9005ed89bf37539b8cad2389ac/volume-cf460b28-a8a1-43d4-9db1-42b605352f41.dc7e938f-61db-40a9-8c2c-c07fe8dbbd81 {{(pid=82701) execute /opt/stack/data/venv/lib/python3.10/site-packages/oslo_concurrency/processutils.py:440}}
Apr 09 17:33:44 devstack sudo[85594]: quobyte : PWD=/ ; USER=root ; COMMAND=/opt/stack/data/venv/bin/cinder-rootwrap /etc/cinder/rootwrap.conf qemu-img rebase -u -b volume-cf460b28-a8a1-43d4-9db1-42b605352f41 -F qcow2 /opt/stack/data/cinder/mnt/c5dfbf9005ed89bf37539b8cad2389ac/volume-cf460b28-a8a1-43d4-9db1-42b605352f41.dc7e938f-61db-40a9-8c2c-c07fe8dbbd81
Apr 09 17:33:44 devstack sudo[85594]: pam_unix(sudo:session): session opened for user root(uid=0) by (uid=1000)
Apr 09 17:33:45 devstack sudo[85594]: pam_unix(sudo:session): session closed for user root
Apr 09 17:33:45 devstack cinder-volume[82701]: DEBUG oslo_concurrency.processutils [None req-581309d5-94b1-495f-8ab2-1c2f94bd576d tempest-GroupSnapshotsTest-2066517290 None] CMD "sudo cinder-rootwrap /etc/cinder/rootwrap.conf qemu-img rebase -u -b volume-cf460b28-a8a1-43d4-9db1-42b605352f41 -F qcow2 /opt/stack/data/cinder/mnt/c5dfbf9005ed89bf37539b8cad2389ac/volume-cf460b28-a8a1-43d4-9db1-42b605352f41.dc7e938f-61db-40a9-8c2c-c07fe8dbbd81" returned: 0 in 0.607s {{(pid=82701) execute /opt/stack/data/venv/lib/python3.10/site-packages/oslo_concurrency/processutils.py:468}}
Apr 09 17:33:45 devstack cinder-volume[82701]: WARNING cinder.volume.drivers.remotefs [None req-581309d5-94b1-495f-8ab2-1c2f94bd576d tempest-GroupSnapshotsTest-2066517290 None] /opt/stack/data/cinder/mnt/c5dfbf9005ed89bf37539b8cad2389ac/volume-cf460b28-a8a1-43d4-9db1-42b605352f41.dc7e938f-61db-40a9-8c2c-c07fe8dbbd81 is being set with open permissions: ugo+rw: NotImplementedError
Apr 09 17:33:45 devstack cinder-volume[82701]: DEBUG oslo_concurrency.processutils [None req-581309d5-94b1-495f-8ab2-1c2f94bd576d tempest-GroupSnapshotsTest-2066517290 None] Running cmd (subprocess): sudo cinder-rootwrap /etc/cinder/rootwrap.conf chmod ugo+rw /opt/stack/data/cinder/mnt/c5dfbf9005ed89bf37539b8cad2389ac/volume-cf460b28-a8a1-43d4-9db1-42b605352f41.dc7e938f-61db-40a9-8c2c-c07fe8dbbd81 {{(pid=82701) execute /opt/stack/data/venv/lib/python3.10/site-packages/oslo_concurrency/processutils.py:440}}
Apr 09 17:33:45 devstack sudo[85599]: quobyte : PWD=/ ; USER=root ; COMMAND=/opt/stack/data/venv/bin/cinder-rootwrap /etc/cinder/rootwrap.conf chmod ugo+rw /opt/stack/data/cinder/mnt/c5dfbf9005ed89bf37539b8cad2389ac/volume-cf460b28-a8a1-43d4-9db1-42b605352f41.dc7e938f-61db-40a9-8c2c-c07fe8dbbd81
Apr 09 17:33:45 devstack sudo[85599]: pam_unix(sudo:session): session opened for user root(uid=0) by (uid=1000)
Apr 09 17:33:46 devstack sudo[85599]: pam_unix(sudo:session): session closed for user root
Apr 09 17:33:46 devstack cinder-volume[82701]: DEBUG oslo_concurrency.processutils [None req-581309d5-94b1-495f-8ab2-1c2f94bd576d tempest-GroupSnapshotsTest-2066517290 None] CMD "sudo cinder-rootwrap /etc/cinder/rootwrap.conf chmod ugo+rw /opt/stack/data/cinder/mnt/c5dfbf9005ed89bf37539b8cad2389ac/volume-cf460b28-a8a1-43d4-9db1-42b605352f41.dc7e938f-61db-40a9-8c2c-c07fe8dbbd81" returned: 0 in 0.570s {{(pid=82701) execute /opt/stack/data/venv/lib/python3.10/site-packages/oslo_concurrency/processutils.py:468}}
Apr 09 17:33:46 devstack cinder-volume[82701]: DEBUG oslo_concurrency.processutils [None req-581309d5-94b1-495f-8ab2-1c2f94bd576d tempest-GroupSnapshotsTest-2066517290 None] Running cmd (subprocess): sudo cinder-rootwrap /etc/cinder/rootwrap.conf truncate -s0 /opt/stack/data/cinder/mnt/c5dfbf9005ed89bf37539b8cad2389ac/volume-cf460b28-a8a1-43d4-9db1-42b605352f41.info {{(pid=82701) execute /opt/stack/data/venv/lib/python3.10/site-packages/oslo_concurrency/processutils.py:440}}
Apr 09 17:33:46 devstack sudo[85623]: quobyte : PWD=/ ; USER=root ; COMMAND=/opt/stack/data/venv/bin/cinder-rootwrap /etc/cinder/rootwrap.conf truncate -s0 /opt/stack/data/cinder/mnt/c5dfbf9005ed89bf37539b8cad2389ac/volume-cf460b28-a8a1-43d4-9db1-42b605352f41.info
Apr 09 17:33:46 devstack sudo[85623]: pam_unix(sudo:session): session opened for user root(uid=0) by (uid=1000)
Apr 09 17:33:46 devstack sudo[85623]: pam_unix(sudo:session): session closed for user root
Apr 09 17:33:46 devstack cinder-volume[82701]: DEBUG oslo_concurrency.processutils [None req-581309d5-94b1-495f-8ab2-1c2f94bd576d tempest-GroupSnapshotsTest-2066517290 None] CMD "sudo cinder-rootwrap /etc/cinder/rootwrap.conf truncate -s0 /opt/stack/data/cinder/mnt/c5dfbf9005ed89bf37539b8cad2389ac/volume-cf460b28-a8a1-43d4-9db1-42b605352f41.info" returned: 0 in 0.722s {{(pid=82701) execute /opt/stack/data/venv/lib/python3.10/site-packages/oslo_concurrency/processutils.py:468}}
Apr 09 17:33:46 devstack cinder-volume[82701]: WARNING cinder.volume.drivers.remotefs [None req-581309d5-94b1-495f-8ab2-1c2f94bd576d tempest-GroupSnapshotsTest-2066517290 None] /opt/stack/data/cinder/mnt/c5dfbf9005ed89bf37539b8cad2389ac/volume-cf460b28-a8a1-43d4-9db1-42b605352f41.info is being set with open permissions: ugo+rw: NotImplementedError
Apr 09 17:33:46 devstack cinder-volume[82701]: DEBUG oslo_concurrency.processutils [None req-581309d5-94b1-495f-8ab2-1c2f94bd576d tempest-GroupSnapshotsTest-2066517290 None] Running cmd (subprocess): sudo cinder-rootwrap /etc/cinder/rootwrap.conf chmod ugo+rw /opt/stack/data/cinder/mnt/c5dfbf9005ed89bf37539b8cad2389ac/volume-cf460b28-a8a1-43d4-9db1-42b605352f41.info {{(pid=82701) execute /opt/stack/data/venv/lib/python3.10/site-packages/oslo_concurrency/processutils.py:440}}
Apr 09 17:33:46 devstack sudo[85632]: quobyte : PWD=/ ; USER=root ; COMMAND=/opt/stack/data/venv/bin/cinder-rootwrap /etc/cinder/rootwrap.conf chmod ugo+rw /opt/stack/data/cinder/mnt/c5dfbf9005ed89bf37539b8cad2389ac/volume-cf460b28-a8a1-43d4-9db1-42b605352f41.info
Apr 09 17:33:46 devstack sudo[85632]: pam_unix(sudo:session): session opened for user root(uid=0) by (uid=1000)
Apr 09 17:33:47 devstack sudo[85632]: pam_unix(sudo:session): session closed for user root
Apr 09 17:33:47 devstack cinder-volume[82701]: DEBUG oslo_concurrency.processutils [None req-581309d5-94b1-495f-8ab2-1c2f94bd576d tempest-GroupSnapshotsTest-2066517290 None] CMD "sudo cinder-rootwrap /etc/cinder/rootwrap.conf chmod ugo+rw /opt/stack/data/cinder/mnt/c5dfbf9005ed89bf37539b8cad2389ac/volume-cf460b28-a8a1-43d4-9db1-42b605352f41.info" returned: 0 in 0.723s {{(pid=82701) execute /opt/stack/data/venv/lib/python3.10/site-packages/oslo_concurrency/processutils.py:468}}
Apr 09 17:33:47 devstack cinder-volume[82701]: DEBUG oslo_concurrency.lockutils [None req-581309d5-94b1-495f-8ab2-1c2f94bd576d tempest-GroupSnapshotsTest-2066517290 None] Lock "quobyte" "released" by "cinder.volume.drivers.quobyte.QuobyteDriver.create_snapshot" :: held 3.931s {{(pid=82701) inner /opt/stack/data/venv/lib/python3.10/site-packages/oslo_concurrency/lockutils.py:538}}
Apr 09 17:33:47 devstack cinder-volume[82701]: INFO cinder.volume.manager [None req-581309d5-94b1-495f-8ab2-1c2f94bd576d tempest-GroupSnapshotsTest-2066517290 None] group_snapshot af972e83-c1d1-4bac-b575-c28bd330130b: created successfully
Apr 09 17:33:47 devstack cinder-volume[82701]: INFO cinder.volume.manager [None req-46a16a5a-a479-4df3-8548-4e082ebc9de5 tempest-GroupSnapshotsTest-2066517290 None] group_snapshot af972e83-c1d1-4bac-b575-c28bd330130b: deleting
Apr 09 17:33:47 devstack cinder-volume[82701]: DEBUG cinder.volume.manager [None req-46a16a5a-a479-4df3-8548-4e082ebc9de5 tempest-GroupSnapshotsTest-2066517290 None] group_snapshot af972e83-c1d1-4bac-b575-c28bd330130b: deleting {{(pid=82701) delete_group_snapshot /opt/stack/cinder/cinder/volume/manager.py:4350}}
Apr 09 17:33:47 devstack cinder-volume[82701]: DEBUG cinder.coordination [None req-46a16a5a-a479-4df3-8548-4e082ebc9de5 tempest-GroupSnapshotsTest-2066517290 None] Acquiring lock "cinder-quobyte-cf460b28-a8a1-43d4-9db1-42b605352f41" by "delete_snapshot" {{(pid=82701) __acquire /opt/stack/cinder/cinder/coordination.py:138}}
Apr 09 17:33:47 devstack cinder-volume[82701]: DEBUG cinder.coordination [None req-46a16a5a-a479-4df3-8548-4e082ebc9de5 tempest-GroupSnapshotsTest-2066517290 None] Lock "cinder-quobyte-cf460b28-a8a1-43d4-9db1-42b605352f41" acquired by "delete_snapshot" :: waited 0.009s {{(pid=82701) __acquire /opt/stack/cinder/cinder/coordination.py:141}}
Apr 09 17:33:47 devstack cinder-volume[82701]: DEBUG cinder.coordination [None req-46a16a5a-a479-4df3-8548-4e082ebc9de5 tempest-GroupSnapshotsTest-2066517290 None] Acquiring lock "cinder-quobyte-dc7e938f-61db-40a9-8c2c-c07fe8dbbd81" by "_delete_snapshot" {{(pid=82701) __acquire /opt/stack/cinder/cinder/coordination.py:138}}
Apr 09 17:33:47 devstack cinder-volume[82701]: DEBUG cinder.coordination [None req-46a16a5a-a479-4df3-8548-4e082ebc9de5 tempest-GroupSnapshotsTest-2066517290 None] Lock "cinder-quobyte-dc7e938f-61db-40a9-8c2c-c07fe8dbbd81" acquired by "_delete_snapshot" :: waited 0.007s {{(pid=82701) __acquire /opt/stack/cinder/cinder/coordination.py:141}}
Apr 09 17:33:47 devstack cinder-volume[82701]: DEBUG cinder.volume.drivers.remotefs [None req-46a16a5a-a479-4df3-8548-4e082ebc9de5 tempest-GroupSnapshotsTest-2066517290 None] Deleting offline snapshot dc7e938f-61db-40a9-8c2c-c07fe8dbbd81 of volume cf460b28-a8a1-43d4-9db1-42b605352f41 {{(pid=82701) _delete_snapshot /opt/stack/cinder/cinder/volume/drivers/remotefs.py:1288}}
Apr 09 17:33:48 devstack cinder-volume[82701]: DEBUG cinder.volume.drivers.remotefs [None req-46a16a5a-a479-4df3-8548-4e082ebc9de5 tempest-GroupSnapshotsTest-2066517290 None] snapshot_file for this snap is: volume-cf460b28-a8a1-43d4-9db1-42b605352f41.dc7e938f-61db-40a9-8c2c-c07fe8dbbd81 {{(pid=82701) _delete_snapshot /opt/stack/cinder/cinder/volume/drivers/remotefs.py:1317}}
Apr 09 17:33:48 devstack cinder-volume[82701]: DEBUG oslo.privsep.daemon [-] privsep: reply[4469bf0c-312b-4247-b855-e334a04f90f2]: (4, 'qcow2') {{(pid=83627) _call_back /opt/stack/data/venv/lib/python3.10/site-packages/oslo_privsep/daemon.py:573}}
Apr 09 17:33:48 devstack cinder-volume[82701]: DEBUG oslo_concurrency.processutils [None req-46a16a5a-a479-4df3-8548-4e082ebc9de5 tempest-GroupSnapshotsTest-2066517290 None] Running cmd (subprocess): /opt/stack/data/venv/bin/python3.10 -m oslo_concurrency.prlimit --as=1073741824 --cpu=60 -- sudo cinder-rootwrap /etc/cinder/rootwrap.conf env LC_ALL=C qemu-img info -f qcow2 --output=json --force-share /opt/stack/data/cinder/mnt/c5dfbf9005ed89bf37539b8cad2389ac/volume-cf460b28-a8a1-43d4-9db1-42b605352f41.dc7e938f-61db-40a9-8c2c-c07fe8dbbd81 {{(pid=82701) execute /opt/stack/data/venv/lib/python3.10/site-packages/oslo_concurrency/processutils.py:440}}
Apr 09 17:33:48 devstack sudo[85635]: quobyte : PWD=/ ; USER=root ; COMMAND=/opt/stack/data/venv/bin/cinder-rootwrap /etc/cinder/rootwrap.conf env LC_ALL=C qemu-img info -f qcow2 --output=json --force-share /opt/stack/data/cinder/mnt/c5dfbf9005ed89bf37539b8cad2389ac/volume-cf460b28-a8a1-43d4-9db1-42b605352f41.dc7e938f-61db-40a9-8c2c-c07fe8dbbd81
Apr 09 17:33:48 devstack sudo[85635]: pam_unix(sudo:session): session opened for user root(uid=0) by (uid=1000)
Apr 09 17:33:48 devstack sudo[85635]: pam_unix(sudo:session): session closed for user root
Apr 09 17:33:48 devstack cinder-volume[82701]: DEBUG oslo_concurrency.processutils [None req-46a16a5a-a479-4df3-8548-4e082ebc9de5 tempest-GroupSnapshotsTest-2066517290 None] CMD "/opt/stack/data/venv/bin/python3.10 -m oslo_concurrency.prlimit --as=1073741824 --cpu=60 -- sudo cinder-rootwrap /etc/cinder/rootwrap.conf env LC_ALL=C qemu-img info -f qcow2 --output=json --force-share /opt/stack/data/cinder/mnt/c5dfbf9005ed89bf37539b8cad2389ac/volume-cf460b28-a8a1-43d4-9db1-42b605352f41.dc7e938f-61db-40a9-8c2c-c07fe8dbbd81" returned: 0 in 0.749s {{(pid=82701) execute /opt/stack/data/venv/lib/python3.10/site-packages/oslo_concurrency/processutils.py:468}}
Apr 09 17:33:48 devstack cinder-volume[82701]: DEBUG cinder.volume.drivers.remotefs [None req-46a16a5a-a479-4df3-8548-4e082ebc9de5 tempest-GroupSnapshotsTest-2066517290 None] Fetching qemu-img info with special backing_file_template: (/opt/stack/data/cinder/mnt/[0-9a-f]+/)?(volume-cf460b28-a8a1-43d4-9db1-42b605352f41(.(tmp-snap-)?[0-9a-f-]+)?|volume_from_snapshot_cache/(tmp-snap-)?[0-9a-f-]+(.(child-|parent-)[0-9a-f-]+)?)$ {{(pid=82701) _qemu_img_info_base /opt/stack/cinder/cinder/volume/drivers/remotefs.py:896}}
Apr 09 17:33:48 devstack cinder-volume[82701]: DEBUG oslo.privsep.daemon [-] privsep: reply[79cb5910-4e54-412e-a06d-9e077440de5b]: (4, 'qcow2') {{(pid=83627) _call_back /opt/stack/data/venv/lib/python3.10/site-packages/oslo_privsep/daemon.py:573}}
Apr 09 17:33:48 devstack cinder-volume[82701]: DEBUG oslo_concurrency.processutils [None req-46a16a5a-a479-4df3-8548-4e082ebc9de5 tempest-GroupSnapshotsTest-2066517290 None] Running cmd (subprocess): /opt/stack/data/venv/bin/python3.10 -m oslo_concurrency.prlimit --as=1073741824 --cpu=60 -- sudo cinder-rootwrap /etc/cinder/rootwrap.conf env LC_ALL=C qemu-img info -f qcow2 --output=json --force-share /opt/stack/data/cinder/mnt/c5dfbf9005ed89bf37539b8cad2389ac/volume-cf460b28-a8a1-43d4-9db1-42b605352f41 {{(pid=82701) execute /opt/stack/data/venv/lib/python3.10/site-packages/oslo_concurrency/processutils.py:440}}
Apr 09 17:33:48 devstack sudo[85641]: quobyte : PWD=/ ; USER=root ; COMMAND=/opt/stack/data/venv/bin/cinder-rootwrap /etc/cinder/rootwrap.conf env LC_ALL=C qemu-img info -f qcow2 --output=json --force-share /opt/stack/data/cinder/mnt/c5dfbf9005ed89bf37539b8cad2389ac/volume-cf460b28-a8a1-43d4-9db1-42b605352f41
Apr 09 17:33:48 devstack sudo[85641]: pam_unix(sudo:session): session opened for user root(uid=0) by (uid=1000)
Apr 09 17:33:49 devstack sudo[85641]: pam_unix(sudo:session): session closed for user root
Apr 09 17:33:49 devstack cinder-volume[82701]: DEBUG oslo_concurrency.processutils [None req-46a16a5a-a479-4df3-8548-4e082ebc9de5 tempest-GroupSnapshotsTest-2066517290 None] CMD "/opt/stack/data/venv/bin/python3.10 -m oslo_concurrency.prlimit --as=1073741824 --cpu=60 -- sudo cinder-rootwrap /etc/cinder/rootwrap.conf env LC_ALL=C qemu-img info -f qcow2 --output=json --force-share /opt/stack/data/cinder/mnt/c5dfbf9005ed89bf37539b8cad2389ac/volume-cf460b28-a8a1-43d4-9db1-42b605352f41" returned: 0 in 0.839s {{(pid=82701) execute /opt/stack/data/venv/lib/python3.10/site-packages/oslo_concurrency/processutils.py:468}}
Apr 09 17:33:49 devstack cinder-volume[82701]: DEBUG oslo_concurrency.processutils [None req-46a16a5a-a479-4df3-8548-4e082ebc9de5 tempest-GroupSnapshotsTest-2066517290 None] Running cmd (subprocess): sudo cinder-rootwrap /etc/cinder/rootwrap.conf qemu-img commit -d /opt/stack/data/cinder/mnt/c5dfbf9005ed89bf37539b8cad2389ac/volume-cf460b28-a8a1-43d4-9db1-42b605352f41.dc7e938f-61db-40a9-8c2c-c07fe8dbbd81 {{(pid=82701) execute /opt/stack/data/venv/lib/python3.10/site-packages/oslo_concurrency/processutils.py:440}}
Apr 09 17:33:49 devstack sudo[85648]: quobyte : PWD=/ ; USER=root ; COMMAND=/opt/stack/data/venv/bin/cinder-rootwrap /etc/cinder/rootwrap.conf qemu-img commit -d /opt/stack/data/cinder/mnt/c5dfbf9005ed89bf37539b8cad2389ac/volume-cf460b28-a8a1-43d4-9db1-42b605352f41.dc7e938f-61db-40a9-8c2c-c07fe8dbbd81
Apr 09 17:33:49 devstack sudo[85648]: pam_unix(sudo:session): session opened for user root(uid=0) by (uid=1000)
Apr 09 17:33:50 devstack sudo[85648]: pam_unix(sudo:session): session closed for user root
Apr 09 17:33:50 devstack cinder-volume[82701]: DEBUG oslo_concurrency.processutils [None req-46a16a5a-a479-4df3-8548-4e082ebc9de5 tempest-GroupSnapshotsTest-2066517290 None] CMD "sudo cinder-rootwrap /etc/cinder/rootwrap.conf qemu-img commit -d /opt/stack/data/cinder/mnt/c5dfbf9005ed89bf37539b8cad2389ac/volume-cf460b28-a8a1-43d4-9db1-42b605352f41.dc7e938f-61db-40a9-8c2c-c07fe8dbbd81" returned: 0 in 0.653s {{(pid=82701) execute /opt/stack/data/venv/lib/python3.10/site-packages/oslo_concurrency/processutils.py:468}}
Apr 09 17:33:50 devstack cinder-volume[82701]: DEBUG oslo_concurrency.processutils [None req-46a16a5a-a479-4df3-8548-4e082ebc9de5 tempest-GroupSnapshotsTest-2066517290 None] Running cmd (subprocess): sudo cinder-rootwrap /etc/cinder/rootwrap.conf rm -f /opt/stack/data/cinder/mnt/c5dfbf9005ed89bf37539b8cad2389ac/volume-cf460b28-a8a1-43d4-9db1-42b605352f41.dc7e938f-61db-40a9-8c2c-c07fe8dbbd81 {{(pid=82701) execute /opt/stack/data/venv/lib/python3.10/site-packages/oslo_concurrency/processutils.py:440}}
Apr 09 17:33:50 devstack sudo[85653]: quobyte : PWD=/ ; USER=root ; COMMAND=/opt/stack/data/venv/bin/cinder-rootwrap /etc/cinder/rootwrap.conf rm -f /opt/stack/data/cinder/mnt/c5dfbf9005ed89bf37539b8cad2389ac/volume-cf460b28-a8a1-43d4-9db1-42b605352f41.dc7e938f-61db-40a9-8c2c-c07fe8dbbd81
Apr 09 17:33:50 devstack sudo[85653]: pam_unix(sudo:session): session opened for user root(uid=0) by (uid=1000)
Apr 09 17:33:51 devstack sudo[85653]: pam_unix(sudo:session): session closed for user root
Apr 09 17:33:51 devstack cinder-volume[82701]: DEBUG oslo_concurrency.processutils [None req-46a16a5a-a479-4df3-8548-4e082ebc9de5 tempest-GroupSnapshotsTest-2066517290 None] CMD "sudo cinder-rootwrap /etc/cinder/rootwrap.conf rm -f /opt/stack/data/cinder/mnt/c5dfbf9005ed89bf37539b8cad2389ac/volume-cf460b28-a8a1-43d4-9db1-42b605352f41.dc7e938f-61db-40a9-8c2c-c07fe8dbbd81" returned: 0 in 0.787s {{(pid=82701) execute /opt/stack/data/venv/lib/python3.10/site-packages/oslo_concurrency/processutils.py:468}}
Apr 09 17:33:51 devstack cinder-volume[82701]: DEBUG cinder.coordination [None req-46a16a5a-a479-4df3-8548-4e082ebc9de5 tempest-GroupSnapshotsTest-2066517290 None] Lock "cinder-quobyte-dc7e938f-61db-40a9-8c2c-c07fe8dbbd81" released by "_delete_snapshot" :: held 3.159s {{(pid=82701) __release /opt/stack/cinder/cinder/coordination.py:152}}
Apr 09 17:33:51 devstack cinder-volume[82701]: DEBUG cinder.coordination [None req-46a16a5a-a479-4df3-8548-4e082ebc9de5 tempest-GroupSnapshotsTest-2066517290 None] Lock "cinder-quobyte-cf460b28-a8a1-43d4-9db1-42b605352f41" released by "delete_snapshot" :: held 3.171s {{(pid=82701) __release /opt/stack/cinder/cinder/coordination.py:152}}
Apr 09 17:33:51 devstack cinder-volume[82701]: WARNING cinder.quota [None req-46a16a5a-a479-4df3-8548-4e082ebc9de5 tempest-GroupSnapshotsTest-2066517290 None] Deprecated: Default quota for resource: gigabytes_tempest-GroupSnapshotsTest-volume-type-619755600 is set by the default quota flag: quota_gigabytes_tempest-GroupSnapshotsTest-volume-type-619755600, it is now deprecated. Please use the default quota class for default quota.
Apr 09 17:33:51 devstack cinder-volume[82701]: WARNING cinder.quota [None req-46a16a5a-a479-4df3-8548-4e082ebc9de5 tempest-GroupSnapshotsTest-2066517290 None] Deprecated: Default quota for resource: snapshots_tempest-GroupSnapshotsTest-volume-type-619755600 is set by the default quota flag: quota_snapshots_tempest-GroupSnapshotsTest-volume-type-619755600, it is now deprecated. Please use the default quota class for default quota.
Apr 09 17:33:51 devstack cinder-volume[82701]: DEBUG cinder.quota [None req-46a16a5a-a479-4df3-8548-4e082ebc9de5 tempest-GroupSnapshotsTest-2066517290 None] Created reservations ['478da4b5-74a4-4382-a418-cf63d5042c50', '51766e01-3406-4a45-81fa-7598672924fd', '429e67d4-5b50-4709-92b6-8075450c356d', '8ce03979-8a81-4110-ac36-6ac4b63b40df'] {{(pid=82701) reserve /opt/stack/cinder/cinder/quota.py:752}}
Apr 09 17:33:51 devstack cinder-volume[82701]: INFO cinder.volume.manager [None req-46a16a5a-a479-4df3-8548-4e082ebc9de5 tempest-GroupSnapshotsTest-2066517290 None] group_snapshot af972e83-c1d1-4bac-b575-c28bd330130b: deleted successfully
Apr 09 17:33:51 devstack cinder-volume[82701]: DEBUG cinder.coordination [None req-df1edc7c-0407-4701-89d3-940ad2d4fe4a tempest-GroupSnapshotsTest-2066517290 None] Acquiring lock "cinder-quobyte-cf460b28-a8a1-43d4-9db1-42b605352f41" by "delete_volume" {{(pid=82701) __acquire /opt/stack/cinder/cinder/coordination.py:138}}
Apr 09 17:33:51 devstack cinder-volume[82701]: DEBUG cinder.coordination [None req-df1edc7c-0407-4701-89d3-940ad2d4fe4a tempest-GroupSnapshotsTest-2066517290 None] Lock "cinder-quobyte-cf460b28-a8a1-43d4-9db1-42b605352f41" acquired by "delete_volume" :: waited 0.025s {{(pid=82701) __acquire /opt/stack/cinder/cinder/coordination.py:141}}
Apr 09 17:33:51 devstack cinder-volume[82701]: DEBUG oslo.privsep.daemon [-] privsep: reply[fed0b6f8-ec10-469b-9324-e22ac8b64800]: (4, 'qcow2') {{(pid=83627) _call_back /opt/stack/data/venv/lib/python3.10/site-packages/oslo_privsep/daemon.py:573}}
Apr 09 17:33:51 devstack cinder-volume[82701]: DEBUG oslo_concurrency.processutils [None req-df1edc7c-0407-4701-89d3-940ad2d4fe4a tempest-GroupSnapshotsTest-2066517290 None] Running cmd (subprocess): /opt/stack/data/venv/bin/python3.10 -m oslo_concurrency.prlimit --as=1073741824 --cpu=60 -- sudo cinder-rootwrap /etc/cinder/rootwrap.conf env LC_ALL=C qemu-img info -f qcow2 --output=json --force-share /opt/stack/data/cinder/mnt/c5dfbf9005ed89bf37539b8cad2389ac/volume-cf460b28-a8a1-43d4-9db1-42b605352f41 {{(pid=82701) execute /opt/stack/data/venv/lib/python3.10/site-packages/oslo_concurrency/processutils.py:440}}
Apr 09 17:33:51 devstack sudo[85656]: quobyte : PWD=/ ; USER=root ; COMMAND=/opt/stack/data/venv/bin/cinder-rootwrap /etc/cinder/rootwrap.conf env LC_ALL=C qemu-img info -f qcow2 --output=json --force-share /opt/stack/data/cinder/mnt/c5dfbf9005ed89bf37539b8cad2389ac/volume-cf460b28-a8a1-43d4-9db1-42b605352f41
Apr 09 17:33:51 devstack sudo[85656]: pam_unix(sudo:session): session opened for user root(uid=0) by (uid=1000)
