Jun 15 07:29:26 devstack cinder-volume[91471]: DEBUG cinder.volume.manager [None req-824137bd-764d-44ab-9e31-989f21ba9ba9 tempest-VolumesSnapshotNegativeTestJSON-1987218661 None] Flow 'volume_create_manager' (6ee6a87d-f141-4a98-9cc7-11a2b060af16) transitioned into state 'SUCCESS' from state 'RUNNING' {{(pid=91471) _flow_receiver /opt/stack/data/venv/lib/python3.12/site-packages/taskflow/listeners/logging.py:145}}
Jun 15 07:29:26 devstack cinder-volume[91471]: INFO cinder.volume.manager [None req-824137bd-764d-44ab-9e31-989f21ba9ba9 tempest-VolumesSnapshotNegativeTestJSON-1987218661 None] Created volume successfully.
Jun 15 07:29:27 devstack cinder-volume[91471]: DEBUG oslo_concurrency.lockutils [None req-25352b48-1638-449a-b8f9-63f4d042085c tempest-VolumesSnapshotNegativeTestJSON-1987218661 None] Acquiring lock "quobyte" by "cinder.volume.drivers.quobyte.QuobyteDriver.create_snapshot" {{(pid=91471) inner /opt/stack/data/venv/lib/python3.12/site-packages/oslo_concurrency/lockutils.py:506}}
Jun 15 07:29:27 devstack cinder-volume[91471]: DEBUG oslo_concurrency.lockutils [None req-25352b48-1638-449a-b8f9-63f4d042085c tempest-VolumesSnapshotNegativeTestJSON-1987218661 None] Lock "quobyte" acquired by "cinder.volume.drivers.quobyte.QuobyteDriver.create_snapshot" :: waited 0.001s {{(pid=91471) inner /opt/stack/data/venv/lib/python3.12/site-packages/oslo_concurrency/lockutils.py:519}}
Jun 15 07:29:27 devstack cinder-volume[91471]: DEBUG cinder.volume.drivers.remotefs [None req-25352b48-1638-449a-b8f9-63f4d042085c tempest-VolumesSnapshotNegativeTestJSON-1987218661 None] Creating offline snapshot cb91cfe4-dfcf-4655-b27f-2cdbad5355cd of volume 3574897f-4d7d-4ed8-8c4c-4498d44d7db2 {{(pid=91471) _create_snapshot /opt/stack/cinder/cinder/volume/drivers/remotefs.py:1816}}
Jun 15 07:29:27 devstack cinder-volume[91471]: DEBUG oslo.privsep.daemon [-] privsep: reply[4e3e337d-aa49-4344-9aba-ab4c69542e2b]: (4, 'qcow2') {{(pid=92207) _call_back /opt/stack/data/venv/lib/python3.12/site-packages/oslo_privsep/daemon.py:573}}
Jun 15 07:29:27 devstack cinder-volume[91471]: DEBUG oslo_concurrency.processutils [None req-25352b48-1638-449a-b8f9-63f4d042085c tempest-VolumesSnapshotNegativeTestJSON-1987218661 None] Running cmd (subprocess): /opt/stack/data/venv/bin/python3.12 -m oslo_concurrency.prlimit --as=1073741824 --cpu=60 -- sudo cinder-rootwrap /etc/cinder/rootwrap.conf env LC_ALL=C qemu-img info -f qcow2 --output=json --force-share /opt/stack/data/cinder/mnt/808adb3fcd4263b3b06187b6a45a6d68/volume-3574897f-4d7d-4ed8-8c4c-4498d44d7db2 {{(pid=91471) execute /opt/stack/data/venv/lib/python3.12/site-packages/oslo_concurrency/processutils.py:440}}
Jun 15 07:29:27 devstack sudo[98674]: quobyte : PWD=/ ; USER=root ; COMMAND=/opt/stack/data/venv/bin/cinder-rootwrap /etc/cinder/rootwrap.conf env LC_ALL=C qemu-img info -f qcow2 --output=json --force-share /opt/stack/data/cinder/mnt/808adb3fcd4263b3b06187b6a45a6d68/volume-3574897f-4d7d-4ed8-8c4c-4498d44d7db2
Jun 15 07:29:27 devstack sudo[98674]: pam_unix(sudo:session): session opened for user root(uid=0) by (uid=1000)
Jun 15 07:29:28 devstack sudo[98674]: pam_unix(sudo:session): session closed for user root
Jun 15 07:29:28 devstack cinder-volume[91471]: DEBUG oslo_concurrency.processutils [None req-25352b48-1638-449a-b8f9-63f4d042085c tempest-VolumesSnapshotNegativeTestJSON-1987218661 None] CMD "/opt/stack/data/venv/bin/python3.12 -m oslo_concurrency.prlimit --as=1073741824 --cpu=60 -- sudo cinder-rootwrap /etc/cinder/rootwrap.conf env LC_ALL=C qemu-img info -f qcow2 --output=json --force-share /opt/stack/data/cinder/mnt/808adb3fcd4263b3b06187b6a45a6d68/volume-3574897f-4d7d-4ed8-8c4c-4498d44d7db2" returned: 0 in 0.957s {{(pid=91471) execute /opt/stack/data/venv/lib/python3.12/site-packages/oslo_concurrency/processutils.py:468}}
Jun 15 07:29:28 devstack cinder-volume[91471]: DEBUG oslo_concurrency.processutils [None req-25352b48-1638-449a-b8f9-63f4d042085c tempest-VolumesSnapshotNegativeTestJSON-1987218661 None] Running cmd (subprocess): sudo cinder-rootwrap /etc/cinder/rootwrap.conf qemu-img create -f qcow2 -o backing_file=/opt/stack/data/cinder/mnt/808adb3fcd4263b3b06187b6a45a6d68/volume-3574897f-4d7d-4ed8-8c4c-4498d44d7db2,backing_fmt=qcow2 /opt/stack/data/cinder/mnt/808adb3fcd4263b3b06187b6a45a6d68/volume-3574897f-4d7d-4ed8-8c4c-4498d44d7db2.cb91cfe4-dfcf-4655-b27f-2cdbad5355cd 2G {{(pid=91471) execute /opt/stack/data/venv/lib/python3.12/site-packages/oslo_concurrency/processutils.py:440}}
Jun 15 07:29:28 devstack sudo[98699]: quobyte : PWD=/ ; USER=root ; COMMAND=/opt/stack/data/venv/bin/cinder-rootwrap /etc/cinder/rootwrap.conf qemu-img create -f qcow2 -o backing_file=/opt/stack/data/cinder/mnt/808adb3fcd4263b3b06187b6a45a6d68/volume-3574897f-4d7d-4ed8-8c4c-4498d44d7db2,backing_fmt=qcow2 /opt/stack/data/cinder/mnt/808adb3fcd4263b3b06187b6a45a6d68/volume-3574897f-4d7d-4ed8-8c4c-4498d44d7db2.cb91cfe4-dfcf-4655-b27f-2cdbad5355cd 2G
Jun 15 07:29:28 devstack sudo[98699]: pam_unix(sudo:session): session opened for user root(uid=0) by (uid=1000)
Jun 15 07:29:30 devstack cinder-volume[91471]: DEBUG oslo_concurrency.processutils [None req-25352b48-1638-449a-b8f9-63f4d042085c tempest-VolumesSnapshotNegativeTestJSON-1987218661 None] CMD "sudo cinder-rootwrap /etc/cinder/rootwrap.conf qemu-img create -f qcow2 -o backing_file=/opt/stack/data/cinder/mnt/808adb3fcd4263b3b06187b6a45a6d68/volume-3574897f-4d7d-4ed8-8c4c-4498d44d7db2,backing_fmt=qcow2 /opt/stack/data/cinder/mnt/808adb3fcd4263b3b06187b6a45a6d68/volume-3574897f-4d7d-4ed8-8c4c-4498d44d7db2.cb91cfe4-dfcf-4655-b27f-2cdbad5355cd 2G" returned: 0 in 1.556s {{(pid=91471) execute /opt/stack/data/venv/lib/python3.12/site-packages/oslo_concurrency/processutils.py:468}}
Jun 15 07:29:30 devstack cinder-volume[91471]: DEBUG oslo_concurrency.processutils [None req-25352b48-1638-449a-b8f9-63f4d042085c tempest-VolumesSnapshotNegativeTestJSON-1987218661 None] Running cmd (subprocess): sudo cinder-rootwrap /etc/cinder/rootwrap.conf qemu-img rebase -u -b volume-3574897f-4d7d-4ed8-8c4c-4498d44d7db2 -F qcow2 /opt/stack/data/cinder/mnt/808adb3fcd4263b3b06187b6a45a6d68/volume-3574897f-4d7d-4ed8-8c4c-4498d44d7db2.cb91cfe4-dfcf-4655-b27f-2cdbad5355cd {{(pid=91471) execute /opt/stack/data/venv/lib/python3.12/site-packages/oslo_concurrency/processutils.py:440}}
Jun 15 07:29:30 devstack sudo[98699]: pam_unix(sudo:session): session closed for user root
Jun 15 07:29:30 devstack sudo[98791]: quobyte : PWD=/ ; USER=root ; COMMAND=/opt/stack/data/venv/bin/cinder-rootwrap /etc/cinder/rootwrap.conf qemu-img rebase -u -b volume-3574897f-4d7d-4ed8-8c4c-4498d44d7db2 -F qcow2 /opt/stack/data/cinder/mnt/808adb3fcd4263b3b06187b6a45a6d68/volume-3574897f-4d7d-4ed8-8c4c-4498d44d7db2.cb91cfe4-dfcf-4655-b27f-2cdbad5355cd
Jun 15 07:29:30 devstack sudo[98791]: pam_unix(sudo:session): session opened for user root(uid=0) by (uid=1000)
Jun 15 07:29:31 devstack sudo[98791]: pam_unix(sudo:session): session closed for user root
Jun 15 07:29:31 devstack cinder-volume[91471]: DEBUG oslo_concurrency.processutils [None req-25352b48-1638-449a-b8f9-63f4d042085c tempest-VolumesSnapshotNegativeTestJSON-1987218661 None] CMD "sudo cinder-rootwrap /etc/cinder/rootwrap.conf qemu-img rebase -u -b volume-3574897f-4d7d-4ed8-8c4c-4498d44d7db2 -F qcow2 /opt/stack/data/cinder/mnt/808adb3fcd4263b3b06187b6a45a6d68/volume-3574897f-4d7d-4ed8-8c4c-4498d44d7db2.cb91cfe4-dfcf-4655-b27f-2cdbad5355cd" returned: 0 in 1.061s {{(pid=91471) execute /opt/stack/data/venv/lib/python3.12/site-packages/oslo_concurrency/processutils.py:468}}
Jun 15 07:29:31 devstack cinder-volume[91471]: WARNING cinder.volume.drivers.remotefs [None req-25352b48-1638-449a-b8f9-63f4d042085c tempest-VolumesSnapshotNegativeTestJSON-1987218661 None] /opt/stack/data/cinder/mnt/808adb3fcd4263b3b06187b6a45a6d68/volume-3574897f-4d7d-4ed8-8c4c-4498d44d7db2.cb91cfe4-dfcf-4655-b27f-2cdbad5355cd is being set with open permissions: ugo+rw
Jun 15 07:29:31 devstack cinder-volume[91471]: DEBUG oslo_concurrency.processutils [None req-25352b48-1638-449a-b8f9-63f4d042085c tempest-VolumesSnapshotNegativeTestJSON-1987218661 None] Running cmd (subprocess): sudo cinder-rootwrap /etc/cinder/rootwrap.conf chmod ugo+rw /opt/stack/data/cinder/mnt/808adb3fcd4263b3b06187b6a45a6d68/volume-3574897f-4d7d-4ed8-8c4c-4498d44d7db2.cb91cfe4-dfcf-4655-b27f-2cdbad5355cd {{(pid=91471) execute /opt/stack/data/venv/lib/python3.12/site-packages/oslo_concurrency/processutils.py:440}}
Jun 15 07:29:31 devstack sudo[98810]: quobyte : PWD=/ ; USER=root ; COMMAND=/opt/stack/data/venv/bin/cinder-rootwrap /etc/cinder/rootwrap.conf chmod ugo+rw /opt/stack/data/cinder/mnt/808adb3fcd4263b3b06187b6a45a6d68/volume-3574897f-4d7d-4ed8-8c4c-4498d44d7db2.cb91cfe4-dfcf-4655-b27f-2cdbad5355cd
Jun 15 07:29:31 devstack sudo[98810]: pam_unix(sudo:session): session opened for user root(uid=0) by (uid=1000)
Jun 15 07:29:32 devstack sudo[98810]: pam_unix(sudo:session): session closed for user root
Jun 15 07:29:32 devstack cinder-volume[91471]: DEBUG oslo_concurrency.processutils [None req-25352b48-1638-449a-b8f9-63f4d042085c tempest-VolumesSnapshotNegativeTestJSON-1987218661 None] CMD "sudo cinder-rootwrap /etc/cinder/rootwrap.conf chmod ugo+rw /opt/stack/data/cinder/mnt/808adb3fcd4263b3b06187b6a45a6d68/volume-3574897f-4d7d-4ed8-8c4c-4498d44d7db2.cb91cfe4-dfcf-4655-b27f-2cdbad5355cd" returned: 0 in 1.086s {{(pid=91471) execute /opt/stack/data/venv/lib/python3.12/site-packages/oslo_concurrency/processutils.py:468}}
Jun 15 07:29:32 devstack cinder-volume[91471]: DEBUG oslo_concurrency.processutils [None req-25352b48-1638-449a-b8f9-63f4d042085c tempest-VolumesSnapshotNegativeTestJSON-1987218661 None] Running cmd (subprocess): sudo cinder-rootwrap /etc/cinder/rootwrap.conf truncate -s0 /opt/stack/data/cinder/mnt/808adb3fcd4263b3b06187b6a45a6d68/volume-3574897f-4d7d-4ed8-8c4c-4498d44d7db2.info {{(pid=91471) execute /opt/stack/data/venv/lib/python3.12/site-packages/oslo_concurrency/processutils.py:440}}
Jun 15 07:29:32 devstack sudo[98817]: quobyte : PWD=/ ; USER=root ; COMMAND=/opt/stack/data/venv/bin/cinder-rootwrap /etc/cinder/rootwrap.conf truncate -s0 /opt/stack/data/cinder/mnt/808adb3fcd4263b3b06187b6a45a6d68/volume-3574897f-4d7d-4ed8-8c4c-4498d44d7db2.info
Jun 15 07:29:32 devstack sudo[98817]: pam_unix(sudo:session): session opened for user root(uid=0) by (uid=1000)
Jun 15 07:29:33 devstack sudo[98817]: pam_unix(sudo:session): session closed for user root
Jun 15 07:29:33 devstack cinder-volume[91471]: DEBUG oslo_concurrency.processutils [None req-25352b48-1638-449a-b8f9-63f4d042085c tempest-VolumesSnapshotNegativeTestJSON-1987218661 None] CMD "sudo cinder-rootwrap /etc/cinder/rootwrap.conf truncate -s0 /opt/stack/data/cinder/mnt/808adb3fcd4263b3b06187b6a45a6d68/volume-3574897f-4d7d-4ed8-8c4c-4498d44d7db2.info" returned: 0 in 0.988s {{(pid=91471) execute /opt/stack/data/venv/lib/python3.12/site-packages/oslo_concurrency/processutils.py:468}}
Jun 15 07:29:33 devstack cinder-volume[91471]: WARNING cinder.volume.drivers.remotefs [None req-25352b48-1638-449a-b8f9-63f4d042085c tempest-VolumesSnapshotNegativeTestJSON-1987218661 None] /opt/stack/data/cinder/mnt/808adb3fcd4263b3b06187b6a45a6d68/volume-3574897f-4d7d-4ed8-8c4c-4498d44d7db2.info is being set with open permissions: ugo+rw
Jun 15 07:29:33 devstack cinder-volume[91471]: DEBUG oslo_concurrency.processutils [None req-25352b48-1638-449a-b8f9-63f4d042085c tempest-VolumesSnapshotNegativeTestJSON-1987218661 None] Running cmd (subprocess): sudo cinder-rootwrap /etc/cinder/rootwrap.conf chmod ugo+rw /opt/stack/data/cinder/mnt/808adb3fcd4263b3b06187b6a45a6d68/volume-3574897f-4d7d-4ed8-8c4c-4498d44d7db2.info {{(pid=91471) execute /opt/stack/data/venv/lib/python3.12/site-packages/oslo_concurrency/processutils.py:440}}
Jun 15 07:29:33 devstack sudo[98833]: quobyte : PWD=/ ; USER=root ; COMMAND=/opt/stack/data/venv/bin/cinder-rootwrap /etc/cinder/rootwrap.conf chmod ugo+rw /opt/stack/data/cinder/mnt/808adb3fcd4263b3b06187b6a45a6d68/volume-3574897f-4d7d-4ed8-8c4c-4498d44d7db2.info
Jun 15 07:29:33 devstack sudo[98833]: pam_unix(sudo:session): session opened for user root(uid=0) by (uid=1000)
Jun 15 07:29:34 devstack cinder-volume[91471]: DEBUG oslo_concurrency.processutils [None req-25352b48-1638-449a-b8f9-63f4d042085c tempest-VolumesSnapshotNegativeTestJSON-1987218661 None] CMD "sudo cinder-rootwrap /etc/cinder/rootwrap.conf chmod ugo+rw /opt/stack/data/cinder/mnt/808adb3fcd4263b3b06187b6a45a6d68/volume-3574897f-4d7d-4ed8-8c4c-4498d44d7db2.info" returned: 0 in 0.896s {{(pid=91471) execute /opt/stack/data/venv/lib/python3.12/site-packages/oslo_concurrency/processutils.py:468}}
Jun 15 07:29:34 devstack sudo[98833]: pam_unix(sudo:session): session closed for user root
Jun 15 07:29:34 devstack cinder-volume[91471]: DEBUG oslo_concurrency.lockutils [None req-25352b48-1638-449a-b8f9-63f4d042085c tempest-VolumesSnapshotNegativeTestJSON-1987218661 None] Lock "quobyte" "released" by "cinder.volume.drivers.quobyte.QuobyteDriver.create_snapshot" :: held 6.684s {{(pid=91471) inner /opt/stack/data/venv/lib/python3.12/site-packages/oslo_concurrency/lockutils.py:538}}
Jun 15 07:29:34 devstack cinder-volume[91471]: INFO cinder.volume.manager [None req-25352b48-1638-449a-b8f9-63f4d042085c tempest-VolumesSnapshotNegativeTestJSON-1987218661 None] Create snapshot completed successfully
Jun 15 07:29:35 devstack cinder-volume[91471]: DEBUG cinder.coordination [None req-8c57ec16-3b79-438d-aa56-c958b5f9ebbd tempest-VolumesSnapshotNegativeTestJSON-1987218661 None] Acquiring lock "cinder-cb91cfe4-dfcf-4655-b27f-2cdbad5355cd-delete_snapshot" by "delete_snapshot" {{(pid=91471) __acquire /opt/stack/cinder/cinder/coordination.py:138}}
Jun 15 07:29:35 devstack cinder-volume[91471]: DEBUG cinder.coordination [None req-8c57ec16-3b79-438d-aa56-c958b5f9ebbd tempest-VolumesSnapshotNegativeTestJSON-1987218661 None] Lock "cinder-cb91cfe4-dfcf-4655-b27f-2cdbad5355cd-delete_snapshot" acquired by "delete_snapshot" :: waited 0.030s {{(pid=91471) __acquire /opt/stack/cinder/cinder/coordination.py:141}}
Jun 15 07:29:35 devstack cinder-volume[91471]: DEBUG cinder.coordination [None req-8c57ec16-3b79-438d-aa56-c958b5f9ebbd tempest-VolumesSnapshotNegativeTestJSON-1987218661 None] Acquiring lock "cinder-quobyte-3574897f-4d7d-4ed8-8c4c-4498d44d7db2" by "delete_snapshot" {{(pid=91471) __acquire /opt/stack/cinder/cinder/coordination.py:138}}
Jun 15 07:29:35 devstack cinder-volume[91471]: DEBUG cinder.coordination [None req-8c57ec16-3b79-438d-aa56-c958b5f9ebbd tempest-VolumesSnapshotNegativeTestJSON-1987218661 None] Lock "cinder-quobyte-3574897f-4d7d-4ed8-8c4c-4498d44d7db2" acquired by "delete_snapshot" :: waited 0.017s {{(pid=91471) __acquire /opt/stack/cinder/cinder/coordination.py:141}}
Jun 15 07:29:35 devstack cinder-volume[91471]: DEBUG cinder.coordination [None req-8c57ec16-3b79-438d-aa56-c958b5f9ebbd tempest-VolumesSnapshotNegativeTestJSON-1987218661 None] Acquiring lock "cinder-quobyte-cb91cfe4-dfcf-4655-b27f-2cdbad5355cd" by "_delete_snapshot" {{(pid=91471) __acquire /opt/stack/cinder/cinder/coordination.py:138}}
Jun 15 07:29:35 devstack cinder-volume[91471]: DEBUG cinder.coordination [None req-8c57ec16-3b79-438d-aa56-c958b5f9ebbd tempest-VolumesSnapshotNegativeTestJSON-1987218661 None] Lock "cinder-quobyte-cb91cfe4-dfcf-4655-b27f-2cdbad5355cd" acquired by "_delete_snapshot" :: waited 0.021s {{(pid=91471) __acquire /opt/stack/cinder/cinder/coordination.py:141}}
Jun 15 07:29:35 devstack cinder-volume[91471]: DEBUG cinder.volume.drivers.remotefs [None req-8c57ec16-3b79-438d-aa56-c958b5f9ebbd tempest-VolumesSnapshotNegativeTestJSON-1987218661 None] Deleting offline snapshot cb91cfe4-dfcf-4655-b27f-2cdbad5355cd of volume 3574897f-4d7d-4ed8-8c4c-4498d44d7db2 {{(pid=91471) _delete_snapshot /opt/stack/cinder/cinder/volume/drivers/remotefs.py:1288}}
Jun 15 07:29:35 devstack cinder-volume[91471]: DEBUG cinder.volume.drivers.remotefs [None req-8c57ec16-3b79-438d-aa56-c958b5f9ebbd tempest-VolumesSnapshotNegativeTestJSON-1987218661 None] snapshot_file for this snap is: volume-3574897f-4d7d-4ed8-8c4c-4498d44d7db2.cb91cfe4-dfcf-4655-b27f-2cdbad5355cd {{(pid=91471) _delete_snapshot /opt/stack/cinder/cinder/volume/drivers/remotefs.py:1317}}
Jun 15 07:29:35 devstack cinder-volume[91471]: DEBUG oslo.privsep.daemon [-] privsep: reply[085b911b-ce7c-4a05-8881-1da0b0d9ee19]: (4, 'qcow2') {{(pid=92207) _call_back /opt/stack/data/venv/lib/python3.12/site-packages/oslo_privsep/daemon.py:573}}
Jun 15 07:29:35 devstack cinder-volume[91471]: DEBUG oslo_concurrency.processutils [None req-8c57ec16-3b79-438d-aa56-c958b5f9ebbd tempest-VolumesSnapshotNegativeTestJSON-1987218661 None] Running cmd (subprocess): /opt/stack/data/venv/bin/python3.12 -m oslo_concurrency.prlimit --as=1073741824 --cpu=60 -- sudo cinder-rootwrap /etc/cinder/rootwrap.conf env LC_ALL=C qemu-img info -f qcow2 --output=json --force-share /opt/stack/data/cinder/mnt/808adb3fcd4263b3b06187b6a45a6d68/volume-3574897f-4d7d-4ed8-8c4c-4498d44d7db2.cb91cfe4-dfcf-4655-b27f-2cdbad5355cd {{(pid=91471) execute /opt/stack/data/venv/lib/python3.12/site-packages/oslo_concurrency/processutils.py:440}}
Jun 15 07:29:35 devstack cinder-volume[91471]: DEBUG oslo_concurrency.lockutils [req-39ed147e-d897-4870-8dad-082ad9a39bf3 req-37b92fd3-abfa-4ab3-a687-43d61bca7104 tempest-AttachVolumeShelveTestJSON-1891986216 None] Acquiring lock "quobyte" by "cinder.volume.drivers.quobyte.QuobyteDriver.initialize_connection" {{(pid=91471) inner /opt/stack/data/venv/lib/python3.12/site-packages/oslo_concurrency/lockutils.py:506}}
Jun 15 07:29:35 devstack cinder-volume[91471]: DEBUG oslo_concurrency.lockutils [req-39ed147e-d897-4870-8dad-082ad9a39bf3 req-37b92fd3-abfa-4ab3-a687-43d61bca7104 tempest-AttachVolumeShelveTestJSON-1891986216 None] Lock "quobyte" acquired by "cinder.volume.drivers.quobyte.QuobyteDriver.initialize_connection" :: waited 0.001s {{(pid=91471) inner /opt/stack/data/venv/lib/python3.12/site-packages/oslo_concurrency/lockutils.py:519}}
Jun 15 07:29:35 devstack cinder-volume[91471]: DEBUG oslo.privsep.daemon [-] privsep: reply[6a2ad433-4c1a-4caa-afff-2f8b9d2ca24b]: (4, 'qcow2') {{(pid=92207) _call_back /opt/stack/data/venv/lib/python3.12/site-packages/oslo_privsep/daemon.py:573}}
Jun 15 07:29:35 devstack cinder-volume[91471]: DEBUG oslo_concurrency.processutils [req-39ed147e-d897-4870-8dad-082ad9a39bf3 req-37b92fd3-abfa-4ab3-a687-43d61bca7104 tempest-AttachVolumeShelveTestJSON-1891986216 None] Running cmd (subprocess): /opt/stack/data/venv/bin/python3.12 -m oslo_concurrency.prlimit --as=1073741824 --cpu=60 -- sudo cinder-rootwrap /etc/cinder/rootwrap.conf env LC_ALL=C qemu-img info -f qcow2 --output=json --force-share /opt/stack/data/cinder/mnt/808adb3fcd4263b3b06187b6a45a6d68/volume-667d8f1e-711b-41be-aa12-321c46ad3516 {{(pid=91471) execute /opt/stack/data/venv/lib/python3.12/site-packages/oslo_concurrency/processutils.py:440}}
Jun 15 07:29:35 devstack sudo[98848]: quobyte : PWD=/ ; USER=root ; COMMAND=/opt/stack/data/venv/bin/cinder-rootwrap /etc/cinder/rootwrap.conf env LC_ALL=C qemu-img info -f qcow2 --output=json --force-share /opt/stack/data/cinder/mnt/808adb3fcd4263b3b06187b6a45a6d68/volume-3574897f-4d7d-4ed8-8c4c-4498d44d7db2.cb91cfe4-dfcf-4655-b27f-2cdbad5355cd
Jun 15 07:29:35 devstack sudo[98848]: pam_unix(sudo:session): session opened for user root(uid=0) by (uid=1000)
Jun 15 07:29:35 devstack sudo[98849]: quobyte : PWD=/ ; USER=root ; COMMAND=/opt/stack/data/venv/bin/cinder-rootwrap /etc/cinder/rootwrap.conf env LC_ALL=C qemu-img info -f qcow2 --output=json --force-share /opt/stack/data/cinder/mnt/808adb3fcd4263b3b06187b6a45a6d68/volume-667d8f1e-711b-41be-aa12-321c46ad3516
Jun 15 07:29:35 devstack sudo[98849]: pam_unix(sudo:session): session opened for user root(uid=0) by (uid=1000)
Jun 15 07:29:36 devstack sudo[98848]: pam_unix(sudo:session): session closed for user root
Jun 15 07:29:36 devstack cinder-volume[91471]: DEBUG oslo_concurrency.processutils [None req-8c57ec16-3b79-438d-aa56-c958b5f9ebbd tempest-VolumesSnapshotNegativeTestJSON-1987218661 None] CMD "/opt/stack/data/venv/bin/python3.12 -m oslo_concurrency.prlimit --as=1073741824 --cpu=60 -- sudo cinder-rootwrap /etc/cinder/rootwrap.conf env LC_ALL=C qemu-img info -f qcow2 --output=json --force-share /opt/stack/data/cinder/mnt/808adb3fcd4263b3b06187b6a45a6d68/volume-3574897f-4d7d-4ed8-8c4c-4498d44d7db2.cb91cfe4-dfcf-4655-b27f-2cdbad5355cd" returned: 0 in 0.796s {{(pid=91471) execute /opt/stack/data/venv/lib/python3.12/site-packages/oslo_concurrency/processutils.py:468}}
Jun 15 07:29:36 devstack cinder-volume[91471]: DEBUG cinder.volume.drivers.remotefs [None req-8c57ec16-3b79-438d-aa56-c958b5f9ebbd tempest-VolumesSnapshotNegativeTestJSON-1987218661 None] Fetching qemu-img info with special backing_file_template: (/opt/stack/data/cinder/mnt/[0-9a-f]+/)?(volume-3574897f-4d7d-4ed8-8c4c-4498d44d7db2(.(tmp-snap-)?[0-9a-f-]+)?|volume_from_snapshot_cache/(tmp-snap-)?[0-9a-f-]+(.(child-|parent-)[0-9a-f-]+)?)$ {{(pid=91471) _qemu_img_info_base /opt/stack/cinder/cinder/volume/drivers/remotefs.py:896}}
Jun 15 07:29:36 devstack cinder-volume[91471]: DEBUG oslo.privsep.daemon [-] privsep: reply[b1a5c71a-3016-4cb3-b215-1c782ce91b43]: (4, 'qcow2') {{(pid=92207) _call_back /opt/stack/data/venv/lib/python3.12/site-packages/oslo_privsep/daemon.py:573}}
Jun 15 07:29:36 devstack cinder-volume[91471]: DEBUG oslo_concurrency.processutils [None req-8c57ec16-3b79-438d-aa56-c958b5f9ebbd tempest-VolumesSnapshotNegativeTestJSON-1987218661 None] Running cmd (subprocess): /opt/stack/data/venv/bin/python3.12 -m oslo_concurrency.prlimit --as=1073741824 --cpu=60 -- sudo cinder-rootwrap /etc/cinder/rootwrap.conf env LC_ALL=C qemu-img info -f qcow2 --output=json --force-share /opt/stack/data/cinder/mnt/808adb3fcd4263b3b06187b6a45a6d68/volume-3574897f-4d7d-4ed8-8c4c-4498d44d7db2 {{(pid=91471) execute /opt/stack/data/venv/lib/python3.12/site-packages/oslo_concurrency/processutils.py:440}}
Jun 15 07:29:36 devstack sudo[98849]: pam_unix(sudo:session): session closed for user root
Jun 15 07:29:36 devstack cinder-volume[91471]: DEBUG oslo_concurrency.processutils [req-39ed147e-d897-4870-8dad-082ad9a39bf3 req-37b92fd3-abfa-4ab3-a687-43d61bca7104 tempest-AttachVolumeShelveTestJSON-1891986216 None] CMD "/opt/stack/data/venv/bin/python3.12 -m oslo_concurrency.prlimit --as=1073741824 --cpu=60 -- sudo cinder-rootwrap /etc/cinder/rootwrap.conf env LC_ALL=C qemu-img info -f qcow2 --output=json --force-share /opt/stack/data/cinder/mnt/808adb3fcd4263b3b06187b6a45a6d68/volume-667d8f1e-711b-41be-aa12-321c46ad3516" returned: 0 in 0.781s {{(pid=91471) execute /opt/stack/data/venv/lib/python3.12/site-packages/oslo_concurrency/processutils.py:468}}
Jun 15 07:29:36 devstack cinder-volume[91471]: DEBUG oslo_concurrency.lockutils [req-39ed147e-d897-4870-8dad-082ad9a39bf3 req-37b92fd3-abfa-4ab3-a687-43d61bca7104 tempest-AttachVolumeShelveTestJSON-1891986216 None] Lock "quobyte" "released" by "cinder.volume.drivers.quobyte.QuobyteDriver.initialize_connection" :: held 0.807s {{(pid=91471) inner /opt/stack/data/venv/lib/python3.12/site-packages/oslo_concurrency/lockutils.py:538}}
Jun 15 07:29:36 devstack cinder-volume[91471]: DEBUG cinder.volume.manager [req-39ed147e-d897-4870-8dad-082ad9a39bf3 req-37b92fd3-abfa-4ab3-a687-43d61bca7104 tempest-AttachVolumeShelveTestJSON-1891986216 None] Connection info returned from driver {'export': 'osci02.corp.quobyte.com/cinder-vol-139225b1-fe41-4742-8abf-cf13356f71e2', 'name': 'volume-667d8f1e-711b-41be-aa12-321c46ad3516', 'options': None, 'format': 'qcow2', 'qos_specs': None, 'access_mode': 'rw', 'encrypted': False, 'cacheable': False, 'driver_volume_type': 'quobyte', 'mount_point_base': '/opt/stack/data/cinder/mnt', 'attachment_id': 'fb853ff9-147a-42ea-a3f7-b32352707f58', 'enforce_multipath': True} {{(pid=91471) _connection_create /opt/stack/cinder/cinder/volume/manager.py:4924}}
Jun 15 07:29:36 devstack sudo[98858]: quobyte : PWD=/ ; USER=root ; COMMAND=/opt/stack/data/venv/bin/cinder-rootwrap /etc/cinder/rootwrap.conf env LC_ALL=C qemu-img info -f qcow2 --output=json --force-share /opt/stack/data/cinder/mnt/808adb3fcd4263b3b06187b6a45a6d68/volume-3574897f-4d7d-4ed8-8c4c-4498d44d7db2
Jun 15 07:29:36 devstack sudo[98858]: pam_unix(sudo:session): session opened for user root(uid=0) by (uid=1000)
Jun 15 07:29:36 devstack cinder-volume[91471]: INFO cinder.volume.manager [req-39ed147e-d897-4870-8dad-082ad9a39bf3 req-37b92fd3-abfa-4ab3-a687-43d61bca7104 tempest-AttachVolumeShelveTestJSON-1891986216 None] attachment_update completed successfully.
Jun 15 07:29:37 devstack sudo[98858]: pam_unix(sudo:session): session closed for user root
Jun 15 07:29:37 devstack cinder-volume[91471]: DEBUG oslo_concurrency.processutils [None req-8c57ec16-3b79-438d-aa56-c958b5f9ebbd tempest-VolumesSnapshotNegativeTestJSON-1987218661 None] CMD "/opt/stack/data/venv/bin/python3.12 -m oslo_concurrency.prlimit --as=1073741824 --cpu=60 -- sudo cinder-rootwrap /etc/cinder/rootwrap.conf env LC_ALL=C qemu-img info -f qcow2 --output=json --force-share /opt/stack/data/cinder/mnt/808adb3fcd4263b3b06187b6a45a6d68/volume-3574897f-4d7d-4ed8-8c4c-4498d44d7db2" returned: 0 in 0.966s {{(pid=91471) execute /opt/stack/data/venv/lib/python3.12/site-packages/oslo_concurrency/processutils.py:468}}
Jun 15 07:29:37 devstack cinder-volume[91471]: DEBUG oslo_concurrency.processutils [None req-8c57ec16-3b79-438d-aa56-c958b5f9ebbd tempest-VolumesSnapshotNegativeTestJSON-1987218661 None] Running cmd (subprocess): sudo cinder-rootwrap /etc/cinder/rootwrap.conf qemu-img commit -d /opt/stack/data/cinder/mnt/808adb3fcd4263b3b06187b6a45a6d68/volume-3574897f-4d7d-4ed8-8c4c-4498d44d7db2.cb91cfe4-dfcf-4655-b27f-2cdbad5355cd {{(pid=91471) execute /opt/stack/data/venv/lib/python3.12/site-packages/oslo_concurrency/processutils.py:440}}
Jun 15 07:29:37 devstack sudo[98863]: quobyte : PWD=/ ; USER=root ; COMMAND=/opt/stack/data/venv/bin/cinder-rootwrap /etc/cinder/rootwrap.conf qemu-img commit -d /opt/stack/data/cinder/mnt/808adb3fcd4263b3b06187b6a45a6d68/volume-3574897f-4d7d-4ed8-8c4c-4498d44d7db2.cb91cfe4-dfcf-4655-b27f-2cdbad5355cd
Jun 15 07:29:37 devstack sudo[98863]: pam_unix(sudo:session): session opened for user root(uid=0) by (uid=1000)
Jun 15 07:29:37 devstack sudo[98863]: pam_unix(sudo:session): session closed for user root
Jun 15 07:29:37 devstack cinder-volume[91471]: DEBUG oslo_concurrency.processutils [None req-8c57ec16-3b79-438d-aa56-c958b5f9ebbd tempest-VolumesSnapshotNegativeTestJSON-1987218661 None] CMD "sudo cinder-rootwrap /etc/cinder/rootwrap.conf qemu-img commit -d /opt/stack/data/cinder/mnt/808adb3fcd4263b3b06187b6a45a6d68/volume-3574897f-4d7d-4ed8-8c4c-4498d44d7db2.cb91cfe4-dfcf-4655-b27f-2cdbad5355cd" returned: 0 in 0.773s {{(pid=91471) execute /opt/stack/data/venv/lib/python3.12/site-packages/oslo_concurrency/processutils.py:468}}
Jun 15 07:29:37 devstack cinder-volume[91471]: DEBUG oslo_concurrency.processutils [None req-8c57ec16-3b79-438d-aa56-c958b5f9ebbd tempest-VolumesSnapshotNegativeTestJSON-1987218661 None] Running cmd (subprocess): sudo cinder-rootwrap /etc/cinder/rootwrap.conf rm -f /opt/stack/data/cinder/mnt/808adb3fcd4263b3b06187b6a45a6d68/volume-3574897f-4d7d-4ed8-8c4c-4498d44d7db2.cb91cfe4-dfcf-4655-b27f-2cdbad5355cd {{(pid=91471) execute /opt/stack/data/venv/lib/python3.12/site-packages/oslo_concurrency/processutils.py:440}}
Jun 15 07:29:37 devstack sudo[98872]: quobyte : PWD=/ ; USER=root ; COMMAND=/opt/stack/data/venv/bin/cinder-rootwrap /etc/cinder/rootwrap.conf rm -f /opt/stack/data/cinder/mnt/808adb3fcd4263b3b06187b6a45a6d68/volume-3574897f-4d7d-4ed8-8c4c-4498d44d7db2.cb91cfe4-dfcf-4655-b27f-2cdbad5355cd
Jun 15 07:29:37 devstack sudo[98872]: pam_unix(sudo:session): session opened for user root(uid=0) by (uid=1000)
Jun 15 07:29:38 devstack sudo[98872]: pam_unix(sudo:session): session closed for user root
Jun 15 07:29:38 devstack cinder-volume[91471]: DEBUG oslo_concurrency.processutils [None req-8c57ec16-3b79-438d-aa56-c958b5f9ebbd tempest-VolumesSnapshotNegativeTestJSON-1987218661 None] CMD "sudo cinder-rootwrap /etc/cinder/rootwrap.conf rm -f /opt/stack/data/cinder/mnt/808adb3fcd4263b3b06187b6a45a6d68/volume-3574897f-4d7d-4ed8-8c4c-4498d44d7db2.cb91cfe4-dfcf-4655-b27f-2cdbad5355cd" returned: 0 in 0.736s {{(pid=91471) execute /opt/stack/data/venv/lib/python3.12/site-packages/oslo_concurrency/processutils.py:468}}
Jun 15 07:29:38 devstack cinder-volume[91471]: DEBUG cinder.coordination [None req-8c57ec16-3b79-438d-aa56-c958b5f9ebbd tempest-VolumesSnapshotNegativeTestJSON-1987218661 None] Lock "cinder-quobyte-cb91cfe4-dfcf-4655-b27f-2cdbad5355cd" released by "_delete_snapshot" :: held 3.406s {{(pid=91471) __release /opt/stack/cinder/cinder/coordination.py:152}}
Jun 15 07:29:38 devstack cinder-volume[91471]: DEBUG cinder.coordination [None req-8c57ec16-3b79-438d-aa56-c958b5f9ebbd tempest-VolumesSnapshotNegativeTestJSON-1987218661 None] Lock "cinder-quobyte-3574897f-4d7d-4ed8-8c4c-4498d44d7db2" released by "delete_snapshot" :: held 3.435s {{(pid=91471) __release /opt/stack/cinder/cinder/coordination.py:152}}
Jun 15 07:29:38 devstack cinder-volume[91471]: DEBUG cinder.quota [None req-8c57ec16-3b79-438d-aa56-c958b5f9ebbd tempest-VolumesSnapshotNegativeTestJSON-1987218661 None] Created reservations ['830e43f8-b570-422e-bea0-beaf224eba31', '51a73d9b-b9b7-45c2-acca-70c142ab5bce', '096b899f-8e74-461a-a389-20b0a4e4f959', '5f9fb05d-6a28-4b6b-8822-3e8e18442b1f'] {{(pid=91471) reserve /opt/stack/cinder/cinder/quota.py:752}}
Jun 15 07:29:38 devstack cinder-volume[91471]: INFO cinder.volume.manager [None req-8c57ec16-3b79-438d-aa56-c958b5f9ebbd tempest-VolumesSnapshotNegativeTestJSON-1987218661 None] Delete snapshot completed successfully.
Jun 15 07:29:38 devstack cinder-volume[91471]: DEBUG cinder.coordination [None req-8c57ec16-3b79-438d-aa56-c958b5f9ebbd tempest-VolumesSnapshotNegativeTestJSON-1987218661 None] Lock "cinder-cb91cfe4-dfcf-4655-b27f-2cdbad5355cd-delete_snapshot" released by "delete_snapshot" :: held 3.600s {{(pid=91471) __release /opt/stack/cinder/cinder/coordination.py:152}}
Jun 15 07:29:39 devstack cinder-volume[91471]: DEBUG cinder.coordination [None req-3f0433dc-4d25-4c7c-a3f5-a0bfcc1b9de8 tempest-VolumesSnapshotNegativeTestJSON-1987218661 None] Acquiring lock "cinder-3574897f-4d7d-4ed8-8c4c-4498d44d7db2-delete_volume" by "delete_volume" {{(pid=91471) __acquire /opt/stack/cinder/cinder/coordination.py:138}}
Jun 15 07:29:39 devstack cinder-volume[91471]: DEBUG cinder.coordination [None req-3f0433dc-4d25-4c7c-a3f5-a0bfcc1b9de8 tempest-VolumesSnapshotNegativeTestJSON-1987218661 None] Lock "cinder-3574897f-4d7d-4ed8-8c4c-4498d44d7db2-delete_volume" acquired by "delete_volume" :: waited 0.033s {{(pid=91471) __acquire /opt/stack/cinder/cinder/coordination.py:141}}
Jun 15 07:29:39 devstack cinder-volume[91471]: DEBUG cinder.coordination [None req-3f0433dc-4d25-4c7c-a3f5-a0bfcc1b9de8 tempest-VolumesSnapshotNegativeTestJSON-1987218661 None] Acquiring lock "cinder-quobyte-3574897f-4d7d-4ed8-8c4c-4498d44d7db2" by "delete_volume" {{(pid=91471) __acquire /opt/stack/cinder/cinder/coordination.py:138}}
Jun 15 07:29:39 devstack cinder-volume[91471]: DEBUG cinder.coordination [None req-3f0433dc-4d25-4c7c-a3f5-a0bfcc1b9de8 tempest-VolumesSnapshotNegativeTestJSON-1987218661 None] Lock "cinder-quobyte-3574897f-4d7d-4ed8-8c4c-4498d44d7db2" acquired by "delete_volume" :: waited 0.023s {{(pid=91471) __acquire /opt/stack/cinder/cinder/coordination.py:141}}
Jun 15 07:29:39 devstack cinder-volume[91471]: DEBUG oslo.privsep.daemon [-] privsep: reply[9544b96c-b642-435c-82f4-fe49aae1e98f]: (4, 'qcow2') {{(pid=92207) _call_back /opt/stack/data/venv/lib/python3.12/site-packages/oslo_privsep/daemon.py:573}}
Jun 15 07:29:39 devstack cinder-volume[91471]: DEBUG oslo_concurrency.processutils [None req-3f0433dc-4d25-4c7c-a3f5-a0bfcc1b9de8 tempest-VolumesSnapshotNegativeTestJSON-1987218661 None] Running cmd (subprocess): /opt/stack/data/venv/bin/python3.12 -m oslo_concurrency.prlimit --as=1073741824 --cpu=60 -- sudo cinder-rootwrap /etc/cinder/rootwrap.conf env LC_ALL=C qemu-img info -f qcow2 --output=json --force-share /opt/stack/data/cinder/mnt/808adb3fcd4263b3b06187b6a45a6d68/volume-3574897f-4d7d-4ed8-8c4c-4498d44d7db2 {{(pid=91471) execute /opt/stack/data/venv/lib/python3.12/site-packages/oslo_concurrency/processutils.py:440}}
Jun 15 07:29:39 devstack cinder-volume[91471]: INFO cinder.volume.manager [req-81a4ff8c-357b-4fbf-b82f-67bbf3d22bec req-52e51a08-16c9-4e1d-b015-c7d15b39241b tempest-AttachVolumeNegativeTest-1012311096 None] Terminate volume connection completed successfully.
Jun 15 07:29:39 devstack cinder-volume[91471]: DEBUG cinder.volume.manager [req-81a4ff8c-357b-4fbf-b82f-67bbf3d22bec req-52e51a08-16c9-4e1d-b015-c7d15b39241b tempest-AttachVolumeNegativeTest-1012311096 None] Deleting attachment 8fc19ef6-c753-4c9e-8817-fdef61a64bfa. {{(pid=91471) attachment_delete /opt/stack/cinder/cinder/volume/manager.py:5055}}
Jun 15 07:29:39 devstack sudo[98880]: quobyte : PWD=/ ; USER=root ; COMMAND=/opt/stack/data/venv/bin/cinder-rootwrap /etc/cinder/rootwrap.conf env LC_ALL=C qemu-img info -f qcow2 --output=json --force-share /opt/stack/data/cinder/mnt/808adb3fcd4263b3b06187b6a45a6d68/volume-3574897f-4d7d-4ed8-8c4c-4498d44d7db2
Jun 15 07:29:39 devstack sudo[98880]: pam_unix(sudo:session): session opened for user root(uid=0) by (uid=1000)
Jun 15 07:29:40 devstack sudo[98880]: pam_unix(sudo:session): session closed for user root
Jun 15 07:29:40 devstack cinder-volume[91471]: DEBUG oslo_concurrency.processutils [None req-3f0433dc-4d25-4c7c-a3f5-a0bfcc1b9de8 tempest-VolumesSnapshotNegativeTestJSON-1987218661 None] CMD "/opt/stack/data/venv/bin/python3.12 -m oslo_concurrency.prlimit --as=1073741824 --cpu=60 -- sudo cinder-rootwrap /etc/cinder/rootwrap.conf env LC_ALL=C qemu-img info -f qcow2 --output=json --force-share /opt/stack/data/cinder/mnt/808adb3fcd4263b3b06187b6a45a6d68/volume-3574897f-4d7d-4ed8-8c4c-4498d44d7db2" returned: 0 in 0.792s {{(pid=91471) execute /opt/stack/data/venv/lib/python3.12/site-packages/oslo_concurrency/processutils.py:468}}
Jun 15 07:29:40 devstack cinder-volume[91471]: DEBUG oslo_concurrency.processutils [None req-3f0433dc-4d25-4c7c-a3f5-a0bfcc1b9de8 tempest-VolumesSnapshotNegativeTestJSON-1987218661 None] Running cmd (subprocess): sudo cinder-rootwrap /etc/cinder/rootwrap.conf rm -f /opt/stack/data/cinder/mnt/808adb3fcd4263b3b06187b6a45a6d68/volume-3574897f-4d7d-4ed8-8c4c-4498d44d7db2 {{(pid=91471) execute /opt/stack/data/venv/lib/python3.12/site-packages/oslo_concurrency/processutils.py:440}}
Jun 15 07:29:40 devstack sudo[98886]: quobyte : PWD=/ ; USER=root ; COMMAND=/opt/stack/data/venv/bin/cinder-rootwrap /etc/cinder/rootwrap.conf rm -f /opt/stack/data/cinder/mnt/808adb3fcd4263b3b06187b6a45a6d68/volume-3574897f-4d7d-4ed8-8c4c-4498d44d7db2
Jun 15 07:29:40 devstack sudo[98886]: pam_unix(sudo:session): session opened for user root(uid=0) by (uid=1000)
Jun 15 07:29:41 devstack sudo[98886]: pam_unix(sudo:session): session closed for user root
Jun 15 07:29:41 devstack cinder-volume[91471]: DEBUG oslo_concurrency.processutils [None req-3f0433dc-4d25-4c7c-a3f5-a0bfcc1b9de8 tempest-VolumesSnapshotNegativeTestJSON-1987218661 None] CMD "sudo cinder-rootwrap /etc/cinder/rootwrap.conf rm -f /opt/stack/data/cinder/mnt/808adb3fcd4263b3b06187b6a45a6d68/volume-3574897f-4d7d-4ed8-8c4c-4498d44d7db2" returned: 0 in 0.690s {{(pid=91471) execute /opt/stack/data/venv/lib/python3.12/site-packages/oslo_concurrency/processutils.py:468}}
Jun 15 07:29:41 devstack cinder-volume[91471]: DEBUG cinder.coordination [None req-3f0433dc-4d25-4c7c-a3f5-a0bfcc1b9de8 tempest-VolumesSnapshotNegativeTestJSON-1987218661 None] Lock "cinder-quobyte-3574897f-4d7d-4ed8-8c4c-4498d44d7db2" released by "delete_volume" :: held 1.570s {{(pid=91471) __release /opt/stack/cinder/cinder/coordination.py:152}}
Jun 15 07:29:41 devstack cinder-volume[91471]: DEBUG cinder.quota [None req-3f0433dc-4d25-4c7c-a3f5-a0bfcc1b9de8 tempest-VolumesSnapshotNegativeTestJSON-1987218661 None] Created reservations ['9f655615-5d2e-4180-806a-73d860990f15', '1e8f9a91-b50f-4b28-bd9f-265e323fac32', 'd0374d21-8a0f-4cf0-a31f-8f8aad662f38', 'fa178e91-d880-4a31-a077-03fc64684551'] {{(pid=91471) reserve /opt/stack/cinder/cinder/quota.py:752}}
Jun 15 07:29:41 devstack cinder-volume[91471]: DEBUG oslo_concurrency.lockutils [None req-3f0433dc-4d25-4c7c-a3f5-a0bfcc1b9de8 tempest-VolumesSnapshotNegativeTestJSON-1987218661 None] Acquiring lock "quobyte_ensure" by "cinder.volume.drivers.quobyte.QuobyteDriver._ensure_shares_mounted" {{(pid=91471) inner /opt/stack/data/venv/lib/python3.12/site-packages/oslo_concurrency/lockutils.py:506}}
Jun 15 07:29:41 devstack cinder-volume[91471]: DEBUG oslo_concurrency.lockutils [None req-3f0433dc-4d25-4c7c-a3f5-a0bfcc1b9de8 tempest-VolumesSnapshotNegativeTestJSON-1987218661 None] Lock "quobyte_ensure" acquired by "cinder.volume.drivers.quobyte.QuobyteDriver._ensure_shares_mounted" :: waited 0.001s {{(pid=91471) inner /opt/stack/data/venv/lib/python3.12/site-packages/oslo_concurrency/lockutils.py:519}}
Jun 15 07:29:41 devstack cinder-volume[91471]: DEBUG cinder.volume.drivers.quobyte [None req-3f0433dc-4d25-4c7c-a3f5-a0bfcc1b9de8 tempest-VolumesSnapshotNegativeTestJSON-1987218661 None] Quobyte Volume URL set to: {'osci02.corp.quobyte.com/cinder-vol-139225b1-fe41-4742-8abf-cf13356f71e2': None} {{(pid=91471) _load_shares_config /opt/stack/cinder/cinder/volume/drivers/quobyte.py:617}}
Jun 15 07:29:41 devstack cinder-volume[91471]: DEBUG cinder.volume.drivers.quobyte [None req-3f0433dc-4d25-4c7c-a3f5-a0bfcc1b9de8 tempest-VolumesSnapshotNegativeTestJSON-1987218661 None] Available shares ['osci02.corp.quobyte.com/cinder-vol-139225b1-fe41-4742-8abf-cf13356f71e2'] {{(pid=91471) _ensure_shares_mounted /opt/stack/cinder/cinder/volume/drivers/quobyte.py:647}}
Jun 15 07:29:41 devstack cinder-volume[91471]: DEBUG oslo_concurrency.lockutils [None req-3f0433dc-4d25-4c7c-a3f5-a0bfcc1b9de8 tempest-VolumesSnapshotNegativeTestJSON-1987218661 None] Lock "quobyte_ensure" "released" by "cinder.volume.drivers.quobyte.QuobyteDriver._ensure_shares_mounted" :: held 0.013s {{(pid=91471) inner /opt/stack/data/venv/lib/python3.12/site-packages/oslo_concurrency/lockutils.py:538}}
Jun 15 07:29:41 devstack cinder-volume[91471]: DEBUG oslo_concurrency.processutils [None req-3f0433dc-4d25-4c7c-a3f5-a0bfcc1b9de8 tempest-VolumesSnapshotNegativeTestJSON-1987218661 None] Running cmd (subprocess): sudo cinder-rootwrap /etc/cinder/rootwrap.conf df --portability --block-size 1 /opt/stack/data/cinder/mnt/808adb3fcd4263b3b06187b6a45a6d68 {{(pid=91471) execute /opt/stack/data/venv/lib/python3.12/site-packages/oslo_concurrency/processutils.py:440}}
Jun 15 07:29:41 devstack sudo[98889]: quobyte : PWD=/ ; USER=root ; COMMAND=/opt/stack/data/venv/bin/cinder-rootwrap /etc/cinder/rootwrap.conf df --portability --block-size 1 /opt/stack/data/cinder/mnt/808adb3fcd4263b3b06187b6a45a6d68
Jun 15 07:29:41 devstack sudo[98889]: pam_unix(sudo:session): session opened for user root(uid=0) by (uid=1000)
Jun 15 07:29:42 devstack sudo[98889]: pam_unix(sudo:session): session closed for user root
Jun 15 07:29:42 devstack cinder-volume[91471]: DEBUG oslo_concurrency.processutils [None req-3f0433dc-4d25-4c7c-a3f5-a0bfcc1b9de8 tempest-VolumesSnapshotNegativeTestJSON-1987218661 None] CMD "sudo cinder-rootwrap /etc/cinder/rootwrap.conf df --portability --block-size 1 /opt/stack/data/cinder/mnt/808adb3fcd4263b3b06187b6a45a6d68" returned: 0 in 1.217s {{(pid=91471) execute /opt/stack/data/venv/lib/python3.12/site-packages/oslo_concurrency/processutils.py:468}}
Jun 15 07:29:42 devstack cinder-volume[91471]: DEBUG cinder.manager [None req-3f0433dc-4d25-4c7c-a3f5-a0bfcc1b9de8 tempest-VolumesSnapshotNegativeTestJSON-1987218661 None] Notifying Schedulers of capabilities ... {{(pid=91471) _publish_service_capabilities /opt/stack/cinder/cinder/manager.py:219}}
Jun 15 07:29:42 devstack cinder-volume[91471]: INFO cinder.volume.manager [None req-3f0433dc-4d25-4c7c-a3f5-a0bfcc1b9de8 tempest-VolumesSnapshotNegativeTestJSON-1987218661 None] Deleted volume successfully.
Jun 15 07:29:42 devstack cinder-volume[91471]: DEBUG cinder.coordination [None req-3f0433dc-4d25-4c7c-a3f5-a0bfcc1b9de8 tempest-VolumesSnapshotNegativeTestJSON-1987218661 None] Lock "cinder-3574897f-4d7d-4ed8-8c4c-4498d44d7db2-delete_volume" released by "delete_volume" :: held 3.040s {{(pid=91471) __release /opt/stack/cinder/cinder/coordination.py:152}}
Jun 15 07:29:51 devstack cinder-volume[91471]: DEBUG dbcounter [-] [91471] Writing DB stats cinder:SELECT=35,cinder:INSERT=10,cinder:UPDATE=35,cinder:DELETE=4 {{(pid=91471) stat_writer /opt/stack/data/venv/lib/python3.12/site-packages/dbcounter.py:115}}
Jun 15 07:29:52 devstack cinder-volume[91471]: DEBUG dbcounter [-] [91471] Writing DB stats cinder:UPDATE=28,cinder:SELECT=23,cinder:INSERT=6,cinder:DELETE=1 {{(pid=91471) stat_writer /opt/stack/data/venv/lib/python3.12/site-packages/dbcounter.py:115}}
Jun 15 07:29:58 devstack cinder-volume[91471]: INFO cinder.volume.manager [req-70663669-1efa-463b-9a3a-4ac5c3e95792 req-b845737e-c59c-4d2a-9f8d-83048a98a2aa tempest-AttachVolumeTestJSON-2043271215 None] Terminate volume connection completed successfully.
Jun 15 07:29:58 devstack cinder-volume[91471]: DEBUG cinder.volume.manager [req-70663669-1efa-463b-9a3a-4ac5c3e95792 req-b845737e-c59c-4d2a-9f8d-83048a98a2aa tempest-AttachVolumeTestJSON-2043271215 None] Deleting attachment d6fa9ff5-9f2e-489b-995b-a19e94760726. {{(pid=91471) attachment_delete /opt/stack/cinder/cinder/volume/manager.py:5055}}
Jun 15 07:30:07 devstack cinder-volume[91471]: DEBUG oslo_service.periodic_task [None req-08f77a8b-051d-471f-b80d-b5114f5dde64 None None] Running periodic task VolumeManager.publish_service_capabilities {{(pid=91471) run_periodic_tasks /opt/stack/data/venv/lib/python3.12/site-packages/oslo_service/periodic_task.py:210}}
Jun 15 07:30:07 devstack cinder-volume[91471]: DEBUG oslo_concurrency.lockutils [None req-08f77a8b-051d-471f-b80d-b5114f5dde64 None None] Acquiring lock "quobyte_ensure" by "cinder.volume.drivers.quobyte.QuobyteDriver._ensure_shares_mounted" {{(pid=91471) inner /opt/stack/data/venv/lib/python3.12/site-packages/oslo_concurrency/lockutils.py:506}}
Jun 15 07:30:07 devstack cinder-volume[91471]: DEBUG oslo_concurrency.lockutils [None req-08f77a8b-051d-471f-b80d-b5114f5dde64 None None] Lock "quobyte_ensure" acquired by "cinder.volume.drivers.quobyte.QuobyteDriver._ensure_shares_mounted" :: waited 0.000s {{(pid=91471) inner /opt/stack/data/venv/lib/python3.12/site-packages/oslo_concurrency/lockutils.py:519}}
Jun 15 07:30:07 devstack cinder-volume[91471]: DEBUG cinder.volume.drivers.quobyte [None req-08f77a8b-051d-471f-b80d-b5114f5dde64 None None] Quobyte Volume URL set to: {'osci02.corp.quobyte.com/cinder-vol-139225b1-fe41-4742-8abf-cf13356f71e2': None} {{(pid=91471) _load_shares_config /opt/stack/cinder/cinder/volume/drivers/quobyte.py:617}}
Jun 15 07:30:07 devstack cinder-volume[91471]: DEBUG cinder.volume.drivers.quobyte [None req-08f77a8b-051d-471f-b80d-b5114f5dde64 None None] Available shares ['osci02.corp.quobyte.com/cinder-vol-139225b1-fe41-4742-8abf-cf13356f71e2'] {{(pid=91471) _ensure_shares_mounted /opt/stack/cinder/cinder/volume/drivers/quobyte.py:647}}
Jun 15 07:30:07 devstack cinder-volume[91471]: DEBUG oslo_concurrency.lockutils [None req-08f77a8b-051d-471f-b80d-b5114f5dde64 None None] Lock "quobyte_ensure" "released" by "cinder.volume.drivers.quobyte.QuobyteDriver._ensure_shares_mounted" :: held 0.015s {{(pid=91471) inner /opt/stack/data/venv/lib/python3.12/site-packages/oslo_concurrency/lockutils.py:538}}
Jun 15 07:30:07 devstack cinder-volume[91471]: DEBUG oslo_concurrency.processutils [None req-08f77a8b-051d-471f-b80d-b5114f5dde64 None None] Running cmd (subprocess): sudo cinder-rootwrap /etc/cinder/rootwrap.conf df --portability --block-size 1 /opt/stack/data/cinder/mnt/808adb3fcd4263b3b06187b6a45a6d68 {{(pid=91471) execute /opt/stack/data/venv/lib/python3.12/site-packages/oslo_concurrency/processutils.py:440}}
Jun 15 07:30:07 devstack sudo[99148]: quobyte : PWD=/ ; USER=root ; COMMAND=/opt/stack/data/venv/bin/cinder-rootwrap /etc/cinder/rootwrap.conf df --portability --block-size 1 /opt/stack/data/cinder/mnt/808adb3fcd4263b3b06187b6a45a6d68
Jun 15 07:30:07 devstack sudo[99148]: pam_unix(sudo:session): session opened for user root(uid=0) by (uid=1000)
Jun 15 07:30:08 devstack cinder-volume[91471]: DEBUG dbcounter [-] [91471] Writing DB stats cinder:SELECT=1 {{(pid=91471) stat_writer /opt/stack/data/venv/lib/python3.12/site-packages/dbcounter.py:115}}
Jun 15 07:30:08 devstack cinder-volume[91471]: DEBUG dbcounter [-] [91471] Writing DB stats cinder:SELECT=1 {{(pid=91471) stat_writer /opt/stack/data/venv/lib/python3.12/site-packages/dbcounter.py:115}}
Jun 15 07:30:08 devstack sudo[99148]: pam_unix(sudo:session): session closed for user root
Jun 15 07:30:08 devstack cinder-volume[91471]: DEBUG oslo_concurrency.processutils [None req-08f77a8b-051d-471f-b80d-b5114f5dde64 None None] CMD "sudo cinder-rootwrap /etc/cinder/rootwrap.conf df --portability --block-size 1 /opt/stack/data/cinder/mnt/808adb3fcd4263b3b06187b6a45a6d68" returned: 0 in 0.981s {{(pid=91471) execute /opt/stack/data/venv/lib/python3.12/site-packages/oslo_concurrency/processutils.py:468}}
Jun 15 07:30:08 devstack cinder-volume[91471]: DEBUG cinder.manager [None req-08f77a8b-051d-471f-b80d-b5114f5dde64 None None] Notifying Schedulers of capabilities ... {{(pid=91471) _publish_service_capabilities /opt/stack/cinder/cinder/manager.py:219}}
Jun 15 07:30:08 devstack cinder-volume[91471]: DEBUG oslo_service.periodic_task [None req-08f77a8b-051d-471f-b80d-b5114f5dde64 None None] Running periodic task VolumeManager._thread_info {{(pid=91471) run_periodic_tasks /opt/stack/data/venv/lib/python3.12/site-packages/oslo_service/periodic_task.py:210}}
Jun 15 07:30:08 devstack cinder-volume[91471]: DEBUG cinder.volume.manager [None req-08f77a8b-051d-471f-b80d-b5114f5dde64 None None] thread count: 8 {{(pid=91471) _thread_info /opt/stack/cinder/cinder/volume/manager.py:5472}}
Jun 15 07:30:08 devstack cinder-volume[91471]: DEBUG cinder.volume.manager [None req-08f77a8b-051d-471f-b80d-b5114f5dde64 None None] thread info: [<_MainThread(MainThread, started 140342883397760)>, , , , , , , ] {{(pid=91471) _thread_info /opt/stack/cinder/cinder/volume/manager.py:5473}}
Jun 15 07:30:22 devstack cinder-volume[91471]: INFO cinder.volume.manager [req-bc522e6c-dfa0-49ea-8d6d-3af35c6c2b20 req-d68a9352-b87a-40f4-8c74-cea0edbc772a tempest-AttachVolumeShelveTestJSON-1891986216 None] Terminate volume connection completed successfully.
Jun 15 07:30:23 devstack cinder-volume[91471]: DEBUG cinder.volume.manager [req-bc522e6c-dfa0-49ea-8d6d-3af35c6c2b20 req-d68a9352-b87a-40f4-8c74-cea0edbc772a tempest-AttachVolumeShelveTestJSON-1891986216 None] Deleting attachment fb853ff9-147a-42ea-a3f7-b32352707f58. {{(pid=91471) attachment_delete /opt/stack/cinder/cinder/volume/manager.py:5055}}
Jun 15 07:30:23 devstack cinder-volume[91471]: DEBUG cinder.volume.flows.manager.create_volume [None req-0077f7d2-b3c6-468f-9340-de56eedb8cb7 tempest-TestInstancesWithCinderVolumes-241947178 None] Volume reschedule parameters: True retry: {'num_attempts': 1, 'backends': ['devstack@QuobyteHD#QuobyteHD'], 'hosts': ['devstack@QuobyteHD#QuobyteHD']} {{(pid=91471) get_flow /opt/stack/cinder/cinder/volume/flows/manager/create_volume.py:1397}}
Jun 15 07:30:23 devstack cinder-volume[91471]: DEBUG cinder.volume.manager [None req-0077f7d2-b3c6-468f-9340-de56eedb8cb7 tempest-TestInstancesWithCinderVolumes-241947178 None] Flow 'volume_create_manager' (3192b24f-4ad3-4c27-977e-2ec023d005ec) transitioned into state 'RUNNING' from state 'PENDING' {{(pid=91471) _flow_receiver /opt/stack/data/venv/lib/python3.12/site-packages/taskflow/listeners/logging.py:145}}
Jun 15 07:30:23 devstack cinder-volume[91471]: DEBUG cinder.volume.manager [None req-0077f7d2-b3c6-468f-9340-de56eedb8cb7 tempest-TestInstancesWithCinderVolumes-241947178 None] Task 'cinder.volume.flows.manager.create_volume.ExtractVolumeRefTask;volume:create' (dd5c40e8-52dc-4a98-9f92-07e5dce5f3f1) transitioned into state 'RUNNING' from state 'PENDING' {{(pid=91471) _task_receiver /opt/stack/data/venv/lib/python3.12/site-packages/taskflow/listeners/logging.py:194}}
