Jan 22 09:49:10 devstack devstack@g-api.service[75357]: DEBUG glance.common.config [None req-0734f1b1-8c50-4a70-ad3c-185dd28a4b11 None None] barbican_service_user.certfile = None {{(pid=75357) log_opt_values /opt/stack/data/venv/lib/python3.10/site-packages/oslo_config/cfg.py:2824}}
Jan 22 09:49:10 devstack devstack@g-api.service[75357]: DEBUG glance.common.config [None req-0734f1b1-8c50-4a70-ad3c-185dd28a4b11 None None] barbican_service_user.collect_timing = False {{(pid=75357) log_opt_values /opt/stack/data/venv/lib/python3.10/site-packages/oslo_config/cfg.py:2824}}
Jan 22 09:49:10 devstack devstack@g-api.service[75357]: DEBUG glance.common.config [None req-0734f1b1-8c50-4a70-ad3c-185dd28a4b11 None None] barbican_service_user.insecure = False {{(pid=75357) log_opt_values /opt/stack/data/venv/lib/python3.10/site-packages/oslo_config/cfg.py:2824}}
Jan 22 09:49:10 devstack devstack@g-api.service[75357]: DEBUG glance.common.config [None req-0734f1b1-8c50-4a70-ad3c-185dd28a4b11 None None] barbican_service_user.keyfile = None {{(pid=75357) log_opt_values /opt/stack/data/venv/lib/python3.10/site-packages/oslo_config/cfg.py:2824}}
Jan 22 09:49:10 devstack devstack@g-api.service[75357]: DEBUG glance.common.config [None req-0734f1b1-8c50-4a70-ad3c-185dd28a4b11 None None] barbican_service_user.split_loggers = False {{(pid=75357) log_opt_values /opt/stack/data/venv/lib/python3.10/site-packages/oslo_config/cfg.py:2824}}
Jan 22 09:49:10 devstack devstack@g-api.service[75357]: DEBUG glance.common.config [None req-0734f1b1-8c50-4a70-ad3c-185dd28a4b11 None None] barbican_service_user.timeout = None {{(pid=75357) log_opt_values /opt/stack/data/venv/lib/python3.10/site-packages/oslo_config/cfg.py:2824}}
Jan 22 09:49:10 devstack devstack@g-api.service[75357]: DEBUG glance.common.config [None req-0734f1b1-8c50-4a70-ad3c-185dd28a4b11 None None] database.asyncio_connection = **** {{(pid=75357) log_opt_values /opt/stack/data/venv/lib/python3.10/site-packages/oslo_config/cfg.py:2824}}
Jan 22 09:49:10 devstack devstack@g-api.service[75357]: DEBUG glance.common.config [None req-0734f1b1-8c50-4a70-ad3c-185dd28a4b11 None None] database.asyncio_slave_connection = **** {{(pid=75357) log_opt_values /opt/stack/data/venv/lib/python3.10/site-packages/oslo_config/cfg.py:2824}}
Jan 22 09:49:10 devstack devstack@g-api.service[75357]: DEBUG glance.common.config [None req-0734f1b1-8c50-4a70-ad3c-185dd28a4b11 None None] database.backend = sqlalchemy {{(pid=75357) log_opt_values /opt/stack/data/venv/lib/python3.10/site-packages/oslo_config/cfg.py:2824}}
Jan 22 09:49:10 devstack devstack@g-api.service[75357]: DEBUG glance.common.config [None req-0734f1b1-8c50-4a70-ad3c-185dd28a4b11 None None] database.connection = **** {{(pid=75357) log_opt_values /opt/stack/data/venv/lib/python3.10/site-packages/oslo_config/cfg.py:2824}}
Jan 22 09:49:10 devstack devstack@g-api.service[75357]: DEBUG glance.common.config [None req-0734f1b1-8c50-4a70-ad3c-185dd28a4b11 None None] database.connection_debug = 0 {{(pid=75357) log_opt_values /opt/stack/data/venv/lib/python3.10/site-packages/oslo_config/cfg.py:2824}}
Jan 22 09:49:10 devstack devstack@g-api.service[75357]: DEBUG glance.common.config [None req-0734f1b1-8c50-4a70-ad3c-185dd28a4b11 None None] database.connection_parameters = {{(pid=75357) log_opt_values /opt/stack/data/venv/lib/python3.10/site-packages/oslo_config/cfg.py:2824}}
Jan 22 09:49:10 devstack devstack@g-api.service[75357]: DEBUG glance.common.config [None req-0734f1b1-8c50-4a70-ad3c-185dd28a4b11 None None] database.connection_recycle_time = 3600 {{(pid=75357) log_opt_values /opt/stack/data/venv/lib/python3.10/site-packages/oslo_config/cfg.py:2824}}
Jan 22 09:49:10 devstack devstack@g-api.service[75357]: DEBUG glance.common.config [None req-0734f1b1-8c50-4a70-ad3c-185dd28a4b11 None None] database.connection_trace = False {{(pid=75357) log_opt_values /opt/stack/data/venv/lib/python3.10/site-packages/oslo_config/cfg.py:2824}}
Jan 22 09:49:10 devstack devstack@g-api.service[75357]: DEBUG glance.common.config [None req-0734f1b1-8c50-4a70-ad3c-185dd28a4b11 None None] database.db_inc_retry_interval = True {{(pid=75357) log_opt_values /opt/stack/data/venv/lib/python3.10/site-packages/oslo_config/cfg.py:2824}}
Jan 22 09:49:10 devstack devstack@g-api.service[75357]: DEBUG glance.common.config [None req-0734f1b1-8c50-4a70-ad3c-185dd28a4b11 None None] database.db_max_retries = 20 {{(pid=75357) log_opt_values /opt/stack/data/venv/lib/python3.10/site-packages/oslo_config/cfg.py:2824}}
Jan 22 09:49:10 devstack devstack@g-api.service[75357]: DEBUG glance.common.config [None req-0734f1b1-8c50-4a70-ad3c-185dd28a4b11 None None] database.db_max_retry_interval = 10 {{(pid=75357) log_opt_values /opt/stack/data/venv/lib/python3.10/site-packages/oslo_config/cfg.py:2824}}
Jan 22 09:49:10 devstack devstack@g-api.service[75357]: DEBUG glance.common.config [None req-0734f1b1-8c50-4a70-ad3c-185dd28a4b11 None None] database.db_retry_interval = 1 {{(pid=75357) log_opt_values /opt/stack/data/venv/lib/python3.10/site-packages/oslo_config/cfg.py:2824}}
Jan 22 09:49:10 devstack devstack@g-api.service[75357]: DEBUG glance.common.config [None req-0734f1b1-8c50-4a70-ad3c-185dd28a4b11 None None] database.max_overflow = 50 {{(pid=75357) log_opt_values /opt/stack/data/venv/lib/python3.10/site-packages/oslo_config/cfg.py:2824}}
Jan 22 09:49:10 devstack devstack@g-api.service[75357]: DEBUG glance.common.config [None req-0734f1b1-8c50-4a70-ad3c-185dd28a4b11 None None] database.max_pool_size = 5 {{(pid=75357) log_opt_values /opt/stack/data/venv/lib/python3.10/site-packages/oslo_config/cfg.py:2824}}
Jan 22 09:49:10 devstack devstack@g-api.service[75357]: DEBUG glance.common.config [None req-0734f1b1-8c50-4a70-ad3c-185dd28a4b11 None None] database.max_retries = 10 {{(pid=75357) log_opt_values /opt/stack/data/venv/lib/python3.10/site-packages/oslo_config/cfg.py:2824}}
Jan 22 09:49:10 devstack devstack@g-api.service[75357]: DEBUG glance.common.config [None req-0734f1b1-8c50-4a70-ad3c-185dd28a4b11 None None] database.mysql_sql_mode = TRADITIONAL {{(pid=75357) log_opt_values /opt/stack/data/venv/lib/python3.10/site-packages/oslo_config/cfg.py:2824}}
Jan 22 09:49:10 devstack devstack@g-api.service[75357]: DEBUG glance.common.config [None req-0734f1b1-8c50-4a70-ad3c-185dd28a4b11 None None] database.mysql_wsrep_sync_wait = None {{(pid=75357) log_opt_values /opt/stack/data/venv/lib/python3.10/site-packages/oslo_config/cfg.py:2824}}
Jan 22 09:49:10 devstack devstack@g-api.service[75357]: DEBUG glance.common.config [None req-0734f1b1-8c50-4a70-ad3c-185dd28a4b11 None None] database.pool_timeout = None {{(pid=75357) log_opt_values /opt/stack/data/venv/lib/python3.10/site-packages/oslo_config/cfg.py:2824}}
Jan 22 09:49:10 devstack devstack@g-api.service[75357]: DEBUG glance.common.config [None req-0734f1b1-8c50-4a70-ad3c-185dd28a4b11 None None] database.retry_interval = 10 {{(pid=75357) log_opt_values /opt/stack/data/venv/lib/python3.10/site-packages/oslo_config/cfg.py:2824}}
Jan 22 09:49:10 devstack devstack@g-api.service[75357]: DEBUG glance.common.config [None req-0734f1b1-8c50-4a70-ad3c-185dd28a4b11 None None] database.slave_connection = **** {{(pid=75357) log_opt_values /opt/stack/data/venv/lib/python3.10/site-packages/oslo_config/cfg.py:2824}}
Jan 22 09:49:10 devstack devstack@g-api.service[75357]: DEBUG glance.common.config [None req-0734f1b1-8c50-4a70-ad3c-185dd28a4b11 None None] database.sqlite_synchronous = True {{(pid=75357) log_opt_values /opt/stack/data/venv/lib/python3.10/site-packages/oslo_config/cfg.py:2824}}
Jan 22 09:49:10 devstack devstack@g-api.service[75357]: DEBUG glance.common.config [None req-0734f1b1-8c50-4a70-ad3c-185dd28a4b11 None None] database.synchronous_reader = True {{(pid=75357) log_opt_values /opt/stack/data/venv/lib/python3.10/site-packages/oslo_config/cfg.py:2824}}
Jan 22 09:49:10 devstack devstack@g-api.service[75357]: DEBUG glance.common.config [None req-0734f1b1-8c50-4a70-ad3c-185dd28a4b11 None None] database.use_db_reconnect = False {{(pid=75357) log_opt_values /opt/stack/data/venv/lib/python3.10/site-packages/oslo_config/cfg.py:2824}}
Jan 22 09:49:10 devstack devstack@g-api.service[75357]: DEBUG glance.common.config [None req-0734f1b1-8c50-4a70-ad3c-185dd28a4b11 None None] healthcheck.allowed_source_ranges = [] {{(pid=75357) log_opt_values /opt/stack/data/venv/lib/python3.10/site-packages/oslo_config/cfg.py:2824}}
Jan 22 09:49:10 devstack devstack@g-api.service[75357]: DEBUG glance.common.config [None req-0734f1b1-8c50-4a70-ad3c-185dd28a4b11 None None] healthcheck.backends = ['disable_by_file'] {{(pid=75357) log_opt_values /opt/stack/data/venv/lib/python3.10/site-packages/oslo_config/cfg.py:2824}}
Jan 22 09:49:10 devstack devstack@g-api.service[75357]: DEBUG glance.common.config [None req-0734f1b1-8c50-4a70-ad3c-185dd28a4b11 None None] healthcheck.detailed = False {{(pid=75357) log_opt_values /opt/stack/data/venv/lib/python3.10/site-packages/oslo_config/cfg.py:2824}}
Jan 22 09:49:10 devstack devstack@g-api.service[75357]: DEBUG glance.common.config [None req-0734f1b1-8c50-4a70-ad3c-185dd28a4b11 None None] healthcheck.disable_by_file_path = None {{(pid=75357) log_opt_values /opt/stack/data/venv/lib/python3.10/site-packages/oslo_config/cfg.py:2824}}
Jan 22 09:49:10 devstack devstack@g-api.service[75357]: DEBUG glance.common.config [None req-0734f1b1-8c50-4a70-ad3c-185dd28a4b11 None None] healthcheck.ignore_proxied_requests = False {{(pid=75357) log_opt_values /opt/stack/data/venv/lib/python3.10/site-packages/oslo_config/cfg.py:2824}}
Jan 22 09:49:10 devstack devstack@g-api.service[75357]: DEBUG glance.common.config [None req-0734f1b1-8c50-4a70-ad3c-185dd28a4b11 None None] ******************************************************************************** {{(pid=75357) log_opt_values /opt/stack/data/venv/lib/python3.10/site-packages/oslo_config/cfg.py:2828}}
Jan 22 09:49:10 devstack devstack@g-api.service[75357]: WSGI app 0 (mountpoint='') ready in 4 seconds on interpreter 0x5650316c76a0 pid: 75357 (default app)
Jan 22 09:49:12 devstack devstack@g-api.service[75358]: DEBUG glance.api.middleware.version_negotiation [None req-2ade4651-06f5-4a84-9149-a9d4d81fbb23 None None] Determining version of request: GET / Accept: application/json {{(pid=75358) process_request /opt/stack/glance/glance/api/middleware/version_negotiation.py:44}}
Jan 22 09:49:12 devstack devstack@g-api.service[75358]: DEBUG glance.api.middleware.version_negotiation [None req-2ade4651-06f5-4a84-9149-a9d4d81fbb23 None None] Using url versioning {{(pid=75358) process_request /opt/stack/glance/glance/api/middleware/version_negotiation.py:57}}
Jan 22 09:49:12 devstack devstack@g-api.service[75358]: DEBUG glance.api.middleware.version_negotiation [None req-2ade4651-06f5-4a84-9149-a9d4d81fbb23 None None] Unknown version. Returning version choices. {{(pid=75358) process_request /opt/stack/glance/glance/api/middleware/version_negotiation.py:64}}
Jan 22 09:49:12 devstack devstack@g-api.service[75358]: [pid: 75358|app: 0|req: 2/2] 127.0.0.1 () {34 vars in 513 bytes} [Thu Jan 22 09:49:12 2026] GET / => generated 1433 bytes in 2 msecs (HTTP/1.1 300) 3 headers in 106 bytes (1 switches on core 0)
Jan 22 09:49:12 devstack devstack@g-api.service[75357]: DEBUG glance.api.middleware.version_negotiation [None req-0734f1b1-8c50-4a70-ad3c-185dd28a4b11 None None] Determining version of request: POST /v2/images Accept: */* {{(pid=75357) process_request /opt/stack/glance/glance/api/middleware/version_negotiation.py:44}}
Jan 22 09:49:12 devstack devstack@g-api.service[75357]: DEBUG glance.api.middleware.version_negotiation [None req-0734f1b1-8c50-4a70-ad3c-185dd28a4b11 None None] Using url versioning {{(pid=75357) process_request /opt/stack/glance/glance/api/middleware/version_negotiation.py:57}}
Jan 22 09:49:12 devstack devstack@g-api.service[75357]: DEBUG glance.api.middleware.version_negotiation [None req-0734f1b1-8c50-4a70-ad3c-185dd28a4b11 None None] Matched version: v2 {{(pid=75357) process_request /opt/stack/glance/glance/api/middleware/version_negotiation.py:69}}
Jan 22 09:49:12 devstack devstack@g-api.service[75357]: DEBUG glance.api.middleware.version_negotiation [None req-0734f1b1-8c50-4a70-ad3c-185dd28a4b11 None None] new path /v2/images {{(pid=75357) process_request /opt/stack/glance/glance/api/middleware/version_negotiation.py:70}}
Jan 22 09:49:13 devstack devstack@g-api.service[75357]: [pid: 75357|app: 0|req: 1/3] 127.0.0.1 () {40 vars in 776 bytes} [Thu Jan 22 09:49:12 2026] POST /v2/images => generated 807 bytes in 906 msecs (HTTP/1.1 201) 6 headers in 314 bytes (1 switches on core 0)
Jan 22 09:49:13 devstack devstack@g-api.service[75358]: DEBUG glance.api.middleware.version_negotiation [None req-2ade4651-06f5-4a84-9149-a9d4d81fbb23 None None] Determining version of request: PUT /v2/images/4e5fdd84-773d-42ec-9fda-c6135f3f4ce4/file Accept: {{(pid=75358) process_request /opt/stack/glance/glance/api/middleware/version_negotiation.py:44}}
Jan 22 09:49:13 devstack devstack@g-api.service[75358]: DEBUG glance.api.middleware.version_negotiation [None req-2ade4651-06f5-4a84-9149-a9d4d81fbb23 None None] Using url versioning {{(pid=75358) process_request /opt/stack/glance/glance/api/middleware/version_negotiation.py:57}}
Jan 22 09:49:13 devstack devstack@g-api.service[75358]: DEBUG glance.api.middleware.version_negotiation [None req-2ade4651-06f5-4a84-9149-a9d4d81fbb23 None None] Matched version: v2 {{(pid=75358) process_request /opt/stack/glance/glance/api/middleware/version_negotiation.py:69}}
Jan 22 09:49:13 devstack devstack@g-api.service[75358]: DEBUG glance.api.middleware.version_negotiation [None req-2ade4651-06f5-4a84-9149-a9d4d81fbb23 None None] new path /v2/images/4e5fdd84-773d-42ec-9fda-c6135f3f4ce4/file {{(pid=75358) process_request /opt/stack/glance/glance/api/middleware/version_negotiation.py:70}}
Jan 22 09:49:14 devstack devstack@g-api.service[75358]: INFO glance.api.v2.image_data [None req-825423da-b690-4cd8-a865-8c909b319eb6 admin admin] Unable to create trust: no such option collect_timing in group [keystone_authtoken] Use the existing user token.
Jan 22 09:49:14 devstack devstack@g-api.service[75358]: DEBUG glance.location [None req-825423da-b690-4cd8-a865-8c909b319eb6 admin admin] Enabling in-flight format inspection for qcow2 {{(pid=75358) set_data /opt/stack/glance/glance/location.py:616}}
Jan 22 09:49:14 devstack devstack@g-api.service[75358]: DEBUG oslo_utils.imageutils.format_inspector [None req-825423da-b690-4cd8-a865-8c909b319eb6 admin admin] Format inspector for vmdk does not match, excluding from consideration (Signature KDMV not found: b'QFI\xfb') {{(pid=75358) _process_chunk /opt/stack/data/venv/lib/python3.10/site-packages/oslo_utils/imageutils/format_inspector.py:1537}}
Jan 22 09:49:14 devstack devstack@g-api.service[75358]: DEBUG oslo_utils.imageutils.format_inspector [None req-825423da-b690-4cd8-a865-8c909b319eb6 admin admin] Format inspector for vhdx does not match, excluding from consideration (Region signature not found at 30000) {{(pid=75358) _process_chunk /opt/stack/data/venv/lib/python3.10/site-packages/oslo_utils/imageutils/format_inspector.py:1537}}
Jan 22 09:49:14 devstack devstack@g-api.service[75358]: DEBUG glance_store._drivers.filesystem [None req-825423da-b690-4cd8-a865-8c909b319eb6 admin admin] Wrote 21692416 bytes to /opt/stack/data/glance/images/4e5fdd84-773d-42ec-9fda-c6135f3f4ce4 with checksum 87617e24a5e30cb3b87fda8c0764838f and multihash 9a9bce0083a00939ec17c11febbfc767aa211aaa54f51e75c5a8b271a9b5637c77205a518b7a2007cb391d23cceb01e0e4e8d64832317151bc85b734b92a7be0 {{(pid=75358) add /opt/stack/data/venv/lib/python3.10/site-packages/glance_store/_drivers/filesystem.py:794}}
Jan 22 09:49:14 devstack devstack@g-api.service[75358]: INFO glance.location [None req-825423da-b690-4cd8-a865-8c909b319eb6 admin admin] Image format matched and virtual size computed: 117440512
Jan 22 09:49:14 devstack devstack@g-api.service[75358]: DEBUG glance_store.backend [None req-825423da-b690-4cd8-a865-8c909b319eb6 admin admin] Skipping store.set_acls... not implemented. {{(pid=75358) set_acls /opt/stack/data/venv/lib/python3.10/site-packages/glance_store/backend.py:507}}
Jan 22 09:49:14 devstack devstack@g-api.service[75358]: [pid: 75358|app: 0|req: 3/4] 127.0.0.1 () {40 vars in 869 bytes} [Thu Jan 22 09:49:13 2026] PUT /v2/images/4e5fdd84-773d-42ec-9fda-c6135f3f4ce4/file => generated 0 bytes in 1307 msecs (HTTP/1.1 204) 4 headers in 171 bytes (1 switches on core 0)
Jan 22 09:49:14 devstack devstack@g-api.service[75357]: DEBUG glance.api.middleware.version_negotiation [None req-47f3b5a0-7365-409d-a857-d0a6b545503e admin admin] Determining version of request: GET /v2/images/4e5fdd84-773d-42ec-9fda-c6135f3f4ce4 Accept: */* {{(pid=75357) process_request /opt/stack/glance/glance/api/middleware/version_negotiation.py:44}}
Jan 22 09:49:14 devstack devstack@g-api.service[75357]: DEBUG glance.api.middleware.version_negotiation [None req-47f3b5a0-7365-409d-a857-d0a6b545503e admin admin] Using url versioning {{(pid=75357) process_request /opt/stack/glance/glance/api/middleware/version_negotiation.py:57}}
Jan 22 09:49:14 devstack devstack@g-api.service[75357]: DEBUG glance.api.middleware.version_negotiation [None req-47f3b5a0-7365-409d-a857-d0a6b545503e admin admin] Matched version: v2 {{(pid=75357) process_request /opt/stack/glance/glance/api/middleware/version_negotiation.py:69}}
Jan 22 09:49:14 devstack devstack@g-api.service[75357]: DEBUG glance.api.middleware.version_negotiation [None req-47f3b5a0-7365-409d-a857-d0a6b545503e admin admin] new path /v2/images/4e5fdd84-773d-42ec-9fda-c6135f3f4ce4 {{(pid=75357) process_request /opt/stack/glance/glance/api/middleware/version_negotiation.py:70}}
Jan 22 09:49:14 devstack devstack@g-api.service[75357]: [pid: 75357|app: 0|req: 2/5] 127.0.0.1 () {36 vars in 796 bytes} [Thu Jan 22 09:49:14 2026] GET /v2/images/4e5fdd84-773d-42ec-9fda-c6135f3f4ce4 => generated 976 bytes in 27 msecs (HTTP/1.1 200) 4 headers in 157 bytes (1 switches on core 0)
Jan 22 09:49:24 devstack devstack@g-api.service[75358]: DEBUG dbcounter [-] [75358] Writing DB stats glance:INSERT=5,glance:SELECT=16,glance:UPDATE=2 {{(pid=75358) stat_writer /opt/stack/data/venv/lib/python3.10/site-packages/dbcounter.py:115}}
Jan 22 09:49:24 devstack devstack@g-api.service[75357]: DEBUG dbcounter [-] [75357] Writing DB stats glance:INSERT=9,glance:SELECT=6 {{(pid=75357) stat_writer /opt/stack/data/venv/lib/python3.10/site-packages/dbcounter.py:115}}
Jan 22 09:49:54 devstack devstack@g-api.service[75358]: DEBUG glance.api.middleware.version_negotiation [None req-825423da-b690-4cd8-a865-8c909b319eb6 admin admin] Determining version of request: GET / Accept: application/json {{(pid=75358) process_request /opt/stack/glance/glance/api/middleware/version_negotiation.py:44}}
Jan 22 09:49:54 devstack devstack@g-api.service[75358]: DEBUG glance.api.middleware.version_negotiation [None req-825423da-b690-4cd8-a865-8c909b319eb6 admin admin] Using url versioning {{(pid=75358) process_request /opt/stack/glance/glance/api/middleware/version_negotiation.py:57}}
Jan 22 09:49:54 devstack devstack@g-api.service[75358]: DEBUG glance.api.middleware.version_negotiation [None req-825423da-b690-4cd8-a865-8c909b319eb6 admin admin] Unknown version. Returning version choices. {{(pid=75358) process_request /opt/stack/glance/glance/api/middleware/version_negotiation.py:64}}
Jan 22 09:49:54 devstack devstack@g-api.service[75358]: [pid: 75358|app: 0|req: 4/6] 127.0.0.1 () {34 vars in 511 bytes} [Thu Jan 22 09:49:54 2026] GET / => generated 1433 bytes in 2 msecs (HTTP/1.1 300) 3 headers in 106 bytes (1 switches on core 0)
Jan 22 09:49:54 devstack devstack@g-api.service[75357]: DEBUG glance.api.middleware.version_negotiation [None req-fbd7947f-bca6-4323-a1ee-9bee672c2c2d admin admin] Determining version of request: GET /v2/images Accept: application/json {{(pid=75357) process_request /opt/stack/glance/glance/api/middleware/version_negotiation.py:44}}
Jan 22 09:49:54 devstack devstack@g-api.service[75357]: DEBUG glance.api.middleware.version_negotiation [None req-fbd7947f-bca6-4323-a1ee-9bee672c2c2d admin admin] Using url versioning {{(pid=75357) process_request /opt/stack/glance/glance/api/middleware/version_negotiation.py:57}}
Jan 22 09:49:54 devstack devstack@g-api.service[75357]: DEBUG glance.api.middleware.version_negotiation [None req-fbd7947f-bca6-4323-a1ee-9bee672c2c2d admin admin] Matched version: v2 {{(pid=75357) process_request /opt/stack/glance/glance/api/middleware/version_negotiation.py:69}}
Jan 22 09:49:54 devstack devstack@g-api.service[75357]: DEBUG glance.api.middleware.version_negotiation [None req-fbd7947f-bca6-4323-a1ee-9bee672c2c2d admin admin] new path /v2/images {{(pid=75357) process_request /opt/stack/glance/glance/api/middleware/version_negotiation.py:70}}
Jan 22 09:49:54 devstack devstack@g-api.service[75357]: [pid: 75357|app: 0|req: 3/7] 127.0.0.1 () {36 vars in 733 bytes} [Thu Jan 22 09:49:54 2026] GET /v2/images => generated 1045 bytes in 60 msecs (HTTP/1.1 200) 4 headers in 158 bytes (1 switches on core 0)
Jan 22 09:50:00 devstack devstack@g-api.service[75358]: DEBUG glance.api.middleware.version_negotiation [None req-825423da-b690-4cd8-a865-8c909b319eb6 admin admin] Determining version of request: GET / Accept: application/json {{(pid=75358) process_request /opt/stack/glance/glance/api/middleware/version_negotiation.py:44}}
Jan 22 09:50:00 devstack devstack@g-api.service[75358]: DEBUG glance.api.middleware.version_negotiation [None req-825423da-b690-4cd8-a865-8c909b319eb6 admin admin] Using url versioning {{(pid=75358) process_request /opt/stack/glance/glance/api/middleware/version_negotiation.py:57}}
Jan 22 09:50:00 devstack devstack@g-api.service[75358]: DEBUG glance.api.middleware.version_negotiation [None req-825423da-b690-4cd8-a865-8c909b319eb6 admin admin] Unknown version. Returning version choices. {{(pid=75358) process_request /opt/stack/glance/glance/api/middleware/version_negotiation.py:64}}
Jan 22 09:50:00 devstack devstack@g-api.service[75358]: [pid: 75358|app: 0|req: 5/8] 127.0.0.1 () {34 vars in 511 bytes} [Thu Jan 22 09:50:00 2026] GET / => generated 1433 bytes in 2 msecs (HTTP/1.1 300) 3 headers in 106 bytes (1 switches on core 0)
Jan 22 09:50:00 devstack devstack@g-api.service[75357]: DEBUG glance.api.middleware.version_negotiation [None req-116d8700-c841-467c-8554-ef1c8a62f095 admin admin] Determining version of request: GET /v2/images/4e5fdd84-773d-42ec-9fda-c6135f3f4ce4 Accept: */* {{(pid=75357) process_request /opt/stack/glance/glance/api/middleware/version_negotiation.py:44}}
Jan 22 09:50:00 devstack devstack@g-api.service[75357]: DEBUG glance.api.middleware.version_negotiation [None req-116d8700-c841-467c-8554-ef1c8a62f095 admin admin] Using url versioning {{(pid=75357) process_request /opt/stack/glance/glance/api/middleware/version_negotiation.py:57}}
Jan 22 09:50:00 devstack devstack@g-api.service[75357]: DEBUG glance.api.middleware.version_negotiation [None req-116d8700-c841-467c-8554-ef1c8a62f095 admin admin] Matched version: v2 {{(pid=75357) process_request /opt/stack/glance/glance/api/middleware/version_negotiation.py:69}}
Jan 22 09:50:00 devstack devstack@g-api.service[75357]: DEBUG glance.api.middleware.version_negotiation [None req-116d8700-c841-467c-8554-ef1c8a62f095 admin admin] new path /v2/images/4e5fdd84-773d-42ec-9fda-c6135f3f4ce4 {{(pid=75357) process_request /opt/stack/glance/glance/api/middleware/version_negotiation.py:70}}
Jan 22 09:50:00 devstack devstack@g-api.service[75357]: [pid: 75357|app: 0|req: 4/9] 127.0.0.1 () {36 vars in 794 bytes} [Thu Jan 22 09:50:00 2026] GET /v2/images/4e5fdd84-773d-42ec-9fda-c6135f3f4ce4 => generated 976 bytes in 46 msecs (HTTP/1.1 200) 4 headers in 157 bytes (1 switches on core 0)
Jan 22 09:50:04 devstack devstack@g-api.service[75358]: DEBUG glance.api.middleware.version_negotiation [None req-825423da-b690-4cd8-a865-8c909b319eb6 admin admin] Determining version of request: GET / Accept: application/json {{(pid=75358) process_request /opt/stack/glance/glance/api/middleware/version_negotiation.py:44}}
Jan 22 09:50:04 devstack devstack@g-api.service[75358]: DEBUG glance.api.middleware.version_negotiation [None req-825423da-b690-4cd8-a865-8c909b319eb6 admin admin] Using url versioning {{(pid=75358) process_request /opt/stack/glance/glance/api/middleware/version_negotiation.py:57}}
Jan 22 09:50:04 devstack devstack@g-api.service[75358]: DEBUG glance.api.middleware.version_negotiation [None req-825423da-b690-4cd8-a865-8c909b319eb6 admin admin] Unknown version. Returning version choices. {{(pid=75358) process_request /opt/stack/glance/glance/api/middleware/version_negotiation.py:64}}
Jan 22 09:50:04 devstack devstack@g-api.service[75358]: [pid: 75358|app: 0|req: 6/10] 127.0.0.1 () {34 vars in 511 bytes} [Thu Jan 22 09:50:04 2026] GET / => generated 1433 bytes in 2 msecs (HTTP/1.1 300) 3 headers in 106 bytes (1 switches on core 0)
Jan 22 09:50:04 devstack devstack@g-api.service[75357]: DEBUG glance.api.middleware.version_negotiation [None req-260a54a8-b6a1-4d6a-9dd6-668634b649e8 admin admin] Determining version of request: GET /v2/images/4e5fdd84-773d-42ec-9fda-c6135f3f4ce4 Accept: */* {{(pid=75357) process_request /opt/stack/glance/glance/api/middleware/version_negotiation.py:44}}
Jan 22 09:50:04 devstack devstack@g-api.service[75357]: DEBUG glance.api.middleware.version_negotiation [None req-260a54a8-b6a1-4d6a-9dd6-668634b649e8 admin admin] Using url versioning {{(pid=75357) process_request /opt/stack/glance/glance/api/middleware/version_negotiation.py:57}}
Jan 22 09:50:04 devstack devstack@g-api.service[75357]: DEBUG glance.api.middleware.version_negotiation [None req-260a54a8-b6a1-4d6a-9dd6-668634b649e8 admin admin] Matched version: v2 {{(pid=75357) process_request /opt/stack/glance/glance/api/middleware/version_negotiation.py:69}}
Jan 22 09:50:04 devstack devstack@g-api.service[75357]: DEBUG glance.api.middleware.version_negotiation [None req-260a54a8-b6a1-4d6a-9dd6-668634b649e8 admin admin] new path /v2/images/4e5fdd84-773d-42ec-9fda-c6135f3f4ce4 {{(pid=75357) process_request /opt/stack/glance/glance/api/middleware/version_negotiation.py:70}}
Jan 22 09:50:04 devstack devstack@g-api.service[75357]: [pid: 75357|app: 0|req: 5/11] 127.0.0.1 () {36 vars in 794 bytes} [Thu Jan 22 09:50:04 2026] GET /v2/images/4e5fdd84-773d-42ec-9fda-c6135f3f4ce4 => generated 976 bytes in 44 msecs (HTTP/1.1 200) 4 headers in 157 bytes (1 switches on core 0)
Jan 22 09:50:14 devstack devstack@g-api.service[75357]: DEBUG dbcounter [-] [75357] Writing DB stats glance:SELECT=5 {{(pid=75357) stat_writer /opt/stack/data/venv/lib/python3.10/site-packages/dbcounter.py:115}}
Jan 22 09:51:23 devstack devstack@g-api.service[75358]: DEBUG glance.api.middleware.version_negotiation [None req-825423da-b690-4cd8-a865-8c909b319eb6 admin admin] Determining version of request: GET / Accept: application/json {{(pid=75358) process_request /opt/stack/glance/glance/api/middleware/version_negotiation.py:44}}
Jan 22 09:51:23 devstack devstack@g-api.service[75358]: DEBUG glance.api.middleware.version_negotiation [None req-825423da-b690-4cd8-a865-8c909b319eb6 admin admin] Using url versioning {{(pid=75358) process_request /opt/stack/glance/glance/api/middleware/version_negotiation.py:57}}
Jan 22 09:51:23 devstack devstack@g-api.service[75358]: DEBUG glance.api.middleware.version_negotiation [None req-825423da-b690-4cd8-a865-8c909b319eb6 admin admin] Unknown version. Returning version choices. {{(pid=75358) process_request /opt/stack/glance/glance/api/middleware/version_negotiation.py:64}}
Jan 22 09:51:23 devstack devstack@g-api.service[75358]: [pid: 75358|app: 0|req: 7/12] 127.0.0.1 () {36 vars in 482 bytes} [Thu Jan 22 09:51:23 2026] GET / => generated 1433 bytes in 3 msecs (HTTP/1.1 300) 3 headers in 106 bytes (1 switches on core 0)
Jan 22 09:52:20 devstack devstack@g-api.service[75357]: DEBUG glance.api.middleware.version_negotiation [None req-d638f849-d741-42aa-9ac8-4c158e66ec81 admin admin] Determining version of request: GET /v2/images/4e5fdd84-773d-42ec-9fda-c6135f3f4ce4 Accept: */* {{(pid=75357) process_request /opt/stack/glance/glance/api/middleware/version_negotiation.py:44}}
Jan 22 09:52:20 devstack devstack@g-api.service[75357]: DEBUG glance.api.middleware.version_negotiation [None req-d638f849-d741-42aa-9ac8-4c158e66ec81 admin admin] Using url versioning {{(pid=75357) process_request /opt/stack/glance/glance/api/middleware/version_negotiation.py:57}}
Jan 22 09:52:20 devstack devstack@g-api.service[75357]: DEBUG glance.api.middleware.version_negotiation [None req-d638f849-d741-42aa-9ac8-4c158e66ec81 admin admin] Matched version: v2 {{(pid=75357) process_request /opt/stack/glance/glance/api/middleware/version_negotiation.py:69}}
Jan 22 09:52:20 devstack devstack@g-api.service[75357]: DEBUG glance.api.middleware.version_negotiation [None req-d638f849-d741-42aa-9ac8-4c158e66ec81 admin admin] new path /v2/images/4e5fdd84-773d-42ec-9fda-c6135f3f4ce4 {{(pid=75357) process_request /opt/stack/glance/glance/api/middleware/version_negotiation.py:70}}
Jan 22 09:52:20 devstack devstack@g-api.service[75357]: WARNING keystonemiddleware.auth_token [None req-d638f849-d741-42aa-9ac8-4c158e66ec81 admin admin] A valid token was submitted as a service token, but it was not a valid service token. This is incorrect but backwards compatible behaviour. This will be removed in future releases.
Jan 22 09:52:20 devstack devstack@g-api.service[75357]: [pid: 75357|app: 0|req: 6/13] 127.0.0.1 () {42 vars in 1053 bytes} [Thu Jan 22 09:52:20 2026] GET /v2/images/4e5fdd84-773d-42ec-9fda-c6135f3f4ce4 => generated 976 bytes in 113 msecs (HTTP/1.1 200) 4 headers in 157 bytes (1 switches on core 0)
Jan 22 09:52:20 devstack devstack@g-api.service[75358]: DEBUG glance.api.middleware.version_negotiation [None req-825423da-b690-4cd8-a865-8c909b319eb6 admin admin] Determining version of request: GET /v2/schemas/image Accept: */* {{(pid=75358) process_request /opt/stack/glance/glance/api/middleware/version_negotiation.py:44}}
Jan 22 09:52:20 devstack devstack@g-api.service[75358]: DEBUG glance.api.middleware.version_negotiation [None req-825423da-b690-4cd8-a865-8c909b319eb6 admin admin] Using url versioning {{(pid=75358) process_request /opt/stack/glance/glance/api/middleware/version_negotiation.py:57}}
Jan 22 09:52:20 devstack devstack@g-api.service[75358]: DEBUG glance.api.middleware.version_negotiation [None req-825423da-b690-4cd8-a865-8c909b319eb6 admin admin] Matched version: v2 {{(pid=75358) process_request /opt/stack/glance/glance/api/middleware/version_negotiation.py:69}}
Jan 22 09:52:20 devstack devstack@g-api.service[75358]: DEBUG glance.api.middleware.version_negotiation [None req-825423da-b690-4cd8-a865-8c909b319eb6 admin admin] new path /v2/schemas/image {{(pid=75358) process_request /opt/stack/glance/glance/api/middleware/version_negotiation.py:70}}
Jan 22 09:52:20 devstack devstack@g-api.service[75358]: WARNING keystonemiddleware.auth_token [None req-825423da-b690-4cd8-a865-8c909b319eb6 admin admin] A valid token was submitted as a service token, but it was not a valid service token. This is incorrect but backwards compatible behaviour. This will be removed in future releases.
Jan 22 09:52:20 devstack devstack@g-api.service[75358]: [pid: 75358|app: 0|req: 8/14] 127.0.0.1 () {42 vars in 993 bytes} [Thu Jan 22 09:52:20 2026] GET /v2/schemas/image => generated 6083 bytes in 6 msecs (HTTP/1.1 200) 4 headers in 158 bytes (1 switches on core 0)
Jan 22 09:52:20 devstack devstack@g-api.service[75357]: DEBUG glance.api.middleware.version_negotiation [None req-51653358-682b-45c1-aa2d-f1206742f9e1 tempest-ServerActionsV293TestJSON-790689665 tempest-ServerActionsV293TestJSON-790689665-project-member] Determining version of request: GET /v2/schemas/image Accept: */* {{(pid=75357) process_request /opt/stack/glance/glance/api/middleware/version_negotiation.py:44}}
Jan 22 09:52:20 devstack devstack@g-api.service[75357]: DEBUG glance.api.middleware.version_negotiation [None req-51653358-682b-45c1-aa2d-f1206742f9e1 tempest-ServerActionsV293TestJSON-790689665 tempest-ServerActionsV293TestJSON-790689665-project-member] Using url versioning {{(pid=75357) process_request /opt/stack/glance/glance/api/middleware/version_negotiation.py:57}}
Jan 22 09:52:20 devstack devstack@g-api.service[75357]: DEBUG glance.api.middleware.version_negotiation [None req-51653358-682b-45c1-aa2d-f1206742f9e1 tempest-ServerActionsV293TestJSON-790689665 tempest-ServerActionsV293TestJSON-790689665-project-member] Matched version: v2 {{(pid=75357) process_request /opt/stack/glance/glance/api/middleware/version_negotiation.py:69}}
Jan 22 09:52:20 devstack devstack@g-api.service[75357]: DEBUG glance.api.middleware.version_negotiation [None req-51653358-682b-45c1-aa2d-f1206742f9e1 tempest-ServerActionsV293TestJSON-790689665 tempest-ServerActionsV293TestJSON-790689665-project-member] new path /v2/schemas/image {{(pid=75357) process_request /opt/stack/glance/glance/api/middleware/version_negotiation.py:70}}
Jan 22 09:52:20 devstack devstack@g-api.service[75357]: [pid: 75357|app: 0|req: 7/15] 127.0.0.1 () {42 vars in 993 bytes} [Thu Jan 22 09:52:20 2026] GET /v2/schemas/image => generated 6083 bytes in 5 msecs (HTTP/1.1 200) 4 headers in 158 bytes (1 switches on core 0)
Jan 22 09:52:20 devstack devstack@g-api.service[75358]: DEBUG glance.api.middleware.version_negotiation [None req-51653358-682b-45c1-aa2d-f1206742f9e1 tempest-ServerActionsV293TestJSON-790689665 tempest-ServerActionsV293TestJSON-790689665-project-member] Determining version of request: GET /v2/images/4e5fdd84-773d-42ec-9fda-c6135f3f4ce4 Accept: */* {{(pid=75358) process_request /opt/stack/glance/glance/api/middleware/version_negotiation.py:44}}
Jan 22 09:52:20 devstack devstack@g-api.service[75358]: DEBUG glance.api.middleware.version_negotiation [None req-51653358-682b-45c1-aa2d-f1206742f9e1 tempest-ServerActionsV293TestJSON-790689665 tempest-ServerActionsV293TestJSON-790689665-project-member] Using url versioning {{(pid=75358) process_request /opt/stack/glance/glance/api/middleware/version_negotiation.py:57}}
Jan 22 09:52:20 devstack devstack@g-api.service[75358]: DEBUG glance.api.middleware.version_negotiation [None req-51653358-682b-45c1-aa2d-f1206742f9e1 tempest-ServerActionsV293TestJSON-790689665 tempest-ServerActionsV293TestJSON-790689665-project-member] Matched version: v2 {{(pid=75358) process_request /opt/stack/glance/glance/api/middleware/version_negotiation.py:69}}
Jan 22 09:52:20 devstack devstack@g-api.service[75358]: DEBUG glance.api.middleware.version_negotiation [None req-51653358-682b-45c1-aa2d-f1206742f9e1 tempest-ServerActionsV293TestJSON-790689665 tempest-ServerActionsV293TestJSON-790689665-project-member] new path /v2/images/4e5fdd84-773d-42ec-9fda-c6135f3f4ce4 {{(pid=75358) process_request /opt/stack/glance/glance/api/middleware/version_negotiation.py:70}}
Jan 22 09:52:20 devstack devstack@g-api.service[75358]: [pid: 75358|app: 0|req: 9/16] 127.0.0.1 () {42 vars in 1053 bytes} [Thu Jan 22 09:52:20 2026] GET /v2/images/4e5fdd84-773d-42ec-9fda-c6135f3f4ce4 => generated 976 bytes in 26 msecs (HTTP/1.1 200) 4 headers in 157 bytes (1 switches on core 0)
Jan 22 09:52:20 devstack devstack@g-api.service[75357]: DEBUG glance.api.middleware.version_negotiation [None req-51653358-682b-45c1-aa2d-f1206742f9e1 tempest-ServerActionsV293TestJSON-790689665 tempest-ServerActionsV293TestJSON-790689665-project-member] Determining version of request: GET /v2/schemas/image Accept: */* {{(pid=75357) process_request /opt/stack/glance/glance/api/middleware/version_negotiation.py:44}}
Jan 22 09:52:20 devstack devstack@g-api.service[75357]: DEBUG glance.api.middleware.version_negotiation [None req-51653358-682b-45c1-aa2d-f1206742f9e1 tempest-ServerActionsV293TestJSON-790689665 tempest-ServerActionsV293TestJSON-790689665-project-member] Using url versioning {{(pid=75357) process_request /opt/stack/glance/glance/api/middleware/version_negotiation.py:57}}
Jan 22 09:52:20 devstack devstack@g-api.service[75357]: DEBUG glance.api.middleware.version_negotiation [None req-51653358-682b-45c1-aa2d-f1206742f9e1 tempest-ServerActionsV293TestJSON-790689665 tempest-ServerActionsV293TestJSON-790689665-project-member] Matched version: v2 {{(pid=75357) process_request /opt/stack/glance/glance/api/middleware/version_negotiation.py:69}}
Jan 22 09:52:20 devstack devstack@g-api.service[75357]: DEBUG glance.api.middleware.version_negotiation [None req-51653358-682b-45c1-aa2d-f1206742f9e1 tempest-ServerActionsV293TestJSON-790689665 tempest-ServerActionsV293TestJSON-790689665-project-member] new path /v2/schemas/image {{(pid=75357) process_request /opt/stack/glance/glance/api/middleware/version_negotiation.py:70}}
Jan 22 09:52:20 devstack devstack@g-api.service[75357]: [pid: 75357|app: 0|req: 8/17] 127.0.0.1 () {42 vars in 993 bytes} [Thu Jan 22 09:52:20 2026] GET /v2/schemas/image => generated 6083 bytes in 5 msecs (HTTP/1.1 200) 4 headers in 158 bytes (1 switches on core 0)
Jan 22 09:52:20 devstack devstack@g-api.service[75358]: DEBUG glance.api.middleware.version_negotiation [None req-51653358-682b-45c1-aa2d-f1206742f9e1 tempest-ServerActionsV293TestJSON-790689665 tempest-ServerActionsV293TestJSON-790689665-project-member] Determining version of request: GET /v2/schemas/image Accept: */* {{(pid=75358) process_request /opt/stack/glance/glance/api/middleware/version_negotiation.py:44}}
Jan 22 09:52:20 devstack devstack@g-api.service[75358]: DEBUG glance.api.middleware.version_negotiation [None req-51653358-682b-45c1-aa2d-f1206742f9e1 tempest-ServerActionsV293TestJSON-790689665 tempest-ServerActionsV293TestJSON-790689665-project-member] Using url versioning {{(pid=75358) process_request /opt/stack/glance/glance/api/middleware/version_negotiation.py:57}}
Jan 22 09:52:20 devstack devstack@g-api.service[75358]: DEBUG glance.api.middleware.version_negotiation [None req-51653358-682b-45c1-aa2d-f1206742f9e1 tempest-ServerActionsV293TestJSON-790689665 tempest-ServerActionsV293TestJSON-790689665-project-member] Matched version: v2 {{(pid=75358) process_request /opt/stack/glance/glance/api/middleware/version_negotiation.py:69}}
Jan 22 09:52:20 devstack devstack@g-api.service[75358]: DEBUG glance.api.middleware.version_negotiation [None req-51653358-682b-45c1-aa2d-f1206742f9e1 tempest-ServerActionsV293TestJSON-790689665 tempest-ServerActionsV293TestJSON-790689665-project-member] new path /v2/schemas/image {{(pid=75358) process_request /opt/stack/glance/glance/api/middleware/version_negotiation.py:70}}
Jan 22 09:52:20 devstack devstack@g-api.service[75358]: [pid: 75358|app: 0|req: 10/18] 127.0.0.1 () {42 vars in 993 bytes} [Thu Jan 22 09:52:20 2026] GET /v2/schemas/image => generated 6083 bytes in 5 msecs (HTTP/1.1 200) 4 headers in 158 bytes (1 switches on core 0)
Jan 22 09:52:20 devstack devstack@g-api.service[75357]: DEBUG glance.api.middleware.version_negotiation [None req-51653358-682b-45c1-aa2d-f1206742f9e1 tempest-ServerActionsV293TestJSON-790689665 tempest-ServerActionsV293TestJSON-790689665-project-member] Determining version of request: GET /v2/images/4e5fdd84-773d-42ec-9fda-c6135f3f4ce4 Accept: */* {{(pid=75357) process_request /opt/stack/glance/glance/api/middleware/version_negotiation.py:44}}
Jan 22 09:52:20 devstack devstack@g-api.service[75357]: DEBUG glance.api.middleware.version_negotiation [None req-51653358-682b-45c1-aa2d-f1206742f9e1 tempest-ServerActionsV293TestJSON-790689665 tempest-ServerActionsV293TestJSON-790689665-project-member] Using url versioning {{(pid=75357) process_request /opt/stack/glance/glance/api/middleware/version_negotiation.py:57}}
Jan 22 09:52:20 devstack devstack@g-api.service[75357]: DEBUG glance.api.middleware.version_negotiation [None req-51653358-682b-45c1-aa2d-f1206742f9e1 tempest-ServerActionsV293TestJSON-790689665 tempest-ServerActionsV293TestJSON-790689665-project-member] Matched version: v2 {{(pid=75357) process_request /opt/stack/glance/glance/api/middleware/version_negotiation.py:69}}
Jan 22 09:52:20 devstack devstack@g-api.service[75357]: DEBUG glance.api.middleware.version_negotiation [None req-51653358-682b-45c1-aa2d-f1206742f9e1 tempest-ServerActionsV293TestJSON-790689665 tempest-ServerActionsV293TestJSON-790689665-project-member] new path /v2/images/4e5fdd84-773d-42ec-9fda-c6135f3f4ce4 {{(pid=75357) process_request /opt/stack/glance/glance/api/middleware/version_negotiation.py:70}}
Jan 22 09:52:20 devstack devstack@g-api.service[75357]: [pid: 75357|app: 0|req: 9/19] 127.0.0.1 () {42 vars in 1053 bytes} [Thu Jan 22 09:52:20 2026] GET /v2/images/4e5fdd84-773d-42ec-9fda-c6135f3f4ce4 => generated 976 bytes in 22 msecs (HTTP/1.1 200) 4 headers in 157 bytes (1 switches on core 0)
Jan 22 09:52:20 devstack devstack@g-api.service[75358]: DEBUG glance.api.middleware.version_negotiation [None req-51653358-682b-45c1-aa2d-f1206742f9e1 tempest-ServerActionsV293TestJSON-790689665 tempest-ServerActionsV293TestJSON-790689665-project-member] Determining version of request: GET /v2/schemas/image Accept: */* {{(pid=75358) process_request /opt/stack/glance/glance/api/middleware/version_negotiation.py:44}}
Jan 22 09:52:20 devstack devstack@g-api.service[75358]: DEBUG glance.api.middleware.version_negotiation [None req-51653358-682b-45c1-aa2d-f1206742f9e1 tempest-ServerActionsV293TestJSON-790689665 tempest-ServerActionsV293TestJSON-790689665-project-member] Using url versioning {{(pid=75358) process_request /opt/stack/glance/glance/api/middleware/version_negotiation.py:57}}
Jan 22 09:52:20 devstack devstack@g-api.service[75358]: DEBUG glance.api.middleware.version_negotiation [None req-51653358-682b-45c1-aa2d-f1206742f9e1 tempest-ServerActionsV293TestJSON-790689665 tempest-ServerActionsV293TestJSON-790689665-project-member] Matched version: v2 {{(pid=75358) process_request /opt/stack/glance/glance/api/middleware/version_negotiation.py:69}}
Jan 22 09:52:20 devstack devstack@g-api.service[75358]: DEBUG glance.api.middleware.version_negotiation [None req-51653358-682b-45c1-aa2d-f1206742f9e1 tempest-ServerActionsV293TestJSON-790689665 tempest-ServerActionsV293TestJSON-790689665-project-member] new path /v2/schemas/image {{(pid=75358) process_request /opt/stack/glance/glance/api/middleware/version_negotiation.py:70}}
Jan 22 09:52:20 devstack devstack@g-api.service[75358]: [pid: 75358|app: 0|req: 11/20] 127.0.0.1 () {42 vars in 993 bytes} [Thu Jan 22 09:52:20 2026] GET /v2/schemas/image => generated 6083 bytes in 5 msecs (HTTP/1.1 200) 4 headers in 158 bytes (1 switches on core 0)
Jan 22 09:52:20 devstack devstack@g-api.service[75357]: DEBUG glance.api.middleware.version_negotiation [None req-51653358-682b-45c1-aa2d-f1206742f9e1 tempest-ServerActionsV293TestJSON-790689665 tempest-ServerActionsV293TestJSON-790689665-project-member] Determining version of request: GET /v2/schemas/image Accept: */* {{(pid=75357) process_request /opt/stack/glance/glance/api/middleware/version_negotiation.py:44}}
Jan 22 09:52:20 devstack devstack@g-api.service[75357]: DEBUG glance.api.middleware.version_negotiation [None req-51653358-682b-45c1-aa2d-f1206742f9e1 tempest-ServerActionsV293TestJSON-790689665 tempest-ServerActionsV293TestJSON-790689665-project-member] Using url versioning {{(pid=75357) process_request /opt/stack/glance/glance/api/middleware/version_negotiation.py:57}}
Jan 22 09:52:20 devstack devstack@g-api.service[75357]: DEBUG glance.api.middleware.version_negotiation [None req-51653358-682b-45c1-aa2d-f1206742f9e1 tempest-ServerActionsV293TestJSON-790689665 tempest-ServerActionsV293TestJSON-790689665-project-member] Matched version: v2 {{(pid=75357) process_request /opt/stack/glance/glance/api/middleware/version_negotiation.py:69}}
Jan 22 09:52:20 devstack devstack@g-api.service[75357]: DEBUG glance.api.middleware.version_negotiation [None req-51653358-682b-45c1-aa2d-f1206742f9e1 tempest-ServerActionsV293TestJSON-790689665 tempest-ServerActionsV293TestJSON-790689665-project-member] new path /v2/schemas/image {{(pid=75357) process_request /opt/stack/glance/glance/api/middleware/version_negotiation.py:70}}
Jan 22 09:52:20 devstack devstack@g-api.service[75357]: [pid: 75357|app: 0|req: 10/21] 127.0.0.1 () {42 vars in 993 bytes} [Thu Jan 22 09:52:20 2026] GET /v2/schemas/image => generated 6083 bytes in 6 msecs (HTTP/1.1 200) 4 headers in 158 bytes (1 switches on core 0)
Jan 22 09:52:23 devstack devstack@g-api.service[75358]: DEBUG glance.api.middleware.version_negotiation [None req-51653358-682b-45c1-aa2d-f1206742f9e1 tempest-ServerActionsV293TestJSON-790689665 tempest-ServerActionsV293TestJSON-790689665-project-member] Determining version of request: GET /v2/images/4e5fdd84-773d-42ec-9fda-c6135f3f4ce4 Accept: application/json {{(pid=75358) process_request /opt/stack/glance/glance/api/middleware/version_negotiation.py:44}}
Jan 22 09:52:23 devstack devstack@g-api.service[75358]: DEBUG glance.api.middleware.version_negotiation [None req-51653358-682b-45c1-aa2d-f1206742f9e1 tempest-ServerActionsV293TestJSON-790689665 tempest-ServerActionsV293TestJSON-790689665-project-member] Using url versioning {{(pid=75358) process_request /opt/stack/glance/glance/api/middleware/version_negotiation.py:57}}
Jan 22 09:52:23 devstack devstack@g-api.service[75358]: DEBUG glance.api.middleware.version_negotiation [None req-51653358-682b-45c1-aa2d-f1206742f9e1 tempest-ServerActionsV293TestJSON-790689665 tempest-ServerActionsV293TestJSON-790689665-project-member] Matched version: v2 {{(pid=75358) process_request /opt/stack/glance/glance/api/middleware/version_negotiation.py:69}}
Jan 22 09:52:23 devstack devstack@g-api.service[75358]: DEBUG glance.api.middleware.version_negotiation [None req-51653358-682b-45c1-aa2d-f1206742f9e1 tempest-ServerActionsV293TestJSON-790689665 tempest-ServerActionsV293TestJSON-790689665-project-member] new path /v2/images/4e5fdd84-773d-42ec-9fda-c6135f3f4ce4 {{(pid=75358) process_request /opt/stack/glance/glance/api/middleware/version_negotiation.py:70}}
Jan 22 09:52:23 devstack devstack@g-api.service[75358]: [pid: 75358|app: 0|req: 12/22] 127.0.0.1 () {38 vars in 778 bytes} [Thu Jan 22 09:52:23 2026] GET /v2/images/4e5fdd84-773d-42ec-9fda-c6135f3f4ce4 => generated 976 bytes in 284 msecs (HTTP/1.1 200) 4 headers in 157 bytes (1 switches on core 0)
Jan 22 09:52:23 devstack devstack@g-api.service[75357]: DEBUG glance.api.middleware.version_negotiation [None req-51653358-682b-45c1-aa2d-f1206742f9e1 tempest-ServerActionsV293TestJSON-790689665 tempest-ServerActionsV293TestJSON-790689665-project-member] Determining version of request: GET /v2/images/4e5fdd84-773d-42ec-9fda-c6135f3f4ce4/file Accept: application/json {{(pid=75357) process_request /opt/stack/glance/glance/api/middleware/version_negotiation.py:44}}
Jan 22 09:52:23 devstack devstack@g-api.service[75357]: DEBUG glance.api.middleware.version_negotiation [None req-51653358-682b-45c1-aa2d-f1206742f9e1 tempest-ServerActionsV293TestJSON-790689665 tempest-ServerActionsV293TestJSON-790689665-project-member] Using url versioning {{(pid=75357) process_request /opt/stack/glance/glance/api/middleware/version_negotiation.py:57}}
Jan 22 09:52:23 devstack devstack@g-api.service[75357]: DEBUG glance.api.middleware.version_negotiation [None req-51653358-682b-45c1-aa2d-f1206742f9e1 tempest-ServerActionsV293TestJSON-790689665 tempest-ServerActionsV293TestJSON-790689665-project-member] Matched version: v2 {{(pid=75357) process_request /opt/stack/glance/glance/api/middleware/version_negotiation.py:69}}
Jan 22 09:52:23 devstack devstack@g-api.service[75357]: DEBUG glance.api.middleware.version_negotiation [None req-51653358-682b-45c1-aa2d-f1206742f9e1 tempest-ServerActionsV293TestJSON-790689665 tempest-ServerActionsV293TestJSON-790689665-project-member] new path /v2/images/4e5fdd84-773d-42ec-9fda-c6135f3f4ce4/file {{(pid=75357) process_request /opt/stack/glance/glance/api/middleware/version_negotiation.py:70}}
Jan 22 09:52:23 devstack devstack@g-api.service[75357]: DEBUG glance_store._drivers.filesystem [None req-35be28ef-dd68-47a2-b4f5-c7e30a368e27 tempest-AttachSCSIVolumeTestJSON-202406409 tempest-AttachSCSIVolumeTestJSON-202406409-project-admin] Found image at /opt/stack/data/glance/images/4e5fdd84-773d-42ec-9fda-c6135f3f4ce4. Returning in ChunkedFile. {{(pid=75357) get /opt/stack/data/venv/lib/python3.10/site-packages/glance_store/_drivers/filesystem.py:618}}
Jan 22 09:52:23 devstack devstack@g-api.service[75357]: DEBUG glance.image_cache [None req-35be28ef-dd68-47a2-b4f5-c7e30a368e27 tempest-AttachSCSIVolumeTestJSON-202406409 tempest-AttachSCSIVolumeTestJSON-202406409-project-admin] Tee'ing image '4e5fdd84-773d-42ec-9fda-c6135f3f4ce4' into cache {{(pid=75357) get_caching_iter /opt/stack/glance/glance/image_cache/__init__.py:350}}
Jan 22 09:52:23 devstack devstack@g-api.service[75358]: DEBUG glance.api.middleware.version_negotiation [None req-f990da21-2015-47c6-a135-7c5ace6aab60 tempest-AttachSCSIVolumeTestJSON-202406409 tempest-AttachSCSIVolumeTestJSON-202406409-project-admin] Determining version of request: POST /v2/images Accept: application/json {{(pid=75358) process_request /opt/stack/glance/glance/api/middleware/version_negotiation.py:44}}
Jan 22 09:52:23 devstack devstack@g-api.service[75358]: DEBUG glance.api.middleware.version_negotiation [None req-f990da21-2015-47c6-a135-7c5ace6aab60 tempest-AttachSCSIVolumeTestJSON-202406409 tempest-AttachSCSIVolumeTestJSON-202406409-project-admin] Using url versioning {{(pid=75358) process_request /opt/stack/glance/glance/api/middleware/version_negotiation.py:57}}
Jan 22 09:52:23 devstack devstack@g-api.service[75358]: DEBUG glance.api.middleware.version_negotiation [None req-f990da21-2015-47c6-a135-7c5ace6aab60 tempest-AttachSCSIVolumeTestJSON-202406409 tempest-AttachSCSIVolumeTestJSON-202406409-project-admin] Matched version: v2 {{(pid=75358) process_request /opt/stack/glance/glance/api/middleware/version_negotiation.py:69}}
