Jan 06 18:43:41 devstack cinder-volume[81091]: DEBUG oslo_concurrency.lockutils [None req-275910a0-63bb-47d9-af6c-27b568e1d3d4 tempest-GroupSnapshotsTest-865527213 None] Lock "quobyte_ensure" "released" by "cinder.volume.drivers.quobyte.QuobyteDriver._ensure_shares_mounted" :: held 0.012s {{(pid=81091) inner /opt/stack/data/venv/lib/python3.10/site-packages/oslo_concurrency/lockutils.py:424}}
Jan 06 18:43:41 devstack cinder-volume[81091]: DEBUG cinder.volume.drivers.quobyte [None req-275910a0-63bb-47d9-af6c-27b568e1d3d4 tempest-GroupSnapshotsTest-865527213 None] Selected osci02.corp.quobyte.com/cinder-vol-9831fa74-762a-40cc-bacc-33cb3a98d9a2 as target Quobyte volume. {{(pid=81091) _find_share /opt/stack/cinder/cinder/volume/drivers/quobyte.py:662}}
Jan 06 18:43:41 devstack cinder-volume[81091]: INFO cinder.volume.drivers.remotefs [None req-275910a0-63bb-47d9-af6c-27b568e1d3d4 tempest-GroupSnapshotsTest-865527213 None] casted to osci02.corp.quobyte.com/cinder-vol-9831fa74-762a-40cc-bacc-33cb3a98d9a2
Jan 06 18:43:41 devstack cinder-volume[81091]: DEBUG oslo_concurrency.processutils [None req-275910a0-63bb-47d9-af6c-27b568e1d3d4 tempest-GroupSnapshotsTest-865527213 None] Running cmd (subprocess): sudo cinder-rootwrap /etc/cinder/rootwrap.conf qemu-img create -f qcow2 -o preallocation=metadata /opt/stack/data/cinder/mnt/fea8fd6bc7a69581168257ab6452ffa8/volume-62d4d448-6753-4774-93d5-1abcd0e0be51 1073741824 {{(pid=81091) execute /opt/stack/data/venv/lib/python3.10/site-packages/oslo_concurrency/processutils.py:349}}
Jan 06 18:43:41 devstack sudo[89110]: quobyte : PWD=/ ; USER=root ; COMMAND=/opt/stack/data/venv/bin/cinder-rootwrap /etc/cinder/rootwrap.conf qemu-img create -f qcow2 -o preallocation=metadata /opt/stack/data/cinder/mnt/fea8fd6bc7a69581168257ab6452ffa8/volume-62d4d448-6753-4774-93d5-1abcd0e0be51 1073741824
Jan 06 18:43:41 devstack sudo[89110]: pam_unix(sudo:session): session opened for user root(uid=0) by (uid=1000)
Jan 06 18:43:42 devstack sudo[89110]: pam_unix(sudo:session): session closed for user root
Jan 06 18:43:42 devstack cinder-volume[81091]: DEBUG oslo_concurrency.processutils [None req-275910a0-63bb-47d9-af6c-27b568e1d3d4 tempest-GroupSnapshotsTest-865527213 None] CMD "sudo cinder-rootwrap /etc/cinder/rootwrap.conf qemu-img create -f qcow2 -o preallocation=metadata /opt/stack/data/cinder/mnt/fea8fd6bc7a69581168257ab6452ffa8/volume-62d4d448-6753-4774-93d5-1abcd0e0be51 1073741824" returned: 0 in 1.235s {{(pid=81091) execute /opt/stack/data/venv/lib/python3.10/site-packages/oslo_concurrency/processutils.py:372}}
Jan 06 18:43:42 devstack cinder-volume[81091]: DEBUG oslo_concurrency.processutils [None req-275910a0-63bb-47d9-af6c-27b568e1d3d4 tempest-GroupSnapshotsTest-865527213 None] Running cmd (subprocess): sudo cinder-rootwrap /etc/cinder/rootwrap.conf chmod ugo+rw /opt/stack/data/cinder/mnt/fea8fd6bc7a69581168257ab6452ffa8/volume-62d4d448-6753-4774-93d5-1abcd0e0be51 {{(pid=81091) execute /opt/stack/data/venv/lib/python3.10/site-packages/oslo_concurrency/processutils.py:349}}
Jan 06 18:43:42 devstack sudo[89116]: quobyte : PWD=/ ; USER=root ; COMMAND=/opt/stack/data/venv/bin/cinder-rootwrap /etc/cinder/rootwrap.conf chmod ugo+rw /opt/stack/data/cinder/mnt/fea8fd6bc7a69581168257ab6452ffa8/volume-62d4d448-6753-4774-93d5-1abcd0e0be51
Jan 06 18:43:42 devstack sudo[89116]: pam_unix(sudo:session): session opened for user root(uid=0) by (uid=1000)
Jan 06 18:43:43 devstack sudo[89116]: pam_unix(sudo:session): session closed for user root
Jan 06 18:43:43 devstack cinder-volume[81091]: DEBUG oslo_concurrency.processutils [None req-275910a0-63bb-47d9-af6c-27b568e1d3d4 tempest-GroupSnapshotsTest-865527213 None] CMD "sudo cinder-rootwrap /etc/cinder/rootwrap.conf chmod ugo+rw /opt/stack/data/cinder/mnt/fea8fd6bc7a69581168257ab6452ffa8/volume-62d4d448-6753-4774-93d5-1abcd0e0be51" returned: 0 in 0.683s {{(pid=81091) execute /opt/stack/data/venv/lib/python3.10/site-packages/oslo_concurrency/processutils.py:372}}
Jan 06 18:43:43 devstack cinder-volume[81091]: DEBUG cinder.volume.drivers.quobyte [None req-275910a0-63bb-47d9-af6c-27b568e1d3d4 tempest-GroupSnapshotsTest-865527213 None] <== create_volume: return (1964ms) {'provider_location': 'osci02.corp.quobyte.com/cinder-vol-9831fa74-762a-40cc-bacc-33cb3a98d9a2'} {{(pid=81091) trace_logging_wrapper /opt/stack/cinder/cinder/volume/volume_utils.py:1523}}
Jan 06 18:43:43 devstack cinder-volume[81091]: DEBUG oslo_concurrency.lockutils [None req-275910a0-63bb-47d9-af6c-27b568e1d3d4 tempest-GroupSnapshotsTest-865527213 None] Lock "quobyte" "released" by "cinder.volume.drivers.quobyte.QuobyteDriver.create_volume" :: held 1.967s {{(pid=81091) inner /opt/stack/data/venv/lib/python3.10/site-packages/oslo_concurrency/lockutils.py:424}}
Jan 06 18:43:43 devstack cinder-volume[81091]: DEBUG cinder.volume.manager [None req-275910a0-63bb-47d9-af6c-27b568e1d3d4 tempest-GroupSnapshotsTest-865527213 None] Task 'cinder.volume.flows.manager.create_volume.CreateVolumeFromSpecTask;volume:create' (23e78105-7625-45cf-b719-cc91cbd4b8db) transitioned into state 'SUCCESS' from state 'RUNNING' with result '{'status': 'creating', 'volume_name': 'volume-62d4d448-6753-4774-93d5-1abcd0e0be51', 'volume_size': 1}' {{(pid=81091) _task_receiver /opt/stack/data/venv/lib/python3.10/site-packages/taskflow/listeners/logging.py:182}}
Jan 06 18:43:43 devstack cinder-volume[81091]: DEBUG cinder.volume.manager [None req-275910a0-63bb-47d9-af6c-27b568e1d3d4 tempest-GroupSnapshotsTest-865527213 None] Task 'cinder.volume.flows.manager.create_volume.CreateVolumeOnFinishTask;volume:create, create.end' (f03f471b-2ac4-49c7-ba61-0b7b29e95bbb) transitioned into state 'RUNNING' from state 'PENDING' {{(pid=81091) _task_receiver /opt/stack/data/venv/lib/python3.10/site-packages/taskflow/listeners/logging.py:194}}
Jan 06 18:43:43 devstack cinder-volume[81091]: INFO cinder.volume.flows.manager.create_volume [None req-275910a0-63bb-47d9-af6c-27b568e1d3d4 tempest-GroupSnapshotsTest-865527213 None] Volume volume-62d4d448-6753-4774-93d5-1abcd0e0be51 (62d4d448-6753-4774-93d5-1abcd0e0be51): created successfully
Jan 06 18:43:43 devstack cinder-volume[81091]: DEBUG cinder.volume.manager [None req-275910a0-63bb-47d9-af6c-27b568e1d3d4 tempest-GroupSnapshotsTest-865527213 None] Task 'cinder.volume.flows.manager.create_volume.CreateVolumeOnFinishTask;volume:create, create.end' (f03f471b-2ac4-49c7-ba61-0b7b29e95bbb) transitioned into state 'SUCCESS' from state 'RUNNING' with result 'None' {{(pid=81091) _task_receiver /opt/stack/data/venv/lib/python3.10/site-packages/taskflow/listeners/logging.py:182}}
Jan 06 18:43:43 devstack cinder-volume[81091]: DEBUG cinder.volume.manager [None req-275910a0-63bb-47d9-af6c-27b568e1d3d4 tempest-GroupSnapshotsTest-865527213 None] Flow 'volume_create_manager' (68a89882-c16f-4291-bdfe-024a8c44c1b5) transitioned into state 'SUCCESS' from state 'RUNNING' {{(pid=81091) _flow_receiver /opt/stack/data/venv/lib/python3.10/site-packages/taskflow/listeners/logging.py:145}}
Jan 06 18:43:43 devstack cinder-volume[81091]: INFO cinder.volume.manager [None req-275910a0-63bb-47d9-af6c-27b568e1d3d4 tempest-GroupSnapshotsTest-865527213 None] Created volume successfully.
Jan 06 18:43:43 devstack cinder-volume[81091]: WARNING cinder.volume.volume_utils [None req-83dd8c7e-8ce4-44ed-bf0d-57fd8c912977 tempest-GroupSnapshotsTest-865527213 None] Volume driver (QuobyteDriver 1.1.13) is currently unsupported and may be removed in the next release of OpenStack. Use at your own risk.
Jan 06 18:43:43 devstack cinder-volume[81091]: INFO cinder.volume.manager [None req-83dd8c7e-8ce4-44ed-bf0d-57fd8c912977 tempest-GroupSnapshotsTest-865527213 None] Update group completed successfully.
Jan 06 18:43:44 devstack cinder-volume[81091]: WARNING cinder.volume.volume_utils [None req-e6b20fb4-f828-48d9-b8a2-a822650c9c29 tempest-GroupSnapshotsTest-865527213 None] Volume driver (QuobyteDriver 1.1.13) is currently unsupported and may be removed in the next release of OpenStack. Use at your own risk.
Jan 06 18:43:44 devstack cinder-volume[81091]: INFO cinder.volume.manager [None req-e6b20fb4-f828-48d9-b8a2-a822650c9c29 tempest-GroupSnapshotsTest-865527213 None] Update group completed successfully.
Jan 06 18:43:45 devstack cinder-volume[81091]: WARNING cinder.volume.volume_utils [None req-4995bf09-463e-408a-b980-4dd2286716ec tempest-GroupSnapshotsTest-865527213 None] Volume driver (QuobyteDriver 1.1.13) is currently unsupported and may be removed in the next release of OpenStack. Use at your own risk.
Jan 06 18:43:45 devstack cinder-volume[81091]: INFO cinder.volume.manager [None req-4995bf09-463e-408a-b980-4dd2286716ec tempest-GroupSnapshotsTest-865527213 None] Update group completed successfully.
Jan 06 18:43:46 devstack cinder-volume[81091]: WARNING cinder.volume.volume_utils [None req-8bd732ef-57c9-4a34-9e54-e56c80526504 tempest-GroupSnapshotsTest-865527213 None] Volume driver (QuobyteDriver 1.1.13) is currently unsupported and may be removed in the next release of OpenStack. Use at your own risk.
Jan 06 18:43:46 devstack cinder-volume[81091]: INFO cinder.volume.manager [None req-8bd732ef-57c9-4a34-9e54-e56c80526504 tempest-GroupSnapshotsTest-865527213 None] Update group completed successfully.
Jan 06 18:43:48 devstack cinder-volume[81091]: INFO cinder.volume.manager [None req-8f90828b-f306-40bd-993e-589b6aa79afd tempest-GroupSnapshotsTest-865527213 None] GroupSnapshot 28ff145e-6f30-447d-90ea-893968e70a7d: creating.
Jan 06 18:43:48 devstack cinder-volume[81091]: WARNING cinder.volume.volume_utils [None req-8f90828b-f306-40bd-993e-589b6aa79afd tempest-GroupSnapshotsTest-865527213 None] Volume driver (QuobyteDriver 1.1.13) is currently unsupported and may be removed in the next release of OpenStack. Use at your own risk.
Jan 06 18:43:48 devstack cinder-volume[81091]: DEBUG cinder.volume.manager [None req-8f90828b-f306-40bd-993e-589b6aa79afd tempest-GroupSnapshotsTest-865527213 None] Group snapshot 28ff145e-6f30-447d-90ea-893968e70a7d: creating. {{(pid=81091) create_group_snapshot /opt/stack/cinder/cinder/volume/manager.py:4144}}
Jan 06 18:43:48 devstack cinder-volume[81091]: DEBUG oslo_concurrency.lockutils [None req-8f90828b-f306-40bd-993e-589b6aa79afd tempest-GroupSnapshotsTest-865527213 None] Acquiring lock "quobyte" by "cinder.volume.drivers.quobyte.QuobyteDriver.create_snapshot" {{(pid=81091) inner /opt/stack/data/venv/lib/python3.10/site-packages/oslo_concurrency/lockutils.py:405}}
Jan 06 18:43:48 devstack cinder-volume[81091]: DEBUG oslo_concurrency.lockutils [None req-8f90828b-f306-40bd-993e-589b6aa79afd tempest-GroupSnapshotsTest-865527213 None] Lock "quobyte" acquired by "cinder.volume.drivers.quobyte.QuobyteDriver.create_snapshot" :: waited 0.002s {{(pid=81091) inner /opt/stack/data/venv/lib/python3.10/site-packages/oslo_concurrency/lockutils.py:410}}
Jan 06 18:43:48 devstack cinder-volume[81091]: DEBUG cinder.volume.drivers.remotefs [None req-8f90828b-f306-40bd-993e-589b6aa79afd tempest-GroupSnapshotsTest-865527213 None] Creating offline snapshot 27f35f08-7f2c-473e-920d-2df88ae66e58 of volume 62d4d448-6753-4774-93d5-1abcd0e0be51 {{(pid=81091) _create_snapshot /opt/stack/cinder/cinder/volume/drivers/remotefs.py:1817}}
Jan 06 18:43:48 devstack cinder-volume[81091]: DEBUG oslo.privsep.daemon [-] privsep: reply[7ff77725-17fe-4d8a-84bf-8943a5de909b]: (4, 'qcow2') {{(pid=81741) _call_back /opt/stack/data/venv/lib/python3.10/site-packages/oslo_privsep/daemon.py:515}}
Jan 06 18:43:48 devstack cinder-volume[81091]: DEBUG oslo_concurrency.processutils [None req-8f90828b-f306-40bd-993e-589b6aa79afd tempest-GroupSnapshotsTest-865527213 None] Running cmd (subprocess): /opt/stack/data/venv/bin/python3.10 -m oslo_concurrency.prlimit --as=1073741824 --cpu=60 -- sudo cinder-rootwrap /etc/cinder/rootwrap.conf env LC_ALL=C qemu-img info -f qcow2 --output=json --force-share /opt/stack/data/cinder/mnt/fea8fd6bc7a69581168257ab6452ffa8/volume-62d4d448-6753-4774-93d5-1abcd0e0be51 {{(pid=81091) execute /opt/stack/data/venv/lib/python3.10/site-packages/oslo_concurrency/processutils.py:349}}
Jan 06 18:43:48 devstack sudo[89121]: quobyte : PWD=/ ; USER=root ; COMMAND=/opt/stack/data/venv/bin/cinder-rootwrap /etc/cinder/rootwrap.conf env LC_ALL=C qemu-img info -f qcow2 --output=json --force-share /opt/stack/data/cinder/mnt/fea8fd6bc7a69581168257ab6452ffa8/volume-62d4d448-6753-4774-93d5-1abcd0e0be51
Jan 06 18:43:48 devstack sudo[89121]: pam_unix(sudo:session): session opened for user root(uid=0) by (uid=1000)
Jan 06 18:43:49 devstack sudo[89121]: pam_unix(sudo:session): session closed for user root
Jan 06 18:43:49 devstack cinder-volume[81091]: DEBUG oslo_concurrency.processutils [None req-8f90828b-f306-40bd-993e-589b6aa79afd tempest-GroupSnapshotsTest-865527213 None] CMD "/opt/stack/data/venv/bin/python3.10 -m oslo_concurrency.prlimit --as=1073741824 --cpu=60 -- sudo cinder-rootwrap /etc/cinder/rootwrap.conf env LC_ALL=C qemu-img info -f qcow2 --output=json --force-share /opt/stack/data/cinder/mnt/fea8fd6bc7a69581168257ab6452ffa8/volume-62d4d448-6753-4774-93d5-1abcd0e0be51" returned: 0 in 0.759s {{(pid=81091) execute /opt/stack/data/venv/lib/python3.10/site-packages/oslo_concurrency/processutils.py:372}}
Jan 06 18:43:49 devstack cinder-volume[81091]: DEBUG oslo_concurrency.processutils [None req-8f90828b-f306-40bd-993e-589b6aa79afd tempest-GroupSnapshotsTest-865527213 None] Running cmd (subprocess): sudo cinder-rootwrap /etc/cinder/rootwrap.conf qemu-img create -f qcow2 -o backing_file=/opt/stack/data/cinder/mnt/fea8fd6bc7a69581168257ab6452ffa8/volume-62d4d448-6753-4774-93d5-1abcd0e0be51,backing_fmt=qcow2 /opt/stack/data/cinder/mnt/fea8fd6bc7a69581168257ab6452ffa8/volume-62d4d448-6753-4774-93d5-1abcd0e0be51.27f35f08-7f2c-473e-920d-2df88ae66e58 1G {{(pid=81091) execute /opt/stack/data/venv/lib/python3.10/site-packages/oslo_concurrency/processutils.py:349}}
Jan 06 18:43:49 devstack sudo[89126]: quobyte : PWD=/ ; USER=root ; COMMAND=/opt/stack/data/venv/bin/cinder-rootwrap /etc/cinder/rootwrap.conf qemu-img create -f qcow2 -o backing_file=/opt/stack/data/cinder/mnt/fea8fd6bc7a69581168257ab6452ffa8/volume-62d4d448-6753-4774-93d5-1abcd0e0be51,backing_fmt=qcow2 /opt/stack/data/cinder/mnt/fea8fd6bc7a69581168257ab6452ffa8/volume-62d4d448-6753-4774-93d5-1abcd0e0be51.27f35f08-7f2c-473e-920d-2df88ae66e58 1G
Jan 06 18:43:49 devstack sudo[89126]: pam_unix(sudo:session): session opened for user root(uid=0) by (uid=1000)
Jan 06 18:43:49 devstack sudo[89126]: pam_unix(sudo:session): session closed for user root
Jan 06 18:43:49 devstack cinder-volume[81091]: DEBUG oslo_concurrency.processutils [None req-8f90828b-f306-40bd-993e-589b6aa79afd tempest-GroupSnapshotsTest-865527213 None] CMD "sudo cinder-rootwrap /etc/cinder/rootwrap.conf qemu-img create -f qcow2 -o backing_file=/opt/stack/data/cinder/mnt/fea8fd6bc7a69581168257ab6452ffa8/volume-62d4d448-6753-4774-93d5-1abcd0e0be51,backing_fmt=qcow2 /opt/stack/data/cinder/mnt/fea8fd6bc7a69581168257ab6452ffa8/volume-62d4d448-6753-4774-93d5-1abcd0e0be51.27f35f08-7f2c-473e-920d-2df88ae66e58 1G" returned: 0 in 0.667s {{(pid=81091) execute /opt/stack/data/venv/lib/python3.10/site-packages/oslo_concurrency/processutils.py:372}}
Jan 06 18:43:49 devstack cinder-volume[81091]: DEBUG oslo_concurrency.processutils [None req-8f90828b-f306-40bd-993e-589b6aa79afd tempest-GroupSnapshotsTest-865527213 None] Running cmd (subprocess): sudo cinder-rootwrap /etc/cinder/rootwrap.conf qemu-img rebase -u -b volume-62d4d448-6753-4774-93d5-1abcd0e0be51 -F qcow2 /opt/stack/data/cinder/mnt/fea8fd6bc7a69581168257ab6452ffa8/volume-62d4d448-6753-4774-93d5-1abcd0e0be51.27f35f08-7f2c-473e-920d-2df88ae66e58 {{(pid=81091) execute /opt/stack/data/venv/lib/python3.10/site-packages/oslo_concurrency/processutils.py:349}}
Jan 06 18:43:49 devstack sudo[89131]: quobyte : PWD=/ ; USER=root ; COMMAND=/opt/stack/data/venv/bin/cinder-rootwrap /etc/cinder/rootwrap.conf qemu-img rebase -u -b volume-62d4d448-6753-4774-93d5-1abcd0e0be51 -F qcow2 /opt/stack/data/cinder/mnt/fea8fd6bc7a69581168257ab6452ffa8/volume-62d4d448-6753-4774-93d5-1abcd0e0be51.27f35f08-7f2c-473e-920d-2df88ae66e58
Jan 06 18:43:49 devstack sudo[89131]: pam_unix(sudo:session): session opened for user root(uid=0) by (uid=1000)
Jan 06 18:43:50 devstack sudo[89131]: pam_unix(sudo:session): session closed for user root
Jan 06 18:43:50 devstack cinder-volume[81091]: DEBUG oslo_concurrency.processutils [None req-8f90828b-f306-40bd-993e-589b6aa79afd tempest-GroupSnapshotsTest-865527213 None] CMD "sudo cinder-rootwrap /etc/cinder/rootwrap.conf qemu-img rebase -u -b volume-62d4d448-6753-4774-93d5-1abcd0e0be51 -F qcow2 /opt/stack/data/cinder/mnt/fea8fd6bc7a69581168257ab6452ffa8/volume-62d4d448-6753-4774-93d5-1abcd0e0be51.27f35f08-7f2c-473e-920d-2df88ae66e58" returned: 0 in 0.613s {{(pid=81091) execute /opt/stack/data/venv/lib/python3.10/site-packages/oslo_concurrency/processutils.py:372}}
Jan 06 18:43:50 devstack cinder-volume[81091]: WARNING cinder.volume.drivers.remotefs [None req-8f90828b-f306-40bd-993e-589b6aa79afd tempest-GroupSnapshotsTest-865527213 None] /opt/stack/data/cinder/mnt/fea8fd6bc7a69581168257ab6452ffa8/volume-62d4d448-6753-4774-93d5-1abcd0e0be51.27f35f08-7f2c-473e-920d-2df88ae66e58 is being set with open permissions: ugo+rw: NotImplementedError
Jan 06 18:43:50 devstack cinder-volume[81091]: DEBUG oslo_concurrency.processutils [None req-8f90828b-f306-40bd-993e-589b6aa79afd tempest-GroupSnapshotsTest-865527213 None] Running cmd (subprocess): sudo cinder-rootwrap /etc/cinder/rootwrap.conf chmod ugo+rw /opt/stack/data/cinder/mnt/fea8fd6bc7a69581168257ab6452ffa8/volume-62d4d448-6753-4774-93d5-1abcd0e0be51.27f35f08-7f2c-473e-920d-2df88ae66e58 {{(pid=81091) execute /opt/stack/data/venv/lib/python3.10/site-packages/oslo_concurrency/processutils.py:349}}
Jan 06 18:43:50 devstack sudo[89136]: quobyte : PWD=/ ; USER=root ; COMMAND=/opt/stack/data/venv/bin/cinder-rootwrap /etc/cinder/rootwrap.conf chmod ugo+rw /opt/stack/data/cinder/mnt/fea8fd6bc7a69581168257ab6452ffa8/volume-62d4d448-6753-4774-93d5-1abcd0e0be51.27f35f08-7f2c-473e-920d-2df88ae66e58
Jan 06 18:43:50 devstack sudo[89136]: pam_unix(sudo:session): session opened for user root(uid=0) by (uid=1000)
Jan 06 18:43:51 devstack sudo[89136]: pam_unix(sudo:session): session closed for user root
Jan 06 18:43:51 devstack cinder-volume[81091]: DEBUG oslo_concurrency.processutils [None req-8f90828b-f306-40bd-993e-589b6aa79afd tempest-GroupSnapshotsTest-865527213 None] CMD "sudo cinder-rootwrap /etc/cinder/rootwrap.conf chmod ugo+rw /opt/stack/data/cinder/mnt/fea8fd6bc7a69581168257ab6452ffa8/volume-62d4d448-6753-4774-93d5-1abcd0e0be51.27f35f08-7f2c-473e-920d-2df88ae66e58" returned: 0 in 0.607s {{(pid=81091) execute /opt/stack/data/venv/lib/python3.10/site-packages/oslo_concurrency/processutils.py:372}}
Jan 06 18:43:51 devstack cinder-volume[81091]: DEBUG oslo_concurrency.processutils [None req-8f90828b-f306-40bd-993e-589b6aa79afd tempest-GroupSnapshotsTest-865527213 None] Running cmd (subprocess): sudo cinder-rootwrap /etc/cinder/rootwrap.conf truncate -s0 /opt/stack/data/cinder/mnt/fea8fd6bc7a69581168257ab6452ffa8/volume-62d4d448-6753-4774-93d5-1abcd0e0be51.info {{(pid=81091) execute /opt/stack/data/venv/lib/python3.10/site-packages/oslo_concurrency/processutils.py:349}}
Jan 06 18:43:51 devstack sudo[89141]: quobyte : PWD=/ ; USER=root ; COMMAND=/opt/stack/data/venv/bin/cinder-rootwrap /etc/cinder/rootwrap.conf truncate -s0 /opt/stack/data/cinder/mnt/fea8fd6bc7a69581168257ab6452ffa8/volume-62d4d448-6753-4774-93d5-1abcd0e0be51.info
Jan 06 18:43:51 devstack sudo[89141]: pam_unix(sudo:session): session opened for user root(uid=0) by (uid=1000)
Jan 06 18:43:51 devstack sudo[89141]: pam_unix(sudo:session): session closed for user root
Jan 06 18:43:51 devstack cinder-volume[81091]: DEBUG oslo_concurrency.processutils [None req-8f90828b-f306-40bd-993e-589b6aa79afd tempest-GroupSnapshotsTest-865527213 None] CMD "sudo cinder-rootwrap /etc/cinder/rootwrap.conf truncate -s0 /opt/stack/data/cinder/mnt/fea8fd6bc7a69581168257ab6452ffa8/volume-62d4d448-6753-4774-93d5-1abcd0e0be51.info" returned: 0 in 0.528s {{(pid=81091) execute /opt/stack/data/venv/lib/python3.10/site-packages/oslo_concurrency/processutils.py:372}}
Jan 06 18:43:51 devstack cinder-volume[81091]: WARNING cinder.volume.drivers.remotefs [None req-8f90828b-f306-40bd-993e-589b6aa79afd tempest-GroupSnapshotsTest-865527213 None] /opt/stack/data/cinder/mnt/fea8fd6bc7a69581168257ab6452ffa8/volume-62d4d448-6753-4774-93d5-1abcd0e0be51.info is being set with open permissions: ugo+rw: NotImplementedError
Jan 06 18:43:51 devstack cinder-volume[81091]: DEBUG oslo_concurrency.processutils [None req-8f90828b-f306-40bd-993e-589b6aa79afd tempest-GroupSnapshotsTest-865527213 None] Running cmd (subprocess): sudo cinder-rootwrap /etc/cinder/rootwrap.conf chmod ugo+rw /opt/stack/data/cinder/mnt/fea8fd6bc7a69581168257ab6452ffa8/volume-62d4d448-6753-4774-93d5-1abcd0e0be51.info {{(pid=81091) execute /opt/stack/data/venv/lib/python3.10/site-packages/oslo_concurrency/processutils.py:349}}
Jan 06 18:43:51 devstack sudo[89144]: quobyte : PWD=/ ; USER=root ; COMMAND=/opt/stack/data/venv/bin/cinder-rootwrap /etc/cinder/rootwrap.conf chmod ugo+rw /opt/stack/data/cinder/mnt/fea8fd6bc7a69581168257ab6452ffa8/volume-62d4d448-6753-4774-93d5-1abcd0e0be51.info
Jan 06 18:43:51 devstack sudo[89144]: pam_unix(sudo:session): session opened for user root(uid=0) by (uid=1000)
Jan 06 18:43:52 devstack sudo[89144]: pam_unix(sudo:session): session closed for user root
Jan 06 18:43:52 devstack cinder-volume[81091]: DEBUG oslo_concurrency.processutils [None req-8f90828b-f306-40bd-993e-589b6aa79afd tempest-GroupSnapshotsTest-865527213 None] CMD "sudo cinder-rootwrap /etc/cinder/rootwrap.conf chmod ugo+rw /opt/stack/data/cinder/mnt/fea8fd6bc7a69581168257ab6452ffa8/volume-62d4d448-6753-4774-93d5-1abcd0e0be51.info" returned: 0 in 0.475s {{(pid=81091) execute /opt/stack/data/venv/lib/python3.10/site-packages/oslo_concurrency/processutils.py:372}}
Jan 06 18:43:52 devstack cinder-volume[81091]: DEBUG oslo_concurrency.lockutils [None req-8f90828b-f306-40bd-993e-589b6aa79afd tempest-GroupSnapshotsTest-865527213 None] Lock "quobyte" "released" by "cinder.volume.drivers.quobyte.QuobyteDriver.create_snapshot" :: held 3.730s {{(pid=81091) inner /opt/stack/data/venv/lib/python3.10/site-packages/oslo_concurrency/lockutils.py:424}}
Jan 06 18:43:52 devstack cinder-volume[81091]: DEBUG oslo_concurrency.lockutils [None req-8f90828b-f306-40bd-993e-589b6aa79afd tempest-GroupSnapshotsTest-865527213 None] Acquiring lock "quobyte" by "cinder.volume.drivers.quobyte.QuobyteDriver.create_snapshot" {{(pid=81091) inner /opt/stack/data/venv/lib/python3.10/site-packages/oslo_concurrency/lockutils.py:405}}
Jan 06 18:43:52 devstack cinder-volume[81091]: DEBUG oslo_concurrency.lockutils [None req-8f90828b-f306-40bd-993e-589b6aa79afd tempest-GroupSnapshotsTest-865527213 None] Lock "quobyte" acquired by "cinder.volume.drivers.quobyte.QuobyteDriver.create_snapshot" :: waited 0.001s {{(pid=81091) inner /opt/stack/data/venv/lib/python3.10/site-packages/oslo_concurrency/lockutils.py:410}}
Jan 06 18:43:52 devstack cinder-volume[81091]: DEBUG cinder.volume.drivers.remotefs [None req-8f90828b-f306-40bd-993e-589b6aa79afd tempest-GroupSnapshotsTest-865527213 None] Creating offline snapshot f25b5e8c-e194-457d-adea-1e22d01d632d of volume 4408fe80-b9d5-444f-ad13-1cdc86ea0243 {{(pid=81091) _create_snapshot /opt/stack/cinder/cinder/volume/drivers/remotefs.py:1817}}
Jan 06 18:43:52 devstack cinder-volume[81091]: DEBUG oslo.privsep.daemon [-] privsep: reply[82220967-405b-4909-b48b-c07dd21d3604]: (4, 'qcow2') {{(pid=81741) _call_back /opt/stack/data/venv/lib/python3.10/site-packages/oslo_privsep/daemon.py:515}}
Jan 06 18:43:52 devstack cinder-volume[81091]: DEBUG oslo_concurrency.processutils [None req-8f90828b-f306-40bd-993e-589b6aa79afd tempest-GroupSnapshotsTest-865527213 None] Running cmd (subprocess): /opt/stack/data/venv/bin/python3.10 -m oslo_concurrency.prlimit --as=1073741824 --cpu=60 -- sudo cinder-rootwrap /etc/cinder/rootwrap.conf env LC_ALL=C qemu-img info -f qcow2 --output=json --force-share /opt/stack/data/cinder/mnt/fea8fd6bc7a69581168257ab6452ffa8/volume-4408fe80-b9d5-444f-ad13-1cdc86ea0243 {{(pid=81091) execute /opt/stack/data/venv/lib/python3.10/site-packages/oslo_concurrency/processutils.py:349}}
Jan 06 18:43:52 devstack sudo[89147]: quobyte : PWD=/ ; USER=root ; COMMAND=/opt/stack/data/venv/bin/cinder-rootwrap /etc/cinder/rootwrap.conf env LC_ALL=C qemu-img info -f qcow2 --output=json --force-share /opt/stack/data/cinder/mnt/fea8fd6bc7a69581168257ab6452ffa8/volume-4408fe80-b9d5-444f-ad13-1cdc86ea0243
Jan 06 18:43:52 devstack sudo[89147]: pam_unix(sudo:session): session opened for user root(uid=0) by (uid=1000)
Jan 06 18:43:52 devstack sudo[89147]: pam_unix(sudo:session): session closed for user root
Jan 06 18:43:52 devstack cinder-volume[81091]: DEBUG oslo_concurrency.processutils [None req-8f90828b-f306-40bd-993e-589b6aa79afd tempest-GroupSnapshotsTest-865527213 None] CMD "/opt/stack/data/venv/bin/python3.10 -m oslo_concurrency.prlimit --as=1073741824 --cpu=60 -- sudo cinder-rootwrap /etc/cinder/rootwrap.conf env LC_ALL=C qemu-img info -f qcow2 --output=json --force-share /opt/stack/data/cinder/mnt/fea8fd6bc7a69581168257ab6452ffa8/volume-4408fe80-b9d5-444f-ad13-1cdc86ea0243" returned: 0 in 0.643s {{(pid=81091) execute /opt/stack/data/venv/lib/python3.10/site-packages/oslo_concurrency/processutils.py:372}}
Jan 06 18:43:52 devstack cinder-volume[81091]: DEBUG oslo_concurrency.processutils [None req-8f90828b-f306-40bd-993e-589b6aa79afd tempest-GroupSnapshotsTest-865527213 None] Running cmd (subprocess): sudo cinder-rootwrap /etc/cinder/rootwrap.conf qemu-img create -f qcow2 -o backing_file=/opt/stack/data/cinder/mnt/fea8fd6bc7a69581168257ab6452ffa8/volume-4408fe80-b9d5-444f-ad13-1cdc86ea0243,backing_fmt=qcow2 /opt/stack/data/cinder/mnt/fea8fd6bc7a69581168257ab6452ffa8/volume-4408fe80-b9d5-444f-ad13-1cdc86ea0243.f25b5e8c-e194-457d-adea-1e22d01d632d 1G {{(pid=81091) execute /opt/stack/data/venv/lib/python3.10/site-packages/oslo_concurrency/processutils.py:349}}
Jan 06 18:43:52 devstack sudo[89152]: quobyte : PWD=/ ; USER=root ; COMMAND=/opt/stack/data/venv/bin/cinder-rootwrap /etc/cinder/rootwrap.conf qemu-img create -f qcow2 -o backing_file=/opt/stack/data/cinder/mnt/fea8fd6bc7a69581168257ab6452ffa8/volume-4408fe80-b9d5-444f-ad13-1cdc86ea0243,backing_fmt=qcow2 /opt/stack/data/cinder/mnt/fea8fd6bc7a69581168257ab6452ffa8/volume-4408fe80-b9d5-444f-ad13-1cdc86ea0243.f25b5e8c-e194-457d-adea-1e22d01d632d 1G
Jan 06 18:43:52 devstack sudo[89152]: pam_unix(sudo:session): session opened for user root(uid=0) by (uid=1000)
Jan 06 18:43:53 devstack sudo[89152]: pam_unix(sudo:session): session closed for user root
Jan 06 18:43:53 devstack cinder-volume[81091]: DEBUG oslo_concurrency.processutils [None req-8f90828b-f306-40bd-993e-589b6aa79afd tempest-GroupSnapshotsTest-865527213 None] CMD "sudo cinder-rootwrap /etc/cinder/rootwrap.conf qemu-img create -f qcow2 -o backing_file=/opt/stack/data/cinder/mnt/fea8fd6bc7a69581168257ab6452ffa8/volume-4408fe80-b9d5-444f-ad13-1cdc86ea0243,backing_fmt=qcow2 /opt/stack/data/cinder/mnt/fea8fd6bc7a69581168257ab6452ffa8/volume-4408fe80-b9d5-444f-ad13-1cdc86ea0243.f25b5e8c-e194-457d-adea-1e22d01d632d 1G" returned: 0 in 0.690s {{(pid=81091) execute /opt/stack/data/venv/lib/python3.10/site-packages/oslo_concurrency/processutils.py:372}}
Jan 06 18:43:53 devstack cinder-volume[81091]: DEBUG oslo_concurrency.processutils [None req-8f90828b-f306-40bd-993e-589b6aa79afd tempest-GroupSnapshotsTest-865527213 None] Running cmd (subprocess): sudo cinder-rootwrap /etc/cinder/rootwrap.conf qemu-img rebase -u -b volume-4408fe80-b9d5-444f-ad13-1cdc86ea0243 -F qcow2 /opt/stack/data/cinder/mnt/fea8fd6bc7a69581168257ab6452ffa8/volume-4408fe80-b9d5-444f-ad13-1cdc86ea0243.f25b5e8c-e194-457d-adea-1e22d01d632d {{(pid=81091) execute /opt/stack/data/venv/lib/python3.10/site-packages/oslo_concurrency/processutils.py:349}}
Jan 06 18:43:53 devstack sudo[89157]: quobyte : PWD=/ ; USER=root ; COMMAND=/opt/stack/data/venv/bin/cinder-rootwrap /etc/cinder/rootwrap.conf qemu-img rebase -u -b volume-4408fe80-b9d5-444f-ad13-1cdc86ea0243 -F qcow2 /opt/stack/data/cinder/mnt/fea8fd6bc7a69581168257ab6452ffa8/volume-4408fe80-b9d5-444f-ad13-1cdc86ea0243.f25b5e8c-e194-457d-adea-1e22d01d632d
Jan 06 18:43:53 devstack sudo[89157]: pam_unix(sudo:session): session opened for user root(uid=0) by (uid=1000)
Jan 06 18:43:54 devstack sudo[89157]: pam_unix(sudo:session): session closed for user root
Jan 06 18:43:54 devstack cinder-volume[81091]: DEBUG oslo_concurrency.processutils [None req-8f90828b-f306-40bd-993e-589b6aa79afd tempest-GroupSnapshotsTest-865527213 None] CMD "sudo cinder-rootwrap /etc/cinder/rootwrap.conf qemu-img rebase -u -b volume-4408fe80-b9d5-444f-ad13-1cdc86ea0243 -F qcow2 /opt/stack/data/cinder/mnt/fea8fd6bc7a69581168257ab6452ffa8/volume-4408fe80-b9d5-444f-ad13-1cdc86ea0243.f25b5e8c-e194-457d-adea-1e22d01d632d" returned: 0 in 0.565s {{(pid=81091) execute /opt/stack/data/venv/lib/python3.10/site-packages/oslo_concurrency/processutils.py:372}}
Jan 06 18:43:54 devstack cinder-volume[81091]: WARNING cinder.volume.drivers.remotefs [None req-8f90828b-f306-40bd-993e-589b6aa79afd tempest-GroupSnapshotsTest-865527213 None] /opt/stack/data/cinder/mnt/fea8fd6bc7a69581168257ab6452ffa8/volume-4408fe80-b9d5-444f-ad13-1cdc86ea0243.f25b5e8c-e194-457d-adea-1e22d01d632d is being set with open permissions: ugo+rw: NotImplementedError
Jan 06 18:43:54 devstack cinder-volume[81091]: DEBUG oslo_concurrency.processutils [None req-8f90828b-f306-40bd-993e-589b6aa79afd tempest-GroupSnapshotsTest-865527213 None] Running cmd (subprocess): sudo cinder-rootwrap /etc/cinder/rootwrap.conf chmod ugo+rw /opt/stack/data/cinder/mnt/fea8fd6bc7a69581168257ab6452ffa8/volume-4408fe80-b9d5-444f-ad13-1cdc86ea0243.f25b5e8c-e194-457d-adea-1e22d01d632d {{(pid=81091) execute /opt/stack/data/venv/lib/python3.10/site-packages/oslo_concurrency/processutils.py:349}}
Jan 06 18:43:54 devstack sudo[89163]: quobyte : PWD=/ ; USER=root ; COMMAND=/opt/stack/data/venv/bin/cinder-rootwrap /etc/cinder/rootwrap.conf chmod ugo+rw /opt/stack/data/cinder/mnt/fea8fd6bc7a69581168257ab6452ffa8/volume-4408fe80-b9d5-444f-ad13-1cdc86ea0243.f25b5e8c-e194-457d-adea-1e22d01d632d
Jan 06 18:43:54 devstack sudo[89163]: pam_unix(sudo:session): session opened for user root(uid=0) by (uid=1000)
Jan 06 18:43:54 devstack sudo[89163]: pam_unix(sudo:session): session closed for user root
Jan 06 18:43:54 devstack cinder-volume[81091]: DEBUG oslo_concurrency.processutils [None req-8f90828b-f306-40bd-993e-589b6aa79afd tempest-GroupSnapshotsTest-865527213 None] CMD "sudo cinder-rootwrap /etc/cinder/rootwrap.conf chmod ugo+rw /opt/stack/data/cinder/mnt/fea8fd6bc7a69581168257ab6452ffa8/volume-4408fe80-b9d5-444f-ad13-1cdc86ea0243.f25b5e8c-e194-457d-adea-1e22d01d632d" returned: 0 in 0.495s {{(pid=81091) execute /opt/stack/data/venv/lib/python3.10/site-packages/oslo_concurrency/processutils.py:372}}
Jan 06 18:43:54 devstack cinder-volume[81091]: DEBUG oslo_concurrency.processutils [None req-8f90828b-f306-40bd-993e-589b6aa79afd tempest-GroupSnapshotsTest-865527213 None] Running cmd (subprocess): sudo cinder-rootwrap /etc/cinder/rootwrap.conf truncate -s0 /opt/stack/data/cinder/mnt/fea8fd6bc7a69581168257ab6452ffa8/volume-4408fe80-b9d5-444f-ad13-1cdc86ea0243.info {{(pid=81091) execute /opt/stack/data/venv/lib/python3.10/site-packages/oslo_concurrency/processutils.py:349}}
Jan 06 18:43:54 devstack sudo[89166]: quobyte : PWD=/ ; USER=root ; COMMAND=/opt/stack/data/venv/bin/cinder-rootwrap /etc/cinder/rootwrap.conf truncate -s0 /opt/stack/data/cinder/mnt/fea8fd6bc7a69581168257ab6452ffa8/volume-4408fe80-b9d5-444f-ad13-1cdc86ea0243.info
Jan 06 18:43:54 devstack sudo[89166]: pam_unix(sudo:session): session opened for user root(uid=0) by (uid=1000)
Jan 06 18:43:54 devstack sudo[89166]: pam_unix(sudo:session): session closed for user root
Jan 06 18:43:54 devstack cinder-volume[81091]: DEBUG oslo_concurrency.processutils [None req-8f90828b-f306-40bd-993e-589b6aa79afd tempest-GroupSnapshotsTest-865527213 None] CMD "sudo cinder-rootwrap /etc/cinder/rootwrap.conf truncate -s0 /opt/stack/data/cinder/mnt/fea8fd6bc7a69581168257ab6452ffa8/volume-4408fe80-b9d5-444f-ad13-1cdc86ea0243.info" returned: 0 in 0.470s {{(pid=81091) execute /opt/stack/data/venv/lib/python3.10/site-packages/oslo_concurrency/processutils.py:372}}
Jan 06 18:43:54 devstack cinder-volume[81091]: WARNING cinder.volume.drivers.remotefs [None req-8f90828b-f306-40bd-993e-589b6aa79afd tempest-GroupSnapshotsTest-865527213 None] /opt/stack/data/cinder/mnt/fea8fd6bc7a69581168257ab6452ffa8/volume-4408fe80-b9d5-444f-ad13-1cdc86ea0243.info is being set with open permissions: ugo+rw: NotImplementedError
Jan 06 18:43:54 devstack cinder-volume[81091]: DEBUG oslo_concurrency.processutils [None req-8f90828b-f306-40bd-993e-589b6aa79afd tempest-GroupSnapshotsTest-865527213 None] Running cmd (subprocess): sudo cinder-rootwrap /etc/cinder/rootwrap.conf chmod ugo+rw /opt/stack/data/cinder/mnt/fea8fd6bc7a69581168257ab6452ffa8/volume-4408fe80-b9d5-444f-ad13-1cdc86ea0243.info {{(pid=81091) execute /opt/stack/data/venv/lib/python3.10/site-packages/oslo_concurrency/processutils.py:349}}
Jan 06 18:43:55 devstack sudo[89169]: quobyte : PWD=/ ; USER=root ; COMMAND=/opt/stack/data/venv/bin/cinder-rootwrap /etc/cinder/rootwrap.conf chmod ugo+rw /opt/stack/data/cinder/mnt/fea8fd6bc7a69581168257ab6452ffa8/volume-4408fe80-b9d5-444f-ad13-1cdc86ea0243.info
Jan 06 18:43:55 devstack sudo[89169]: pam_unix(sudo:session): session opened for user root(uid=0) by (uid=1000)
Jan 06 18:43:55 devstack sudo[89169]: pam_unix(sudo:session): session closed for user root
Jan 06 18:43:55 devstack cinder-volume[81091]: DEBUG oslo_concurrency.processutils [None req-8f90828b-f306-40bd-993e-589b6aa79afd tempest-GroupSnapshotsTest-865527213 None] CMD "sudo cinder-rootwrap /etc/cinder/rootwrap.conf chmod ugo+rw /opt/stack/data/cinder/mnt/fea8fd6bc7a69581168257ab6452ffa8/volume-4408fe80-b9d5-444f-ad13-1cdc86ea0243.info" returned: 0 in 0.576s {{(pid=81091) execute /opt/stack/data/venv/lib/python3.10/site-packages/oslo_concurrency/processutils.py:372}}
Jan 06 18:43:55 devstack cinder-volume[81091]: DEBUG oslo_concurrency.lockutils [None req-8f90828b-f306-40bd-993e-589b6aa79afd tempest-GroupSnapshotsTest-865527213 None] Lock "quobyte" "released" by "cinder.volume.drivers.quobyte.QuobyteDriver.create_snapshot" :: held 3.547s {{(pid=81091) inner /opt/stack/data/venv/lib/python3.10/site-packages/oslo_concurrency/lockutils.py:424}}
Jan 06 18:43:55 devstack cinder-volume[81091]: INFO cinder.volume.manager [None req-8f90828b-f306-40bd-993e-589b6aa79afd tempest-GroupSnapshotsTest-865527213 None] group_snapshot 28ff145e-6f30-447d-90ea-893968e70a7d: created successfully
Jan 06 18:43:56 devstack cinder-volume[81091]: INFO cinder.volume.manager [None req-eaee8c1e-86b6-4518-99b9-c0e3fea57f7a tempest-GroupSnapshotsTest-865527213 None] group_snapshot 28ff145e-6f30-447d-90ea-893968e70a7d: deleting
Jan 06 18:43:56 devstack cinder-volume[81091]: WARNING cinder.volume.volume_utils [None req-eaee8c1e-86b6-4518-99b9-c0e3fea57f7a tempest-GroupSnapshotsTest-865527213 None] Volume driver (QuobyteDriver 1.1.13) is currently unsupported and may be removed in the next release of OpenStack. Use at your own risk.
Jan 06 18:43:56 devstack cinder-volume[81091]: DEBUG cinder.volume.manager [None req-eaee8c1e-86b6-4518-99b9-c0e3fea57f7a tempest-GroupSnapshotsTest-865527213 None] group_snapshot 28ff145e-6f30-447d-90ea-893968e70a7d: deleting {{(pid=81091) delete_group_snapshot /opt/stack/cinder/cinder/volume/manager.py:4319}}
Jan 06 18:43:56 devstack cinder-volume[81091]: DEBUG cinder.coordination [None req-eaee8c1e-86b6-4518-99b9-c0e3fea57f7a tempest-GroupSnapshotsTest-865527213 None] Acquiring lock "cinder-quobyte-62d4d448-6753-4774-93d5-1abcd0e0be51" by "delete_snapshot" {{(pid=81091) __acquire /opt/stack/cinder/cinder/coordination.py:143}}
Jan 06 18:43:56 devstack cinder-volume[81091]: DEBUG cinder.coordination [None req-eaee8c1e-86b6-4518-99b9-c0e3fea57f7a tempest-GroupSnapshotsTest-865527213 None] Lock "cinder-quobyte-62d4d448-6753-4774-93d5-1abcd0e0be51" acquired by "delete_snapshot" :: waited 0.016s {{(pid=81091) __acquire /opt/stack/cinder/cinder/coordination.py:146}}
Jan 06 18:43:56 devstack cinder-volume[81091]: DEBUG cinder.coordination [None req-eaee8c1e-86b6-4518-99b9-c0e3fea57f7a tempest-GroupSnapshotsTest-865527213 None] Acquiring lock "cinder-quobyte-27f35f08-7f2c-473e-920d-2df88ae66e58" by "_delete_snapshot" {{(pid=81091) __acquire /opt/stack/cinder/cinder/coordination.py:143}}
Jan 06 18:43:56 devstack cinder-volume[81091]: DEBUG cinder.coordination [None req-eaee8c1e-86b6-4518-99b9-c0e3fea57f7a tempest-GroupSnapshotsTest-865527213 None] Lock "cinder-quobyte-27f35f08-7f2c-473e-920d-2df88ae66e58" acquired by "_delete_snapshot" :: waited 0.009s {{(pid=81091) __acquire /opt/stack/cinder/cinder/coordination.py:146}}
Jan 06 18:43:56 devstack cinder-volume[81091]: DEBUG cinder.volume.drivers.remotefs [None req-eaee8c1e-86b6-4518-99b9-c0e3fea57f7a tempest-GroupSnapshotsTest-865527213 None] Deleting offline snapshot 27f35f08-7f2c-473e-920d-2df88ae66e58 of volume 62d4d448-6753-4774-93d5-1abcd0e0be51 {{(pid=81091) _delete_snapshot /opt/stack/cinder/cinder/volume/drivers/remotefs.py:1290}}
Jan 06 18:43:56 devstack cinder-volume[81091]: DEBUG cinder.volume.drivers.remotefs [None req-eaee8c1e-86b6-4518-99b9-c0e3fea57f7a tempest-GroupSnapshotsTest-865527213 None] snapshot_file for this snap is: volume-62d4d448-6753-4774-93d5-1abcd0e0be51.27f35f08-7f2c-473e-920d-2df88ae66e58 {{(pid=81091) _delete_snapshot /opt/stack/cinder/cinder/volume/drivers/remotefs.py:1319}}
Jan 06 18:43:56 devstack cinder-volume[81091]: DEBUG oslo.privsep.daemon [-] privsep: reply[b3830223-d7ba-4edd-b93b-0d09b4810a6f]: (4, 'qcow2') {{(pid=81741) _call_back /opt/stack/data/venv/lib/python3.10/site-packages/oslo_privsep/daemon.py:515}}
Jan 06 18:43:56 devstack cinder-volume[81091]: DEBUG oslo_concurrency.processutils [None req-eaee8c1e-86b6-4518-99b9-c0e3fea57f7a tempest-GroupSnapshotsTest-865527213 None] Running cmd (subprocess): /opt/stack/data/venv/bin/python3.10 -m oslo_concurrency.prlimit --as=1073741824 --cpu=60 -- sudo cinder-rootwrap /etc/cinder/rootwrap.conf env LC_ALL=C qemu-img info -f qcow2 --output=json --force-share /opt/stack/data/cinder/mnt/fea8fd6bc7a69581168257ab6452ffa8/volume-62d4d448-6753-4774-93d5-1abcd0e0be51.27f35f08-7f2c-473e-920d-2df88ae66e58 {{(pid=81091) execute /opt/stack/data/venv/lib/python3.10/site-packages/oslo_concurrency/processutils.py:349}}
Jan 06 18:43:57 devstack sudo[89172]: quobyte : PWD=/ ; USER=root ; COMMAND=/opt/stack/data/venv/bin/cinder-rootwrap /etc/cinder/rootwrap.conf env LC_ALL=C qemu-img info -f qcow2 --output=json --force-share /opt/stack/data/cinder/mnt/fea8fd6bc7a69581168257ab6452ffa8/volume-62d4d448-6753-4774-93d5-1abcd0e0be51.27f35f08-7f2c-473e-920d-2df88ae66e58
Jan 06 18:43:57 devstack sudo[89172]: pam_unix(sudo:session): session opened for user root(uid=0) by (uid=1000)
Jan 06 18:43:57 devstack sudo[89172]: pam_unix(sudo:session): session closed for user root
Jan 06 18:43:57 devstack cinder-volume[81091]: DEBUG oslo_concurrency.processutils [None req-eaee8c1e-86b6-4518-99b9-c0e3fea57f7a tempest-GroupSnapshotsTest-865527213 None] CMD "/opt/stack/data/venv/bin/python3.10 -m oslo_concurrency.prlimit --as=1073741824 --cpu=60 -- sudo cinder-rootwrap /etc/cinder/rootwrap.conf env LC_ALL=C qemu-img info -f qcow2 --output=json --force-share /opt/stack/data/cinder/mnt/fea8fd6bc7a69581168257ab6452ffa8/volume-62d4d448-6753-4774-93d5-1abcd0e0be51.27f35f08-7f2c-473e-920d-2df88ae66e58" returned: 0 in 0.770s {{(pid=81091) execute /opt/stack/data/venv/lib/python3.10/site-packages/oslo_concurrency/processutils.py:372}}
Jan 06 18:43:57 devstack cinder-volume[81091]: DEBUG cinder.volume.drivers.remotefs [None req-eaee8c1e-86b6-4518-99b9-c0e3fea57f7a tempest-GroupSnapshotsTest-865527213 None] Fetching qemu-img info with special backing_file_template: (/opt/stack/data/cinder/mnt/[0-9a-f]+/)?(volume-62d4d448-6753-4774-93d5-1abcd0e0be51(.(tmp-snap-)?[0-9a-f-]+)?|volume_from_snapshot_cache/(tmp-snap-)?[0-9a-f-]+(.(child-|parent-)[0-9a-f-]+)?)$ {{(pid=81091) _qemu_img_info_base /opt/stack/cinder/cinder/volume/drivers/remotefs.py:898}}
Jan 06 18:43:57 devstack cinder-volume[81091]: DEBUG oslo.privsep.daemon [-] privsep: reply[68fd8496-7966-4904-8df2-2a99b9798928]: (4, 'qcow2') {{(pid=81741) _call_back /opt/stack/data/venv/lib/python3.10/site-packages/oslo_privsep/daemon.py:515}}
Jan 06 18:43:57 devstack cinder-volume[81091]: DEBUG oslo_concurrency.processutils [None req-eaee8c1e-86b6-4518-99b9-c0e3fea57f7a tempest-GroupSnapshotsTest-865527213 None] Running cmd (subprocess): /opt/stack/data/venv/bin/python3.10 -m oslo_concurrency.prlimit --as=1073741824 --cpu=60 -- sudo cinder-rootwrap /etc/cinder/rootwrap.conf env LC_ALL=C qemu-img info -f qcow2 --output=json --force-share /opt/stack/data/cinder/mnt/fea8fd6bc7a69581168257ab6452ffa8/volume-62d4d448-6753-4774-93d5-1abcd0e0be51 {{(pid=81091) execute /opt/stack/data/venv/lib/python3.10/site-packages/oslo_concurrency/processutils.py:349}}
Jan 06 18:43:57 devstack sudo[89191]: quobyte : PWD=/ ; USER=root ; COMMAND=/opt/stack/data/venv/bin/cinder-rootwrap /etc/cinder/rootwrap.conf env LC_ALL=C qemu-img info -f qcow2 --output=json --force-share /opt/stack/data/cinder/mnt/fea8fd6bc7a69581168257ab6452ffa8/volume-62d4d448-6753-4774-93d5-1abcd0e0be51
Jan 06 18:43:57 devstack sudo[89191]: pam_unix(sudo:session): session opened for user root(uid=0) by (uid=1000)
Jan 06 18:43:58 devstack cinder-volume[81091]: DEBUG oslo_service.periodic_task [None req-acddebaf-c14d-4dad-b4c3-589c46182e97 None None] Running periodic task VolumeManager.publish_service_capabilities {{(pid=81091) run_periodic_tasks /opt/stack/data/venv/lib/python3.10/site-packages/oslo_service/periodic_task.py:210}}
Jan 06 18:43:58 devstack cinder-volume[81091]: DEBUG oslo_concurrency.lockutils [None req-acddebaf-c14d-4dad-b4c3-589c46182e97 None None] Acquiring lock "quobyte_ensure" by "cinder.volume.drivers.quobyte.QuobyteDriver._ensure_shares_mounted" {{(pid=81091) inner /opt/stack/data/venv/lib/python3.10/site-packages/oslo_concurrency/lockutils.py:405}}
Jan 06 18:43:58 devstack cinder-volume[81091]: DEBUG oslo_concurrency.lockutils [None req-acddebaf-c14d-4dad-b4c3-589c46182e97 None None] Lock "quobyte_ensure" acquired by "cinder.volume.drivers.quobyte.QuobyteDriver._ensure_shares_mounted" :: waited 0.001s {{(pid=81091) inner /opt/stack/data/venv/lib/python3.10/site-packages/oslo_concurrency/lockutils.py:410}}
Jan 06 18:43:58 devstack cinder-volume[81091]: DEBUG cinder.volume.drivers.quobyte [None req-acddebaf-c14d-4dad-b4c3-589c46182e97 None None] Quobyte Volume URL set to: {'osci02.corp.quobyte.com/cinder-vol-9831fa74-762a-40cc-bacc-33cb3a98d9a2': None} {{(pid=81091) _load_shares_config /opt/stack/cinder/cinder/volume/drivers/quobyte.py:611}}
Jan 06 18:43:58 devstack cinder-volume[81091]: DEBUG cinder.volume.drivers.quobyte [None req-acddebaf-c14d-4dad-b4c3-589c46182e97 None None] Available shares ['osci02.corp.quobyte.com/cinder-vol-9831fa74-762a-40cc-bacc-33cb3a98d9a2'] {{(pid=81091) _ensure_shares_mounted /opt/stack/cinder/cinder/volume/drivers/quobyte.py:641}}
Jan 06 18:43:58 devstack cinder-volume[81091]: DEBUG oslo_concurrency.lockutils [None req-acddebaf-c14d-4dad-b4c3-589c46182e97 None None] Lock "quobyte_ensure" "released" by "cinder.volume.drivers.quobyte.QuobyteDriver._ensure_shares_mounted" :: held 0.003s {{(pid=81091) inner /opt/stack/data/venv/lib/python3.10/site-packages/oslo_concurrency/lockutils.py:424}}
Jan 06 18:43:58 devstack cinder-volume[81091]: DEBUG oslo_concurrency.processutils [None req-acddebaf-c14d-4dad-b4c3-589c46182e97 None None] Running cmd (subprocess): sudo cinder-rootwrap /etc/cinder/rootwrap.conf df --portability --block-size 1 /opt/stack/data/cinder/mnt/fea8fd6bc7a69581168257ab6452ffa8 {{(pid=81091) execute /opt/stack/data/venv/lib/python3.10/site-packages/oslo_concurrency/processutils.py:349}}
Jan 06 18:43:58 devstack sudo[89195]: quobyte : PWD=/ ; USER=root ; COMMAND=/opt/stack/data/venv/bin/cinder-rootwrap /etc/cinder/rootwrap.conf df --portability --block-size 1 /opt/stack/data/cinder/mnt/fea8fd6bc7a69581168257ab6452ffa8
Jan 06 18:43:58 devstack sudo[89195]: pam_unix(sudo:session): session opened for user root(uid=0) by (uid=1000)
Jan 06 18:43:58 devstack sudo[89191]: pam_unix(sudo:session): session closed for user root
Jan 06 18:43:58 devstack cinder-volume[81091]: DEBUG oslo_concurrency.processutils [None req-eaee8c1e-86b6-4518-99b9-c0e3fea57f7a tempest-GroupSnapshotsTest-865527213 None] CMD "/opt/stack/data/venv/bin/python3.10 -m oslo_concurrency.prlimit --as=1073741824 --cpu=60 -- sudo cinder-rootwrap /etc/cinder/rootwrap.conf env LC_ALL=C qemu-img info -f qcow2 --output=json --force-share /opt/stack/data/cinder/mnt/fea8fd6bc7a69581168257ab6452ffa8/volume-62d4d448-6753-4774-93d5-1abcd0e0be51" returned: 0 in 0.633s {{(pid=81091) execute /opt/stack/data/venv/lib/python3.10/site-packages/oslo_concurrency/processutils.py:372}}
Jan 06 18:43:58 devstack cinder-volume[81091]: DEBUG oslo_concurrency.processutils [None req-eaee8c1e-86b6-4518-99b9-c0e3fea57f7a tempest-GroupSnapshotsTest-865527213 None] Running cmd (subprocess): sudo cinder-rootwrap /etc/cinder/rootwrap.conf qemu-img commit -d /opt/stack/data/cinder/mnt/fea8fd6bc7a69581168257ab6452ffa8/volume-62d4d448-6753-4774-93d5-1abcd0e0be51.27f35f08-7f2c-473e-920d-2df88ae66e58 {{(pid=81091) execute /opt/stack/data/venv/lib/python3.10/site-packages/oslo_concurrency/processutils.py:349}}
Jan 06 18:43:58 devstack sudo[89200]: quobyte : PWD=/ ; USER=root ; COMMAND=/opt/stack/data/venv/bin/cinder-rootwrap /etc/cinder/rootwrap.conf qemu-img commit -d /opt/stack/data/cinder/mnt/fea8fd6bc7a69581168257ab6452ffa8/volume-62d4d448-6753-4774-93d5-1abcd0e0be51.27f35f08-7f2c-473e-920d-2df88ae66e58
Jan 06 18:43:58 devstack sudo[89200]: pam_unix(sudo:session): session opened for user root(uid=0) by (uid=1000)
Jan 06 18:43:58 devstack sudo[89195]: pam_unix(sudo:session): session closed for user root
Jan 06 18:43:58 devstack cinder-volume[81091]: DEBUG oslo_concurrency.processutils [None req-acddebaf-c14d-4dad-b4c3-589c46182e97 None None] CMD "sudo cinder-rootwrap /etc/cinder/rootwrap.conf df --portability --block-size 1 /opt/stack/data/cinder/mnt/fea8fd6bc7a69581168257ab6452ffa8" returned: 0 in 0.652s {{(pid=81091) execute /opt/stack/data/venv/lib/python3.10/site-packages/oslo_concurrency/processutils.py:372}}
Jan 06 18:43:58 devstack cinder-volume[81091]: DEBUG cinder.manager [None req-acddebaf-c14d-4dad-b4c3-589c46182e97 None None] Notifying Schedulers of capabilities ... {{(pid=81091) _publish_service_capabilities /opt/stack/cinder/cinder/manager.py:202}}
Jan 06 18:43:59 devstack sudo[89200]: pam_unix(sudo:session): session closed for user root
Jan 06 18:43:59 devstack cinder-volume[81091]: DEBUG oslo_concurrency.processutils [None req-eaee8c1e-86b6-4518-99b9-c0e3fea57f7a tempest-GroupSnapshotsTest-865527213 None] CMD "sudo cinder-rootwrap /etc/cinder/rootwrap.conf qemu-img commit -d /opt/stack/data/cinder/mnt/fea8fd6bc7a69581168257ab6452ffa8/volume-62d4d448-6753-4774-93d5-1abcd0e0be51.27f35f08-7f2c-473e-920d-2df88ae66e58" returned: 0 in 0.668s {{(pid=81091) execute /opt/stack/data/venv/lib/python3.10/site-packages/oslo_concurrency/processutils.py:372}}
Jan 06 18:43:59 devstack cinder-volume[81091]: DEBUG oslo_concurrency.processutils [None req-eaee8c1e-86b6-4518-99b9-c0e3fea57f7a tempest-GroupSnapshotsTest-865527213 None] Running cmd (subprocess): sudo cinder-rootwrap /etc/cinder/rootwrap.conf rm -f /opt/stack/data/cinder/mnt/fea8fd6bc7a69581168257ab6452ffa8/volume-62d4d448-6753-4774-93d5-1abcd0e0be51.27f35f08-7f2c-473e-920d-2df88ae66e58 {{(pid=81091) execute /opt/stack/data/venv/lib/python3.10/site-packages/oslo_concurrency/processutils.py:349}}
Jan 06 18:43:59 devstack sudo[89206]: quobyte : PWD=/ ; USER=root ; COMMAND=/opt/stack/data/venv/bin/cinder-rootwrap /etc/cinder/rootwrap.conf rm -f /opt/stack/data/cinder/mnt/fea8fd6bc7a69581168257ab6452ffa8/volume-62d4d448-6753-4774-93d5-1abcd0e0be51.27f35f08-7f2c-473e-920d-2df88ae66e58
Jan 06 18:43:59 devstack sudo[89206]: pam_unix(sudo:session): session opened for user root(uid=0) by (uid=1000)
Jan 06 18:43:59 devstack sudo[89206]: pam_unix(sudo:session): session closed for user root
Jan 06 18:43:59 devstack cinder-volume[81091]: DEBUG oslo_concurrency.processutils [None req-eaee8c1e-86b6-4518-99b9-c0e3fea57f7a tempest-GroupSnapshotsTest-865527213 None] CMD "sudo cinder-rootwrap /etc/cinder/rootwrap.conf rm -f /opt/stack/data/cinder/mnt/fea8fd6bc7a69581168257ab6452ffa8/volume-62d4d448-6753-4774-93d5-1abcd0e0be51.27f35f08-7f2c-473e-920d-2df88ae66e58" returned: 0 in 0.562s {{(pid=81091) execute /opt/stack/data/venv/lib/python3.10/site-packages/oslo_concurrency/processutils.py:372}}
Jan 06 18:43:59 devstack cinder-volume[81091]: DEBUG cinder.coordination [None req-eaee8c1e-86b6-4518-99b9-c0e3fea57f7a tempest-GroupSnapshotsTest-865527213 None] Lock "cinder-quobyte-27f35f08-7f2c-473e-920d-2df88ae66e58" released by "_delete_snapshot" :: held 2.801s {{(pid=81091) __release /opt/stack/cinder/cinder/coordination.py:157}}
Jan 06 18:43:59 devstack cinder-volume[81091]: DEBUG cinder.coordination [None req-eaee8c1e-86b6-4518-99b9-c0e3fea57f7a tempest-GroupSnapshotsTest-865527213 None] Lock "cinder-quobyte-62d4d448-6753-4774-93d5-1abcd0e0be51" released by "delete_snapshot" :: held 2.815s {{(pid=81091) __release /opt/stack/cinder/cinder/coordination.py:157}}
