Aug 03 08:51:15 devstack sudo[96459]: quobyte : PWD=/ ; USER=root ; COMMAND=/opt/stack/data/venv/bin/cinder-rootwrap /etc/cinder/rootwrap.conf env LC_ALL=C qemu-img info -f qcow2 --output=json --force-share /opt/stack/data/cinder/mnt/a23e290c90b600023686e5ae6cccf002/volume-6de4d2ea-4dae-42e0-87f0-c1c6e868e91c.9ffde5b0-ccc2-4e74-a724-c815e706d3a2
Aug 03 08:51:15 devstack sudo[96459]: pam_unix(sudo:session): session opened for user root(uid=0) by (uid=1000)
Aug 03 08:51:15 devstack cinder-volume[88796]: DEBUG cinder.coordination [req-7c122845-5973-4c4a-8162-35af827340b2 req-1679f41b-01bc-4fbe-80fb-919e0b37d690 tempest-VolumesSnapshotsTestJSON-414436316 None] Lock "cinder-quobyte-2d65e062-0bb1-48f8-b280-643382bc3582" acquired by "delete_volume" :: waited 0.022s {{(pid=88796) __acquire /opt/stack/cinder/cinder/coordination.py:141}}
Aug 03 08:51:16 devstack cinder-volume[88796]: DEBUG oslo.privsep.daemon [-] privsep: reply[1a3eb921-3569-476c-bfb8-3abdf8af9614]: (4, 'qcow2') {{(pid=90223) _call_back /opt/stack/data/venv/lib/python3.12/site-packages/oslo_privsep/daemon.py:580}}
Aug 03 08:51:16 devstack cinder-volume[88796]: DEBUG oslo_concurrency.processutils [req-7c122845-5973-4c4a-8162-35af827340b2 req-1679f41b-01bc-4fbe-80fb-919e0b37d690 tempest-VolumesSnapshotsTestJSON-414436316 None] Running cmd (subprocess): /opt/stack/data/venv/bin/python3.12 -m oslo_concurrency.prlimit --as=1073741824 --cpu=60 -- sudo cinder-rootwrap /etc/cinder/rootwrap.conf env LC_ALL=C qemu-img info -f qcow2 --output=json --force-share /opt/stack/data/cinder/mnt/a23e290c90b600023686e5ae6cccf002/volume-2d65e062-0bb1-48f8-b280-643382bc3582 {{(pid=88796) execute /opt/stack/data/venv/lib/python3.12/site-packages/oslo_concurrency/processutils.py:440}}
Aug 03 08:51:16 devstack sudo[96461]: quobyte : PWD=/ ; USER=root ; COMMAND=/opt/stack/data/venv/bin/cinder-rootwrap /etc/cinder/rootwrap.conf env LC_ALL=C qemu-img info -f qcow2 --output=json --force-share /opt/stack/data/cinder/mnt/a23e290c90b600023686e5ae6cccf002/volume-2d65e062-0bb1-48f8-b280-643382bc3582
Aug 03 08:51:16 devstack sudo[96461]: pam_unix(sudo:session): session opened for user root(uid=0) by (uid=1000)
Aug 03 08:51:16 devstack sudo[96459]: pam_unix(sudo:session): session closed for user root
Aug 03 08:51:16 devstack cinder-volume[88796]: DEBUG oslo_concurrency.processutils [None req-af03d9d8-28b1-4d84-a92a-b9ca9180f63a tempest-SnapshotsActionsTest-1253603779 None] CMD "/opt/stack/data/venv/bin/python3.12 -m oslo_concurrency.prlimit --as=1073741824 --cpu=60 -- sudo cinder-rootwrap /etc/cinder/rootwrap.conf env LC_ALL=C qemu-img info -f qcow2 --output=json --force-share /opt/stack/data/cinder/mnt/a23e290c90b600023686e5ae6cccf002/volume-6de4d2ea-4dae-42e0-87f0-c1c6e868e91c.9ffde5b0-ccc2-4e74-a724-c815e706d3a2" returned: 0 in 0.567s {{(pid=88796) execute /opt/stack/data/venv/lib/python3.12/site-packages/oslo_concurrency/processutils.py:468}}
Aug 03 08:51:16 devstack cinder-volume[88796]: DEBUG cinder.volume.drivers.remotefs [None req-af03d9d8-28b1-4d84-a92a-b9ca9180f63a tempest-SnapshotsActionsTest-1253603779 None] Fetching qemu-img info with special backing_file_template: (/opt/stack/data/cinder/mnt/[0-9a-f]+/)?(volume-6de4d2ea-4dae-42e0-87f0-c1c6e868e91c(.(tmp-snap-)?[0-9a-f-]+)?|volume_from_snapshot_cache/(tmp-snap-)?[0-9a-f-]+(.(child-|parent-)[0-9a-f-]+)?)$ {{(pid=88796) _qemu_img_info_base /opt/stack/cinder/cinder/volume/drivers/remotefs.py:896}}
Aug 03 08:51:16 devstack cinder-volume[88796]: DEBUG oslo_concurrency.processutils [None req-af03d9d8-28b1-4d84-a92a-b9ca9180f63a tempest-SnapshotsActionsTest-1253603779 None] Running cmd (subprocess): sudo cinder-rootwrap /etc/cinder/rootwrap.conf qemu-img commit -d /opt/stack/data/cinder/mnt/a23e290c90b600023686e5ae6cccf002/volume-6de4d2ea-4dae-42e0-87f0-c1c6e868e91c.dc9caf56-a590-4056-8a98-163a42f4f7ef {{(pid=88796) execute /opt/stack/data/venv/lib/python3.12/site-packages/oslo_concurrency/processutils.py:440}}
Aug 03 08:51:16 devstack sudo[96467]: quobyte : PWD=/ ; USER=root ; COMMAND=/opt/stack/data/venv/bin/cinder-rootwrap /etc/cinder/rootwrap.conf qemu-img commit -d /opt/stack/data/cinder/mnt/a23e290c90b600023686e5ae6cccf002/volume-6de4d2ea-4dae-42e0-87f0-c1c6e868e91c.dc9caf56-a590-4056-8a98-163a42f4f7ef
Aug 03 08:51:16 devstack sudo[96467]: pam_unix(sudo:session): session opened for user root(uid=0) by (uid=1000)
Aug 03 08:51:16 devstack sudo[96461]: pam_unix(sudo:session): session closed for user root
Aug 03 08:51:16 devstack cinder-volume[88796]: DEBUG oslo_concurrency.processutils [req-7c122845-5973-4c4a-8162-35af827340b2 req-1679f41b-01bc-4fbe-80fb-919e0b37d690 tempest-VolumesSnapshotsTestJSON-414436316 None] CMD "/opt/stack/data/venv/bin/python3.12 -m oslo_concurrency.prlimit --as=1073741824 --cpu=60 -- sudo cinder-rootwrap /etc/cinder/rootwrap.conf env LC_ALL=C qemu-img info -f qcow2 --output=json --force-share /opt/stack/data/cinder/mnt/a23e290c90b600023686e5ae6cccf002/volume-2d65e062-0bb1-48f8-b280-643382bc3582" returned: 0 in 0.443s {{(pid=88796) execute /opt/stack/data/venv/lib/python3.12/site-packages/oslo_concurrency/processutils.py:468}}
Aug 03 08:51:16 devstack cinder-volume[88796]: DEBUG oslo_concurrency.processutils [req-7c122845-5973-4c4a-8162-35af827340b2 req-1679f41b-01bc-4fbe-80fb-919e0b37d690 tempest-VolumesSnapshotsTestJSON-414436316 None] Running cmd (subprocess): sudo cinder-rootwrap /etc/cinder/rootwrap.conf rm -f /opt/stack/data/cinder/mnt/a23e290c90b600023686e5ae6cccf002/volume-2d65e062-0bb1-48f8-b280-643382bc3582 {{(pid=88796) execute /opt/stack/data/venv/lib/python3.12/site-packages/oslo_concurrency/processutils.py:440}}
Aug 03 08:51:16 devstack sudo[96472]: quobyte : PWD=/ ; USER=root ; COMMAND=/opt/stack/data/venv/bin/cinder-rootwrap /etc/cinder/rootwrap.conf rm -f /opt/stack/data/cinder/mnt/a23e290c90b600023686e5ae6cccf002/volume-2d65e062-0bb1-48f8-b280-643382bc3582
Aug 03 08:51:16 devstack sudo[96472]: pam_unix(sudo:session): session opened for user root(uid=0) by (uid=1000)
Aug 03 08:51:16 devstack sudo[96472]: pam_unix(sudo:session): session closed for user root
Aug 03 08:51:16 devstack cinder-volume[88796]: DEBUG oslo_concurrency.processutils [req-7c122845-5973-4c4a-8162-35af827340b2 req-1679f41b-01bc-4fbe-80fb-919e0b37d690 tempest-VolumesSnapshotsTestJSON-414436316 None] CMD "sudo cinder-rootwrap /etc/cinder/rootwrap.conf rm -f /opt/stack/data/cinder/mnt/a23e290c90b600023686e5ae6cccf002/volume-2d65e062-0bb1-48f8-b280-643382bc3582" returned: 0 in 0.331s {{(pid=88796) execute /opt/stack/data/venv/lib/python3.12/site-packages/oslo_concurrency/processutils.py:468}}
Aug 03 08:51:16 devstack cinder-volume[88796]: DEBUG cinder.coordination [req-7c122845-5973-4c4a-8162-35af827340b2 req-1679f41b-01bc-4fbe-80fb-919e0b37d690 tempest-VolumesSnapshotsTestJSON-414436316 None] Lock "cinder-quobyte-2d65e062-0bb1-48f8-b280-643382bc3582" released by "delete_volume" :: held 0.886s {{(pid=88796) __release /opt/stack/cinder/cinder/coordination.py:152}}
Aug 03 08:51:16 devstack cinder-volume[88796]: DEBUG dbcounter [-] [88796] Writing DB stats cinder:SELECT=74,cinder:UPDATE=75,cinder:INSERT=16,cinder:DELETE=6 {{(pid=88796) stat_writer /opt/stack/data/venv/lib/python3.12/site-packages/dbcounter.py:115}}
Aug 03 08:51:16 devstack sudo[96467]: pam_unix(sudo:session): session closed for user root
Aug 03 08:51:16 devstack cinder-volume[88796]: DEBUG oslo_concurrency.processutils [None req-af03d9d8-28b1-4d84-a92a-b9ca9180f63a tempest-SnapshotsActionsTest-1253603779 None] CMD "sudo cinder-rootwrap /etc/cinder/rootwrap.conf qemu-img commit -d /opt/stack/data/cinder/mnt/a23e290c90b600023686e5ae6cccf002/volume-6de4d2ea-4dae-42e0-87f0-c1c6e868e91c.dc9caf56-a590-4056-8a98-163a42f4f7ef" returned: 0 in 0.542s {{(pid=88796) execute /opt/stack/data/venv/lib/python3.12/site-packages/oslo_concurrency/processutils.py:468}}
Aug 03 08:51:16 devstack cinder-volume[88796]: DEBUG oslo_concurrency.processutils [None req-af03d9d8-28b1-4d84-a92a-b9ca9180f63a tempest-SnapshotsActionsTest-1253603779 None] Running cmd (subprocess): sudo cinder-rootwrap /etc/cinder/rootwrap.conf rm -f /opt/stack/data/cinder/mnt/a23e290c90b600023686e5ae6cccf002/volume-6de4d2ea-4dae-42e0-87f0-c1c6e868e91c.dc9caf56-a590-4056-8a98-163a42f4f7ef {{(pid=88796) execute /opt/stack/data/venv/lib/python3.12/site-packages/oslo_concurrency/processutils.py:440}}
Aug 03 08:51:16 devstack sudo[96479]: quobyte : PWD=/ ; USER=root ; COMMAND=/opt/stack/data/venv/bin/cinder-rootwrap /etc/cinder/rootwrap.conf rm -f /opt/stack/data/cinder/mnt/a23e290c90b600023686e5ae6cccf002/volume-6de4d2ea-4dae-42e0-87f0-c1c6e868e91c.dc9caf56-a590-4056-8a98-163a42f4f7ef
Aug 03 08:51:16 devstack sudo[96479]: pam_unix(sudo:session): session opened for user root(uid=0) by (uid=1000)
Aug 03 08:51:16 devstack cinder-volume[88796]: DEBUG cinder.quota [req-7c122845-5973-4c4a-8162-35af827340b2 req-1679f41b-01bc-4fbe-80fb-919e0b37d690 tempest-VolumesSnapshotsTestJSON-414436316 None] Created reservations ['de7f5e92-480c-4f83-b839-88e89d790560', 'c3c175b9-fca0-4fd3-9ec0-464548684f7b', 'bb9d0f1e-60ca-4263-8748-b887e649be44', 'c78a8d13-1bb5-41db-abd3-86edc5851547'] {{(pid=88796) reserve /opt/stack/cinder/cinder/quota.py:752}}
Aug 03 08:51:17 devstack cinder-volume[88796]: DEBUG oslo_concurrency.lockutils [req-7c122845-5973-4c4a-8162-35af827340b2 req-1679f41b-01bc-4fbe-80fb-919e0b37d690 tempest-VolumesSnapshotsTestJSON-414436316 None] Acquiring lock "quobyte_ensure" by "cinder.volume.drivers.quobyte.QuobyteDriver._ensure_shares_mounted" {{(pid=88796) inner /opt/stack/data/venv/lib/python3.12/site-packages/oslo_concurrency/lockutils.py:512}}
Aug 03 08:51:17 devstack cinder-volume[88796]: DEBUG oslo_concurrency.lockutils [req-7c122845-5973-4c4a-8162-35af827340b2 req-1679f41b-01bc-4fbe-80fb-919e0b37d690 tempest-VolumesSnapshotsTestJSON-414436316 None] Lock "quobyte_ensure" acquired by "cinder.volume.drivers.quobyte.QuobyteDriver._ensure_shares_mounted" :: waited 0.001s {{(pid=88796) inner /opt/stack/data/venv/lib/python3.12/site-packages/oslo_concurrency/lockutils.py:525}}
Aug 03 08:51:17 devstack cinder-volume[88796]: DEBUG cinder.volume.drivers.quobyte [req-7c122845-5973-4c4a-8162-35af827340b2 req-1679f41b-01bc-4fbe-80fb-919e0b37d690 tempest-VolumesSnapshotsTestJSON-414436316 None] Quobyte Volume URL set to: {'osci02.corp.quobyte.com/cinder-vol-38bd988a-78a0-44e4-b283-a4aaabbe35ef': None} {{(pid=88796) _load_shares_config /opt/stack/cinder/cinder/volume/drivers/quobyte.py:665}}
Aug 03 08:51:17 devstack cinder-volume[88796]: DEBUG cinder.volume.drivers.quobyte [req-7c122845-5973-4c4a-8162-35af827340b2 req-1679f41b-01bc-4fbe-80fb-919e0b37d690 tempest-VolumesSnapshotsTestJSON-414436316 None] Available shares ['osci02.corp.quobyte.com/cinder-vol-38bd988a-78a0-44e4-b283-a4aaabbe35ef'] {{(pid=88796) _ensure_shares_mounted /opt/stack/cinder/cinder/volume/drivers/quobyte.py:695}}
Aug 03 08:51:17 devstack cinder-volume[88796]: DEBUG oslo_concurrency.lockutils [req-7c122845-5973-4c4a-8162-35af827340b2 req-1679f41b-01bc-4fbe-80fb-919e0b37d690 tempest-VolumesSnapshotsTestJSON-414436316 None] Lock "quobyte_ensure" "released" by "cinder.volume.drivers.quobyte.QuobyteDriver._ensure_shares_mounted" :: held 0.012s {{(pid=88796) inner /opt/stack/data/venv/lib/python3.12/site-packages/oslo_concurrency/lockutils.py:544}}
Aug 03 08:51:17 devstack cinder-volume[88796]: DEBUG oslo_concurrency.processutils [req-7c122845-5973-4c4a-8162-35af827340b2 req-1679f41b-01bc-4fbe-80fb-919e0b37d690 tempest-VolumesSnapshotsTestJSON-414436316 None] Running cmd (subprocess): sudo cinder-rootwrap /etc/cinder/rootwrap.conf df --portability --block-size 1 /opt/stack/data/cinder/mnt/a23e290c90b600023686e5ae6cccf002 {{(pid=88796) execute /opt/stack/data/venv/lib/python3.12/site-packages/oslo_concurrency/processutils.py:440}}
Aug 03 08:51:17 devstack sudo[96481]: quobyte : PWD=/ ; USER=root ; COMMAND=/opt/stack/data/venv/bin/cinder-rootwrap /etc/cinder/rootwrap.conf df --portability --block-size 1 /opt/stack/data/cinder/mnt/a23e290c90b600023686e5ae6cccf002
Aug 03 08:51:17 devstack sudo[96481]: pam_unix(sudo:session): session opened for user root(uid=0) by (uid=1000)
Aug 03 08:51:17 devstack sudo[96479]: pam_unix(sudo:session): session closed for user root
Aug 03 08:51:17 devstack cinder-volume[88796]: DEBUG oslo_concurrency.processutils [None req-af03d9d8-28b1-4d84-a92a-b9ca9180f63a tempest-SnapshotsActionsTest-1253603779 None] CMD "sudo cinder-rootwrap /etc/cinder/rootwrap.conf rm -f /opt/stack/data/cinder/mnt/a23e290c90b600023686e5ae6cccf002/volume-6de4d2ea-4dae-42e0-87f0-c1c6e868e91c.dc9caf56-a590-4056-8a98-163a42f4f7ef" returned: 0 in 0.324s {{(pid=88796) execute /opt/stack/data/venv/lib/python3.12/site-packages/oslo_concurrency/processutils.py:468}}
Aug 03 08:51:17 devstack cinder-volume[88796]: DEBUG cinder.coordination [None req-af03d9d8-28b1-4d84-a92a-b9ca9180f63a tempest-SnapshotsActionsTest-1253603779 None] Lock "cinder-quobyte-dc9caf56-a590-4056-8a98-163a42f4f7ef" released by "_delete_snapshot" :: held 2.044s {{(pid=88796) __release /opt/stack/cinder/cinder/coordination.py:152}}
Aug 03 08:51:17 devstack cinder-volume[88796]: DEBUG cinder.coordination [None req-af03d9d8-28b1-4d84-a92a-b9ca9180f63a tempest-SnapshotsActionsTest-1253603779 None] Lock "cinder-quobyte-6de4d2ea-4dae-42e0-87f0-c1c6e868e91c" released by "delete_snapshot" :: held 2.092s {{(pid=88796) __release /opt/stack/cinder/cinder/coordination.py:152}}
Aug 03 08:51:17 devstack cinder-volume[88796]: DEBUG cinder.quota [None req-af03d9d8-28b1-4d84-a92a-b9ca9180f63a tempest-SnapshotsActionsTest-1253603779 None] Created reservations ['274f65d5-c7ae-4726-af3e-b94338b22576', '3c911b67-d361-497a-b350-20c4de72fc61', '64ab3411-1d03-46e7-9489-04b94dc05a02', '61fb7968-f35d-4d04-a47e-29a0880024f1'] {{(pid=88796) reserve /opt/stack/cinder/cinder/quota.py:752}}
Aug 03 08:51:17 devstack sudo[96481]: pam_unix(sudo:session): session closed for user root
Aug 03 08:51:17 devstack cinder-volume[88796]: DEBUG oslo_concurrency.processutils [req-7c122845-5973-4c4a-8162-35af827340b2 req-1679f41b-01bc-4fbe-80fb-919e0b37d690 tempest-VolumesSnapshotsTestJSON-414436316 None] CMD "sudo cinder-rootwrap /etc/cinder/rootwrap.conf df --portability --block-size 1 /opt/stack/data/cinder/mnt/a23e290c90b600023686e5ae6cccf002" returned: 0 in 0.404s {{(pid=88796) execute /opt/stack/data/venv/lib/python3.12/site-packages/oslo_concurrency/processutils.py:468}}
Aug 03 08:51:17 devstack cinder-volume[88796]: DEBUG cinder.manager [req-7c122845-5973-4c4a-8162-35af827340b2 req-1679f41b-01bc-4fbe-80fb-919e0b37d690 tempest-VolumesSnapshotsTestJSON-414436316 None] Notifying Schedulers of capabilities ... {{(pid=88796) _publish_service_capabilities /opt/stack/cinder/cinder/manager.py:219}}
Aug 03 08:51:17 devstack cinder-volume[88796]: INFO cinder.volume.manager [req-7c122845-5973-4c4a-8162-35af827340b2 req-1679f41b-01bc-4fbe-80fb-919e0b37d690 tempest-VolumesSnapshotsTestJSON-414436316 None] Deleted volume successfully.
Aug 03 08:51:17 devstack cinder-volume[88796]: INFO cinder.volume.manager [None req-af03d9d8-28b1-4d84-a92a-b9ca9180f63a tempest-SnapshotsActionsTest-1253603779 None] Delete snapshot completed successfully.
Aug 03 08:51:17 devstack cinder-volume[88796]: DEBUG cinder.coordination [None req-af03d9d8-28b1-4d84-a92a-b9ca9180f63a tempest-SnapshotsActionsTest-1253603779 None] Lock "cinder-dc9caf56-a590-4056-8a98-163a42f4f7ef-delete_snapshot" released by "delete_snapshot" :: held 2.344s {{(pid=88796) __release /opt/stack/cinder/cinder/coordination.py:152}}
Aug 03 08:51:17 devstack cinder-volume[88796]: DEBUG cinder.coordination [req-7c122845-5973-4c4a-8162-35af827340b2 req-1679f41b-01bc-4fbe-80fb-919e0b37d690 tempest-VolumesSnapshotsTestJSON-414436316 None] Lock "cinder-2d65e062-0bb1-48f8-b280-643382bc3582-delete_volume" released by "delete_volume" :: held 1.627s {{(pid=88796) __release /opt/stack/cinder/cinder/coordination.py:152}}
Aug 03 08:51:18 devstack cinder-volume[88796]: DEBUG oslo_concurrency.lockutils [None req-410c2a9d-0b6e-4e40-aaf1-42000a0d9071 tempest-SnapshotsActionsTest-1487943296 None] Acquiring lock "quobyte" by "cinder.volume.drivers.quobyte.QuobyteDriver.create_snapshot" {{(pid=88796) inner /opt/stack/data/venv/lib/python3.12/site-packages/oslo_concurrency/lockutils.py:512}}
Aug 03 08:51:18 devstack cinder-volume[88796]: DEBUG oslo_concurrency.lockutils [None req-410c2a9d-0b6e-4e40-aaf1-42000a0d9071 tempest-SnapshotsActionsTest-1487943296 None] Lock "quobyte" acquired by "cinder.volume.drivers.quobyte.QuobyteDriver.create_snapshot" :: waited 0.001s {{(pid=88796) inner /opt/stack/data/venv/lib/python3.12/site-packages/oslo_concurrency/lockutils.py:525}}
Aug 03 08:51:18 devstack cinder-volume[88796]: DEBUG cinder.volume.drivers.remotefs [None req-410c2a9d-0b6e-4e40-aaf1-42000a0d9071 tempest-SnapshotsActionsTest-1487943296 None] Creating offline snapshot a5c3082f-485e-43b3-929f-1c508321e28a of volume 6de4d2ea-4dae-42e0-87f0-c1c6e868e91c {{(pid=88796) _create_snapshot /opt/stack/cinder/cinder/volume/drivers/remotefs.py:1816}}
Aug 03 08:51:18 devstack cinder-volume[88796]: DEBUG oslo.privsep.daemon [-] privsep: reply[c0269907-5075-438b-bd70-5eff58bae816]: (4, 'qcow2') {{(pid=90223) _call_back /opt/stack/data/venv/lib/python3.12/site-packages/oslo_privsep/daemon.py:580}}
Aug 03 08:51:18 devstack cinder-volume[88796]: DEBUG oslo_concurrency.processutils [None req-410c2a9d-0b6e-4e40-aaf1-42000a0d9071 tempest-SnapshotsActionsTest-1487943296 None] Running cmd (subprocess): /opt/stack/data/venv/bin/python3.12 -m oslo_concurrency.prlimit --as=1073741824 --cpu=60 -- sudo cinder-rootwrap /etc/cinder/rootwrap.conf env LC_ALL=C qemu-img info -f qcow2 --output=json --force-share /opt/stack/data/cinder/mnt/a23e290c90b600023686e5ae6cccf002/volume-6de4d2ea-4dae-42e0-87f0-c1c6e868e91c.9ffde5b0-ccc2-4e74-a724-c815e706d3a2 {{(pid=88796) execute /opt/stack/data/venv/lib/python3.12/site-packages/oslo_concurrency/processutils.py:440}}
Aug 03 08:51:19 devstack sudo[96488]: quobyte : PWD=/ ; USER=root ; COMMAND=/opt/stack/data/venv/bin/cinder-rootwrap /etc/cinder/rootwrap.conf env LC_ALL=C qemu-img info -f qcow2 --output=json --force-share /opt/stack/data/cinder/mnt/a23e290c90b600023686e5ae6cccf002/volume-6de4d2ea-4dae-42e0-87f0-c1c6e868e91c.9ffde5b0-ccc2-4e74-a724-c815e706d3a2
Aug 03 08:51:19 devstack sudo[96488]: pam_unix(sudo:session): session opened for user root(uid=0) by (uid=1000)
Aug 03 08:51:19 devstack sudo[96488]: pam_unix(sudo:session): session closed for user root
Aug 03 08:51:19 devstack cinder-volume[88796]: DEBUG oslo_concurrency.processutils [None req-410c2a9d-0b6e-4e40-aaf1-42000a0d9071 tempest-SnapshotsActionsTest-1487943296 None] CMD "/opt/stack/data/venv/bin/python3.12 -m oslo_concurrency.prlimit --as=1073741824 --cpu=60 -- sudo cinder-rootwrap /etc/cinder/rootwrap.conf env LC_ALL=C qemu-img info -f qcow2 --output=json --force-share /opt/stack/data/cinder/mnt/a23e290c90b600023686e5ae6cccf002/volume-6de4d2ea-4dae-42e0-87f0-c1c6e868e91c.9ffde5b0-ccc2-4e74-a724-c815e706d3a2" returned: 0 in 0.496s {{(pid=88796) execute /opt/stack/data/venv/lib/python3.12/site-packages/oslo_concurrency/processutils.py:468}}
Aug 03 08:51:19 devstack cinder-volume[88796]: DEBUG cinder.volume.drivers.remotefs [None req-410c2a9d-0b6e-4e40-aaf1-42000a0d9071 tempest-SnapshotsActionsTest-1487943296 None] Fetching qemu-img info with special backing_file_template: (/opt/stack/data/cinder/mnt/[0-9a-f]+/)?(volume-6de4d2ea-4dae-42e0-87f0-c1c6e868e91c(.(tmp-snap-)?[0-9a-f-]+)?|volume_from_snapshot_cache/(tmp-snap-)?[0-9a-f-]+(.(child-|parent-)[0-9a-f-]+)?)$ {{(pid=88796) _qemu_img_info_base /opt/stack/cinder/cinder/volume/drivers/remotefs.py:896}}
Aug 03 08:51:19 devstack cinder-volume[88796]: DEBUG oslo_concurrency.processutils [None req-410c2a9d-0b6e-4e40-aaf1-42000a0d9071 tempest-SnapshotsActionsTest-1487943296 None] Running cmd (subprocess): sudo cinder-rootwrap /etc/cinder/rootwrap.conf qemu-img create -f qcow2 -o backing_file=/opt/stack/data/cinder/mnt/a23e290c90b600023686e5ae6cccf002/volume-6de4d2ea-4dae-42e0-87f0-c1c6e868e91c.9ffde5b0-ccc2-4e74-a724-c815e706d3a2,backing_fmt=qcow2 /opt/stack/data/cinder/mnt/a23e290c90b600023686e5ae6cccf002/volume-6de4d2ea-4dae-42e0-87f0-c1c6e868e91c.a5c3082f-485e-43b3-929f-1c508321e28a 1G {{(pid=88796) execute /opt/stack/data/venv/lib/python3.12/site-packages/oslo_concurrency/processutils.py:440}}
Aug 03 08:51:19 devstack sudo[96494]: quobyte : PWD=/ ; USER=root ; COMMAND=/opt/stack/data/venv/bin/cinder-rootwrap /etc/cinder/rootwrap.conf qemu-img create -f qcow2 -o backing_file=/opt/stack/data/cinder/mnt/a23e290c90b600023686e5ae6cccf002/volume-6de4d2ea-4dae-42e0-87f0-c1c6e868e91c.9ffde5b0-ccc2-4e74-a724-c815e706d3a2,backing_fmt=qcow2 /opt/stack/data/cinder/mnt/a23e290c90b600023686e5ae6cccf002/volume-6de4d2ea-4dae-42e0-87f0-c1c6e868e91c.a5c3082f-485e-43b3-929f-1c508321e28a 1G
Aug 03 08:51:19 devstack sudo[96494]: pam_unix(sudo:session): session opened for user root(uid=0) by (uid=1000)
Aug 03 08:51:20 devstack sudo[96494]: pam_unix(sudo:session): session closed for user root
Aug 03 08:51:20 devstack cinder-volume[88796]: DEBUG oslo_concurrency.processutils [None req-410c2a9d-0b6e-4e40-aaf1-42000a0d9071 tempest-SnapshotsActionsTest-1487943296 None] CMD "sudo cinder-rootwrap /etc/cinder/rootwrap.conf qemu-img create -f qcow2 -o backing_file=/opt/stack/data/cinder/mnt/a23e290c90b600023686e5ae6cccf002/volume-6de4d2ea-4dae-42e0-87f0-c1c6e868e91c.9ffde5b0-ccc2-4e74-a724-c815e706d3a2,backing_fmt=qcow2 /opt/stack/data/cinder/mnt/a23e290c90b600023686e5ae6cccf002/volume-6de4d2ea-4dae-42e0-87f0-c1c6e868e91c.a5c3082f-485e-43b3-929f-1c508321e28a 1G" returned: 0 in 0.569s {{(pid=88796) execute /opt/stack/data/venv/lib/python3.12/site-packages/oslo_concurrency/processutils.py:468}}
Aug 03 08:51:20 devstack cinder-volume[88796]: DEBUG oslo_concurrency.processutils [None req-410c2a9d-0b6e-4e40-aaf1-42000a0d9071 tempest-SnapshotsActionsTest-1487943296 None] Running cmd (subprocess): sudo cinder-rootwrap /etc/cinder/rootwrap.conf qemu-img rebase -u -b volume-6de4d2ea-4dae-42e0-87f0-c1c6e868e91c.9ffde5b0-ccc2-4e74-a724-c815e706d3a2 -F qcow2 /opt/stack/data/cinder/mnt/a23e290c90b600023686e5ae6cccf002/volume-6de4d2ea-4dae-42e0-87f0-c1c6e868e91c.a5c3082f-485e-43b3-929f-1c508321e28a {{(pid=88796) execute /opt/stack/data/venv/lib/python3.12/site-packages/oslo_concurrency/processutils.py:440}}
Aug 03 08:51:20 devstack sudo[96500]: quobyte : PWD=/ ; USER=root ; COMMAND=/opt/stack/data/venv/bin/cinder-rootwrap /etc/cinder/rootwrap.conf qemu-img rebase -u -b volume-6de4d2ea-4dae-42e0-87f0-c1c6e868e91c.9ffde5b0-ccc2-4e74-a724-c815e706d3a2 -F qcow2 /opt/stack/data/cinder/mnt/a23e290c90b600023686e5ae6cccf002/volume-6de4d2ea-4dae-42e0-87f0-c1c6e868e91c.a5c3082f-485e-43b3-929f-1c508321e28a
Aug 03 08:51:20 devstack sudo[96500]: pam_unix(sudo:session): session opened for user root(uid=0) by (uid=1000)
Aug 03 08:51:20 devstack sudo[96500]: pam_unix(sudo:session): session closed for user root
Aug 03 08:51:20 devstack cinder-volume[88796]: DEBUG oslo_concurrency.processutils [None req-410c2a9d-0b6e-4e40-aaf1-42000a0d9071 tempest-SnapshotsActionsTest-1487943296 None] CMD "sudo cinder-rootwrap /etc/cinder/rootwrap.conf qemu-img rebase -u -b volume-6de4d2ea-4dae-42e0-87f0-c1c6e868e91c.9ffde5b0-ccc2-4e74-a724-c815e706d3a2 -F qcow2 /opt/stack/data/cinder/mnt/a23e290c90b600023686e5ae6cccf002/volume-6de4d2ea-4dae-42e0-87f0-c1c6e868e91c.a5c3082f-485e-43b3-929f-1c508321e28a" returned: 0 in 0.363s {{(pid=88796) execute /opt/stack/data/venv/lib/python3.12/site-packages/oslo_concurrency/processutils.py:468}}
Aug 03 08:51:20 devstack cinder-volume[88796]: WARNING cinder.volume.drivers.remotefs [None req-410c2a9d-0b6e-4e40-aaf1-42000a0d9071 tempest-SnapshotsActionsTest-1487943296 None] /opt/stack/data/cinder/mnt/a23e290c90b600023686e5ae6cccf002/volume-6de4d2ea-4dae-42e0-87f0-c1c6e868e91c.a5c3082f-485e-43b3-929f-1c508321e28a is being set with open permissions: ugo+rw
Aug 03 08:51:20 devstack cinder-volume[88796]: DEBUG oslo_concurrency.processutils [None req-410c2a9d-0b6e-4e40-aaf1-42000a0d9071 tempest-SnapshotsActionsTest-1487943296 None] Running cmd (subprocess): sudo cinder-rootwrap /etc/cinder/rootwrap.conf chmod ugo+rw /opt/stack/data/cinder/mnt/a23e290c90b600023686e5ae6cccf002/volume-6de4d2ea-4dae-42e0-87f0-c1c6e868e91c.a5c3082f-485e-43b3-929f-1c508321e28a {{(pid=88796) execute /opt/stack/data/venv/lib/python3.12/site-packages/oslo_concurrency/processutils.py:440}}
Aug 03 08:51:20 devstack sudo[96506]: quobyte : PWD=/ ; USER=root ; COMMAND=/opt/stack/data/venv/bin/cinder-rootwrap /etc/cinder/rootwrap.conf chmod ugo+rw /opt/stack/data/cinder/mnt/a23e290c90b600023686e5ae6cccf002/volume-6de4d2ea-4dae-42e0-87f0-c1c6e868e91c.a5c3082f-485e-43b3-929f-1c508321e28a
Aug 03 08:51:20 devstack sudo[96506]: pam_unix(sudo:session): session opened for user root(uid=0) by (uid=1000)
Aug 03 08:51:20 devstack sudo[96506]: pam_unix(sudo:session): session closed for user root
Aug 03 08:51:20 devstack cinder-volume[88796]: DEBUG oslo_concurrency.processutils [None req-410c2a9d-0b6e-4e40-aaf1-42000a0d9071 tempest-SnapshotsActionsTest-1487943296 None] CMD "sudo cinder-rootwrap /etc/cinder/rootwrap.conf chmod ugo+rw /opt/stack/data/cinder/mnt/a23e290c90b600023686e5ae6cccf002/volume-6de4d2ea-4dae-42e0-87f0-c1c6e868e91c.a5c3082f-485e-43b3-929f-1c508321e28a" returned: 0 in 0.292s {{(pid=88796) execute /opt/stack/data/venv/lib/python3.12/site-packages/oslo_concurrency/processutils.py:468}}
Aug 03 08:51:20 devstack cinder-volume[88796]: DEBUG oslo_concurrency.lockutils [None req-410c2a9d-0b6e-4e40-aaf1-42000a0d9071 tempest-SnapshotsActionsTest-1487943296 None] Lock "quobyte" "released" by "cinder.volume.drivers.quobyte.QuobyteDriver.create_snapshot" :: held 1.857s {{(pid=88796) inner /opt/stack/data/venv/lib/python3.12/site-packages/oslo_concurrency/lockutils.py:544}}
Aug 03 08:51:20 devstack cinder-volume[88796]: INFO cinder.volume.manager [None req-410c2a9d-0b6e-4e40-aaf1-42000a0d9071 tempest-SnapshotsActionsTest-1487943296 None] Create snapshot completed successfully
Aug 03 08:51:21 devstack cinder-volume[88796]: DEBUG cinder.coordination [None req-cccffa32-03b3-4bdc-87d8-0672f56bcc8b tempest-SnapshotsActionsTest-1253603779 None] Acquiring lock "cinder-a5c3082f-485e-43b3-929f-1c508321e28a-delete_snapshot" by "delete_snapshot" {{(pid=88796) __acquire /opt/stack/cinder/cinder/coordination.py:138}}
Aug 03 08:51:21 devstack cinder-volume[88796]: DEBUG cinder.coordination [None req-cccffa32-03b3-4bdc-87d8-0672f56bcc8b tempest-SnapshotsActionsTest-1253603779 None] Lock "cinder-a5c3082f-485e-43b3-929f-1c508321e28a-delete_snapshot" acquired by "delete_snapshot" :: waited 0.028s {{(pid=88796) __acquire /opt/stack/cinder/cinder/coordination.py:141}}
Aug 03 08:51:21 devstack cinder-volume[88796]: DEBUG cinder.coordination [None req-cccffa32-03b3-4bdc-87d8-0672f56bcc8b tempest-SnapshotsActionsTest-1253603779 None] Acquiring lock "cinder-quobyte-6de4d2ea-4dae-42e0-87f0-c1c6e868e91c" by "delete_snapshot" {{(pid=88796) __acquire /opt/stack/cinder/cinder/coordination.py:138}}
Aug 03 08:51:21 devstack cinder-volume[88796]: DEBUG cinder.coordination [None req-cccffa32-03b3-4bdc-87d8-0672f56bcc8b tempest-SnapshotsActionsTest-1253603779 None] Lock "cinder-quobyte-6de4d2ea-4dae-42e0-87f0-c1c6e868e91c" acquired by "delete_snapshot" :: waited 0.019s {{(pid=88796) __acquire /opt/stack/cinder/cinder/coordination.py:141}}
Aug 03 08:51:21 devstack cinder-volume[88796]: DEBUG cinder.coordination [None req-cccffa32-03b3-4bdc-87d8-0672f56bcc8b tempest-SnapshotsActionsTest-1253603779 None] Acquiring lock "cinder-quobyte-a5c3082f-485e-43b3-929f-1c508321e28a" by "_delete_snapshot" {{(pid=88796) __acquire /opt/stack/cinder/cinder/coordination.py:138}}
Aug 03 08:51:21 devstack cinder-volume[88796]: DEBUG cinder.coordination [None req-cccffa32-03b3-4bdc-87d8-0672f56bcc8b tempest-SnapshotsActionsTest-1253603779 None] Lock "cinder-quobyte-a5c3082f-485e-43b3-929f-1c508321e28a" acquired by "_delete_snapshot" :: waited 0.017s {{(pid=88796) __acquire /opt/stack/cinder/cinder/coordination.py:141}}
Aug 03 08:51:21 devstack cinder-volume[88796]: DEBUG cinder.volume.drivers.remotefs [None req-cccffa32-03b3-4bdc-87d8-0672f56bcc8b tempest-SnapshotsActionsTest-1253603779 None] Deleting offline snapshot a5c3082f-485e-43b3-929f-1c508321e28a of volume 6de4d2ea-4dae-42e0-87f0-c1c6e868e91c {{(pid=88796) _delete_snapshot /opt/stack/cinder/cinder/volume/drivers/remotefs.py:1288}}
Aug 03 08:51:21 devstack cinder-volume[88796]: DEBUG cinder.volume.drivers.remotefs [None req-cccffa32-03b3-4bdc-87d8-0672f56bcc8b tempest-SnapshotsActionsTest-1253603779 None] snapshot_file for this snap is: volume-6de4d2ea-4dae-42e0-87f0-c1c6e868e91c.a5c3082f-485e-43b3-929f-1c508321e28a {{(pid=88796) _delete_snapshot /opt/stack/cinder/cinder/volume/drivers/remotefs.py:1317}}
Aug 03 08:51:21 devstack cinder-volume[88796]: DEBUG oslo.privsep.daemon [-] privsep: reply[cc02481e-5701-44f4-af91-976a8e639a8f]: (4, 'qcow2') {{(pid=90223) _call_back /opt/stack/data/venv/lib/python3.12/site-packages/oslo_privsep/daemon.py:580}}
Aug 03 08:51:21 devstack cinder-volume[88796]: DEBUG oslo_concurrency.processutils [None req-cccffa32-03b3-4bdc-87d8-0672f56bcc8b tempest-SnapshotsActionsTest-1253603779 None] Running cmd (subprocess): /opt/stack/data/venv/bin/python3.12 -m oslo_concurrency.prlimit --as=1073741824 --cpu=60 -- sudo cinder-rootwrap /etc/cinder/rootwrap.conf env LC_ALL=C qemu-img info -f qcow2 --output=json --force-share /opt/stack/data/cinder/mnt/a23e290c90b600023686e5ae6cccf002/volume-6de4d2ea-4dae-42e0-87f0-c1c6e868e91c.a5c3082f-485e-43b3-929f-1c508321e28a {{(pid=88796) execute /opt/stack/data/venv/lib/python3.12/site-packages/oslo_concurrency/processutils.py:440}}
Aug 03 08:51:21 devstack sudo[96509]: quobyte : PWD=/ ; USER=root ; COMMAND=/opt/stack/data/venv/bin/cinder-rootwrap /etc/cinder/rootwrap.conf env LC_ALL=C qemu-img info -f qcow2 --output=json --force-share /opt/stack/data/cinder/mnt/a23e290c90b600023686e5ae6cccf002/volume-6de4d2ea-4dae-42e0-87f0-c1c6e868e91c.a5c3082f-485e-43b3-929f-1c508321e28a
Aug 03 08:51:21 devstack sudo[96509]: pam_unix(sudo:session): session opened for user root(uid=0) by (uid=1000)
Aug 03 08:51:21 devstack sudo[96509]: pam_unix(sudo:session): session closed for user root
Aug 03 08:51:21 devstack cinder-volume[88796]: DEBUG oslo_concurrency.processutils [None req-cccffa32-03b3-4bdc-87d8-0672f56bcc8b tempest-SnapshotsActionsTest-1253603779 None] CMD "/opt/stack/data/venv/bin/python3.12 -m oslo_concurrency.prlimit --as=1073741824 --cpu=60 -- sudo cinder-rootwrap /etc/cinder/rootwrap.conf env LC_ALL=C qemu-img info -f qcow2 --output=json --force-share /opt/stack/data/cinder/mnt/a23e290c90b600023686e5ae6cccf002/volume-6de4d2ea-4dae-42e0-87f0-c1c6e868e91c.a5c3082f-485e-43b3-929f-1c508321e28a" returned: 0 in 0.431s {{(pid=88796) execute /opt/stack/data/venv/lib/python3.12/site-packages/oslo_concurrency/processutils.py:468}}
Aug 03 08:51:21 devstack cinder-volume[88796]: DEBUG cinder.volume.drivers.remotefs [None req-cccffa32-03b3-4bdc-87d8-0672f56bcc8b tempest-SnapshotsActionsTest-1253603779 None] Fetching qemu-img info with special backing_file_template: (/opt/stack/data/cinder/mnt/[0-9a-f]+/)?(volume-6de4d2ea-4dae-42e0-87f0-c1c6e868e91c(.(tmp-snap-)?[0-9a-f-]+)?|volume_from_snapshot_cache/(tmp-snap-)?[0-9a-f-]+(.(child-|parent-)[0-9a-f-]+)?)$ {{(pid=88796) _qemu_img_info_base /opt/stack/cinder/cinder/volume/drivers/remotefs.py:896}}
Aug 03 08:51:21 devstack cinder-volume[88796]: DEBUG oslo.privsep.daemon [-] privsep: reply[8eb885e3-09af-43ad-9224-de13c6f1e3ff]: (4, 'qcow2') {{(pid=90223) _call_back /opt/stack/data/venv/lib/python3.12/site-packages/oslo_privsep/daemon.py:580}}
Aug 03 08:51:21 devstack cinder-volume[88796]: DEBUG oslo_concurrency.processutils [None req-cccffa32-03b3-4bdc-87d8-0672f56bcc8b tempest-SnapshotsActionsTest-1253603779 None] Running cmd (subprocess): /opt/stack/data/venv/bin/python3.12 -m oslo_concurrency.prlimit --as=1073741824 --cpu=60 -- sudo cinder-rootwrap /etc/cinder/rootwrap.conf env LC_ALL=C qemu-img info -f qcow2 --output=json --force-share /opt/stack/data/cinder/mnt/a23e290c90b600023686e5ae6cccf002/volume-6de4d2ea-4dae-42e0-87f0-c1c6e868e91c.9ffde5b0-ccc2-4e74-a724-c815e706d3a2 {{(pid=88796) execute /opt/stack/data/venv/lib/python3.12/site-packages/oslo_concurrency/processutils.py:440}}
Aug 03 08:51:21 devstack sudo[96514]: quobyte : PWD=/ ; USER=root ; COMMAND=/opt/stack/data/venv/bin/cinder-rootwrap /etc/cinder/rootwrap.conf env LC_ALL=C qemu-img info -f qcow2 --output=json --force-share /opt/stack/data/cinder/mnt/a23e290c90b600023686e5ae6cccf002/volume-6de4d2ea-4dae-42e0-87f0-c1c6e868e91c.9ffde5b0-ccc2-4e74-a724-c815e706d3a2
Aug 03 08:51:21 devstack sudo[96514]: pam_unix(sudo:session): session opened for user root(uid=0) by (uid=1000)
Aug 03 08:51:22 devstack sudo[96514]: pam_unix(sudo:session): session closed for user root
Aug 03 08:51:22 devstack cinder-volume[88796]: DEBUG oslo_concurrency.processutils [None req-cccffa32-03b3-4bdc-87d8-0672f56bcc8b tempest-SnapshotsActionsTest-1253603779 None] CMD "/opt/stack/data/venv/bin/python3.12 -m oslo_concurrency.prlimit --as=1073741824 --cpu=60 -- sudo cinder-rootwrap /etc/cinder/rootwrap.conf env LC_ALL=C qemu-img info -f qcow2 --output=json --force-share /opt/stack/data/cinder/mnt/a23e290c90b600023686e5ae6cccf002/volume-6de4d2ea-4dae-42e0-87f0-c1c6e868e91c.9ffde5b0-ccc2-4e74-a724-c815e706d3a2" returned: 0 in 0.445s {{(pid=88796) execute /opt/stack/data/venv/lib/python3.12/site-packages/oslo_concurrency/processutils.py:468}}
Aug 03 08:51:22 devstack cinder-volume[88796]: DEBUG cinder.volume.drivers.remotefs [None req-cccffa32-03b3-4bdc-87d8-0672f56bcc8b tempest-SnapshotsActionsTest-1253603779 None] Fetching qemu-img info with special backing_file_template: (/opt/stack/data/cinder/mnt/[0-9a-f]+/)?(volume-6de4d2ea-4dae-42e0-87f0-c1c6e868e91c(.(tmp-snap-)?[0-9a-f-]+)?|volume_from_snapshot_cache/(tmp-snap-)?[0-9a-f-]+(.(child-|parent-)[0-9a-f-]+)?)$ {{(pid=88796) _qemu_img_info_base /opt/stack/cinder/cinder/volume/drivers/remotefs.py:896}}
Aug 03 08:51:22 devstack cinder-volume[88796]: DEBUG oslo_concurrency.processutils [None req-cccffa32-03b3-4bdc-87d8-0672f56bcc8b tempest-SnapshotsActionsTest-1253603779 None] Running cmd (subprocess): sudo cinder-rootwrap /etc/cinder/rootwrap.conf qemu-img commit -d /opt/stack/data/cinder/mnt/a23e290c90b600023686e5ae6cccf002/volume-6de4d2ea-4dae-42e0-87f0-c1c6e868e91c.a5c3082f-485e-43b3-929f-1c508321e28a {{(pid=88796) execute /opt/stack/data/venv/lib/python3.12/site-packages/oslo_concurrency/processutils.py:440}}
Aug 03 08:51:22 devstack sudo[96519]: quobyte : PWD=/ ; USER=root ; COMMAND=/opt/stack/data/venv/bin/cinder-rootwrap /etc/cinder/rootwrap.conf qemu-img commit -d /opt/stack/data/cinder/mnt/a23e290c90b600023686e5ae6cccf002/volume-6de4d2ea-4dae-42e0-87f0-c1c6e868e91c.a5c3082f-485e-43b3-929f-1c508321e28a
Aug 03 08:51:22 devstack sudo[96519]: pam_unix(sudo:session): session opened for user root(uid=0) by (uid=1000)
Aug 03 08:51:22 devstack sudo[96519]: pam_unix(sudo:session): session closed for user root
Aug 03 08:51:22 devstack cinder-volume[88796]: DEBUG oslo_concurrency.processutils [None req-cccffa32-03b3-4bdc-87d8-0672f56bcc8b tempest-SnapshotsActionsTest-1253603779 None] CMD "sudo cinder-rootwrap /etc/cinder/rootwrap.conf qemu-img commit -d /opt/stack/data/cinder/mnt/a23e290c90b600023686e5ae6cccf002/volume-6de4d2ea-4dae-42e0-87f0-c1c6e868e91c.a5c3082f-485e-43b3-929f-1c508321e28a" returned: 0 in 0.517s {{(pid=88796) execute /opt/stack/data/venv/lib/python3.12/site-packages/oslo_concurrency/processutils.py:468}}
Aug 03 08:51:22 devstack cinder-volume[88796]: DEBUG oslo_concurrency.processutils [None req-cccffa32-03b3-4bdc-87d8-0672f56bcc8b tempest-SnapshotsActionsTest-1253603779 None] Running cmd (subprocess): sudo cinder-rootwrap /etc/cinder/rootwrap.conf rm -f /opt/stack/data/cinder/mnt/a23e290c90b600023686e5ae6cccf002/volume-6de4d2ea-4dae-42e0-87f0-c1c6e868e91c.a5c3082f-485e-43b3-929f-1c508321e28a {{(pid=88796) execute /opt/stack/data/venv/lib/python3.12/site-packages/oslo_concurrency/processutils.py:440}}
Aug 03 08:51:22 devstack sudo[96525]: quobyte : PWD=/ ; USER=root ; COMMAND=/opt/stack/data/venv/bin/cinder-rootwrap /etc/cinder/rootwrap.conf rm -f /opt/stack/data/cinder/mnt/a23e290c90b600023686e5ae6cccf002/volume-6de4d2ea-4dae-42e0-87f0-c1c6e868e91c.a5c3082f-485e-43b3-929f-1c508321e28a
Aug 03 08:51:22 devstack sudo[96525]: pam_unix(sudo:session): session opened for user root(uid=0) by (uid=1000)
Aug 03 08:51:23 devstack sudo[96525]: pam_unix(sudo:session): session closed for user root
Aug 03 08:51:23 devstack cinder-volume[88796]: DEBUG oslo_concurrency.processutils [None req-cccffa32-03b3-4bdc-87d8-0672f56bcc8b tempest-SnapshotsActionsTest-1253603779 None] CMD "sudo cinder-rootwrap /etc/cinder/rootwrap.conf rm -f /opt/stack/data/cinder/mnt/a23e290c90b600023686e5ae6cccf002/volume-6de4d2ea-4dae-42e0-87f0-c1c6e868e91c.a5c3082f-485e-43b3-929f-1c508321e28a" returned: 0 in 0.495s {{(pid=88796) execute /opt/stack/data/venv/lib/python3.12/site-packages/oslo_concurrency/processutils.py:468}}
Aug 03 08:51:23 devstack cinder-volume[88796]: DEBUG cinder.coordination [None req-cccffa32-03b3-4bdc-87d8-0672f56bcc8b tempest-SnapshotsActionsTest-1253603779 None] Lock "cinder-quobyte-a5c3082f-485e-43b3-929f-1c508321e28a" released by "_delete_snapshot" :: held 2.042s {{(pid=88796) __release /opt/stack/cinder/cinder/coordination.py:152}}
Aug 03 08:51:23 devstack cinder-volume[88796]: DEBUG cinder.coordination [None req-cccffa32-03b3-4bdc-87d8-0672f56bcc8b tempest-SnapshotsActionsTest-1253603779 None] Lock "cinder-quobyte-6de4d2ea-4dae-42e0-87f0-c1c6e868e91c" released by "delete_snapshot" :: held 2.072s {{(pid=88796) __release /opt/stack/cinder/cinder/coordination.py:152}}
Aug 03 08:51:23 devstack cinder-volume[88796]: DEBUG cinder.quota [None req-cccffa32-03b3-4bdc-87d8-0672f56bcc8b tempest-SnapshotsActionsTest-1253603779 None] Created reservations ['1517266b-7eb0-46b4-a5ec-aae87cbec0b2', 'b4f12d3e-6fdc-43ec-bad1-2875860b2d5c', 'fc71110d-7feb-4ee9-b831-72d45b297e93', '9455720f-cf58-4ef3-ae80-b116aaf95461'] {{(pid=88796) reserve /opt/stack/cinder/cinder/quota.py:752}}
Aug 03 08:51:23 devstack cinder-volume[88796]: INFO cinder.volume.manager [None req-cccffa32-03b3-4bdc-87d8-0672f56bcc8b tempest-SnapshotsActionsTest-1253603779 None] Delete snapshot completed successfully.
Aug 03 08:51:23 devstack cinder-volume[88796]: DEBUG cinder.coordination [None req-cccffa32-03b3-4bdc-87d8-0672f56bcc8b tempest-SnapshotsActionsTest-1253603779 None] Lock "cinder-a5c3082f-485e-43b3-929f-1c508321e28a-delete_snapshot" released by "delete_snapshot" :: held 2.304s {{(pid=88796) __release /opt/stack/cinder/cinder/coordination.py:152}}
Aug 03 08:51:24 devstack cinder-volume[88796]: DEBUG oslo_concurrency.lockutils [None req-e198df80-21a5-44e0-a348-f261c65d5923 tempest-SnapshotsActionsTest-1487943296 None] Acquiring lock "quobyte" by "cinder.volume.drivers.quobyte.QuobyteDriver.create_snapshot" {{(pid=88796) inner /opt/stack/data/venv/lib/python3.12/site-packages/oslo_concurrency/lockutils.py:512}}
Aug 03 08:51:24 devstack cinder-volume[88796]: DEBUG oslo_concurrency.lockutils [None req-e198df80-21a5-44e0-a348-f261c65d5923 tempest-SnapshotsActionsTest-1487943296 None] Lock "quobyte" acquired by "cinder.volume.drivers.quobyte.QuobyteDriver.create_snapshot" :: waited 0.001s {{(pid=88796) inner /opt/stack/data/venv/lib/python3.12/site-packages/oslo_concurrency/lockutils.py:525}}
Aug 03 08:51:24 devstack cinder-volume[88796]: DEBUG cinder.volume.drivers.remotefs [None req-e198df80-21a5-44e0-a348-f261c65d5923 tempest-SnapshotsActionsTest-1487943296 None] Creating offline snapshot 46d648e6-1c39-4fca-b2a4-0831915531ab of volume 6de4d2ea-4dae-42e0-87f0-c1c6e868e91c {{(pid=88796) _create_snapshot /opt/stack/cinder/cinder/volume/drivers/remotefs.py:1816}}
Aug 03 08:51:25 devstack cinder-volume[88796]: DEBUG oslo.privsep.daemon [-] privsep: reply[352bd27f-8db0-4025-895f-50ff4fee0eca]: (4, 'qcow2') {{(pid=90223) _call_back /opt/stack/data/venv/lib/python3.12/site-packages/oslo_privsep/daemon.py:580}}
Aug 03 08:51:25 devstack cinder-volume[88796]: DEBUG oslo_concurrency.processutils [None req-e198df80-21a5-44e0-a348-f261c65d5923 tempest-SnapshotsActionsTest-1487943296 None] Running cmd (subprocess): /opt/stack/data/venv/bin/python3.12 -m oslo_concurrency.prlimit --as=1073741824 --cpu=60 -- sudo cinder-rootwrap /etc/cinder/rootwrap.conf env LC_ALL=C qemu-img info -f qcow2 --output=json --force-share /opt/stack/data/cinder/mnt/a23e290c90b600023686e5ae6cccf002/volume-6de4d2ea-4dae-42e0-87f0-c1c6e868e91c.9ffde5b0-ccc2-4e74-a724-c815e706d3a2 {{(pid=88796) execute /opt/stack/data/venv/lib/python3.12/site-packages/oslo_concurrency/processutils.py:440}}
Aug 03 08:51:25 devstack sudo[96529]: quobyte : PWD=/ ; USER=root ; COMMAND=/opt/stack/data/venv/bin/cinder-rootwrap /etc/cinder/rootwrap.conf env LC_ALL=C qemu-img info -f qcow2 --output=json --force-share /opt/stack/data/cinder/mnt/a23e290c90b600023686e5ae6cccf002/volume-6de4d2ea-4dae-42e0-87f0-c1c6e868e91c.9ffde5b0-ccc2-4e74-a724-c815e706d3a2
Aug 03 08:51:25 devstack sudo[96529]: pam_unix(sudo:session): session opened for user root(uid=0) by (uid=1000)
Aug 03 08:51:25 devstack sudo[96529]: pam_unix(sudo:session): session closed for user root
Aug 03 08:51:25 devstack cinder-volume[88796]: DEBUG oslo_concurrency.processutils [None req-e198df80-21a5-44e0-a348-f261c65d5923 tempest-SnapshotsActionsTest-1487943296 None] CMD "/opt/stack/data/venv/bin/python3.12 -m oslo_concurrency.prlimit --as=1073741824 --cpu=60 -- sudo cinder-rootwrap /etc/cinder/rootwrap.conf env LC_ALL=C qemu-img info -f qcow2 --output=json --force-share /opt/stack/data/cinder/mnt/a23e290c90b600023686e5ae6cccf002/volume-6de4d2ea-4dae-42e0-87f0-c1c6e868e91c.9ffde5b0-ccc2-4e74-a724-c815e706d3a2" returned: 0 in 0.445s {{(pid=88796) execute /opt/stack/data/venv/lib/python3.12/site-packages/oslo_concurrency/processutils.py:468}}
Aug 03 08:51:25 devstack cinder-volume[88796]: DEBUG cinder.volume.drivers.remotefs [None req-e198df80-21a5-44e0-a348-f261c65d5923 tempest-SnapshotsActionsTest-1487943296 None] Fetching qemu-img info with special backing_file_template: (/opt/stack/data/cinder/mnt/[0-9a-f]+/)?(volume-6de4d2ea-4dae-42e0-87f0-c1c6e868e91c(.(tmp-snap-)?[0-9a-f-]+)?|volume_from_snapshot_cache/(tmp-snap-)?[0-9a-f-]+(.(child-|parent-)[0-9a-f-]+)?)$ {{(pid=88796) _qemu_img_info_base /opt/stack/cinder/cinder/volume/drivers/remotefs.py:896}}
Aug 03 08:51:25 devstack cinder-volume[88796]: DEBUG oslo_concurrency.processutils [None req-e198df80-21a5-44e0-a348-f261c65d5923 tempest-SnapshotsActionsTest-1487943296 None] Running cmd (subprocess): sudo cinder-rootwrap /etc/cinder/rootwrap.conf qemu-img create -f qcow2 -o backing_file=/opt/stack/data/cinder/mnt/a23e290c90b600023686e5ae6cccf002/volume-6de4d2ea-4dae-42e0-87f0-c1c6e868e91c.9ffde5b0-ccc2-4e74-a724-c815e706d3a2,backing_fmt=qcow2 /opt/stack/data/cinder/mnt/a23e290c90b600023686e5ae6cccf002/volume-6de4d2ea-4dae-42e0-87f0-c1c6e868e91c.46d648e6-1c39-4fca-b2a4-0831915531ab 1G {{(pid=88796) execute /opt/stack/data/venv/lib/python3.12/site-packages/oslo_concurrency/processutils.py:440}}
Aug 03 08:51:25 devstack sudo[96534]: quobyte : PWD=/ ; USER=root ; COMMAND=/opt/stack/data/venv/bin/cinder-rootwrap /etc/cinder/rootwrap.conf qemu-img create -f qcow2 -o backing_file=/opt/stack/data/cinder/mnt/a23e290c90b600023686e5ae6cccf002/volume-6de4d2ea-4dae-42e0-87f0-c1c6e868e91c.9ffde5b0-ccc2-4e74-a724-c815e706d3a2,backing_fmt=qcow2 /opt/stack/data/cinder/mnt/a23e290c90b600023686e5ae6cccf002/volume-6de4d2ea-4dae-42e0-87f0-c1c6e868e91c.46d648e6-1c39-4fca-b2a4-0831915531ab 1G
Aug 03 08:51:25 devstack sudo[96534]: pam_unix(sudo:session): session opened for user root(uid=0) by (uid=1000)
Aug 03 08:51:26 devstack sudo[96534]: pam_unix(sudo:session): session closed for user root
Aug 03 08:51:26 devstack cinder-volume[88796]: DEBUG oslo_concurrency.processutils [None req-e198df80-21a5-44e0-a348-f261c65d5923 tempest-SnapshotsActionsTest-1487943296 None] CMD "sudo cinder-rootwrap /etc/cinder/rootwrap.conf qemu-img create -f qcow2 -o backing_file=/opt/stack/data/cinder/mnt/a23e290c90b600023686e5ae6cccf002/volume-6de4d2ea-4dae-42e0-87f0-c1c6e868e91c.9ffde5b0-ccc2-4e74-a724-c815e706d3a2,backing_fmt=qcow2 /opt/stack/data/cinder/mnt/a23e290c90b600023686e5ae6cccf002/volume-6de4d2ea-4dae-42e0-87f0-c1c6e868e91c.46d648e6-1c39-4fca-b2a4-0831915531ab 1G" returned: 0 in 0.720s {{(pid=88796) execute /opt/stack/data/venv/lib/python3.12/site-packages/oslo_concurrency/processutils.py:468}}
Aug 03 08:51:26 devstack cinder-volume[88796]: DEBUG oslo_concurrency.processutils [None req-e198df80-21a5-44e0-a348-f261c65d5923 tempest-SnapshotsActionsTest-1487943296 None] Running cmd (subprocess): sudo cinder-rootwrap /etc/cinder/rootwrap.conf qemu-img rebase -u -b volume-6de4d2ea-4dae-42e0-87f0-c1c6e868e91c.9ffde5b0-ccc2-4e74-a724-c815e706d3a2 -F qcow2 /opt/stack/data/cinder/mnt/a23e290c90b600023686e5ae6cccf002/volume-6de4d2ea-4dae-42e0-87f0-c1c6e868e91c.46d648e6-1c39-4fca-b2a4-0831915531ab {{(pid=88796) execute /opt/stack/data/venv/lib/python3.12/site-packages/oslo_concurrency/processutils.py:440}}
Aug 03 08:51:26 devstack sudo[96540]: quobyte : PWD=/ ; USER=root ; COMMAND=/opt/stack/data/venv/bin/cinder-rootwrap /etc/cinder/rootwrap.conf qemu-img rebase -u -b volume-6de4d2ea-4dae-42e0-87f0-c1c6e868e91c.9ffde5b0-ccc2-4e74-a724-c815e706d3a2 -F qcow2 /opt/stack/data/cinder/mnt/a23e290c90b600023686e5ae6cccf002/volume-6de4d2ea-4dae-42e0-87f0-c1c6e868e91c.46d648e6-1c39-4fca-b2a4-0831915531ab
Aug 03 08:51:26 devstack sudo[96540]: pam_unix(sudo:session): session opened for user root(uid=0) by (uid=1000)
Aug 03 08:51:26 devstack sudo[96540]: pam_unix(sudo:session): session closed for user root
Aug 03 08:51:26 devstack cinder-volume[88796]: DEBUG oslo_concurrency.processutils [None req-e198df80-21a5-44e0-a348-f261c65d5923 tempest-SnapshotsActionsTest-1487943296 None] CMD "sudo cinder-rootwrap /etc/cinder/rootwrap.conf qemu-img rebase -u -b volume-6de4d2ea-4dae-42e0-87f0-c1c6e868e91c.9ffde5b0-ccc2-4e74-a724-c815e706d3a2 -F qcow2 /opt/stack/data/cinder/mnt/a23e290c90b600023686e5ae6cccf002/volume-6de4d2ea-4dae-42e0-87f0-c1c6e868e91c.46d648e6-1c39-4fca-b2a4-0831915531ab" returned: 0 in 0.396s {{(pid=88796) execute /opt/stack/data/venv/lib/python3.12/site-packages/oslo_concurrency/processutils.py:468}}
Aug 03 08:51:26 devstack cinder-volume[88796]: WARNING cinder.volume.drivers.remotefs [None req-e198df80-21a5-44e0-a348-f261c65d5923 tempest-SnapshotsActionsTest-1487943296 None] /opt/stack/data/cinder/mnt/a23e290c90b600023686e5ae6cccf002/volume-6de4d2ea-4dae-42e0-87f0-c1c6e868e91c.46d648e6-1c39-4fca-b2a4-0831915531ab is being set with open permissions: ugo+rw
Aug 03 08:51:26 devstack cinder-volume[88796]: DEBUG oslo_concurrency.processutils [None req-e198df80-21a5-44e0-a348-f261c65d5923 tempest-SnapshotsActionsTest-1487943296 None] Running cmd (subprocess): sudo cinder-rootwrap /etc/cinder/rootwrap.conf chmod ugo+rw /opt/stack/data/cinder/mnt/a23e290c90b600023686e5ae6cccf002/volume-6de4d2ea-4dae-42e0-87f0-c1c6e868e91c.46d648e6-1c39-4fca-b2a4-0831915531ab {{(pid=88796) execute /opt/stack/data/venv/lib/python3.12/site-packages/oslo_concurrency/processutils.py:440}}
Aug 03 08:51:26 devstack sudo[96546]: quobyte : PWD=/ ; USER=root ; COMMAND=/opt/stack/data/venv/bin/cinder-rootwrap /etc/cinder/rootwrap.conf chmod ugo+rw /opt/stack/data/cinder/mnt/a23e290c90b600023686e5ae6cccf002/volume-6de4d2ea-4dae-42e0-87f0-c1c6e868e91c.46d648e6-1c39-4fca-b2a4-0831915531ab
Aug 03 08:51:26 devstack sudo[96546]: pam_unix(sudo:session): session opened for user root(uid=0) by (uid=1000)
Aug 03 08:51:26 devstack sudo[96546]: pam_unix(sudo:session): session closed for user root
Aug 03 08:51:26 devstack cinder-volume[88796]: DEBUG oslo_concurrency.processutils [None req-e198df80-21a5-44e0-a348-f261c65d5923 tempest-SnapshotsActionsTest-1487943296 None] CMD "sudo cinder-rootwrap /etc/cinder/rootwrap.conf chmod ugo+rw /opt/stack/data/cinder/mnt/a23e290c90b600023686e5ae6cccf002/volume-6de4d2ea-4dae-42e0-87f0-c1c6e868e91c.46d648e6-1c39-4fca-b2a4-0831915531ab" returned: 0 in 0.332s {{(pid=88796) execute /opt/stack/data/venv/lib/python3.12/site-packages/oslo_concurrency/processutils.py:468}}
Aug 03 08:51:26 devstack cinder-volume[88796]: DEBUG oslo_concurrency.lockutils [None req-e198df80-21a5-44e0-a348-f261c65d5923 tempest-SnapshotsActionsTest-1487943296 None] Lock "quobyte" "released" by "cinder.volume.drivers.quobyte.QuobyteDriver.create_snapshot" :: held 2.041s {{(pid=88796) inner /opt/stack/data/venv/lib/python3.12/site-packages/oslo_concurrency/lockutils.py:544}}
Aug 03 08:51:27 devstack cinder-volume[88796]: INFO cinder.volume.manager [None req-e198df80-21a5-44e0-a348-f261c65d5923 tempest-SnapshotsActionsTest-1487943296 None] Create snapshot completed successfully
Aug 03 08:51:27 devstack cinder-volume[88796]: DEBUG cinder.volume.flows.manager.create_volume [None req-6b3db621-6dff-4f94-8a1d-8288617c7b71 tempest-VolumesTestJSON-478024141 None] Volume reschedule parameters: True retry: {'num_attempts': 1, 'backends': ['devstack@QuobyteHD#QuobyteHD'], 'hosts': ['devstack@QuobyteHD#QuobyteHD']} {{(pid=88796) get_flow /opt/stack/cinder/cinder/volume/flows/manager/create_volume.py:1397}}
Aug 03 08:51:27 devstack cinder-volume[88796]: DEBUG cinder.volume.manager [None req-6b3db621-6dff-4f94-8a1d-8288617c7b71 tempest-VolumesTestJSON-478024141 None] Flow 'volume_create_manager' (d80272b2-c69b-4c8c-94ce-fab801496faa) transitioned into state 'RUNNING' from state 'PENDING' {{(pid=88796) _flow_receiver /opt/stack/data/venv/lib/python3.12/site-packages/taskflow/listeners/logging.py:160}}
