Jul 20 16:43:36 devstack devstack@n-api.service[61968]: DEBUG nova.policy [None req-030c2c1b-fc05-4490-9649-71c58f702383 tempest-ServerRescueNegativeTestJSON-1417844497 tempest-ServerRescueNegativeTestJSON-1417844497-project-member] Policy check for os_compute_api:os-extended-server-attributes failed with credentials {'is_admin': False, 'user_id': '8539ac94f8874b1f9a7c1b1d29548160', 'user_domain_id': 'default', 'system_scope': None, 'domain_id': None, 'project_id': 'd9c8909beb824df68427acbdae0386cd', 'project_domain_id': 'default', 'roles': ['member', 'reader'], 'is_admin_project': True, 'service_user_id': None, 'service_user_domain_id': None, 'service_project_id': None, 'service_project_domain_id': None, 'service_roles': []} {{(pid=61968) authorize /opt/stack/nova/nova/policy.py:192}}
Jul 20 16:43:36 devstack devstack@n-api.service[61968]: INFO nova.api.openstack.requestlog [None req-030c2c1b-fc05-4490-9649-71c58f702383 tempest-ServerRescueNegativeTestJSON-1417844497 tempest-ServerRescueNegativeTestJSON-1417844497-project-member] 192.168.122.72 "GET /compute/v2.1/servers/500c4add-b92e-4fbe-a995-acd79c902331" status: 200 len: 1235 microversion: 2.1 time: 1.271516
Jul 20 16:43:36 devstack devstack@n-api.service[61968]: [pid: 61968|app: 0|req: 152/304] 192.168.122.72 () {58 vars in 1233 bytes} [Mon Jul 20 16:43:34 2026] GET /compute/v2.1/servers/500c4add-b92e-4fbe-a995-acd79c902331 => generated 1235 bytes in 1276 msecs (HTTP/1.1 200) 9 headers in 358 bytes (1 switches on core 0)
Jul 20 16:43:36 devstack devstack@n-api.service[61968]: DEBUG nova.api.openstack.wsgi [None req-c7bf2607-6aad-4dd3-84cd-5cdce413f91d tempest-ServerActionsTestOtherA-1063072476 tempest-ServerActionsTestOtherA-1063072476-project-member] Calling method '>' {{(pid=61968) _process_stack /opt/stack/nova/nova/api/openstack/wsgi.py:551}}
Jul 20 16:43:36 devstack devstack@n-api.service[61968]: DEBUG nova.compute.api [None req-c7bf2607-6aad-4dd3-84cd-5cdce413f91d tempest-ServerActionsTestOtherA-1063072476 tempest-ServerActionsTestOtherA-1063072476-project-member] [instance: ce77c35b-0121-4fe9-8e07-fd010eb5311c] Fetching instance by UUID {{(pid=61968) get /opt/stack/nova/nova/compute/api.py:3068}}
Jul 20 16:43:36 devstack devstack@n-api.service[61968]: DEBUG oslo_concurrency.lockutils [None req-c7bf2607-6aad-4dd3-84cd-5cdce413f91d tempest-ServerActionsTestOtherA-1063072476 tempest-ServerActionsTestOtherA-1063072476-project-member] Acquiring lock "e4b1418c-3843-4b32-b8c0-469776ed1521" by "nova.context.set_target_cell..get_or_set_cached_cell_and_set_connections" {{(pid=61968) inner /opt/stack/data/venv/lib/python3.12/site-packages/oslo_concurrency/lockutils.py:512}}
Jul 20 16:43:36 devstack devstack@n-api.service[61968]: DEBUG oslo_concurrency.lockutils [None req-c7bf2607-6aad-4dd3-84cd-5cdce413f91d tempest-ServerActionsTestOtherA-1063072476 tempest-ServerActionsTestOtherA-1063072476-project-member] Lock "e4b1418c-3843-4b32-b8c0-469776ed1521" acquired by "nova.context.set_target_cell..get_or_set_cached_cell_and_set_connections" :: waited 0.001s {{(pid=61968) inner /opt/stack/data/venv/lib/python3.12/site-packages/oslo_concurrency/lockutils.py:525}}
Jul 20 16:43:36 devstack devstack@n-api.service[61968]: DEBUG oslo_concurrency.lockutils [None req-c7bf2607-6aad-4dd3-84cd-5cdce413f91d tempest-ServerActionsTestOtherA-1063072476 tempest-ServerActionsTestOtherA-1063072476-project-member] Lock "e4b1418c-3843-4b32-b8c0-469776ed1521" "released" by "nova.context.set_target_cell..get_or_set_cached_cell_and_set_connections" :: held 0.001s {{(pid=61968) inner /opt/stack/data/venv/lib/python3.12/site-packages/oslo_concurrency/lockutils.py:544}}
Jul 20 16:43:36 devstack devstack@n-api.service[61968]: DEBUG oslo_concurrency.lockutils [None req-c7bf2607-6aad-4dd3-84cd-5cdce413f91d tempest-ServerActionsTestOtherA-1063072476 tempest-ServerActionsTestOtherA-1063072476-project-member] Acquiring lock "e4b1418c-3843-4b32-b8c0-469776ed1521" by "nova.context.set_target_cell..get_or_set_cached_cell_and_set_connections" {{(pid=61968) inner /opt/stack/data/venv/lib/python3.12/site-packages/oslo_concurrency/lockutils.py:512}}
Jul 20 16:43:36 devstack devstack@n-api.service[61968]: DEBUG oslo_concurrency.lockutils [None req-c7bf2607-6aad-4dd3-84cd-5cdce413f91d tempest-ServerActionsTestOtherA-1063072476 tempest-ServerActionsTestOtherA-1063072476-project-member] Lock "e4b1418c-3843-4b32-b8c0-469776ed1521" acquired by "nova.context.set_target_cell..get_or_set_cached_cell_and_set_connections" :: waited 0.001s {{(pid=61968) inner /opt/stack/data/venv/lib/python3.12/site-packages/oslo_concurrency/lockutils.py:525}}
Jul 20 16:43:36 devstack devstack@n-api.service[61968]: DEBUG oslo_concurrency.lockutils [None req-c7bf2607-6aad-4dd3-84cd-5cdce413f91d tempest-ServerActionsTestOtherA-1063072476 tempest-ServerActionsTestOtherA-1063072476-project-member] Lock "e4b1418c-3843-4b32-b8c0-469776ed1521" "released" by "nova.context.set_target_cell..get_or_set_cached_cell_and_set_connections" :: held 0.003s {{(pid=61968) inner /opt/stack/data/venv/lib/python3.12/site-packages/oslo_concurrency/lockutils.py:544}}
Jul 20 16:43:36 devstack devstack@n-api.service[61968]: WARNING neutronclient.v2_0.client [None req-c7bf2607-6aad-4dd3-84cd-5cdce413f91d tempest-ServerActionsTestOtherA-1063072476 tempest-ServerActionsTestOtherA-1063072476-project-member] The python binding code in neutronclient is deprecated in favor of OpenstackSDK, please use that as this will be removed in a future release.
Jul 20 16:43:37 devstack devstack@n-api.service[61968]: DEBUG nova.policy [None req-c7bf2607-6aad-4dd3-84cd-5cdce413f91d tempest-ServerActionsTestOtherA-1063072476 tempest-ServerActionsTestOtherA-1063072476-project-member] Policy check for os_compute_api:os-extended-server-attributes failed with credentials {'is_admin': False, 'user_id': '685ea7e7d12c44c8a912d2f2a6db9838', 'user_domain_id': 'default', 'system_scope': None, 'domain_id': None, 'project_id': '3305203a801d4f21a84978bd60cbb697', 'project_domain_id': 'default', 'roles': ['member', 'reader'], 'is_admin_project': True, 'service_user_id': None, 'service_user_domain_id': None, 'service_project_id': None, 'service_project_domain_id': None, 'service_roles': []} {{(pid=61968) authorize /opt/stack/nova/nova/policy.py:192}}
Jul 20 16:43:37 devstack devstack@n-api.service[61968]: INFO nova.api.openstack.requestlog [None req-c7bf2607-6aad-4dd3-84cd-5cdce413f91d tempest-ServerActionsTestOtherA-1063072476 tempest-ServerActionsTestOtherA-1063072476-project-member] 192.168.122.72 "GET /compute/v2.1/servers/ce77c35b-0121-4fe9-8e07-fd010eb5311c" status: 200 len: 1632 microversion: 2.1 time: 1.027395
Jul 20 16:43:37 devstack devstack@n-api.service[61968]: [pid: 61968|app: 0|req: 153/305] 192.168.122.72 () {58 vars in 1233 bytes} [Mon Jul 20 16:43:36 2026] GET /compute/v2.1/servers/ce77c35b-0121-4fe9-8e07-fd010eb5311c => generated 1632 bytes in 1030 msecs (HTTP/1.1 200) 9 headers in 358 bytes (1 switches on core 0)
Jul 20 16:43:37 devstack devstack@n-api.service[61968]: DEBUG nova.api.openstack.wsgi [req-4fda8772-2292-4da8-b01f-49beee608b08 req-cb437ed9-af24-4757-812a-012340f3ddd7 service nova] Action: 'create', calling method: >, body: {"events": [{"server_uuid": "ce77c35b-0121-4fe9-8e07-fd010eb5311c", "name": "network-vif-unplugged", "status": "completed", "tag": "6106a723-666c-4e89-8be5-bc0185497d22"}]} {{(pid=61968) _process_stack /opt/stack/nova/nova/api/openstack/wsgi.py:549}}
Jul 20 16:43:37 devstack devstack@n-api.service[61968]: DEBUG oslo_concurrency.lockutils [req-4fda8772-2292-4da8-b01f-49beee608b08 req-cb437ed9-af24-4757-812a-012340f3ddd7 service nova] Acquiring lock "e4b1418c-3843-4b32-b8c0-469776ed1521" by "nova.context.set_target_cell..get_or_set_cached_cell_and_set_connections" {{(pid=61968) inner /opt/stack/data/venv/lib/python3.12/site-packages/oslo_concurrency/lockutils.py:512}}
Jul 20 16:43:37 devstack devstack@n-api.service[61968]: DEBUG oslo_concurrency.lockutils [req-4fda8772-2292-4da8-b01f-49beee608b08 req-cb437ed9-af24-4757-812a-012340f3ddd7 service nova] Lock "e4b1418c-3843-4b32-b8c0-469776ed1521" acquired by "nova.context.set_target_cell..get_or_set_cached_cell_and_set_connections" :: waited 0.001s {{(pid=61968) inner /opt/stack/data/venv/lib/python3.12/site-packages/oslo_concurrency/lockutils.py:525}}
Jul 20 16:43:37 devstack devstack@n-api.service[61968]: DEBUG oslo_concurrency.lockutils [req-4fda8772-2292-4da8-b01f-49beee608b08 req-cb437ed9-af24-4757-812a-012340f3ddd7 service nova] Lock "e4b1418c-3843-4b32-b8c0-469776ed1521" "released" by "nova.context.set_target_cell..get_or_set_cached_cell_and_set_connections" :: held 0.000s {{(pid=61968) inner /opt/stack/data/venv/lib/python3.12/site-packages/oslo_concurrency/lockutils.py:544}}
Jul 20 16:43:37 devstack devstack@n-api.service[61968]: INFO nova.api.openstack.compute.server_external_events [req-4fda8772-2292-4da8-b01f-49beee608b08 req-cb437ed9-af24-4757-812a-012340f3ddd7 service nova] Creating event network-vif-unplugged:6106a723-666c-4e89-8be5-bc0185497d22 for instance ce77c35b-0121-4fe9-8e07-fd010eb5311c on devstack
Jul 20 16:43:37 devstack devstack@n-api.service[61968]: DEBUG nova.compute.rpcapi [req-4fda8772-2292-4da8-b01f-49beee608b08 req-cb437ed9-af24-4757-812a-012340f3ddd7 service nova] RPC: Sending the message to topic: compute-alt {{(pid=61968) prepare_for_alt_rpcserver /opt/stack/nova/nova/compute/rpcapi.py:595}}
Jul 20 16:43:37 devstack devstack@n-api.service[61968]: INFO nova.api.openstack.requestlog [req-4fda8772-2292-4da8-b01f-49beee608b08 req-cb437ed9-af24-4757-812a-012340f3ddd7 service nova] 192.168.122.72 "POST /compute/v2.1/os-server-external-events" status: 200 len: 185 microversion: 2.1 time: 0.094389
Jul 20 16:43:37 devstack devstack@n-api.service[61968]: [pid: 61968|app: 0|req: 154/306] 192.168.122.72 () {64 vars in 1316 bytes} [Mon Jul 20 16:43:37 2026] POST /compute/v2.1/os-server-external-events => generated 185 bytes in 97 msecs (HTTP/1.1 200) 9 headers in 357 bytes (1 switches on core 0)
Jul 20 16:43:37 devstack devstack@n-api.service[61968]: DEBUG nova.api.openstack.wsgi [None req-9bfe4006-9ab5-4a92-bab7-2e32d5b9a587 tempest-ServerRescueNegativeTestJSON-1417844497 tempest-ServerRescueNegativeTestJSON-1417844497-project-member] Calling method '>' {{(pid=61968) _process_stack /opt/stack/nova/nova/api/openstack/wsgi.py:551}}
Jul 20 16:43:37 devstack devstack@n-api.service[61968]: DEBUG nova.compute.api [None req-9bfe4006-9ab5-4a92-bab7-2e32d5b9a587 tempest-ServerRescueNegativeTestJSON-1417844497 tempest-ServerRescueNegativeTestJSON-1417844497-project-member] [instance: 500c4add-b92e-4fbe-a995-acd79c902331] Fetching instance by UUID {{(pid=61968) get /opt/stack/nova/nova/compute/api.py:3068}}
Jul 20 16:43:37 devstack devstack@n-api.service[61968]: DEBUG oslo_concurrency.lockutils [None req-9bfe4006-9ab5-4a92-bab7-2e32d5b9a587 tempest-ServerRescueNegativeTestJSON-1417844497 tempest-ServerRescueNegativeTestJSON-1417844497-project-member] Acquiring lock "e4b1418c-3843-4b32-b8c0-469776ed1521" by "nova.context.set_target_cell..get_or_set_cached_cell_and_set_connections" {{(pid=61968) inner /opt/stack/data/venv/lib/python3.12/site-packages/oslo_concurrency/lockutils.py:512}}
Jul 20 16:43:37 devstack devstack@n-api.service[61968]: DEBUG oslo_concurrency.lockutils [None req-9bfe4006-9ab5-4a92-bab7-2e32d5b9a587 tempest-ServerRescueNegativeTestJSON-1417844497 tempest-ServerRescueNegativeTestJSON-1417844497-project-member] Lock "e4b1418c-3843-4b32-b8c0-469776ed1521" acquired by "nova.context.set_target_cell..get_or_set_cached_cell_and_set_connections" :: waited 0.001s {{(pid=61968) inner /opt/stack/data/venv/lib/python3.12/site-packages/oslo_concurrency/lockutils.py:525}}
Jul 20 16:43:37 devstack devstack@n-api.service[61968]: DEBUG oslo_concurrency.lockutils [None req-9bfe4006-9ab5-4a92-bab7-2e32d5b9a587 tempest-ServerRescueNegativeTestJSON-1417844497 tempest-ServerRescueNegativeTestJSON-1417844497-project-member] Lock "e4b1418c-3843-4b32-b8c0-469776ed1521" "released" by "nova.context.set_target_cell..get_or_set_cached_cell_and_set_connections" :: held 0.004s {{(pid=61968) inner /opt/stack/data/venv/lib/python3.12/site-packages/oslo_concurrency/lockutils.py:544}}
Jul 20 16:43:37 devstack devstack@n-api.service[61968]: DEBUG oslo_concurrency.lockutils [None req-9bfe4006-9ab5-4a92-bab7-2e32d5b9a587 tempest-ServerRescueNegativeTestJSON-1417844497 tempest-ServerRescueNegativeTestJSON-1417844497-project-member] Acquiring lock "e4b1418c-3843-4b32-b8c0-469776ed1521" by "nova.context.set_target_cell..get_or_set_cached_cell_and_set_connections" {{(pid=61968) inner /opt/stack/data/venv/lib/python3.12/site-packages/oslo_concurrency/lockutils.py:512}}
Jul 20 16:43:37 devstack devstack@n-api.service[61968]: DEBUG oslo_concurrency.lockutils [None req-9bfe4006-9ab5-4a92-bab7-2e32d5b9a587 tempest-ServerRescueNegativeTestJSON-1417844497 tempest-ServerRescueNegativeTestJSON-1417844497-project-member] Lock "e4b1418c-3843-4b32-b8c0-469776ed1521" acquired by "nova.context.set_target_cell..get_or_set_cached_cell_and_set_connections" :: waited 0.001s {{(pid=61968) inner /opt/stack/data/venv/lib/python3.12/site-packages/oslo_concurrency/lockutils.py:525}}
Jul 20 16:43:37 devstack devstack@n-api.service[61968]: DEBUG oslo_concurrency.lockutils [None req-9bfe4006-9ab5-4a92-bab7-2e32d5b9a587 tempest-ServerRescueNegativeTestJSON-1417844497 tempest-ServerRescueNegativeTestJSON-1417844497-project-member] Lock "e4b1418c-3843-4b32-b8c0-469776ed1521" "released" by "nova.context.set_target_cell..get_or_set_cached_cell_and_set_connections" :: held 0.001s {{(pid=61968) inner /opt/stack/data/venv/lib/python3.12/site-packages/oslo_concurrency/lockutils.py:544}}
Jul 20 16:43:37 devstack devstack@n-api.service[61968]: WARNING neutronclient.v2_0.client [None req-9bfe4006-9ab5-4a92-bab7-2e32d5b9a587 tempest-ServerRescueNegativeTestJSON-1417844497 tempest-ServerRescueNegativeTestJSON-1417844497-project-member] The python binding code in neutronclient is deprecated in favor of OpenstackSDK, please use that as this will be removed in a future release.
Jul 20 16:43:37 devstack devstack@n-api.service[61967]: WARNING neutronclient.v2_0.client [None req-92010d28-2b93-4b5b-a523-3d1792c52d60 tempest-AttachVolumeTestJSON-1010339889 tempest-AttachVolumeTestJSON-1010339889-project-member] The python binding code in neutronclient is deprecated in favor of OpenstackSDK, please use that as this will be removed in a future release.
Jul 20 16:43:37 devstack devstack@n-api.service[61968]: DEBUG nova.policy [None req-9bfe4006-9ab5-4a92-bab7-2e32d5b9a587 tempest-ServerRescueNegativeTestJSON-1417844497 tempest-ServerRescueNegativeTestJSON-1417844497-project-member] Policy check for os_compute_api:os-extended-server-attributes failed with credentials {'is_admin': False, 'user_id': '8539ac94f8874b1f9a7c1b1d29548160', 'user_domain_id': 'default', 'system_scope': None, 'domain_id': None, 'project_id': 'd9c8909beb824df68427acbdae0386cd', 'project_domain_id': 'default', 'roles': ['member', 'reader'], 'is_admin_project': True, 'service_user_id': None, 'service_user_domain_id': None, 'service_project_id': None, 'service_project_domain_id': None, 'service_roles': []} {{(pid=61968) authorize /opt/stack/nova/nova/policy.py:192}}
Jul 20 16:43:37 devstack devstack@n-api.service[61968]: INFO nova.api.openstack.requestlog [None req-9bfe4006-9ab5-4a92-bab7-2e32d5b9a587 tempest-ServerRescueNegativeTestJSON-1417844497 tempest-ServerRescueNegativeTestJSON-1417844497-project-member] 192.168.122.72 "GET /compute/v2.1/servers/500c4add-b92e-4fbe-a995-acd79c902331" status: 200 len: 1289 microversion: 2.1 time: 0.579271
Jul 20 16:43:37 devstack devstack@n-api.service[61968]: [pid: 61968|app: 0|req: 155/307] 192.168.122.72 () {58 vars in 1233 bytes} [Mon Jul 20 16:43:37 2026] GET /compute/v2.1/servers/500c4add-b92e-4fbe-a995-acd79c902331 => generated 1289 bytes in 581 msecs (HTTP/1.1 200) 9 headers in 358 bytes (1 switches on core 0)
Jul 20 16:43:37 devstack devstack@n-api.service[61968]: DEBUG nova.api.openstack.wsgi [req-3be1e003-0df9-44b2-a5f0-f5866bb8c0cb req-b5437173-8c98-4665-af83-bee1910ac614 service nova] Action: 'create', calling method: >, body: {"events": [{"name": "network-changed", "server_uuid": "5ac895ea-b5be-4ddb-bd49-c9632cfc74b3", "tag": "80128258-184c-4223-8a76-73e48f12b98a"}]} {{(pid=61968) _process_stack /opt/stack/nova/nova/api/openstack/wsgi.py:549}}
Jul 20 16:43:37 devstack devstack@n-api.service[61968]: DEBUG oslo_concurrency.lockutils [req-3be1e003-0df9-44b2-a5f0-f5866bb8c0cb req-b5437173-8c98-4665-af83-bee1910ac614 service nova] Acquiring lock "e4b1418c-3843-4b32-b8c0-469776ed1521" by "nova.context.set_target_cell..get_or_set_cached_cell_and_set_connections" {{(pid=61968) inner /opt/stack/data/venv/lib/python3.12/site-packages/oslo_concurrency/lockutils.py:512}}
Jul 20 16:43:37 devstack devstack@n-api.service[61968]: DEBUG oslo_concurrency.lockutils [req-3be1e003-0df9-44b2-a5f0-f5866bb8c0cb req-b5437173-8c98-4665-af83-bee1910ac614 service nova] Lock "e4b1418c-3843-4b32-b8c0-469776ed1521" acquired by "nova.context.set_target_cell..get_or_set_cached_cell_and_set_connections" :: waited 0.001s {{(pid=61968) inner /opt/stack/data/venv/lib/python3.12/site-packages/oslo_concurrency/lockutils.py:525}}
Jul 20 16:43:37 devstack devstack@n-api.service[61968]: DEBUG oslo_concurrency.lockutils [req-3be1e003-0df9-44b2-a5f0-f5866bb8c0cb req-b5437173-8c98-4665-af83-bee1910ac614 service nova] Lock "e4b1418c-3843-4b32-b8c0-469776ed1521" "released" by "nova.context.set_target_cell..get_or_set_cached_cell_and_set_connections" :: held 0.000s {{(pid=61968) inner /opt/stack/data/venv/lib/python3.12/site-packages/oslo_concurrency/lockutils.py:544}}
Jul 20 16:43:37 devstack devstack@n-api.service[61968]: INFO nova.api.openstack.compute.server_external_events [req-3be1e003-0df9-44b2-a5f0-f5866bb8c0cb req-b5437173-8c98-4665-af83-bee1910ac614 service nova] Creating event network-changed:80128258-184c-4223-8a76-73e48f12b98a for instance 5ac895ea-b5be-4ddb-bd49-c9632cfc74b3 on devstack
Jul 20 16:43:37 devstack devstack@n-api.service[61968]: DEBUG nova.compute.rpcapi [req-3be1e003-0df9-44b2-a5f0-f5866bb8c0cb req-b5437173-8c98-4665-af83-bee1910ac614 service nova] RPC: Sending the message to topic: compute-alt {{(pid=61968) prepare_for_alt_rpcserver /opt/stack/nova/nova/compute/rpcapi.py:595}}
Jul 20 16:43:37 devstack devstack@n-api.service[61968]: INFO nova.api.openstack.requestlog [req-3be1e003-0df9-44b2-a5f0-f5866bb8c0cb req-b5437173-8c98-4665-af83-bee1910ac614 service nova] 192.168.122.72 "POST /compute/v2.1/os-server-external-events" status: 200 len: 179 microversion: 2.1 time: 0.064891
Jul 20 16:43:37 devstack devstack@n-api.service[61968]: [pid: 61968|app: 0|req: 156/308] 192.168.122.72 () {64 vars in 1316 bytes} [Mon Jul 20 16:43:37 2026] POST /compute/v2.1/os-server-external-events => generated 179 bytes in 66 msecs (HTTP/1.1 200) 9 headers in 357 bytes (1 switches on core 0)
Jul 20 16:43:38 devstack devstack@n-api.service[61967]: DEBUG nova.virt.hardware [None req-92010d28-2b93-4b5b-a523-3d1792c52d60 tempest-AttachVolumeTestJSON-1010339889 tempest-AttachVolumeTestJSON-1010339889-project-member] Flavor limits 0:0:0 {{(pid=61967) get_cpu_topology_constraints /opt/stack/nova/nova/virt/hardware.py:516}}
Jul 20 16:43:38 devstack devstack@n-api.service[61967]: DEBUG nova.virt.hardware [None req-92010d28-2b93-4b5b-a523-3d1792c52d60 tempest-AttachVolumeTestJSON-1010339889 tempest-AttachVolumeTestJSON-1010339889-project-member] Image limits 0:0:0 {{(pid=61967) get_cpu_topology_constraints /opt/stack/nova/nova/virt/hardware.py:520}}
Jul 20 16:43:38 devstack devstack@n-api.service[61967]: DEBUG nova.virt.hardware [None req-92010d28-2b93-4b5b-a523-3d1792c52d60 tempest-AttachVolumeTestJSON-1010339889 tempest-AttachVolumeTestJSON-1010339889-project-member] Flavor pref 0:0:0 {{(pid=61967) get_cpu_topology_constraints /opt/stack/nova/nova/virt/hardware.py:556}}
Jul 20 16:43:38 devstack devstack@n-api.service[61967]: DEBUG nova.virt.hardware [None req-92010d28-2b93-4b5b-a523-3d1792c52d60 tempest-AttachVolumeTestJSON-1010339889 tempest-AttachVolumeTestJSON-1010339889-project-member] Image pref 0:0:0 {{(pid=61967) get_cpu_topology_constraints /opt/stack/nova/nova/virt/hardware.py:560}}
Jul 20 16:43:38 devstack devstack@n-api.service[61967]: DEBUG nova.virt.hardware [None req-92010d28-2b93-4b5b-a523-3d1792c52d60 tempest-AttachVolumeTestJSON-1010339889 tempest-AttachVolumeTestJSON-1010339889-project-member] Chose sockets=0, cores=0, threads=0; limits were sockets=65536, cores=65536, threads=65536 {{(pid=61967) get_cpu_topology_constraints /opt/stack/nova/nova/virt/hardware.py:598}}
Jul 20 16:43:38 devstack devstack@n-api.service[61968]: DEBUG nova.api.openstack.wsgi [None req-a4bf7094-d637-4a8e-bb91-2e341c79997e tempest-ServerActionsTestOtherA-1063072476 tempest-ServerActionsTestOtherA-1063072476-project-member] Calling method '>' {{(pid=61968) _process_stack /opt/stack/nova/nova/api/openstack/wsgi.py:551}}
Jul 20 16:43:38 devstack devstack@n-api.service[61968]: DEBUG nova.compute.api [None req-a4bf7094-d637-4a8e-bb91-2e341c79997e tempest-ServerActionsTestOtherA-1063072476 tempest-ServerActionsTestOtherA-1063072476-project-member] [instance: ce77c35b-0121-4fe9-8e07-fd010eb5311c] Fetching instance by UUID {{(pid=61968) get /opt/stack/nova/nova/compute/api.py:3068}}
Jul 20 16:43:38 devstack devstack@n-api.service[61967]: DEBUG oslo_concurrency.lockutils [None req-92010d28-2b93-4b5b-a523-3d1792c52d60 tempest-AttachVolumeTestJSON-1010339889 tempest-AttachVolumeTestJSON-1010339889-project-member] Acquiring lock "00000000-0000-0000-0000-000000000000" by "nova.context.set_target_cell..get_or_set_cached_cell_and_set_connections" {{(pid=61967) inner /opt/stack/data/venv/lib/python3.12/site-packages/oslo_concurrency/lockutils.py:512}}
Jul 20 16:43:38 devstack devstack@n-api.service[61967]: DEBUG oslo_concurrency.lockutils [None req-92010d28-2b93-4b5b-a523-3d1792c52d60 tempest-AttachVolumeTestJSON-1010339889 tempest-AttachVolumeTestJSON-1010339889-project-member] Lock "00000000-0000-0000-0000-000000000000" acquired by "nova.context.set_target_cell..get_or_set_cached_cell_and_set_connections" :: waited 0.001s {{(pid=61967) inner /opt/stack/data/venv/lib/python3.12/site-packages/oslo_concurrency/lockutils.py:525}}
Jul 20 16:43:38 devstack devstack@n-api.service[61967]: DEBUG oslo_concurrency.lockutils [None req-92010d28-2b93-4b5b-a523-3d1792c52d60 tempest-AttachVolumeTestJSON-1010339889 tempest-AttachVolumeTestJSON-1010339889-project-member] Lock "00000000-0000-0000-0000-000000000000" "released" by "nova.context.set_target_cell..get_or_set_cached_cell_and_set_connections" :: held 0.001s {{(pid=61967) inner /opt/stack/data/venv/lib/python3.12/site-packages/oslo_concurrency/lockutils.py:544}}
Jul 20 16:43:38 devstack devstack@n-api.service[61968]: DEBUG oslo_concurrency.lockutils [None req-a4bf7094-d637-4a8e-bb91-2e341c79997e tempest-ServerActionsTestOtherA-1063072476 tempest-ServerActionsTestOtherA-1063072476-project-member] Acquiring lock "e4b1418c-3843-4b32-b8c0-469776ed1521" by "nova.context.set_target_cell..get_or_set_cached_cell_and_set_connections" {{(pid=61968) inner /opt/stack/data/venv/lib/python3.12/site-packages/oslo_concurrency/lockutils.py:512}}
Jul 20 16:43:38 devstack devstack@n-api.service[61968]: DEBUG oslo_concurrency.lockutils [None req-a4bf7094-d637-4a8e-bb91-2e341c79997e tempest-ServerActionsTestOtherA-1063072476 tempest-ServerActionsTestOtherA-1063072476-project-member] Lock "e4b1418c-3843-4b32-b8c0-469776ed1521" acquired by "nova.context.set_target_cell..get_or_set_cached_cell_and_set_connections" :: waited 0.001s {{(pid=61968) inner /opt/stack/data/venv/lib/python3.12/site-packages/oslo_concurrency/lockutils.py:525}}
Jul 20 16:43:38 devstack devstack@n-api.service[61967]: DEBUG oslo_concurrency.lockutils [None req-92010d28-2b93-4b5b-a523-3d1792c52d60 tempest-AttachVolumeTestJSON-1010339889 tempest-AttachVolumeTestJSON-1010339889-project-member] Acquiring lock "e4b1418c-3843-4b32-b8c0-469776ed1521" by "nova.context.set_target_cell..get_or_set_cached_cell_and_set_connections" {{(pid=61967) inner /opt/stack/data/venv/lib/python3.12/site-packages/oslo_concurrency/lockutils.py:512}}
Jul 20 16:43:38 devstack devstack@n-api.service[61967]: DEBUG oslo_concurrency.lockutils [None req-92010d28-2b93-4b5b-a523-3d1792c52d60 tempest-AttachVolumeTestJSON-1010339889 tempest-AttachVolumeTestJSON-1010339889-project-member] Lock "e4b1418c-3843-4b32-b8c0-469776ed1521" acquired by "nova.context.set_target_cell..get_or_set_cached_cell_and_set_connections" :: waited 0.003s {{(pid=61967) inner /opt/stack/data/venv/lib/python3.12/site-packages/oslo_concurrency/lockutils.py:525}}
Jul 20 16:43:38 devstack devstack@n-api.service[61968]: DEBUG oslo_concurrency.lockutils [None req-a4bf7094-d637-4a8e-bb91-2e341c79997e tempest-ServerActionsTestOtherA-1063072476 tempest-ServerActionsTestOtherA-1063072476-project-member] Lock "e4b1418c-3843-4b32-b8c0-469776ed1521" "released" by "nova.context.set_target_cell..get_or_set_cached_cell_and_set_connections" :: held 0.001s {{(pid=61968) inner /opt/stack/data/venv/lib/python3.12/site-packages/oslo_concurrency/lockutils.py:544}}
Jul 20 16:43:38 devstack devstack@n-api.service[61967]: DEBUG oslo_concurrency.lockutils [None req-92010d28-2b93-4b5b-a523-3d1792c52d60 tempest-AttachVolumeTestJSON-1010339889 tempest-AttachVolumeTestJSON-1010339889-project-member] Lock "e4b1418c-3843-4b32-b8c0-469776ed1521" "released" by "nova.context.set_target_cell..get_or_set_cached_cell_and_set_connections" :: held 0.001s {{(pid=61967) inner /opt/stack/data/venv/lib/python3.12/site-packages/oslo_concurrency/lockutils.py:544}}
Jul 20 16:43:38 devstack devstack@n-api.service[61968]: DEBUG oslo_concurrency.lockutils [None req-a4bf7094-d637-4a8e-bb91-2e341c79997e tempest-ServerActionsTestOtherA-1063072476 tempest-ServerActionsTestOtherA-1063072476-project-member] Acquiring lock "e4b1418c-3843-4b32-b8c0-469776ed1521" by "nova.context.set_target_cell..get_or_set_cached_cell_and_set_connections" {{(pid=61968) inner /opt/stack/data/venv/lib/python3.12/site-packages/oslo_concurrency/lockutils.py:512}}
Jul 20 16:43:38 devstack devstack@n-api.service[61968]: DEBUG oslo_concurrency.lockutils [None req-a4bf7094-d637-4a8e-bb91-2e341c79997e tempest-ServerActionsTestOtherA-1063072476 tempest-ServerActionsTestOtherA-1063072476-project-member] Lock "e4b1418c-3843-4b32-b8c0-469776ed1521" acquired by "nova.context.set_target_cell..get_or_set_cached_cell_and_set_connections" :: waited 0.005s {{(pid=61968) inner /opt/stack/data/venv/lib/python3.12/site-packages/oslo_concurrency/lockutils.py:525}}
Jul 20 16:43:38 devstack devstack@n-api.service[61968]: DEBUG oslo_concurrency.lockutils [None req-a4bf7094-d637-4a8e-bb91-2e341c79997e tempest-ServerActionsTestOtherA-1063072476 tempest-ServerActionsTestOtherA-1063072476-project-member] Lock "e4b1418c-3843-4b32-b8c0-469776ed1521" "released" by "nova.context.set_target_cell..get_or_set_cached_cell_and_set_connections" :: held 0.004s {{(pid=61968) inner /opt/stack/data/venv/lib/python3.12/site-packages/oslo_concurrency/lockutils.py:544}}
Jul 20 16:43:38 devstack devstack@n-api.service[61967]: DEBUG nova.quota [None req-92010d28-2b93-4b5b-a523-3d1792c52d60 tempest-AttachVolumeTestJSON-1010339889 tempest-AttachVolumeTestJSON-1010339889-project-member] Getting quotas for project bea71ecf48044b5980ed942667e66bda. Resources: {'cores', 'ram', 'instances'} {{(pid=61967) _get_quotas /opt/stack/nova/nova/quota.py:389}}
Jul 20 16:43:38 devstack devstack@n-api.service[61968]: INFO nova.api.openstack.wsgi [None req-a4bf7094-d637-4a8e-bb91-2e341c79997e tempest-ServerActionsTestOtherA-1063072476 tempest-ServerActionsTestOtherA-1063072476-project-member] HTTP exception thrown: Instance ce77c35b-0121-4fe9-8e07-fd010eb5311c could not be found.
Jul 20 16:43:38 devstack devstack@n-api.service[61968]: DEBUG nova.api.openstack.wsgi [None req-a4bf7094-d637-4a8e-bb91-2e341c79997e tempest-ServerActionsTestOtherA-1063072476 tempest-ServerActionsTestOtherA-1063072476-project-member] Returning 404 to user: Instance ce77c35b-0121-4fe9-8e07-fd010eb5311c could not be found. {{(pid=61968) __call__ /opt/stack/nova/nova/api/openstack/wsgi.py:908}}
Jul 20 16:43:38 devstack devstack@n-api.service[61968]: INFO nova.api.openstack.requestlog [None req-a4bf7094-d637-4a8e-bb91-2e341c79997e tempest-ServerActionsTestOtherA-1063072476 tempest-ServerActionsTestOtherA-1063072476-project-member] 192.168.122.72 "GET /compute/v2.1/servers/ce77c35b-0121-4fe9-8e07-fd010eb5311c" status: 404 len: 111 microversion: 2.1 time: 0.118567
Jul 20 16:43:38 devstack devstack@n-api.service[61968]: [pid: 61968|app: 0|req: 157/309] 192.168.122.72 () {58 vars in 1233 bytes} [Mon Jul 20 16:43:38 2026] GET /compute/v2.1/servers/ce77c35b-0121-4fe9-8e07-fd010eb5311c => generated 111 bytes in 122 msecs (HTTP/1.1 404) 9 headers in 379 bytes (1 switches on core 0)
Jul 20 16:43:38 devstack devstack@n-api.service[61967]: DEBUG nova.quota [None req-92010d28-2b93-4b5b-a523-3d1792c52d60 tempest-AttachVolumeTestJSON-1010339889 tempest-AttachVolumeTestJSON-1010339889-project-member] Getting quotas for user c03af9a51749404e9a80368d9ee64bf0 and project bea71ecf48044b5980ed942667e66bda. Resources: {'cores', 'ram', 'instances'} {{(pid=61967) _get_quotas /opt/stack/nova/nova/quota.py:379}}
Jul 20 16:43:38 devstack devstack@n-api.service[61968]: DEBUG nova.api.openstack.wsgi [None req-3c983566-cb02-4080-b622-f5d8ae858ca7 tempest-ServerActionsTestOtherA-1063072476 tempest-ServerActionsTestOtherA-1063072476-project-member] Calling method '>' {{(pid=61968) _process_stack /opt/stack/nova/nova/api/openstack/wsgi.py:551}}
Jul 20 16:43:38 devstack devstack@n-api.service[61967]: DEBUG nova.compute.api [None req-92010d28-2b93-4b5b-a523-3d1792c52d60 tempest-AttachVolumeTestJSON-1010339889 tempest-AttachVolumeTestJSON-1010339889-project-member] Going to run 1 instances... {{(pid=61967) _provision_instances /opt/stack/nova/nova/compute/api.py:1480}}
Jul 20 16:43:38 devstack devstack@n-api.service[61967]: DEBUG nova.compute.api [None req-92010d28-2b93-4b5b-a523-3d1792c52d60 tempest-AttachVolumeTestJSON-1010339889 tempest-AttachVolumeTestJSON-1010339889-project-member] [instance: c15e2729-c851-4f4e-84c9-4b9a0f2e1502] block_device_mapping [BlockDeviceMapping(attachment_id=,boot_index=0,connection_info=None,created_at=,delete_on_termination=True,deleted=,deleted_at=,destination_type='local',device_name=None,device_type='disk',disk_bus=None,encrypted=False,encryption_format=None,encryption_options=None,encryption_secret_uuid=None,guest_format=None,id=,image_id='aa995944-e655-43b4-81e9-d04027d5b275',instance=,instance_uuid=,no_device=False,snapshot_id=None,source_type='image',tag=None,updated_at=,uuid=,volume_id=None,volume_size=None,volume_type=None)] {{(pid=61967) _bdm_validate_set_size_and_instance /opt/stack/nova/nova/compute/api.py:1942}}
Jul 20 16:43:38 devstack devstack@n-api.service[61968]: INFO nova.api.openstack.requestlog [None req-3c983566-cb02-4080-b622-f5d8ae858ca7 tempest-ServerActionsTestOtherA-1063072476 tempest-ServerActionsTestOtherA-1063072476-project-member] 192.168.122.72 "DELETE /compute/v2.1/os-keypairs/tempest-keypair-46204636" status: 202 len: 0 microversion: 2.1 time: 0.057122
Jul 20 16:43:38 devstack devstack@n-api.service[61968]: [pid: 61968|app: 0|req: 158/310] 192.168.122.72 () {58 vars in 1212 bytes} [Mon Jul 20 16:43:38 2026] DELETE /compute/v2.1/os-keypairs/tempest-keypair-46204636 => generated 0 bytes in 59 msecs (HTTP/1.1 202) 9 headers in 361 bytes (1 switches on core 0)
Jul 20 16:43:38 devstack devstack@n-api.service[61967]: INFO nova.api.openstack.requestlog [None req-92010d28-2b93-4b5b-a523-3d1792c52d60 tempest-AttachVolumeTestJSON-1010339889 tempest-AttachVolumeTestJSON-1010339889-project-member] 192.168.122.72 "POST /compute/v2.1/servers" status: 202 len: 407 microversion: 2.1 time: 4.180093
Jul 20 16:43:38 devstack devstack@n-api.service[61967]: [pid: 61967|app: 0|req: 153/311] 192.168.122.72 () {60 vars in 1144 bytes} [Mon Jul 20 16:43:34 2026] POST /compute/v2.1/servers => generated 407 bytes in 4183 msecs (HTTP/1.1 202) 10 headers in 454 bytes (1 switches on core 0)
Jul 20 16:43:38 devstack devstack@n-api.service[61968]: DEBUG nova.api.openstack.wsgi [None req-3af187f0-f616-40e2-af59-ec98e584921f tempest-AttachVolumeTestJSON-1010339889 tempest-AttachVolumeTestJSON-1010339889-project-member] Calling method '>' {{(pid=61968) _process_stack /opt/stack/nova/nova/api/openstack/wsgi.py:551}}
Jul 20 16:43:38 devstack devstack@n-api.service[61968]: DEBUG nova.compute.api [None req-3af187f0-f616-40e2-af59-ec98e584921f tempest-AttachVolumeTestJSON-1010339889 tempest-AttachVolumeTestJSON-1010339889-project-member] [instance: c15e2729-c851-4f4e-84c9-4b9a0f2e1502] Fetching instance by UUID {{(pid=61968) get /opt/stack/nova/nova/compute/api.py:3068}}
Jul 20 16:43:38 devstack devstack@n-api.service[61968]: WARNING neutronclient.v2_0.client [None req-3af187f0-f616-40e2-af59-ec98e584921f tempest-AttachVolumeTestJSON-1010339889 tempest-AttachVolumeTestJSON-1010339889-project-member] The python binding code in neutronclient is deprecated in favor of OpenstackSDK, please use that as this will be removed in a future release.
Jul 20 16:43:38 devstack devstack@n-api.service[61967]: DEBUG nova.api.openstack.wsgi [None req-4799f65f-7ca9-4035-9c02-d36445c289b7 tempest-ServerRescueNegativeTestJSON-1417844497 tempest-ServerRescueNegativeTestJSON-1417844497-project-member] Calling method '>' {{(pid=61967) _process_stack /opt/stack/nova/nova/api/openstack/wsgi.py:551}}
Jul 20 16:43:38 devstack devstack@n-api.service[61967]: DEBUG nova.compute.api [None req-4799f65f-7ca9-4035-9c02-d36445c289b7 tempest-ServerRescueNegativeTestJSON-1417844497 tempest-ServerRescueNegativeTestJSON-1417844497-project-member] [instance: 500c4add-b92e-4fbe-a995-acd79c902331] Fetching instance by UUID {{(pid=61967) get /opt/stack/nova/nova/compute/api.py:3068}}
Jul 20 16:43:38 devstack devstack@n-api.service[61967]: DEBUG oslo_concurrency.lockutils [None req-4799f65f-7ca9-4035-9c02-d36445c289b7 tempest-ServerRescueNegativeTestJSON-1417844497 tempest-ServerRescueNegativeTestJSON-1417844497-project-member] Acquiring lock "e4b1418c-3843-4b32-b8c0-469776ed1521" by "nova.context.set_target_cell..get_or_set_cached_cell_and_set_connections" {{(pid=61967) inner /opt/stack/data/venv/lib/python3.12/site-packages/oslo_concurrency/lockutils.py:512}}
Jul 20 16:43:38 devstack devstack@n-api.service[61967]: DEBUG oslo_concurrency.lockutils [None req-4799f65f-7ca9-4035-9c02-d36445c289b7 tempest-ServerRescueNegativeTestJSON-1417844497 tempest-ServerRescueNegativeTestJSON-1417844497-project-member] Lock "e4b1418c-3843-4b32-b8c0-469776ed1521" acquired by "nova.context.set_target_cell..get_or_set_cached_cell_and_set_connections" :: waited 0.001s {{(pid=61967) inner /opt/stack/data/venv/lib/python3.12/site-packages/oslo_concurrency/lockutils.py:525}}
Jul 20 16:43:38 devstack devstack@n-api.service[61967]: DEBUG oslo_concurrency.lockutils [None req-4799f65f-7ca9-4035-9c02-d36445c289b7 tempest-ServerRescueNegativeTestJSON-1417844497 tempest-ServerRescueNegativeTestJSON-1417844497-project-member] Lock "e4b1418c-3843-4b32-b8c0-469776ed1521" "released" by "nova.context.set_target_cell..get_or_set_cached_cell_and_set_connections" :: held 0.001s {{(pid=61967) inner /opt/stack/data/venv/lib/python3.12/site-packages/oslo_concurrency/lockutils.py:544}}
Jul 20 16:43:38 devstack devstack@n-api.service[61967]: DEBUG oslo_concurrency.lockutils [None req-4799f65f-7ca9-4035-9c02-d36445c289b7 tempest-ServerRescueNegativeTestJSON-1417844497 tempest-ServerRescueNegativeTestJSON-1417844497-project-member] Acquiring lock "e4b1418c-3843-4b32-b8c0-469776ed1521" by "nova.context.set_target_cell..get_or_set_cached_cell_and_set_connections" {{(pid=61967) inner /opt/stack/data/venv/lib/python3.12/site-packages/oslo_concurrency/lockutils.py:512}}
Jul 20 16:43:38 devstack devstack@n-api.service[61967]: DEBUG oslo_concurrency.lockutils [None req-4799f65f-7ca9-4035-9c02-d36445c289b7 tempest-ServerRescueNegativeTestJSON-1417844497 tempest-ServerRescueNegativeTestJSON-1417844497-project-member] Lock "e4b1418c-3843-4b32-b8c0-469776ed1521" acquired by "nova.context.set_target_cell..get_or_set_cached_cell_and_set_connections" :: waited 0.001s {{(pid=61967) inner /opt/stack/data/venv/lib/python3.12/site-packages/oslo_concurrency/lockutils.py:525}}
Jul 20 16:43:38 devstack devstack@n-api.service[61967]: DEBUG oslo_concurrency.lockutils [None req-4799f65f-7ca9-4035-9c02-d36445c289b7 tempest-ServerRescueNegativeTestJSON-1417844497 tempest-ServerRescueNegativeTestJSON-1417844497-project-member] Lock "e4b1418c-3843-4b32-b8c0-469776ed1521" "released" by "nova.context.set_target_cell..get_or_set_cached_cell_and_set_connections" :: held 0.002s {{(pid=61967) inner /opt/stack/data/venv/lib/python3.12/site-packages/oslo_concurrency/lockutils.py:544}}
Jul 20 16:43:39 devstack devstack@n-api.service[61967]: WARNING neutronclient.v2_0.client [None req-4799f65f-7ca9-4035-9c02-d36445c289b7 tempest-ServerRescueNegativeTestJSON-1417844497 tempest-ServerRescueNegativeTestJSON-1417844497-project-member] The python binding code in neutronclient is deprecated in favor of OpenstackSDK, please use that as this will be removed in a future release.
Jul 20 16:43:39 devstack devstack@n-api.service[61968]: DEBUG nova.policy [None req-3af187f0-f616-40e2-af59-ec98e584921f tempest-AttachVolumeTestJSON-1010339889 tempest-AttachVolumeTestJSON-1010339889-project-member] Policy check for os_compute_api:os-extended-server-attributes failed with credentials {'is_admin': False, 'user_id': 'c03af9a51749404e9a80368d9ee64bf0', 'user_domain_id': 'default', 'system_scope': None, 'domain_id': None, 'project_id': 'bea71ecf48044b5980ed942667e66bda', 'project_domain_id': 'default', 'roles': ['member', 'reader'], 'is_admin_project': True, 'service_user_id': None, 'service_user_domain_id': None, 'service_project_id': None, 'service_project_domain_id': None, 'service_roles': []} {{(pid=61968) authorize /opt/stack/nova/nova/policy.py:192}}
Jul 20 16:43:39 devstack devstack@n-api.service[61968]: INFO nova.api.openstack.requestlog [None req-3af187f0-f616-40e2-af59-ec98e584921f tempest-AttachVolumeTestJSON-1010339889 tempest-AttachVolumeTestJSON-1010339889-project-member] 192.168.122.72 "GET /compute/v2.1/servers/c15e2729-c851-4f4e-84c9-4b9a0f2e1502" status: 200 len: 1247 microversion: 2.1 time: 0.780647
Jul 20 16:43:39 devstack devstack@n-api.service[61968]: [pid: 61968|app: 0|req: 159/312] 192.168.122.72 () {58 vars in 1233 bytes} [Mon Jul 20 16:43:38 2026] GET /compute/v2.1/servers/c15e2729-c851-4f4e-84c9-4b9a0f2e1502 => generated 1247 bytes in 792 msecs (HTTP/1.1 200) 9 headers in 358 bytes (1 switches on core 0)
Jul 20 16:43:39 devstack devstack@n-api.service[61968]: DEBUG nova.api.openstack.wsgi [req-7b60a98a-6b5a-4f02-ad0b-2b8485762567 req-781bd52e-c879-4bde-9d49-2e8725e99327 service nova] Action: 'create', calling method: >, body: {"events": [{"server_uuid": "ce77c35b-0121-4fe9-8e07-fd010eb5311c", "name": "network-vif-deleted", "tag": "6106a723-666c-4e89-8be5-bc0185497d22"}]} {{(pid=61968) _process_stack /opt/stack/nova/nova/api/openstack/wsgi.py:549}}
Jul 20 16:43:39 devstack devstack@n-api.service[61968]: DEBUG oslo_concurrency.lockutils [req-7b60a98a-6b5a-4f02-ad0b-2b8485762567 req-781bd52e-c879-4bde-9d49-2e8725e99327 service nova] Acquiring lock "e4b1418c-3843-4b32-b8c0-469776ed1521" by "nova.context.set_target_cell..get_or_set_cached_cell_and_set_connections" {{(pid=61968) inner /opt/stack/data/venv/lib/python3.12/site-packages/oslo_concurrency/lockutils.py:512}}
Jul 20 16:43:39 devstack devstack@n-api.service[61968]: DEBUG oslo_concurrency.lockutils [req-7b60a98a-6b5a-4f02-ad0b-2b8485762567 req-781bd52e-c879-4bde-9d49-2e8725e99327 service nova] Lock "e4b1418c-3843-4b32-b8c0-469776ed1521" acquired by "nova.context.set_target_cell..get_or_set_cached_cell_and_set_connections" :: waited 0.003s {{(pid=61968) inner /opt/stack/data/venv/lib/python3.12/site-packages/oslo_concurrency/lockutils.py:525}}
Jul 20 16:43:39 devstack devstack@n-api.service[61968]: DEBUG oslo_concurrency.lockutils [req-7b60a98a-6b5a-4f02-ad0b-2b8485762567 req-781bd52e-c879-4bde-9d49-2e8725e99327 service nova] Lock "e4b1418c-3843-4b32-b8c0-469776ed1521" "released" by "nova.context.set_target_cell..get_or_set_cached_cell_and_set_connections" :: held 0.001s {{(pid=61968) inner /opt/stack/data/venv/lib/python3.12/site-packages/oslo_concurrency/lockutils.py:544}}
Jul 20 16:43:39 devstack devstack@n-api.service[61968]: INFO nova.api.openstack.compute.server_external_events [req-7b60a98a-6b5a-4f02-ad0b-2b8485762567 req-781bd52e-c879-4bde-9d49-2e8725e99327 service nova] Creating event network-vif-deleted:6106a723-666c-4e89-8be5-bc0185497d22 for instance ce77c35b-0121-4fe9-8e07-fd010eb5311c on devstack
Jul 20 16:43:39 devstack devstack@n-api.service[61968]: DEBUG nova.compute.rpcapi [req-7b60a98a-6b5a-4f02-ad0b-2b8485762567 req-781bd52e-c879-4bde-9d49-2e8725e99327 service nova] RPC: Sending the message to topic: compute-alt {{(pid=61968) prepare_for_alt_rpcserver /opt/stack/nova/nova/compute/rpcapi.py:595}}
Jul 20 16:43:39 devstack devstack@n-api.service[61968]: INFO nova.api.openstack.requestlog [req-7b60a98a-6b5a-4f02-ad0b-2b8485762567 req-781bd52e-c879-4bde-9d49-2e8725e99327 service nova] 192.168.122.72 "POST /compute/v2.1/os-server-external-events" status: 200 len: 183 microversion: 2.1 time: 0.103312
Jul 20 16:43:39 devstack devstack@n-api.service[61968]: [pid: 61968|app: 0|req: 160/313] 192.168.122.72 () {64 vars in 1316 bytes} [Mon Jul 20 16:43:39 2026] POST /compute/v2.1/os-server-external-events => generated 183 bytes in 118 msecs (HTTP/1.1 200) 9 headers in 357 bytes (1 switches on core 0)
Jul 20 16:43:40 devstack devstack@n-api.service[61967]: DEBUG nova.policy [None req-4799f65f-7ca9-4035-9c02-d36445c289b7 tempest-ServerRescueNegativeTestJSON-1417844497 tempest-ServerRescueNegativeTestJSON-1417844497-project-member] Policy check for os_compute_api:os-extended-server-attributes failed with credentials {'is_admin': False, 'user_id': '8539ac94f8874b1f9a7c1b1d29548160', 'user_domain_id': 'default', 'system_scope': None, 'domain_id': None, 'project_id': 'd9c8909beb824df68427acbdae0386cd', 'project_domain_id': 'default', 'roles': ['member', 'reader'], 'is_admin_project': True, 'service_user_id': None, 'service_user_domain_id': None, 'service_project_id': None, 'service_project_domain_id': None, 'service_roles': []} {{(pid=61967) authorize /opt/stack/nova/nova/policy.py:192}}
Jul 20 16:43:40 devstack devstack@n-api.service[61967]: INFO nova.api.openstack.requestlog [None req-4799f65f-7ca9-4035-9c02-d36445c289b7 tempest-ServerRescueNegativeTestJSON-1417844497 tempest-ServerRescueNegativeTestJSON-1417844497-project-member] 192.168.122.72 "GET /compute/v2.1/servers/500c4add-b92e-4fbe-a995-acd79c902331" status: 200 len: 1331 microversion: 2.1 time: 1.335032
Jul 20 16:43:40 devstack devstack@n-api.service[61967]: [pid: 61967|app: 0|req: 154/314] 192.168.122.72 () {58 vars in 1233 bytes} [Mon Jul 20 16:43:38 2026] GET /compute/v2.1/servers/500c4add-b92e-4fbe-a995-acd79c902331 => generated 1331 bytes in 1336 msecs (HTTP/1.1 200) 9 headers in 358 bytes (1 switches on core 0)
Jul 20 16:43:40 devstack devstack@n-api.service[61968]: DEBUG nova.api.openstack.wsgi [None req-a4df17e2-86f7-404c-8f79-1b5e4dee61bc tempest-AttachVolumeTestJSON-1010339889 tempest-AttachVolumeTestJSON-1010339889-project-member] Calling method '>' {{(pid=61968) _process_stack /opt/stack/nova/nova/api/openstack/wsgi.py:551}}
Jul 20 16:43:40 devstack devstack@n-api.service[61968]: DEBUG nova.compute.api [None req-a4df17e2-86f7-404c-8f79-1b5e4dee61bc tempest-AttachVolumeTestJSON-1010339889 tempest-AttachVolumeTestJSON-1010339889-project-member] [instance: c15e2729-c851-4f4e-84c9-4b9a0f2e1502] Fetching instance by UUID {{(pid=61968) get /opt/stack/nova/nova/compute/api.py:3068}}
Jul 20 16:43:40 devstack devstack@n-api.service[61968]: DEBUG oslo_concurrency.lockutils [None req-a4df17e2-86f7-404c-8f79-1b5e4dee61bc tempest-AttachVolumeTestJSON-1010339889 tempest-AttachVolumeTestJSON-1010339889-project-member] Acquiring lock "e4b1418c-3843-4b32-b8c0-469776ed1521" by "nova.context.set_target_cell..get_or_set_cached_cell_and_set_connections" {{(pid=61968) inner /opt/stack/data/venv/lib/python3.12/site-packages/oslo_concurrency/lockutils.py:512}}
Jul 20 16:43:40 devstack devstack@n-api.service[61968]: DEBUG oslo_concurrency.lockutils [None req-a4df17e2-86f7-404c-8f79-1b5e4dee61bc tempest-AttachVolumeTestJSON-1010339889 tempest-AttachVolumeTestJSON-1010339889-project-member] Lock "e4b1418c-3843-4b32-b8c0-469776ed1521" acquired by "nova.context.set_target_cell..get_or_set_cached_cell_and_set_connections" :: waited 0.001s {{(pid=61968) inner /opt/stack/data/venv/lib/python3.12/site-packages/oslo_concurrency/lockutils.py:525}}
Jul 20 16:43:40 devstack devstack@n-api.service[61968]: DEBUG oslo_concurrency.lockutils [None req-a4df17e2-86f7-404c-8f79-1b5e4dee61bc tempest-AttachVolumeTestJSON-1010339889 tempest-AttachVolumeTestJSON-1010339889-project-member] Lock "e4b1418c-3843-4b32-b8c0-469776ed1521" "released" by "nova.context.set_target_cell..get_or_set_cached_cell_and_set_connections" :: held 0.004s {{(pid=61968) inner /opt/stack/data/venv/lib/python3.12/site-packages/oslo_concurrency/lockutils.py:544}}
Jul 20 16:43:40 devstack devstack@n-api.service[61968]: DEBUG oslo_concurrency.lockutils [None req-a4df17e2-86f7-404c-8f79-1b5e4dee61bc tempest-AttachVolumeTestJSON-1010339889 tempest-AttachVolumeTestJSON-1010339889-project-member] Acquiring lock "e4b1418c-3843-4b32-b8c0-469776ed1521" by "nova.context.set_target_cell..get_or_set_cached_cell_and_set_connections" {{(pid=61968) inner /opt/stack/data/venv/lib/python3.12/site-packages/oslo_concurrency/lockutils.py:512}}
Jul 20 16:43:40 devstack devstack@n-api.service[61968]: DEBUG oslo_concurrency.lockutils [None req-a4df17e2-86f7-404c-8f79-1b5e4dee61bc tempest-AttachVolumeTestJSON-1010339889 tempest-AttachVolumeTestJSON-1010339889-project-member] Lock "e4b1418c-3843-4b32-b8c0-469776ed1521" acquired by "nova.context.set_target_cell..get_or_set_cached_cell_and_set_connections" :: waited 0.001s {{(pid=61968) inner /opt/stack/data/venv/lib/python3.12/site-packages/oslo_concurrency/lockutils.py:525}}
Jul 20 16:43:40 devstack devstack@n-api.service[61968]: DEBUG oslo_concurrency.lockutils [None req-a4df17e2-86f7-404c-8f79-1b5e4dee61bc tempest-AttachVolumeTestJSON-1010339889 tempest-AttachVolumeTestJSON-1010339889-project-member] Lock "e4b1418c-3843-4b32-b8c0-469776ed1521" "released" by "nova.context.set_target_cell..get_or_set_cached_cell_and_set_connections" :: held 0.001s {{(pid=61968) inner /opt/stack/data/venv/lib/python3.12/site-packages/oslo_concurrency/lockutils.py:544}}
Jul 20 16:43:40 devstack devstack@n-api.service[61968]: WARNING neutronclient.v2_0.client [None req-a4df17e2-86f7-404c-8f79-1b5e4dee61bc tempest-AttachVolumeTestJSON-1010339889 tempest-AttachVolumeTestJSON-1010339889-project-member] The python binding code in neutronclient is deprecated in favor of OpenstackSDK, please use that as this will be removed in a future release.
Jul 20 16:43:40 devstack devstack@n-api.service[61967]: DEBUG nova.api.openstack.wsgi [req-a837d0c4-8fa4-4db0-8908-5017b7a01953 req-c6e8d3e3-d96b-43ca-b7aa-f0698abde628 service nova] Action: 'create', calling method: >, body: {"events": [{"name": "network-changed", "server_uuid": "500c4add-b92e-4fbe-a995-acd79c902331", "tag": "aec979b1-8d36-4991-b629-b03aeb6ecfd8"}]} {{(pid=61967) _process_stack /opt/stack/nova/nova/api/openstack/wsgi.py:549}}
Jul 20 16:43:40 devstack devstack@n-api.service[61967]: DEBUG oslo_concurrency.lockutils [req-a837d0c4-8fa4-4db0-8908-5017b7a01953 req-c6e8d3e3-d96b-43ca-b7aa-f0698abde628 service nova] Acquiring lock "e4b1418c-3843-4b32-b8c0-469776ed1521" by "nova.context.set_target_cell..get_or_set_cached_cell_and_set_connections" {{(pid=61967) inner /opt/stack/data/venv/lib/python3.12/site-packages/oslo_concurrency/lockutils.py:512}}
Jul 20 16:43:40 devstack devstack@n-api.service[61967]: DEBUG oslo_concurrency.lockutils [req-a837d0c4-8fa4-4db0-8908-5017b7a01953 req-c6e8d3e3-d96b-43ca-b7aa-f0698abde628 service nova] Lock "e4b1418c-3843-4b32-b8c0-469776ed1521" acquired by "nova.context.set_target_cell..get_or_set_cached_cell_and_set_connections" :: waited 0.002s {{(pid=61967) inner /opt/stack/data/venv/lib/python3.12/site-packages/oslo_concurrency/lockutils.py:525}}
Jul 20 16:43:40 devstack devstack@n-api.service[61967]: DEBUG oslo_concurrency.lockutils [req-a837d0c4-8fa4-4db0-8908-5017b7a01953 req-c6e8d3e3-d96b-43ca-b7aa-f0698abde628 service nova] Lock "e4b1418c-3843-4b32-b8c0-469776ed1521" "released" by "nova.context.set_target_cell..get_or_set_cached_cell_and_set_connections" :: held 0.001s {{(pid=61967) inner /opt/stack/data/venv/lib/python3.12/site-packages/oslo_concurrency/lockutils.py:544}}
Jul 20 16:43:40 devstack devstack@n-api.service[61967]: INFO nova.api.openstack.compute.server_external_events [req-a837d0c4-8fa4-4db0-8908-5017b7a01953 req-c6e8d3e3-d96b-43ca-b7aa-f0698abde628 service nova] Creating event network-changed:aec979b1-8d36-4991-b629-b03aeb6ecfd8 for instance 500c4add-b92e-4fbe-a995-acd79c902331 on devstack
Jul 20 16:43:40 devstack devstack@n-api.service[61967]: DEBUG nova.compute.rpcapi [req-a837d0c4-8fa4-4db0-8908-5017b7a01953 req-c6e8d3e3-d96b-43ca-b7aa-f0698abde628 service nova] RPC: Sending the message to topic: compute-alt {{(pid=61967) prepare_for_alt_rpcserver /opt/stack/nova/nova/compute/rpcapi.py:595}}
