Feb 25 14:01:15 devstack devstack@c-api.service[82962]: DEBUG cinder.volume.api [req-c04cda0a-d655-4fa7-9ff2-d25649da6546 req-4c1303a4-ddce-454f-ac39-de0d8f17a381 tempest-VolumesGetTestJSON-855619921 tempest-VolumesGetTestJSON-855619921-project-member] Task 'cinder.volume.flows.api.create_volume.ExtractVolumeRequestTask;volume:create' (e5c75fb1-6710-4267-99bb-3460502deaaa) transitioned into state 'SUCCESS' from state 'RUNNING' with result '{'size': 1, 'snapshot_id': None, 'source_volid': None, 'volume_type': VolumeType(created_at=2026-02-25T12:57:01Z,deleted=False,deleted_at=None,description=None,extra_specs={},id=6cb4c9a4-0d75-42f1-b5e2-9544951c8c7f,is_public=True,name='QuobyteHD',projects=[],qos_specs=,qos_specs_id=None,updated_at=None), 'volume_type_id': '6cb4c9a4-0d75-42f1-b5e2-9544951c8c7f', 'encryption_key_id': None, 'qos_specs': None, 'consistencygroup_id': None, 'cgsnapshot_id': None, 'group_id': None, 'replication_status': 'disabled', 'refresh_az': False, 'backup_id': None, 'multiattach': False, 'availability_zones': ['nova']}' {{(pid=82962) _task_receiver /opt/stack/data/venv/lib/python3.10/site-packages/taskflow/listeners/logging.py:182}}
Feb 25 14:01:15 devstack devstack@c-api.service[82962]: DEBUG cinder.volume.api [req-c04cda0a-d655-4fa7-9ff2-d25649da6546 req-4c1303a4-ddce-454f-ac39-de0d8f17a381 tempest-VolumesGetTestJSON-855619921 tempest-VolumesGetTestJSON-855619921-project-member] Task 'cinder.volume.flows.api.create_volume.QuotaReserveTask;volume:create' (aa5ee37b-1b38-49f4-aace-a80cb256d6d0) transitioned into state 'RUNNING' from state 'PENDING' {{(pid=82962) _task_receiver /opt/stack/data/venv/lib/python3.10/site-packages/taskflow/listeners/logging.py:194}}
Feb 25 14:01:15 devstack devstack@c-api.service[82961]: DEBUG cinder.api.middleware.request_id [req-f5540e1a-b57e-49be-9150-e89198991b35 req-bdcb471e-a4c8-4874-bd4b-18e166599443 None None] RequestId filter calling following filter/app {{(pid=82961) _context_setter /opt/stack/cinder/cinder/api/middleware/request_id.py:62}}
Feb 25 14:01:15 devstack devstack@c-api.service[82961]: INFO cinder.api.openstack.wsgi [req-f5540e1a-b57e-49be-9150-e89198991b35 req-bdcb471e-a4c8-4874-bd4b-18e166599443 tempest-ServerBootFromVolumeStableRescueTest-1321886078 tempest-ServerBootFromVolumeStableRescueTest-1321886078-project-member] GET http://192.168.122.50/volume/v3/volumes/c3bac861-c90d-4ecf-b5cd-7e04abb9e4cf
Feb 25 14:01:15 devstack devstack@c-api.service[82961]: DEBUG cinder.api.openstack.wsgi [req-f5540e1a-b57e-49be-9150-e89198991b35 req-bdcb471e-a4c8-4874-bd4b-18e166599443 tempest-ServerBootFromVolumeStableRescueTest-1321886078 tempest-ServerBootFromVolumeStableRescueTest-1321886078-project-member] Empty body provided in request {{(pid=82961) get_body /opt/stack/cinder/cinder/api/openstack/wsgi.py:725}}
Feb 25 14:01:15 devstack devstack@c-api.service[82961]: DEBUG cinder.api.openstack.wsgi [req-f5540e1a-b57e-49be-9150-e89198991b35 req-bdcb471e-a4c8-4874-bd4b-18e166599443 tempest-ServerBootFromVolumeStableRescueTest-1321886078 tempest-ServerBootFromVolumeStableRescueTest-1321886078-project-member] Calling method 'show' {{(pid=82961) _process_stack /opt/stack/cinder/cinder/api/openstack/wsgi.py:878}}
Feb 25 14:01:15 devstack devstack@c-api.service[82961]: /opt/stack/data/venv/lib/python3.10/site-packages/oslo_context/context.py:101: DeprecationWarning: Policy enforcement is depending on the value of is_admin. This key is deprecated. Please update your policy file to use the standard policy values.
Feb 25 14:01:15 devstack devstack@c-api.service[82961]: warnings.warn(
Feb 25 14:01:15 devstack devstack@c-api.service[82962]: DEBUG cinder.quota [req-c04cda0a-d655-4fa7-9ff2-d25649da6546 req-4c1303a4-ddce-454f-ac39-de0d8f17a381 tempest-VolumesGetTestJSON-855619921 tempest-VolumesGetTestJSON-855619921-project-member] Created reservations ['f7775bae-0443-413f-bf28-7ce0032b71ed', '61ef67db-6e45-446f-a991-bb4bce12b69d', 'ca1de374-a814-4291-8bad-a95e38273bbe', 'edb7c01d-bb5f-46d2-bef0-aecb5a3a6c83'] {{(pid=82962) reserve /opt/stack/cinder/cinder/quota.py:752}}
Feb 25 14:01:15 devstack devstack@c-api.service[82962]: DEBUG cinder.volume.api [req-c04cda0a-d655-4fa7-9ff2-d25649da6546 req-4c1303a4-ddce-454f-ac39-de0d8f17a381 tempest-VolumesGetTestJSON-855619921 tempest-VolumesGetTestJSON-855619921-project-member] Task 'cinder.volume.flows.api.create_volume.QuotaReserveTask;volume:create' (aa5ee37b-1b38-49f4-aace-a80cb256d6d0) transitioned into state 'SUCCESS' from state 'RUNNING' with result '{'reservations': ['f7775bae-0443-413f-bf28-7ce0032b71ed', '61ef67db-6e45-446f-a991-bb4bce12b69d', 'ca1de374-a814-4291-8bad-a95e38273bbe', 'edb7c01d-bb5f-46d2-bef0-aecb5a3a6c83']}' {{(pid=82962) _task_receiver /opt/stack/data/venv/lib/python3.10/site-packages/taskflow/listeners/logging.py:182}}
Feb 25 14:01:15 devstack devstack@c-api.service[82961]: INFO cinder.volume.api [req-f5540e1a-b57e-49be-9150-e89198991b35 req-bdcb471e-a4c8-4874-bd4b-18e166599443 tempest-ServerBootFromVolumeStableRescueTest-1321886078 tempest-ServerBootFromVolumeStableRescueTest-1321886078-project-member] Volume info retrieved successfully.
Feb 25 14:01:15 devstack devstack@c-api.service[82962]: DEBUG cinder.volume.api [req-c04cda0a-d655-4fa7-9ff2-d25649da6546 req-4c1303a4-ddce-454f-ac39-de0d8f17a381 tempest-VolumesGetTestJSON-855619921 tempest-VolumesGetTestJSON-855619921-project-member] Task 'cinder.volume.flows.api.create_volume.EntryCreateTask;volume:create' (60e73624-7d13-48b3-8f97-3818224a275b) transitioned into state 'RUNNING' from state 'PENDING' {{(pid=82962) _task_receiver /opt/stack/data/venv/lib/python3.10/site-packages/taskflow/listeners/logging.py:194}}
Feb 25 14:01:15 devstack devstack@c-api.service[82961]: INFO cinder.api.openstack.wsgi [req-f5540e1a-b57e-49be-9150-e89198991b35 req-bdcb471e-a4c8-4874-bd4b-18e166599443 tempest-ServerBootFromVolumeStableRescueTest-1321886078 tempest-ServerBootFromVolumeStableRescueTest-1321886078-project-member] http://192.168.122.50/volume/v3/volumes/c3bac861-c90d-4ecf-b5cd-7e04abb9e4cf returned with HTTP 200
Feb 25 14:01:15 devstack devstack@c-api.service[82961]: [pid: 82961|app: 0|req: 139/287] 192.168.122.50 () {64 vars in 1579 bytes} [Wed Feb 25 14:01:15 2026] GET /volume/v3/volumes/c3bac861-c90d-4ecf-b5cd-7e04abb9e4cf => generated 849 bytes in 126 msecs (HTTP/1.1 200) 7 headers in 285 bytes (1 switches on core 0)
Feb 25 14:01:15 devstack devstack@c-api.service[82961]: DEBUG cinder.api.middleware.request_id [None req-31f4b168-78bd-4974-be4d-4e370079dcdb None None] RequestId filter calling following filter/app {{(pid=82961) _context_setter /opt/stack/cinder/cinder/api/middleware/request_id.py:62}}
Feb 25 14:01:15 devstack devstack@c-api.service[82961]: INFO cinder.api.openstack.wsgi [None req-31f4b168-78bd-4974-be4d-4e370079dcdb None None] GET http://192.168.122.50/volume//
Feb 25 14:01:15 devstack devstack@c-api.service[82961]: DEBUG cinder.api.openstack.wsgi [None req-31f4b168-78bd-4974-be4d-4e370079dcdb None None] Empty body provided in request {{(pid=82961) get_body /opt/stack/cinder/cinder/api/openstack/wsgi.py:725}}
Feb 25 14:01:15 devstack devstack@c-api.service[82961]: DEBUG cinder.api.openstack.wsgi [None req-31f4b168-78bd-4974-be4d-4e370079dcdb None None] Calling method 'all' {{(pid=82961) _process_stack /opt/stack/cinder/cinder/api/openstack/wsgi.py:878}}
Feb 25 14:01:15 devstack devstack@c-api.service[82961]: INFO cinder.api.openstack.wsgi [None req-31f4b168-78bd-4974-be4d-4e370079dcdb None None] http://192.168.122.50/volume// returned with HTTP 300
Feb 25 14:01:15 devstack devstack@c-api.service[82961]: [pid: 82961|app: 0|req: 140/288] 192.168.122.50 () {62 vars in 1408 bytes} [Wed Feb 25 14:01:15 2026] GET /volume/ => generated 389 bytes in 5 msecs (HTTP/1.1 300) 7 headers in 299 bytes (1 switches on core 0)
Feb 25 14:01:15 devstack devstack@c-api.service[82961]: DEBUG cinder.api.middleware.request_id [req-f5540e1a-b57e-49be-9150-e89198991b35 req-e1668a79-8d2d-48f5-a07f-8ebbd8e12b17 None None] RequestId filter calling following filter/app {{(pid=82961) _context_setter /opt/stack/cinder/cinder/api/middleware/request_id.py:62}}
Feb 25 14:01:15 devstack devstack@c-api.service[82962]: DEBUG cinder.volume.api [req-c04cda0a-d655-4fa7-9ff2-d25649da6546 req-4c1303a4-ddce-454f-ac39-de0d8f17a381 tempest-VolumesGetTestJSON-855619921 tempest-VolumesGetTestJSON-855619921-project-member] Task 'cinder.volume.flows.api.create_volume.EntryCreateTask;volume:create' (60e73624-7d13-48b3-8f97-3818224a275b) transitioned into state 'SUCCESS' from state 'RUNNING' with result '{'volume_id': 'a3cd8827-e9f9-4977-8ffe-858e0c0f9ee1', 'volume_properties': VolumeProperties(attach_status='detached',availability_zone='nova',cgsnapshot_id=None,consistencygroup_id=None,display_description=None,display_name='tempest-VolumesGetTestJSON-Volume-1011158163',encryption_key_id=None,group_id=None,group_type_id=,metadata={Type='work'},multiattach=False,project_id='07468caf0d134710b70249a3ce2a0605',qos_specs=None,replication_status=,reservations=['f7775bae-0443-413f-bf28-7ce0032b71ed','61ef67db-6e45-446f-a991-bb4bce12b69d','ca1de374-a814-4291-8bad-a95e38273bbe','edb7c01d-bb5f-46d2-bef0-aecb5a3a6c83'],size=1,snapshot_id=None,source_replicaid=,source_volid=None,status='creating',user_id='814b09cfb0494f81a4b755cff069838c',volume_type_id=6cb4c9a4-0d75-42f1-b5e2-9544951c8c7f), 'volume': Volume(_name_id=None,admin_metadata=,attach_status='detached',availability_zone='nova',bootable=False,cluster=,cluster_name=None,consistencygroup=,consistencygroup_id=None,created_at=2026-02-25T13:01:15Z,deleted=False,deleted_at=None,display_description=None,display_name='tempest-VolumesGetTestJSON-Volume-1011158163',ec2_id=None,encryption_key_id=None,glance_metadata=,group=,group_id=None,host=None,id=a3cd8827-e9f9-4977-8ffe-858e0c0f9ee1,launched_at=None,metadata={Type='work'},migration_status=None,multiattach=False,previous_status=None,project_id='07468caf0d134710b70249a3ce2a0605',provider_auth=None,provider_geometry=None,provider_id=None,provider_location=None,replication_driver_data=None,replication_extended_status=None,replication_status=None,scheduled_at=None,service_uuid=None,shared_targets=True,size=1,snapshot_id=None,snapshots=,source_volid=None,status='creating',terminated_at=None,updated_at=None,use_quota=True,user_id='814b09cfb0494f81a4b755cff069838c',volume_attachment=VolumeAttachmentList,volume_type=VolumeType(6cb4c9a4-0d75-42f1-b5e2-9544951c8c7f),volume_type_id=6cb4c9a4-0d75-42f1-b5e2-9544951c8c7f)}' {{(pid=82962) _task_receiver /opt/stack/data/venv/lib/python3.10/site-packages/taskflow/listeners/logging.py:182}}
Feb 25 14:01:15 devstack devstack@c-api.service[82961]: INFO cinder.api.openstack.wsgi [req-f5540e1a-b57e-49be-9150-e89198991b35 req-e1668a79-8d2d-48f5-a07f-8ebbd8e12b17 tempest-ServerBootFromVolumeStableRescueTest-1321886078 tempest-ServerBootFromVolumeStableRescueTest-1321886078-project-member] POST http://192.168.122.50/volume/v3/attachments
Feb 25 14:01:15 devstack devstack@c-api.service[82961]: DEBUG cinder.api.openstack.wsgi [req-f5540e1a-b57e-49be-9150-e89198991b35 req-e1668a79-8d2d-48f5-a07f-8ebbd8e12b17 tempest-ServerBootFromVolumeStableRescueTest-1321886078 tempest-ServerBootFromVolumeStableRescueTest-1321886078-project-member] Action: 'create', calling method: version_select, body: {"attachment": {"volume_uuid": "c3bac861-c90d-4ecf-b5cd-7e04abb9e4cf", "connector": null, "instance_uuid": "74e062e9-2bf7-4d84-b0d7-14dd6448ca61"}} {{(pid=82961) _process_stack /opt/stack/cinder/cinder/api/openstack/wsgi.py:876}}
Feb 25 14:01:15 devstack devstack@c-api.service[82962]: DEBUG cinder.volume.api [req-c04cda0a-d655-4fa7-9ff2-d25649da6546 req-4c1303a4-ddce-454f-ac39-de0d8f17a381 tempest-VolumesGetTestJSON-855619921 tempest-VolumesGetTestJSON-855619921-project-member] Task 'cinder.volume.flows.api.create_volume.QuotaCommitTask;volume:create' (b5782899-0907-4fee-8a5f-694249c5f4f5) transitioned into state 'RUNNING' from state 'PENDING' {{(pid=82962) _task_receiver /opt/stack/data/venv/lib/python3.10/site-packages/taskflow/listeners/logging.py:194}}
Feb 25 14:01:15 devstack devstack@c-api.service[82961]: /opt/stack/data/venv/lib/python3.10/site-packages/oslo_context/context.py:101: DeprecationWarning: Policy enforcement is depending on the value of is_admin. This key is deprecated. Please update your policy file to use the standard policy values.
Feb 25 14:01:15 devstack devstack@c-api.service[82961]: warnings.warn(
Feb 25 14:01:15 devstack devstack@c-api.service[82962]: DEBUG cinder.volume.api [req-c04cda0a-d655-4fa7-9ff2-d25649da6546 req-4c1303a4-ddce-454f-ac39-de0d8f17a381 tempest-VolumesGetTestJSON-855619921 tempest-VolumesGetTestJSON-855619921-project-member] Task 'cinder.volume.flows.api.create_volume.QuotaCommitTask;volume:create' (b5782899-0907-4fee-8a5f-694249c5f4f5) transitioned into state 'SUCCESS' from state 'RUNNING' with result '{'volume_properties': VolumeProperties(attach_status='detached',availability_zone='nova',cgsnapshot_id=None,consistencygroup_id=None,display_description=None,display_name='tempest-VolumesGetTestJSON-Volume-1011158163',encryption_key_id=None,group_id=None,group_type_id=,metadata={Type='work'},multiattach=False,project_id='07468caf0d134710b70249a3ce2a0605',qos_specs=None,replication_status=,reservations=['f7775bae-0443-413f-bf28-7ce0032b71ed','61ef67db-6e45-446f-a991-bb4bce12b69d','ca1de374-a814-4291-8bad-a95e38273bbe','edb7c01d-bb5f-46d2-bef0-aecb5a3a6c83'],size=1,snapshot_id=None,source_replicaid=,source_volid=None,status='creating',user_id='814b09cfb0494f81a4b755cff069838c',volume_type_id=6cb4c9a4-0d75-42f1-b5e2-9544951c8c7f)}' {{(pid=82962) _task_receiver /opt/stack/data/venv/lib/python3.10/site-packages/taskflow/listeners/logging.py:182}}
Feb 25 14:01:15 devstack devstack@c-api.service[82962]: DEBUG cinder.volume.api [req-c04cda0a-d655-4fa7-9ff2-d25649da6546 req-4c1303a4-ddce-454f-ac39-de0d8f17a381 tempest-VolumesGetTestJSON-855619921 tempest-VolumesGetTestJSON-855619921-project-member] Task 'cinder.volume.flows.api.create_volume.VolumeCastTask;volume:create' (1aea6868-7881-4583-a4ff-cacbb81ad0b2) transitioned into state 'RUNNING' from state 'PENDING' {{(pid=82962) _task_receiver /opt/stack/data/venv/lib/python3.10/site-packages/taskflow/listeners/logging.py:194}}
Feb 25 14:01:16 devstack devstack@c-api.service[82962]: DEBUG cinder.volume.api [req-c04cda0a-d655-4fa7-9ff2-d25649da6546 req-4c1303a4-ddce-454f-ac39-de0d8f17a381 tempest-VolumesGetTestJSON-855619921 tempest-VolumesGetTestJSON-855619921-project-member] Task 'cinder.volume.flows.api.create_volume.VolumeCastTask;volume:create' (1aea6868-7881-4583-a4ff-cacbb81ad0b2) transitioned into state 'SUCCESS' from state 'RUNNING' with result 'None' {{(pid=82962) _task_receiver /opt/stack/data/venv/lib/python3.10/site-packages/taskflow/listeners/logging.py:182}}
Feb 25 14:01:16 devstack devstack@c-api.service[82962]: DEBUG cinder.volume.api [req-c04cda0a-d655-4fa7-9ff2-d25649da6546 req-4c1303a4-ddce-454f-ac39-de0d8f17a381 tempest-VolumesGetTestJSON-855619921 tempest-VolumesGetTestJSON-855619921-project-member] Flow 'volume_create_api' (ebfd12b6-fd2a-4013-9f1f-3a0f744ed5f1) transitioned into state 'SUCCESS' from state 'RUNNING' {{(pid=82962) _flow_receiver /opt/stack/data/venv/lib/python3.10/site-packages/taskflow/listeners/logging.py:145}}
Feb 25 14:01:16 devstack devstack@c-api.service[82962]: INFO cinder.volume.api [req-c04cda0a-d655-4fa7-9ff2-d25649da6546 req-4c1303a4-ddce-454f-ac39-de0d8f17a381 tempest-VolumesGetTestJSON-855619921 tempest-VolumesGetTestJSON-855619921-project-member] Create volume request issued successfully.
Feb 25 14:01:16 devstack devstack@c-api.service[82962]: INFO cinder.api.openstack.wsgi [req-c04cda0a-d655-4fa7-9ff2-d25649da6546 req-4c1303a4-ddce-454f-ac39-de0d8f17a381 tempest-VolumesGetTestJSON-855619921 tempest-VolumesGetTestJSON-855619921-project-member] http://192.168.122.50/volume/v3/volumes returned with HTTP 202
Feb 25 14:01:16 devstack devstack@c-api.service[82962]: [pid: 82962|app: 0|req: 149/289] 192.168.122.50 () {68 vars in 1522 bytes} [Wed Feb 25 14:01:15 2026] POST /volume/v3/volumes => generated 770 bytes in 476 msecs (HTTP/1.1 202) 7 headers in 291 bytes (1 switches on core 0)
Feb 25 14:01:16 devstack devstack@c-api.service[82962]: DEBUG cinder.api.middleware.request_id [req-c04cda0a-d655-4fa7-9ff2-d25649da6546 req-430c4ab7-5007-4b18-9955-02de92e6d011 None None] RequestId filter calling following filter/app {{(pid=82962) _context_setter /opt/stack/cinder/cinder/api/middleware/request_id.py:62}}
Feb 25 14:01:16 devstack devstack@c-api.service[82962]: INFO cinder.api.openstack.wsgi [req-c04cda0a-d655-4fa7-9ff2-d25649da6546 req-430c4ab7-5007-4b18-9955-02de92e6d011 tempest-VolumesGetTestJSON-855619921 tempest-VolumesGetTestJSON-855619921-project-member] GET http://192.168.122.50/volume/v3/volumes/a3cd8827-e9f9-4977-8ffe-858e0c0f9ee1
Feb 25 14:01:16 devstack devstack@c-api.service[82962]: DEBUG cinder.api.openstack.wsgi [req-c04cda0a-d655-4fa7-9ff2-d25649da6546 req-430c4ab7-5007-4b18-9955-02de92e6d011 tempest-VolumesGetTestJSON-855619921 tempest-VolumesGetTestJSON-855619921-project-member] Empty body provided in request {{(pid=82962) get_body /opt/stack/cinder/cinder/api/openstack/wsgi.py:725}}
Feb 25 14:01:16 devstack devstack@c-api.service[82962]: DEBUG cinder.api.openstack.wsgi [req-c04cda0a-d655-4fa7-9ff2-d25649da6546 req-430c4ab7-5007-4b18-9955-02de92e6d011 tempest-VolumesGetTestJSON-855619921 tempest-VolumesGetTestJSON-855619921-project-member] Calling method 'show' {{(pid=82962) _process_stack /opt/stack/cinder/cinder/api/openstack/wsgi.py:878}}
Feb 25 14:01:16 devstack devstack@c-api.service[82962]: /opt/stack/data/venv/lib/python3.10/site-packages/oslo_context/context.py:101: DeprecationWarning: Policy enforcement is depending on the value of is_admin. This key is deprecated. Please update your policy file to use the standard policy values.
Feb 25 14:01:16 devstack devstack@c-api.service[82962]: warnings.warn(
Feb 25 14:01:16 devstack devstack@c-api.service[82961]: INFO cinder.api.openstack.wsgi [req-f5540e1a-b57e-49be-9150-e89198991b35 req-e1668a79-8d2d-48f5-a07f-8ebbd8e12b17 tempest-ServerBootFromVolumeStableRescueTest-1321886078 tempest-ServerBootFromVolumeStableRescueTest-1321886078-project-member] http://192.168.122.50/volume/v3/attachments returned with HTTP 200
Feb 25 14:01:16 devstack devstack@c-api.service[82961]: [pid: 82961|app: 0|req: 141/290] 192.168.122.50 () {70 vars in 1575 bytes} [Wed Feb 25 14:01:15 2026] POST /volume/v3/attachments => generated 273 bytes in 210 msecs (HTTP/1.1 200) 7 headers in 286 bytes (1 switches on core 0)
Feb 25 14:01:16 devstack devstack@c-api.service[82961]: DEBUG cinder.api.middleware.request_id [None req-b8fdf18e-162b-487b-9af1-53cf365d08d1 None None] RequestId filter calling following filter/app {{(pid=82961) _context_setter /opt/stack/cinder/cinder/api/middleware/request_id.py:62}}
Feb 25 14:01:16 devstack devstack@c-api.service[82961]: INFO cinder.api.openstack.wsgi [None req-b8fdf18e-162b-487b-9af1-53cf365d08d1 None None] GET http://192.168.122.50/volume//
Feb 25 14:01:16 devstack devstack@c-api.service[82961]: DEBUG cinder.api.openstack.wsgi [None req-b8fdf18e-162b-487b-9af1-53cf365d08d1 None None] Empty body provided in request {{(pid=82961) get_body /opt/stack/cinder/cinder/api/openstack/wsgi.py:725}}
Feb 25 14:01:16 devstack devstack@c-api.service[82961]: DEBUG cinder.api.openstack.wsgi [None req-b8fdf18e-162b-487b-9af1-53cf365d08d1 None None] Calling method 'all' {{(pid=82961) _process_stack /opt/stack/cinder/cinder/api/openstack/wsgi.py:878}}
Feb 25 14:01:16 devstack devstack@c-api.service[82961]: INFO cinder.api.openstack.wsgi [None req-b8fdf18e-162b-487b-9af1-53cf365d08d1 None None] http://192.168.122.50/volume// returned with HTTP 300
Feb 25 14:01:16 devstack devstack@c-api.service[82961]: [pid: 82961|app: 0|req: 142/291] 192.168.122.50 () {62 vars in 1408 bytes} [Wed Feb 25 14:01:16 2026] GET /volume/ => generated 389 bytes in 4 msecs (HTTP/1.1 300) 7 headers in 299 bytes (1 switches on core 0)
Feb 25 14:01:16 devstack devstack@c-api.service[82961]: DEBUG cinder.api.middleware.request_id [req-f5540e1a-b57e-49be-9150-e89198991b35 req-efc319aa-f07d-46ef-80ed-8d91c52769f6 None None] RequestId filter calling following filter/app {{(pid=82961) _context_setter /opt/stack/cinder/cinder/api/middleware/request_id.py:62}}
Feb 25 14:01:16 devstack devstack@c-api.service[82961]: INFO cinder.api.openstack.wsgi [req-f5540e1a-b57e-49be-9150-e89198991b35 req-efc319aa-f07d-46ef-80ed-8d91c52769f6 tempest-ServerBootFromVolumeStableRescueTest-1321886078 tempest-ServerBootFromVolumeStableRescueTest-1321886078-project-member] GET http://192.168.122.50/volume/v3/volumes/c3bac861-c90d-4ecf-b5cd-7e04abb9e4cf
Feb 25 14:01:16 devstack devstack@c-api.service[82961]: DEBUG cinder.api.openstack.wsgi [req-f5540e1a-b57e-49be-9150-e89198991b35 req-efc319aa-f07d-46ef-80ed-8d91c52769f6 tempest-ServerBootFromVolumeStableRescueTest-1321886078 tempest-ServerBootFromVolumeStableRescueTest-1321886078-project-member] Empty body provided in request {{(pid=82961) get_body /opt/stack/cinder/cinder/api/openstack/wsgi.py:725}}
Feb 25 14:01:16 devstack devstack@c-api.service[82961]: DEBUG cinder.api.openstack.wsgi [req-f5540e1a-b57e-49be-9150-e89198991b35 req-efc319aa-f07d-46ef-80ed-8d91c52769f6 tempest-ServerBootFromVolumeStableRescueTest-1321886078 tempest-ServerBootFromVolumeStableRescueTest-1321886078-project-member] Calling method 'show' {{(pid=82961) _process_stack /opt/stack/cinder/cinder/api/openstack/wsgi.py:878}}
Feb 25 14:01:16 devstack devstack@c-api.service[82962]: INFO cinder.volume.api [req-c04cda0a-d655-4fa7-9ff2-d25649da6546 req-430c4ab7-5007-4b18-9955-02de92e6d011 tempest-VolumesGetTestJSON-855619921 tempest-VolumesGetTestJSON-855619921-project-member] Volume info retrieved successfully.
Feb 25 14:01:16 devstack devstack@c-api.service[82961]: /opt/stack/data/venv/lib/python3.10/site-packages/oslo_context/context.py:101: DeprecationWarning: Policy enforcement is depending on the value of is_admin. This key is deprecated. Please update your policy file to use the standard policy values.
Feb 25 14:01:16 devstack devstack@c-api.service[82961]: warnings.warn(
Feb 25 14:01:16 devstack devstack@c-api.service[82962]: INFO cinder.api.openstack.wsgi [req-c04cda0a-d655-4fa7-9ff2-d25649da6546 req-430c4ab7-5007-4b18-9955-02de92e6d011 tempest-VolumesGetTestJSON-855619921 tempest-VolumesGetTestJSON-855619921-project-member] http://192.168.122.50/volume/v3/volumes/a3cd8827-e9f9-4977-8ffe-858e0c0f9ee1 returned with HTTP 200
Feb 25 14:01:16 devstack devstack@c-api.service[82962]: [pid: 82962|app: 0|req: 150/292] 192.168.122.50 () {64 vars in 1579 bytes} [Wed Feb 25 14:01:16 2026] GET /volume/v3/volumes/a3cd8827-e9f9-4977-8ffe-858e0c0f9ee1 => generated 838 bytes in 148 msecs (HTTP/1.1 200) 7 headers in 285 bytes (1 switches on core 0)
Feb 25 14:01:16 devstack devstack@c-api.service[82961]: INFO cinder.volume.api [req-f5540e1a-b57e-49be-9150-e89198991b35 req-efc319aa-f07d-46ef-80ed-8d91c52769f6 tempest-ServerBootFromVolumeStableRescueTest-1321886078 tempest-ServerBootFromVolumeStableRescueTest-1321886078-project-member] Volume info retrieved successfully.
Feb 25 14:01:16 devstack devstack@c-api.service[82961]: INFO cinder.api.openstack.wsgi [req-f5540e1a-b57e-49be-9150-e89198991b35 req-efc319aa-f07d-46ef-80ed-8d91c52769f6 tempest-ServerBootFromVolumeStableRescueTest-1321886078 tempest-ServerBootFromVolumeStableRescueTest-1321886078-project-member] http://192.168.122.50/volume/v3/volumes/c3bac861-c90d-4ecf-b5cd-7e04abb9e4cf returned with HTTP 200
Feb 25 14:01:16 devstack devstack@c-api.service[82961]: [pid: 82961|app: 0|req: 143/293] 192.168.122.50 () {66 vars in 1620 bytes} [Wed Feb 25 14:01:16 2026] GET /volume/v3/volumes/c3bac861-c90d-4ecf-b5cd-7e04abb9e4cf => generated 1029 bytes in 139 msecs (HTTP/1.1 200) 7 headers in 287 bytes (1 switches on core 0)
Feb 25 14:01:16 devstack devstack@c-api.service[82962]: DEBUG cinder.api.middleware.request_id [req-6a86be7f-d892-4d38-a189-19fd55a931ef req-31941d41-bb15-452e-b1b5-045d24d3b715 None None] RequestId filter calling following filter/app {{(pid=82962) _context_setter /opt/stack/cinder/cinder/api/middleware/request_id.py:62}}
Feb 25 14:01:16 devstack devstack@c-api.service[82962]: INFO cinder.api.openstack.wsgi [req-6a86be7f-d892-4d38-a189-19fd55a931ef req-31941d41-bb15-452e-b1b5-045d24d3b715 tempest-VolumesGetTestJSON-855619921 tempest-VolumesGetTestJSON-855619921-project-member] GET http://192.168.122.50/volume/v3/volumes/a3cd8827-e9f9-4977-8ffe-858e0c0f9ee1
Feb 25 14:01:16 devstack devstack@c-api.service[82962]: DEBUG cinder.api.openstack.wsgi [req-6a86be7f-d892-4d38-a189-19fd55a931ef req-31941d41-bb15-452e-b1b5-045d24d3b715 tempest-VolumesGetTestJSON-855619921 tempest-VolumesGetTestJSON-855619921-project-member] Empty body provided in request {{(pid=82962) get_body /opt/stack/cinder/cinder/api/openstack/wsgi.py:725}}
Feb 25 14:01:16 devstack devstack@c-api.service[82962]: DEBUG cinder.api.openstack.wsgi [req-6a86be7f-d892-4d38-a189-19fd55a931ef req-31941d41-bb15-452e-b1b5-045d24d3b715 tempest-VolumesGetTestJSON-855619921 tempest-VolumesGetTestJSON-855619921-project-member] Calling method 'show' {{(pid=82962) _process_stack /opt/stack/cinder/cinder/api/openstack/wsgi.py:878}}
Feb 25 14:01:16 devstack devstack@c-api.service[82962]: /opt/stack/data/venv/lib/python3.10/site-packages/oslo_context/context.py:101: DeprecationWarning: Policy enforcement is depending on the value of is_admin. This key is deprecated. Please update your policy file to use the standard policy values.
Feb 25 14:01:16 devstack devstack@c-api.service[82962]: warnings.warn(
Feb 25 14:01:16 devstack devstack@c-api.service[82962]: INFO cinder.volume.api [req-6a86be7f-d892-4d38-a189-19fd55a931ef req-31941d41-bb15-452e-b1b5-045d24d3b715 tempest-VolumesGetTestJSON-855619921 tempest-VolumesGetTestJSON-855619921-project-member] Volume info retrieved successfully.
Feb 25 14:01:16 devstack devstack@c-api.service[82961]: DEBUG cinder.api.middleware.request_id [req-f5540e1a-b57e-49be-9150-e89198991b35 req-872ead37-b57f-482d-acfe-6d07fe750251 None None] RequestId filter calling following filter/app {{(pid=82961) _context_setter /opt/stack/cinder/cinder/api/middleware/request_id.py:62}}
Feb 25 14:01:16 devstack devstack@c-api.service[82961]: INFO cinder.api.openstack.wsgi [req-f5540e1a-b57e-49be-9150-e89198991b35 req-872ead37-b57f-482d-acfe-6d07fe750251 tempest-ServerBootFromVolumeStableRescueTest-1321886078 tempest-ServerBootFromVolumeStableRescueTest-1321886078-project-member] PUT http://192.168.122.50/volume/v3/attachments/c59fd04c-61b0-4160-8021-fa13e9a54725
Feb 25 14:01:16 devstack devstack@c-api.service[82961]: DEBUG cinder.api.openstack.wsgi [req-f5540e1a-b57e-49be-9150-e89198991b35 req-872ead37-b57f-482d-acfe-6d07fe750251 tempest-ServerBootFromVolumeStableRescueTest-1321886078 tempest-ServerBootFromVolumeStableRescueTest-1321886078-project-member] Action: 'update', calling method: version_select, body: {"attachment": {"connector": {"platform": "x86_64", "os_type": "linux", "ip": "192.168.122.50", "host": "devstack", "multipath": false, "enforce_multipath": true, "initiator": "iqn.2016-04.com.open-iscsi:d7e173268288", "do_local_attach": false, "uuid": "1eb21331-77cc-488d-8bd4-86a842e1058d", "system uuid": "1b34e2cf-a148-4169-bdfd-c9279ee61bee", "nvme_native_multipath": false, "mountpoint": "/dev/vda"}}} {{(pid=82961) _process_stack /opt/stack/cinder/cinder/api/openstack/wsgi.py:876}}
Feb 25 14:01:16 devstack devstack@c-api.service[82962]: INFO cinder.api.openstack.wsgi [req-6a86be7f-d892-4d38-a189-19fd55a931ef req-31941d41-bb15-452e-b1b5-045d24d3b715 tempest-VolumesGetTestJSON-855619921 tempest-VolumesGetTestJSON-855619921-project-member] http://192.168.122.50/volume/v3/volumes/a3cd8827-e9f9-4977-8ffe-858e0c0f9ee1 returned with HTTP 200
Feb 25 14:01:16 devstack devstack@c-api.service[82962]: [pid: 82962|app: 0|req: 151/294] 192.168.122.50 () {64 vars in 1579 bytes} [Wed Feb 25 14:01:16 2026] GET /volume/v3/volumes/a3cd8827-e9f9-4977-8ffe-858e0c0f9ee1 => generated 862 bytes in 90 msecs (HTTP/1.1 200) 7 headers in 285 bytes (1 switches on core 0)
Feb 25 14:01:16 devstack devstack@c-api.service[82961]: DEBUG cinder.coordination [req-f5540e1a-b57e-49be-9150-e89198991b35 req-872ead37-b57f-482d-acfe-6d07fe750251 tempest-ServerBootFromVolumeStableRescueTest-1321886078 tempest-ServerBootFromVolumeStableRescueTest-1321886078-project-member] Acquiring lock "cinder-attachment_update-c3bac861-c90d-4ecf-b5cd-7e04abb9e4cf-devstack" by "attachment_update" {{(pid=82961) __acquire /opt/stack/cinder/cinder/coordination.py:138}}
Feb 25 14:01:16 devstack devstack@c-api.service[82961]: DEBUG cinder.coordination [req-f5540e1a-b57e-49be-9150-e89198991b35 req-872ead37-b57f-482d-acfe-6d07fe750251 tempest-ServerBootFromVolumeStableRescueTest-1321886078 tempest-ServerBootFromVolumeStableRescueTest-1321886078-project-member] Lock "cinder-attachment_update-c3bac861-c90d-4ecf-b5cd-7e04abb9e4cf-devstack" acquired by "attachment_update" :: waited 0.013s {{(pid=82961) __acquire /opt/stack/cinder/cinder/coordination.py:141}}
Feb 25 14:01:16 devstack devstack@c-api.service[82961]: /opt/stack/data/venv/lib/python3.10/site-packages/oslo_context/context.py:101: DeprecationWarning: Policy enforcement is depending on the value of is_admin. This key is deprecated. Please update your policy file to use the standard policy values.
Feb 25 14:01:16 devstack devstack@c-api.service[82961]: warnings.warn(
Feb 25 14:01:17 devstack devstack@c-api.service[82962]: DEBUG cinder.api.middleware.request_id [req-d13e526e-4be0-45ab-8449-b74f5d7578cf req-013bcaec-a463-4ce1-8753-78ce0fd65958 None None] RequestId filter calling following filter/app {{(pid=82962) _context_setter /opt/stack/cinder/cinder/api/middleware/request_id.py:62}}
Feb 25 14:01:17 devstack devstack@c-api.service[82962]: INFO cinder.api.openstack.wsgi [req-d13e526e-4be0-45ab-8449-b74f5d7578cf req-013bcaec-a463-4ce1-8753-78ce0fd65958 tempest-VolumesGetTestJSON-855619921 tempest-VolumesGetTestJSON-855619921-project-member] GET http://192.168.122.50/volume/v3/volumes/a3cd8827-e9f9-4977-8ffe-858e0c0f9ee1
Feb 25 14:01:17 devstack devstack@c-api.service[82962]: DEBUG cinder.api.openstack.wsgi [req-d13e526e-4be0-45ab-8449-b74f5d7578cf req-013bcaec-a463-4ce1-8753-78ce0fd65958 tempest-VolumesGetTestJSON-855619921 tempest-VolumesGetTestJSON-855619921-project-member] Empty body provided in request {{(pid=82962) get_body /opt/stack/cinder/cinder/api/openstack/wsgi.py:725}}
Feb 25 14:01:17 devstack devstack@c-api.service[82962]: DEBUG cinder.api.openstack.wsgi [req-d13e526e-4be0-45ab-8449-b74f5d7578cf req-013bcaec-a463-4ce1-8753-78ce0fd65958 tempest-VolumesGetTestJSON-855619921 tempest-VolumesGetTestJSON-855619921-project-member] Calling method 'show' {{(pid=82962) _process_stack /opt/stack/cinder/cinder/api/openstack/wsgi.py:878}}
Feb 25 14:01:17 devstack devstack@c-api.service[82962]: /opt/stack/data/venv/lib/python3.10/site-packages/oslo_context/context.py:101: DeprecationWarning: Policy enforcement is depending on the value of is_admin. This key is deprecated. Please update your policy file to use the standard policy values.
Feb 25 14:01:17 devstack devstack@c-api.service[82962]: warnings.warn(
Feb 25 14:01:17 devstack devstack@c-api.service[82962]: INFO cinder.volume.api [req-d13e526e-4be0-45ab-8449-b74f5d7578cf req-013bcaec-a463-4ce1-8753-78ce0fd65958 tempest-VolumesGetTestJSON-855619921 tempest-VolumesGetTestJSON-855619921-project-member] Volume info retrieved successfully.
Feb 25 14:01:17 devstack devstack@c-api.service[82962]: INFO cinder.api.openstack.wsgi [req-d13e526e-4be0-45ab-8449-b74f5d7578cf req-013bcaec-a463-4ce1-8753-78ce0fd65958 tempest-VolumesGetTestJSON-855619921 tempest-VolumesGetTestJSON-855619921-project-member] http://192.168.122.50/volume/v3/volumes/a3cd8827-e9f9-4977-8ffe-858e0c0f9ee1 returned with HTTP 200
Feb 25 14:01:17 devstack devstack@c-api.service[82962]: [pid: 82962|app: 0|req: 152/295] 192.168.122.50 () {64 vars in 1579 bytes} [Wed Feb 25 14:01:17 2026] GET /volume/v3/volumes/a3cd8827-e9f9-4977-8ffe-858e0c0f9ee1 => generated 862 bytes in 69 msecs (HTTP/1.1 200) 7 headers in 285 bytes (1 switches on core 0)
Feb 25 14:01:18 devstack devstack@c-api.service[82962]: DEBUG cinder.api.middleware.request_id [req-79cfb06a-3ca4-40f1-9e76-899de2d5a238 req-ec30ab99-b477-40ed-b454-ff35f7455060 None None] RequestId filter calling following filter/app {{(pid=82962) _context_setter /opt/stack/cinder/cinder/api/middleware/request_id.py:62}}
Feb 25 14:01:18 devstack devstack@c-api.service[82962]: INFO cinder.api.openstack.wsgi [req-79cfb06a-3ca4-40f1-9e76-899de2d5a238 req-ec30ab99-b477-40ed-b454-ff35f7455060 tempest-VolumesGetTestJSON-855619921 tempest-VolumesGetTestJSON-855619921-project-member] GET http://192.168.122.50/volume/v3/volumes/a3cd8827-e9f9-4977-8ffe-858e0c0f9ee1
Feb 25 14:01:18 devstack devstack@c-api.service[82962]: DEBUG cinder.api.openstack.wsgi [req-79cfb06a-3ca4-40f1-9e76-899de2d5a238 req-ec30ab99-b477-40ed-b454-ff35f7455060 tempest-VolumesGetTestJSON-855619921 tempest-VolumesGetTestJSON-855619921-project-member] Empty body provided in request {{(pid=82962) get_body /opt/stack/cinder/cinder/api/openstack/wsgi.py:725}}
Feb 25 14:01:18 devstack devstack@c-api.service[82962]: DEBUG cinder.api.openstack.wsgi [req-79cfb06a-3ca4-40f1-9e76-899de2d5a238 req-ec30ab99-b477-40ed-b454-ff35f7455060 tempest-VolumesGetTestJSON-855619921 tempest-VolumesGetTestJSON-855619921-project-member] Calling method 'show' {{(pid=82962) _process_stack /opt/stack/cinder/cinder/api/openstack/wsgi.py:878}}
Feb 25 14:01:18 devstack devstack@c-api.service[82962]: /opt/stack/data/venv/lib/python3.10/site-packages/oslo_context/context.py:101: DeprecationWarning: Policy enforcement is depending on the value of is_admin. This key is deprecated. Please update your policy file to use the standard policy values.
Feb 25 14:01:18 devstack devstack@c-api.service[82962]: warnings.warn(
Feb 25 14:01:18 devstack devstack@c-api.service[82962]: INFO cinder.volume.api [req-79cfb06a-3ca4-40f1-9e76-899de2d5a238 req-ec30ab99-b477-40ed-b454-ff35f7455060 tempest-VolumesGetTestJSON-855619921 tempest-VolumesGetTestJSON-855619921-project-member] Volume info retrieved successfully.
Feb 25 14:01:18 devstack devstack@c-api.service[82962]: INFO cinder.api.openstack.wsgi [req-79cfb06a-3ca4-40f1-9e76-899de2d5a238 req-ec30ab99-b477-40ed-b454-ff35f7455060 tempest-VolumesGetTestJSON-855619921 tempest-VolumesGetTestJSON-855619921-project-member] http://192.168.122.50/volume/v3/volumes/a3cd8827-e9f9-4977-8ffe-858e0c0f9ee1 returned with HTTP 200
Feb 25 14:01:18 devstack devstack@c-api.service[82962]: [pid: 82962|app: 0|req: 153/296] 192.168.122.50 () {64 vars in 1579 bytes} [Wed Feb 25 14:01:18 2026] GET /volume/v3/volumes/a3cd8827-e9f9-4977-8ffe-858e0c0f9ee1 => generated 863 bytes in 76 msecs (HTTP/1.1 200) 7 headers in 285 bytes (1 switches on core 0)
Feb 25 14:01:18 devstack devstack@c-api.service[82962]: DEBUG cinder.api.middleware.request_id [req-f23081cc-0661-4c0f-9a8c-6d031016f242 req-bd6b949f-f2d0-46cd-9a8e-62ef892db10f None None] RequestId filter calling following filter/app {{(pid=82962) _context_setter /opt/stack/cinder/cinder/api/middleware/request_id.py:62}}
Feb 25 14:01:18 devstack devstack@c-api.service[82962]: INFO cinder.api.openstack.wsgi [req-f23081cc-0661-4c0f-9a8c-6d031016f242 req-bd6b949f-f2d0-46cd-9a8e-62ef892db10f tempest-VolumesGetTestJSON-855619921 tempest-VolumesGetTestJSON-855619921-project-member] GET http://192.168.122.50/volume/v3/volumes/a3cd8827-e9f9-4977-8ffe-858e0c0f9ee1
Feb 25 14:01:18 devstack devstack@c-api.service[82962]: DEBUG cinder.api.openstack.wsgi [req-f23081cc-0661-4c0f-9a8c-6d031016f242 req-bd6b949f-f2d0-46cd-9a8e-62ef892db10f tempest-VolumesGetTestJSON-855619921 tempest-VolumesGetTestJSON-855619921-project-member] Empty body provided in request {{(pid=82962) get_body /opt/stack/cinder/cinder/api/openstack/wsgi.py:725}}
Feb 25 14:01:18 devstack devstack@c-api.service[82962]: DEBUG cinder.api.openstack.wsgi [req-f23081cc-0661-4c0f-9a8c-6d031016f242 req-bd6b949f-f2d0-46cd-9a8e-62ef892db10f tempest-VolumesGetTestJSON-855619921 tempest-VolumesGetTestJSON-855619921-project-member] Calling method 'show' {{(pid=82962) _process_stack /opt/stack/cinder/cinder/api/openstack/wsgi.py:878}}
Feb 25 14:01:18 devstack devstack@c-api.service[82962]: /opt/stack/data/venv/lib/python3.10/site-packages/oslo_context/context.py:101: DeprecationWarning: Policy enforcement is depending on the value of is_admin. This key is deprecated. Please update your policy file to use the standard policy values.
Feb 25 14:01:18 devstack devstack@c-api.service[82962]: warnings.warn(
Feb 25 14:01:18 devstack devstack@c-api.service[82962]: INFO cinder.volume.api [req-f23081cc-0661-4c0f-9a8c-6d031016f242 req-bd6b949f-f2d0-46cd-9a8e-62ef892db10f tempest-VolumesGetTestJSON-855619921 tempest-VolumesGetTestJSON-855619921-project-member] Volume info retrieved successfully.
Feb 25 14:01:18 devstack devstack@c-api.service[82962]: INFO cinder.api.openstack.wsgi [req-f23081cc-0661-4c0f-9a8c-6d031016f242 req-bd6b949f-f2d0-46cd-9a8e-62ef892db10f tempest-VolumesGetTestJSON-855619921 tempest-VolumesGetTestJSON-855619921-project-member] http://192.168.122.50/volume/v3/volumes/a3cd8827-e9f9-4977-8ffe-858e0c0f9ee1 returned with HTTP 200
Feb 25 14:01:18 devstack devstack@c-api.service[82962]: [pid: 82962|app: 0|req: 154/297] 192.168.122.50 () {64 vars in 1579 bytes} [Wed Feb 25 14:01:18 2026] GET /volume/v3/volumes/a3cd8827-e9f9-4977-8ffe-858e0c0f9ee1 => generated 863 bytes in 82 msecs (HTTP/1.1 200) 7 headers in 285 bytes (1 switches on core 0)
Feb 25 14:01:18 devstack devstack@c-api.service[82962]: DEBUG cinder.api.middleware.request_id [req-96f5cb1d-39e3-4ad1-b455-b72c5efbef5e req-0075a3a6-7ab7-42c7-ae36-c77dcb027920 None None] RequestId filter calling following filter/app {{(pid=82962) _context_setter /opt/stack/cinder/cinder/api/middleware/request_id.py:62}}
Feb 25 14:01:18 devstack devstack@c-api.service[82962]: INFO cinder.api.openstack.wsgi [req-96f5cb1d-39e3-4ad1-b455-b72c5efbef5e req-0075a3a6-7ab7-42c7-ae36-c77dcb027920 tempest-VolumesGetTestJSON-855619921 tempest-VolumesGetTestJSON-855619921-project-member] DELETE http://192.168.122.50/volume/v3/volumes/a3cd8827-e9f9-4977-8ffe-858e0c0f9ee1
Feb 25 14:01:18 devstack devstack@c-api.service[82962]: DEBUG cinder.api.openstack.wsgi [req-96f5cb1d-39e3-4ad1-b455-b72c5efbef5e req-0075a3a6-7ab7-42c7-ae36-c77dcb027920 tempest-VolumesGetTestJSON-855619921 tempest-VolumesGetTestJSON-855619921-project-member] Empty body provided in request {{(pid=82962) get_body /opt/stack/cinder/cinder/api/openstack/wsgi.py:725}}
Feb 25 14:01:18 devstack devstack@c-api.service[82962]: DEBUG cinder.api.openstack.wsgi [req-96f5cb1d-39e3-4ad1-b455-b72c5efbef5e req-0075a3a6-7ab7-42c7-ae36-c77dcb027920 tempest-VolumesGetTestJSON-855619921 tempest-VolumesGetTestJSON-855619921-project-member] Calling method 'delete' {{(pid=82962) _process_stack /opt/stack/cinder/cinder/api/openstack/wsgi.py:878}}
Feb 25 14:01:18 devstack devstack@c-api.service[82962]: INFO cinder.api.v3.volumes [req-96f5cb1d-39e3-4ad1-b455-b72c5efbef5e req-0075a3a6-7ab7-42c7-ae36-c77dcb027920 tempest-VolumesGetTestJSON-855619921 tempest-VolumesGetTestJSON-855619921-project-member] Delete volume with id: a3cd8827-e9f9-4977-8ffe-858e0c0f9ee1
Feb 25 14:01:18 devstack devstack@c-api.service[82962]: /opt/stack/data/venv/lib/python3.10/site-packages/oslo_context/context.py:101: DeprecationWarning: Policy enforcement is depending on the value of is_admin. This key is deprecated. Please update your policy file to use the standard policy values.
Feb 25 14:01:18 devstack devstack@c-api.service[82962]: warnings.warn(
Feb 25 14:01:18 devstack devstack@c-api.service[82962]: INFO cinder.volume.api [req-96f5cb1d-39e3-4ad1-b455-b72c5efbef5e req-0075a3a6-7ab7-42c7-ae36-c77dcb027920 tempest-VolumesGetTestJSON-855619921 tempest-VolumesGetTestJSON-855619921-project-member] Volume info retrieved successfully.
Feb 25 14:01:18 devstack devstack@c-api.service[82962]: INFO cinder.volume.api [req-96f5cb1d-39e3-4ad1-b455-b72c5efbef5e req-0075a3a6-7ab7-42c7-ae36-c77dcb027920 tempest-VolumesGetTestJSON-855619921 tempest-VolumesGetTestJSON-855619921-project-member] Delete volume request issued successfully.
Feb 25 14:01:18 devstack devstack@c-api.service[82962]: INFO cinder.api.openstack.wsgi [req-96f5cb1d-39e3-4ad1-b455-b72c5efbef5e req-0075a3a6-7ab7-42c7-ae36-c77dcb027920 tempest-VolumesGetTestJSON-855619921 tempest-VolumesGetTestJSON-855619921-project-member] http://192.168.122.50/volume/v3/volumes/a3cd8827-e9f9-4977-8ffe-858e0c0f9ee1 returned with HTTP 202
Feb 25 14:01:18 devstack devstack@c-api.service[82962]: [pid: 82962|app: 0|req: 155/298] 192.168.122.50 () {66 vars in 1601 bytes} [Wed Feb 25 14:01:18 2026] DELETE /volume/v3/volumes/a3cd8827-e9f9-4977-8ffe-858e0c0f9ee1 => generated 0 bytes in 60 msecs (HTTP/1.1 202) 6 headers in 233 bytes (1 switches on core 0)
Feb 25 14:01:18 devstack devstack@c-api.service[82962]: DEBUG cinder.api.middleware.request_id [req-a1cc2af4-ea0c-453c-9e7a-e496a8a56479 req-dc9ee279-1851-452d-b74b-d231ba2c1c44 None None] RequestId filter calling following filter/app {{(pid=82962) _context_setter /opt/stack/cinder/cinder/api/middleware/request_id.py:62}}
Feb 25 14:01:18 devstack devstack@c-api.service[82962]: INFO cinder.api.openstack.wsgi [req-a1cc2af4-ea0c-453c-9e7a-e496a8a56479 req-dc9ee279-1851-452d-b74b-d231ba2c1c44 tempest-VolumesGetTestJSON-855619921 tempest-VolumesGetTestJSON-855619921-project-member] GET http://192.168.122.50/volume/v3/volumes/a3cd8827-e9f9-4977-8ffe-858e0c0f9ee1
Feb 25 14:01:18 devstack devstack@c-api.service[82962]: DEBUG cinder.api.openstack.wsgi [req-a1cc2af4-ea0c-453c-9e7a-e496a8a56479 req-dc9ee279-1851-452d-b74b-d231ba2c1c44 tempest-VolumesGetTestJSON-855619921 tempest-VolumesGetTestJSON-855619921-project-member] Empty body provided in request {{(pid=82962) get_body /opt/stack/cinder/cinder/api/openstack/wsgi.py:725}}
Feb 25 14:01:18 devstack devstack@c-api.service[82962]: DEBUG cinder.api.openstack.wsgi [req-a1cc2af4-ea0c-453c-9e7a-e496a8a56479 req-dc9ee279-1851-452d-b74b-d231ba2c1c44 tempest-VolumesGetTestJSON-855619921 tempest-VolumesGetTestJSON-855619921-project-member] Calling method 'show' {{(pid=82962) _process_stack /opt/stack/cinder/cinder/api/openstack/wsgi.py:878}}
Feb 25 14:01:18 devstack devstack@c-api.service[82962]: /opt/stack/data/venv/lib/python3.10/site-packages/oslo_context/context.py:101: DeprecationWarning: Policy enforcement is depending on the value of is_admin. This key is deprecated. Please update your policy file to use the standard policy values.
Feb 25 14:01:18 devstack devstack@c-api.service[82962]: warnings.warn(
Feb 25 14:01:18 devstack devstack@c-api.service[82962]: INFO cinder.volume.api [req-a1cc2af4-ea0c-453c-9e7a-e496a8a56479 req-dc9ee279-1851-452d-b74b-d231ba2c1c44 tempest-VolumesGetTestJSON-855619921 tempest-VolumesGetTestJSON-855619921-project-member] Volume info retrieved successfully.
Feb 25 14:01:18 devstack devstack@c-api.service[82962]: INFO cinder.api.openstack.wsgi [req-a1cc2af4-ea0c-453c-9e7a-e496a8a56479 req-dc9ee279-1851-452d-b74b-d231ba2c1c44 tempest-VolumesGetTestJSON-855619921 tempest-VolumesGetTestJSON-855619921-project-member] http://192.168.122.50/volume/v3/volumes/a3cd8827-e9f9-4977-8ffe-858e0c0f9ee1 returned with HTTP 200
Feb 25 14:01:18 devstack devstack@c-api.service[82962]: [pid: 82962|app: 0|req: 156/299] 192.168.122.50 () {64 vars in 1579 bytes} [Wed Feb 25 14:01:18 2026] GET /volume/v3/volumes/a3cd8827-e9f9-4977-8ffe-858e0c0f9ee1 => generated 862 bytes in 52 msecs (HTTP/1.1 200) 7 headers in 285 bytes (1 switches on core 0)
Feb 25 14:01:19 devstack devstack@c-api.service[82961]: DEBUG cinder.coordination [req-f5540e1a-b57e-49be-9150-e89198991b35 req-872ead37-b57f-482d-acfe-6d07fe750251 tempest-ServerBootFromVolumeStableRescueTest-1321886078 tempest-ServerBootFromVolumeStableRescueTest-1321886078-project-member] Lock "cinder-attachment_update-c3bac861-c90d-4ecf-b5cd-7e04abb9e4cf-devstack" released by "attachment_update" :: held 2.568s {{(pid=82961) __release /opt/stack/cinder/cinder/coordination.py:152}}
Feb 25 14:01:19 devstack devstack@c-api.service[82961]: INFO cinder.api.openstack.wsgi [req-f5540e1a-b57e-49be-9150-e89198991b35 req-872ead37-b57f-482d-acfe-6d07fe750251 tempest-ServerBootFromVolumeStableRescueTest-1321886078 tempest-ServerBootFromVolumeStableRescueTest-1321886078-project-member] http://192.168.122.50/volume/v3/attachments/c59fd04c-61b0-4160-8021-fa13e9a54725 returned with HTTP 200
Feb 25 14:01:19 devstack devstack@c-api.service[82961]: [pid: 82961|app: 0|req: 144/300] 192.168.122.50 () {70 vars in 1685 bytes} [Wed Feb 25 14:01:16 2026] PUT /volume/v3/attachments/c59fd04c-61b0-4160-8021-fa13e9a54725 => generated 694 bytes in 2623 msecs (HTTP/1.1 200) 7 headers in 286 bytes (1 switches on core 0)
Feb 25 14:01:19 devstack devstack@c-api.service[82962]: DEBUG cinder.api.middleware.request_id [None req-849810f5-ee17-4158-bedf-3af4ab1d1d19 None None] RequestId filter calling following filter/app {{(pid=82962) _context_setter /opt/stack/cinder/cinder/api/middleware/request_id.py:62}}
Feb 25 14:01:19 devstack devstack@c-api.service[82962]: INFO cinder.api.openstack.wsgi [None req-849810f5-ee17-4158-bedf-3af4ab1d1d19 tempest-GroupTypesTest-1714401070 tempest-GroupTypesTest-1714401070-project-admin] POST http://192.168.122.50/volume/v3/group_types
Feb 25 14:01:19 devstack devstack@c-api.service[82962]: DEBUG cinder.api.openstack.wsgi [None req-849810f5-ee17-4158-bedf-3af4ab1d1d19 tempest-GroupTypesTest-1714401070 tempest-GroupTypesTest-1714401070-project-admin] Action: 'create', calling method: version_select, body: {"group_type": {"name": "tempest-GroupTypesTest-group-type-551749679", "description": "tempest-group-type-description-1724490174", "group_specs": {"consistent_group_snapshot_enabled": " False"}, "is_public": true}} {{(pid=82962) _process_stack /opt/stack/cinder/cinder/api/openstack/wsgi.py:876}}
Feb 25 14:01:19 devstack devstack@c-api.service[82962]: INFO cinder.api.openstack.wsgi [None req-849810f5-ee17-4158-bedf-3af4ab1d1d19 tempest-GroupTypesTest-1714401070 tempest-GroupTypesTest-1714401070-project-admin] http://192.168.122.50/volume/v3/group_types returned with HTTP 202
Feb 25 14:01:19 devstack devstack@c-api.service[82962]: [pid: 82962|app: 0|req: 157/301] 192.168.122.50 () {66 vars in 1288 bytes} [Wed Feb 25 14:01:19 2026] POST /volume/v3/group_types => generated 264 bytes in 169 msecs (HTTP/1.1 202) 7 headers in 292 bytes (1 switches on core 0)
Feb 25 14:01:19 devstack devstack@c-api.service[82961]: DEBUG cinder.api.middleware.request_id [None req-46c35f77-46d8-4dbc-b955-50ac3ab4ea1d None None] RequestId filter calling following filter/app {{(pid=82961) _context_setter /opt/stack/cinder/cinder/api/middleware/request_id.py:62}}
Feb 25 14:01:19 devstack devstack@c-api.service[82961]: INFO cinder.api.openstack.wsgi [None req-46c35f77-46d8-4dbc-b955-50ac3ab4ea1d tempest-GroupTypesTest-1714401070 tempest-GroupTypesTest-1714401070-project-admin] GET http://192.168.122.50/volume/v3/group_types
Feb 25 14:01:19 devstack devstack@c-api.service[82961]: DEBUG cinder.api.openstack.wsgi [None req-46c35f77-46d8-4dbc-b955-50ac3ab4ea1d tempest-GroupTypesTest-1714401070 tempest-GroupTypesTest-1714401070-project-admin] Empty body provided in request {{(pid=82961) get_body /opt/stack/cinder/cinder/api/openstack/wsgi.py:725}}
Feb 25 14:01:19 devstack devstack@c-api.service[82961]: DEBUG cinder.api.openstack.wsgi [None req-46c35f77-46d8-4dbc-b955-50ac3ab4ea1d tempest-GroupTypesTest-1714401070 tempest-GroupTypesTest-1714401070-project-admin] Calling method 'version_select' {{(pid=82961) _process_stack /opt/stack/cinder/cinder/api/openstack/wsgi.py:878}}
Feb 25 14:01:19 devstack devstack@c-api.service[82961]: /opt/stack/data/venv/lib/python3.10/site-packages/oslo_context/context.py:101: DeprecationWarning: Policy enforcement is depending on the value of is_admin. This key is deprecated. Please update your policy file to use the standard policy values.
Feb 25 14:01:19 devstack devstack@c-api.service[82961]: warnings.warn(
Feb 25 14:01:19 devstack devstack@c-api.service[82961]: INFO cinder.api.openstack.wsgi [None req-46c35f77-46d8-4dbc-b955-50ac3ab4ea1d tempest-GroupTypesTest-1714401070 tempest-GroupTypesTest-1714401070-project-admin] http://192.168.122.50/volume/v3/group_types returned with HTTP 200
Feb 25 14:01:19 devstack devstack@c-api.service[82961]: [pid: 82961|app: 0|req: 145/302] 192.168.122.50 () {64 vars in 1266 bytes} [Wed Feb 25 14:01:19 2026] GET /volume/v3/group_types => generated 498 bytes in 27 msecs (HTTP/1.1 200) 7 headers in 286 bytes (1 switches on core 0)
Feb 25 14:01:19 devstack devstack@c-api.service[82962]: DEBUG cinder.api.middleware.request_id [None req-01516455-84cd-4737-8c37-4b0bd8439966 None None] RequestId filter calling following filter/app {{(pid=82962) _context_setter /opt/stack/cinder/cinder/api/middleware/request_id.py:62}}
Feb 25 14:01:19 devstack devstack@c-api.service[82962]: INFO cinder.api.openstack.wsgi [None req-01516455-84cd-4737-8c37-4b0bd8439966 tempest-GroupTypesTest-1714401070 tempest-GroupTypesTest-1714401070-project-admin] PUT http://192.168.122.50/volume/v3/group_types/e4d8e017-ef66-459b-aa89-a080c246c8d8
