Feb 04 16:06:56 devstack cinder-volume[83225]: DEBUG cinder.volume.drivers.quobyte [req-28045c83-563e-448a-ae82-0a52a966c6c8 req-4ebcb82d-1ead-45a8-8bf7-96efe0b6c230 tempest-VolumesSnapshotsTestJSON-361083037 None] Quobyte Volume URL set to: {'osci02.corp.quobyte.com/cinder-vol-4786aed7-6343-45df-b55a-c1fcd6ddeabe': None} {{(pid=83225) _load_shares_config /opt/stack/cinder/cinder/volume/drivers/quobyte.py:620}}
Feb 04 16:06:56 devstack cinder-volume[83225]: DEBUG cinder.volume.drivers.quobyte [req-28045c83-563e-448a-ae82-0a52a966c6c8 req-4ebcb82d-1ead-45a8-8bf7-96efe0b6c230 tempest-VolumesSnapshotsTestJSON-361083037 None] Available shares ['osci02.corp.quobyte.com/cinder-vol-4786aed7-6343-45df-b55a-c1fcd6ddeabe'] {{(pid=83225) _ensure_shares_mounted /opt/stack/cinder/cinder/volume/drivers/quobyte.py:650}}
Feb 04 16:06:56 devstack cinder-volume[83225]: DEBUG oslo_concurrency.lockutils [req-28045c83-563e-448a-ae82-0a52a966c6c8 req-4ebcb82d-1ead-45a8-8bf7-96efe0b6c230 tempest-VolumesSnapshotsTestJSON-361083037 None] Lock "quobyte_ensure" "released" by "cinder.volume.drivers.quobyte.QuobyteDriver._ensure_shares_mounted" :: held 0.034s {{(pid=83225) inner /opt/stack/data/venv/lib/python3.10/site-packages/oslo_concurrency/lockutils.py:538}}
Feb 04 16:06:56 devstack cinder-volume[83225]: DEBUG cinder.volume.drivers.quobyte [req-28045c83-563e-448a-ae82-0a52a966c6c8 req-4ebcb82d-1ead-45a8-8bf7-96efe0b6c230 tempest-VolumesSnapshotsTestJSON-361083037 None] Selected osci02.corp.quobyte.com/cinder-vol-4786aed7-6343-45df-b55a-c1fcd6ddeabe as target Quobyte volume. {{(pid=83225) _find_share /opt/stack/cinder/cinder/volume/drivers/quobyte.py:671}}
Feb 04 16:06:56 devstack cinder-volume[83225]: INFO cinder.volume.drivers.remotefs [req-28045c83-563e-448a-ae82-0a52a966c6c8 req-4ebcb82d-1ead-45a8-8bf7-96efe0b6c230 tempest-VolumesSnapshotsTestJSON-361083037 None] casted to osci02.corp.quobyte.com/cinder-vol-4786aed7-6343-45df-b55a-c1fcd6ddeabe
Feb 04 16:06:56 devstack cinder-volume[83225]: DEBUG oslo_concurrency.processutils [req-28045c83-563e-448a-ae82-0a52a966c6c8 req-4ebcb82d-1ead-45a8-8bf7-96efe0b6c230 tempest-VolumesSnapshotsTestJSON-361083037 None] Running cmd (subprocess): sudo cinder-rootwrap /etc/cinder/rootwrap.conf qemu-img create -f qcow2 -o preallocation=metadata /opt/stack/data/cinder/mnt/84b5a65ecaddb0e205221acfbe4bf788/volume-a312aed7-ecc0-4ded-a200-aa720981252e 1073741824 {{(pid=83225) execute /opt/stack/data/venv/lib/python3.10/site-packages/oslo_concurrency/processutils.py:368}}
Feb 04 16:06:56 devstack sudo[90374]: quobyte : PWD=/ ; USER=root ; COMMAND=/opt/stack/data/venv/bin/cinder-rootwrap /etc/cinder/rootwrap.conf qemu-img create -f qcow2 -o preallocation=metadata /opt/stack/data/cinder/mnt/84b5a65ecaddb0e205221acfbe4bf788/volume-a312aed7-ecc0-4ded-a200-aa720981252e 1073741824
Feb 04 16:06:56 devstack sudo[90374]: pam_unix(sudo:session): session opened for user root(uid=0) by (uid=1000)
Feb 04 16:06:56 devstack sudo[90374]: pam_unix(sudo:session): session closed for user root
Feb 04 16:06:56 devstack cinder-volume[83225]: DEBUG oslo_concurrency.processutils [req-28045c83-563e-448a-ae82-0a52a966c6c8 req-4ebcb82d-1ead-45a8-8bf7-96efe0b6c230 tempest-VolumesSnapshotsTestJSON-361083037 None] CMD "sudo cinder-rootwrap /etc/cinder/rootwrap.conf qemu-img create -f qcow2 -o preallocation=metadata /opt/stack/data/cinder/mnt/84b5a65ecaddb0e205221acfbe4bf788/volume-a312aed7-ecc0-4ded-a200-aa720981252e 1073741824" returned: 0 in 0.811s {{(pid=83225) execute /opt/stack/data/venv/lib/python3.10/site-packages/oslo_concurrency/processutils.py:396}}
Feb 04 16:06:56 devstack cinder-volume[83225]: DEBUG oslo_concurrency.processutils [req-28045c83-563e-448a-ae82-0a52a966c6c8 req-4ebcb82d-1ead-45a8-8bf7-96efe0b6c230 tempest-VolumesSnapshotsTestJSON-361083037 None] Running cmd (subprocess): sudo cinder-rootwrap /etc/cinder/rootwrap.conf chmod ugo+rw /opt/stack/data/cinder/mnt/84b5a65ecaddb0e205221acfbe4bf788/volume-a312aed7-ecc0-4ded-a200-aa720981252e {{(pid=83225) execute /opt/stack/data/venv/lib/python3.10/site-packages/oslo_concurrency/processutils.py:368}}
Feb 04 16:06:57 devstack sudo[90379]: quobyte : PWD=/ ; USER=root ; COMMAND=/opt/stack/data/venv/bin/cinder-rootwrap /etc/cinder/rootwrap.conf chmod ugo+rw /opt/stack/data/cinder/mnt/84b5a65ecaddb0e205221acfbe4bf788/volume-a312aed7-ecc0-4ded-a200-aa720981252e
Feb 04 16:06:57 devstack sudo[90379]: pam_unix(sudo:session): session opened for user root(uid=0) by (uid=1000)
Feb 04 16:06:57 devstack sudo[90379]: pam_unix(sudo:session): session closed for user root
Feb 04 16:06:57 devstack cinder-volume[83225]: DEBUG oslo_concurrency.processutils [req-28045c83-563e-448a-ae82-0a52a966c6c8 req-4ebcb82d-1ead-45a8-8bf7-96efe0b6c230 tempest-VolumesSnapshotsTestJSON-361083037 None] CMD "sudo cinder-rootwrap /etc/cinder/rootwrap.conf chmod ugo+rw /opt/stack/data/cinder/mnt/84b5a65ecaddb0e205221acfbe4bf788/volume-a312aed7-ecc0-4ded-a200-aa720981252e" returned: 0 in 0.679s {{(pid=83225) execute /opt/stack/data/venv/lib/python3.10/site-packages/oslo_concurrency/processutils.py:396}}
Feb 04 16:06:57 devstack cinder-volume[83225]: DEBUG cinder.volume.drivers.quobyte [req-28045c83-563e-448a-ae82-0a52a966c6c8 req-4ebcb82d-1ead-45a8-8bf7-96efe0b6c230 tempest-VolumesSnapshotsTestJSON-361083037 None] <== create_volume: return (1563ms) {'provider_location': 'osci02.corp.quobyte.com/cinder-vol-4786aed7-6343-45df-b55a-c1fcd6ddeabe'} {{(pid=83225) trace_logging_wrapper /opt/stack/cinder/cinder/volume/volume_utils.py:1523}}
Feb 04 16:06:57 devstack cinder-volume[83225]: DEBUG oslo_concurrency.lockutils [req-28045c83-563e-448a-ae82-0a52a966c6c8 req-4ebcb82d-1ead-45a8-8bf7-96efe0b6c230 tempest-VolumesSnapshotsTestJSON-361083037 None] Lock "quobyte" "released" by "cinder.volume.drivers.quobyte.QuobyteDriver.create_volume" :: held 1.574s {{(pid=83225) inner /opt/stack/data/venv/lib/python3.10/site-packages/oslo_concurrency/lockutils.py:538}}
Feb 04 16:06:57 devstack cinder-volume[83225]: DEBUG cinder.volume.manager [req-28045c83-563e-448a-ae82-0a52a966c6c8 req-4ebcb82d-1ead-45a8-8bf7-96efe0b6c230 tempest-VolumesSnapshotsTestJSON-361083037 None] Task 'cinder.volume.flows.manager.create_volume.CreateVolumeFromSpecTask;volume:create' (688cfe74-8e2c-4150-82d5-650e06733d66) transitioned into state 'SUCCESS' from state 'RUNNING' with result '{'status': 'creating', 'volume_name': 'volume-a312aed7-ecc0-4ded-a200-aa720981252e', 'volume_size': 1}' {{(pid=83225) _task_receiver /opt/stack/data/venv/lib/python3.10/site-packages/taskflow/listeners/logging.py:182}}
Feb 04 16:06:57 devstack cinder-volume[83225]: DEBUG cinder.volume.manager [req-28045c83-563e-448a-ae82-0a52a966c6c8 req-4ebcb82d-1ead-45a8-8bf7-96efe0b6c230 tempest-VolumesSnapshotsTestJSON-361083037 None] Task 'cinder.volume.flows.manager.create_volume.CreateVolumeOnFinishTask;volume:create, create.end' (5c6d91d2-7dc4-48aa-98c9-71060cbf3208) transitioned into state 'RUNNING' from state 'PENDING' {{(pid=83225) _task_receiver /opt/stack/data/venv/lib/python3.10/site-packages/taskflow/listeners/logging.py:194}}
Feb 04 16:06:57 devstack cinder-volume[83225]: INFO cinder.volume.flows.manager.create_volume [req-28045c83-563e-448a-ae82-0a52a966c6c8 req-4ebcb82d-1ead-45a8-8bf7-96efe0b6c230 tempest-VolumesSnapshotsTestJSON-361083037 None] Volume volume-a312aed7-ecc0-4ded-a200-aa720981252e (a312aed7-ecc0-4ded-a200-aa720981252e): created successfully
Feb 04 16:06:57 devstack cinder-volume[83225]: DEBUG cinder.volume.manager [req-28045c83-563e-448a-ae82-0a52a966c6c8 req-4ebcb82d-1ead-45a8-8bf7-96efe0b6c230 tempest-VolumesSnapshotsTestJSON-361083037 None] Task 'cinder.volume.flows.manager.create_volume.CreateVolumeOnFinishTask;volume:create, create.end' (5c6d91d2-7dc4-48aa-98c9-71060cbf3208) transitioned into state 'SUCCESS' from state 'RUNNING' with result 'None' {{(pid=83225) _task_receiver /opt/stack/data/venv/lib/python3.10/site-packages/taskflow/listeners/logging.py:182}}
Feb 04 16:06:57 devstack cinder-volume[83225]: DEBUG cinder.volume.manager [req-28045c83-563e-448a-ae82-0a52a966c6c8 req-4ebcb82d-1ead-45a8-8bf7-96efe0b6c230 tempest-VolumesSnapshotsTestJSON-361083037 None] Flow 'volume_create_manager' (09c0df10-7e46-4cb5-befd-8586f3c41916) transitioned into state 'SUCCESS' from state 'RUNNING' {{(pid=83225) _flow_receiver /opt/stack/data/venv/lib/python3.10/site-packages/taskflow/listeners/logging.py:145}}
Feb 04 16:06:57 devstack cinder-volume[83225]: INFO cinder.volume.manager [req-28045c83-563e-448a-ae82-0a52a966c6c8 req-4ebcb82d-1ead-45a8-8bf7-96efe0b6c230 tempest-VolumesSnapshotsTestJSON-361083037 None] Created volume successfully.
Feb 04 16:06:58 devstack cinder-volume[83225]: WARNING cinder.volume.volume_utils [req-9e1e23cb-6eb4-4b31-bdca-d11fbdf676f1 req-f1c31207-982c-419f-a38a-6c0f35adeaa9 tempest-VolumesSnapshotsTestJSON-361083037 None] Volume driver (QuobyteDriver 1.1.14) is currently unsupported and may be removed in the next release of OpenStack. Use at your own risk.
Feb 04 16:06:58 devstack cinder-volume[83225]: DEBUG oslo_concurrency.lockutils [req-9e1e23cb-6eb4-4b31-bdca-d11fbdf676f1 req-f1c31207-982c-419f-a38a-6c0f35adeaa9 tempest-VolumesSnapshotsTestJSON-361083037 None] Acquiring lock "quobyte" by "cinder.volume.drivers.quobyte.QuobyteDriver.create_snapshot" {{(pid=83225) inner /opt/stack/data/venv/lib/python3.10/site-packages/oslo_concurrency/lockutils.py:506}}
Feb 04 16:06:58 devstack cinder-volume[83225]: DEBUG oslo_concurrency.lockutils [req-9e1e23cb-6eb4-4b31-bdca-d11fbdf676f1 req-f1c31207-982c-419f-a38a-6c0f35adeaa9 tempest-VolumesSnapshotsTestJSON-361083037 None] Lock "quobyte" acquired by "cinder.volume.drivers.quobyte.QuobyteDriver.create_snapshot" :: waited 0.001s {{(pid=83225) inner /opt/stack/data/venv/lib/python3.10/site-packages/oslo_concurrency/lockutils.py:519}}
Feb 04 16:06:58 devstack cinder-volume[83225]: DEBUG cinder.volume.drivers.remotefs [req-9e1e23cb-6eb4-4b31-bdca-d11fbdf676f1 req-f1c31207-982c-419f-a38a-6c0f35adeaa9 tempest-VolumesSnapshotsTestJSON-361083037 None] Creating offline snapshot 35a1a096-df08-422d-9a7e-7620685d23c5 of volume a312aed7-ecc0-4ded-a200-aa720981252e {{(pid=83225) _create_snapshot /opt/stack/cinder/cinder/volume/drivers/remotefs.py:1817}}
Feb 04 16:06:58 devstack cinder-volume[83225]: DEBUG oslo.privsep.daemon [-] privsep: reply[e3ec19ee-31ae-4c8d-8995-703047234f98]: (4, 'qcow2') {{(pid=84211) _call_back /opt/stack/data/venv/lib/python3.10/site-packages/oslo_privsep/daemon.py:515}}
Feb 04 16:06:58 devstack cinder-volume[83225]: DEBUG oslo_concurrency.processutils [req-9e1e23cb-6eb4-4b31-bdca-d11fbdf676f1 req-f1c31207-982c-419f-a38a-6c0f35adeaa9 tempest-VolumesSnapshotsTestJSON-361083037 None] Running cmd (subprocess): /opt/stack/data/venv/bin/python3.10 -m oslo_concurrency.prlimit --as=1073741824 --cpu=60 -- sudo cinder-rootwrap /etc/cinder/rootwrap.conf env LC_ALL=C qemu-img info -f qcow2 --output=json --force-share /opt/stack/data/cinder/mnt/84b5a65ecaddb0e205221acfbe4bf788/volume-a312aed7-ecc0-4ded-a200-aa720981252e {{(pid=83225) execute /opt/stack/data/venv/lib/python3.10/site-packages/oslo_concurrency/processutils.py:368}}
Feb 04 16:06:58 devstack sudo[90383]: quobyte : PWD=/ ; USER=root ; COMMAND=/opt/stack/data/venv/bin/cinder-rootwrap /etc/cinder/rootwrap.conf env LC_ALL=C qemu-img info -f qcow2 --output=json --force-share /opt/stack/data/cinder/mnt/84b5a65ecaddb0e205221acfbe4bf788/volume-a312aed7-ecc0-4ded-a200-aa720981252e
Feb 04 16:06:58 devstack sudo[90383]: pam_unix(sudo:session): session opened for user root(uid=0) by (uid=1000)
Feb 04 16:06:58 devstack sudo[90383]: pam_unix(sudo:session): session closed for user root
Feb 04 16:06:58 devstack cinder-volume[83225]: DEBUG oslo_concurrency.processutils [req-9e1e23cb-6eb4-4b31-bdca-d11fbdf676f1 req-f1c31207-982c-419f-a38a-6c0f35adeaa9 tempest-VolumesSnapshotsTestJSON-361083037 None] CMD "/opt/stack/data/venv/bin/python3.10 -m oslo_concurrency.prlimit --as=1073741824 --cpu=60 -- sudo cinder-rootwrap /etc/cinder/rootwrap.conf env LC_ALL=C qemu-img info -f qcow2 --output=json --force-share /opt/stack/data/cinder/mnt/84b5a65ecaddb0e205221acfbe4bf788/volume-a312aed7-ecc0-4ded-a200-aa720981252e" returned: 0 in 0.705s {{(pid=83225) execute /opt/stack/data/venv/lib/python3.10/site-packages/oslo_concurrency/processutils.py:396}}
Feb 04 16:06:58 devstack cinder-volume[83225]: DEBUG oslo_concurrency.processutils [req-9e1e23cb-6eb4-4b31-bdca-d11fbdf676f1 req-f1c31207-982c-419f-a38a-6c0f35adeaa9 tempest-VolumesSnapshotsTestJSON-361083037 None] Running cmd (subprocess): sudo cinder-rootwrap /etc/cinder/rootwrap.conf qemu-img create -f qcow2 -o backing_file=/opt/stack/data/cinder/mnt/84b5a65ecaddb0e205221acfbe4bf788/volume-a312aed7-ecc0-4ded-a200-aa720981252e,backing_fmt=qcow2 /opt/stack/data/cinder/mnt/84b5a65ecaddb0e205221acfbe4bf788/volume-a312aed7-ecc0-4ded-a200-aa720981252e.35a1a096-df08-422d-9a7e-7620685d23c5 1G {{(pid=83225) execute /opt/stack/data/venv/lib/python3.10/site-packages/oslo_concurrency/processutils.py:368}}
Feb 04 16:06:59 devstack sudo[90407]: quobyte : PWD=/ ; USER=root ; COMMAND=/opt/stack/data/venv/bin/cinder-rootwrap /etc/cinder/rootwrap.conf qemu-img create -f qcow2 -o backing_file=/opt/stack/data/cinder/mnt/84b5a65ecaddb0e205221acfbe4bf788/volume-a312aed7-ecc0-4ded-a200-aa720981252e,backing_fmt=qcow2 /opt/stack/data/cinder/mnt/84b5a65ecaddb0e205221acfbe4bf788/volume-a312aed7-ecc0-4ded-a200-aa720981252e.35a1a096-df08-422d-9a7e-7620685d23c5 1G
Feb 04 16:06:59 devstack sudo[90407]: pam_unix(sudo:session): session opened for user root(uid=0) by (uid=1000)
Feb 04 16:06:59 devstack sudo[90407]: pam_unix(sudo:session): session closed for user root
Feb 04 16:06:59 devstack cinder-volume[83225]: DEBUG oslo_concurrency.processutils [req-9e1e23cb-6eb4-4b31-bdca-d11fbdf676f1 req-f1c31207-982c-419f-a38a-6c0f35adeaa9 tempest-VolumesSnapshotsTestJSON-361083037 None] CMD "sudo cinder-rootwrap /etc/cinder/rootwrap.conf qemu-img create -f qcow2 -o backing_file=/opt/stack/data/cinder/mnt/84b5a65ecaddb0e205221acfbe4bf788/volume-a312aed7-ecc0-4ded-a200-aa720981252e,backing_fmt=qcow2 /opt/stack/data/cinder/mnt/84b5a65ecaddb0e205221acfbe4bf788/volume-a312aed7-ecc0-4ded-a200-aa720981252e.35a1a096-df08-422d-9a7e-7620685d23c5 1G" returned: 0 in 0.812s {{(pid=83225) execute /opt/stack/data/venv/lib/python3.10/site-packages/oslo_concurrency/processutils.py:396}}
Feb 04 16:06:59 devstack cinder-volume[83225]: DEBUG oslo_concurrency.processutils [req-9e1e23cb-6eb4-4b31-bdca-d11fbdf676f1 req-f1c31207-982c-419f-a38a-6c0f35adeaa9 tempest-VolumesSnapshotsTestJSON-361083037 None] Running cmd (subprocess): sudo cinder-rootwrap /etc/cinder/rootwrap.conf qemu-img rebase -u -b volume-a312aed7-ecc0-4ded-a200-aa720981252e -F qcow2 /opt/stack/data/cinder/mnt/84b5a65ecaddb0e205221acfbe4bf788/volume-a312aed7-ecc0-4ded-a200-aa720981252e.35a1a096-df08-422d-9a7e-7620685d23c5 {{(pid=83225) execute /opt/stack/data/venv/lib/python3.10/site-packages/oslo_concurrency/processutils.py:368}}
Feb 04 16:06:59 devstack sudo[90433]: quobyte : PWD=/ ; USER=root ; COMMAND=/opt/stack/data/venv/bin/cinder-rootwrap /etc/cinder/rootwrap.conf qemu-img rebase -u -b volume-a312aed7-ecc0-4ded-a200-aa720981252e -F qcow2 /opt/stack/data/cinder/mnt/84b5a65ecaddb0e205221acfbe4bf788/volume-a312aed7-ecc0-4ded-a200-aa720981252e.35a1a096-df08-422d-9a7e-7620685d23c5
Feb 04 16:06:59 devstack sudo[90433]: pam_unix(sudo:session): session opened for user root(uid=0) by (uid=1000)
Feb 04 16:07:00 devstack sudo[90433]: pam_unix(sudo:session): session closed for user root
Feb 04 16:07:00 devstack cinder-volume[83225]: DEBUG oslo_concurrency.processutils [req-9e1e23cb-6eb4-4b31-bdca-d11fbdf676f1 req-f1c31207-982c-419f-a38a-6c0f35adeaa9 tempest-VolumesSnapshotsTestJSON-361083037 None] CMD "sudo cinder-rootwrap /etc/cinder/rootwrap.conf qemu-img rebase -u -b volume-a312aed7-ecc0-4ded-a200-aa720981252e -F qcow2 /opt/stack/data/cinder/mnt/84b5a65ecaddb0e205221acfbe4bf788/volume-a312aed7-ecc0-4ded-a200-aa720981252e.35a1a096-df08-422d-9a7e-7620685d23c5" returned: 0 in 0.508s {{(pid=83225) execute /opt/stack/data/venv/lib/python3.10/site-packages/oslo_concurrency/processutils.py:396}}
Feb 04 16:07:00 devstack cinder-volume[83225]: WARNING cinder.volume.drivers.remotefs [req-9e1e23cb-6eb4-4b31-bdca-d11fbdf676f1 req-f1c31207-982c-419f-a38a-6c0f35adeaa9 tempest-VolumesSnapshotsTestJSON-361083037 None] /opt/stack/data/cinder/mnt/84b5a65ecaddb0e205221acfbe4bf788/volume-a312aed7-ecc0-4ded-a200-aa720981252e.35a1a096-df08-422d-9a7e-7620685d23c5 is being set with open permissions: ugo+rw
Feb 04 16:07:00 devstack cinder-volume[83225]: DEBUG oslo_concurrency.processutils [req-9e1e23cb-6eb4-4b31-bdca-d11fbdf676f1 req-f1c31207-982c-419f-a38a-6c0f35adeaa9 tempest-VolumesSnapshotsTestJSON-361083037 None] Running cmd (subprocess): sudo cinder-rootwrap /etc/cinder/rootwrap.conf chmod ugo+rw /opt/stack/data/cinder/mnt/84b5a65ecaddb0e205221acfbe4bf788/volume-a312aed7-ecc0-4ded-a200-aa720981252e.35a1a096-df08-422d-9a7e-7620685d23c5 {{(pid=83225) execute /opt/stack/data/venv/lib/python3.10/site-packages/oslo_concurrency/processutils.py:368}}
Feb 04 16:07:00 devstack sudo[90438]: quobyte : PWD=/ ; USER=root ; COMMAND=/opt/stack/data/venv/bin/cinder-rootwrap /etc/cinder/rootwrap.conf chmod ugo+rw /opt/stack/data/cinder/mnt/84b5a65ecaddb0e205221acfbe4bf788/volume-a312aed7-ecc0-4ded-a200-aa720981252e.35a1a096-df08-422d-9a7e-7620685d23c5
Feb 04 16:07:00 devstack sudo[90438]: pam_unix(sudo:session): session opened for user root(uid=0) by (uid=1000)
Feb 04 16:07:00 devstack sudo[90438]: pam_unix(sudo:session): session closed for user root
Feb 04 16:07:00 devstack cinder-volume[83225]: DEBUG oslo_concurrency.processutils [req-9e1e23cb-6eb4-4b31-bdca-d11fbdf676f1 req-f1c31207-982c-419f-a38a-6c0f35adeaa9 tempest-VolumesSnapshotsTestJSON-361083037 None] CMD "sudo cinder-rootwrap /etc/cinder/rootwrap.conf chmod ugo+rw /opt/stack/data/cinder/mnt/84b5a65ecaddb0e205221acfbe4bf788/volume-a312aed7-ecc0-4ded-a200-aa720981252e.35a1a096-df08-422d-9a7e-7620685d23c5" returned: 0 in 0.536s {{(pid=83225) execute /opt/stack/data/venv/lib/python3.10/site-packages/oslo_concurrency/processutils.py:396}}
Feb 04 16:07:00 devstack cinder-volume[83225]: DEBUG oslo_concurrency.processutils [req-9e1e23cb-6eb4-4b31-bdca-d11fbdf676f1 req-f1c31207-982c-419f-a38a-6c0f35adeaa9 tempest-VolumesSnapshotsTestJSON-361083037 None] Running cmd (subprocess): sudo cinder-rootwrap /etc/cinder/rootwrap.conf truncate -s0 /opt/stack/data/cinder/mnt/84b5a65ecaddb0e205221acfbe4bf788/volume-a312aed7-ecc0-4ded-a200-aa720981252e.info {{(pid=83225) execute /opt/stack/data/venv/lib/python3.10/site-packages/oslo_concurrency/processutils.py:368}}
Feb 04 16:07:00 devstack sudo[90443]: quobyte : PWD=/ ; USER=root ; COMMAND=/opt/stack/data/venv/bin/cinder-rootwrap /etc/cinder/rootwrap.conf truncate -s0 /opt/stack/data/cinder/mnt/84b5a65ecaddb0e205221acfbe4bf788/volume-a312aed7-ecc0-4ded-a200-aa720981252e.info
Feb 04 16:07:00 devstack sudo[90443]: pam_unix(sudo:session): session opened for user root(uid=0) by (uid=1000)
Feb 04 16:07:01 devstack sudo[90443]: pam_unix(sudo:session): session closed for user root
Feb 04 16:07:01 devstack cinder-volume[83225]: DEBUG oslo_concurrency.processutils [req-9e1e23cb-6eb4-4b31-bdca-d11fbdf676f1 req-f1c31207-982c-419f-a38a-6c0f35adeaa9 tempest-VolumesSnapshotsTestJSON-361083037 None] CMD "sudo cinder-rootwrap /etc/cinder/rootwrap.conf truncate -s0 /opt/stack/data/cinder/mnt/84b5a65ecaddb0e205221acfbe4bf788/volume-a312aed7-ecc0-4ded-a200-aa720981252e.info" returned: 0 in 0.601s {{(pid=83225) execute /opt/stack/data/venv/lib/python3.10/site-packages/oslo_concurrency/processutils.py:396}}
Feb 04 16:07:01 devstack cinder-volume[83225]: WARNING cinder.volume.drivers.remotefs [req-9e1e23cb-6eb4-4b31-bdca-d11fbdf676f1 req-f1c31207-982c-419f-a38a-6c0f35adeaa9 tempest-VolumesSnapshotsTestJSON-361083037 None] /opt/stack/data/cinder/mnt/84b5a65ecaddb0e205221acfbe4bf788/volume-a312aed7-ecc0-4ded-a200-aa720981252e.info is being set with open permissions: ugo+rw
Feb 04 16:07:01 devstack cinder-volume[83225]: DEBUG oslo_concurrency.processutils [req-9e1e23cb-6eb4-4b31-bdca-d11fbdf676f1 req-f1c31207-982c-419f-a38a-6c0f35adeaa9 tempest-VolumesSnapshotsTestJSON-361083037 None] Running cmd (subprocess): sudo cinder-rootwrap /etc/cinder/rootwrap.conf chmod ugo+rw /opt/stack/data/cinder/mnt/84b5a65ecaddb0e205221acfbe4bf788/volume-a312aed7-ecc0-4ded-a200-aa720981252e.info {{(pid=83225) execute /opt/stack/data/venv/lib/python3.10/site-packages/oslo_concurrency/processutils.py:368}}
Feb 04 16:07:01 devstack sudo[90448]: quobyte : PWD=/ ; USER=root ; COMMAND=/opt/stack/data/venv/bin/cinder-rootwrap /etc/cinder/rootwrap.conf chmod ugo+rw /opt/stack/data/cinder/mnt/84b5a65ecaddb0e205221acfbe4bf788/volume-a312aed7-ecc0-4ded-a200-aa720981252e.info
Feb 04 16:07:01 devstack sudo[90448]: pam_unix(sudo:session): session opened for user root(uid=0) by (uid=1000)
Feb 04 16:07:02 devstack sudo[90448]: pam_unix(sudo:session): session closed for user root
Feb 04 16:07:02 devstack cinder-volume[83225]: DEBUG oslo_concurrency.processutils [req-9e1e23cb-6eb4-4b31-bdca-d11fbdf676f1 req-f1c31207-982c-419f-a38a-6c0f35adeaa9 tempest-VolumesSnapshotsTestJSON-361083037 None] CMD "sudo cinder-rootwrap /etc/cinder/rootwrap.conf chmod ugo+rw /opt/stack/data/cinder/mnt/84b5a65ecaddb0e205221acfbe4bf788/volume-a312aed7-ecc0-4ded-a200-aa720981252e.info" returned: 0 in 0.680s {{(pid=83225) execute /opt/stack/data/venv/lib/python3.10/site-packages/oslo_concurrency/processutils.py:396}}
Feb 04 16:07:02 devstack cinder-volume[83225]: DEBUG oslo_concurrency.lockutils [req-9e1e23cb-6eb4-4b31-bdca-d11fbdf676f1 req-f1c31207-982c-419f-a38a-6c0f35adeaa9 tempest-VolumesSnapshotsTestJSON-361083037 None] Lock "quobyte" "released" by "cinder.volume.drivers.quobyte.QuobyteDriver.create_snapshot" :: held 3.923s {{(pid=83225) inner /opt/stack/data/venv/lib/python3.10/site-packages/oslo_concurrency/lockutils.py:538}}
Feb 04 16:07:02 devstack cinder-volume[83225]: INFO cinder.volume.manager [req-9e1e23cb-6eb4-4b31-bdca-d11fbdf676f1 req-f1c31207-982c-419f-a38a-6c0f35adeaa9 tempest-VolumesSnapshotsTestJSON-361083037 None] Create snapshot completed successfully
Feb 04 16:07:02 devstack cinder-volume[83225]: DEBUG cinder.coordination [req-1c435727-9aca-42bb-a775-722afa67bd2a req-3f398450-4a66-4666-8f3c-b98abbc91488 tempest-VolumesSnapshotsTestJSON-361083037 None] Acquiring lock "cinder-35a1a096-df08-422d-9a7e-7620685d23c5-delete_snapshot" by "delete_snapshot" {{(pid=83225) __acquire /opt/stack/cinder/cinder/coordination.py:143}}
Feb 04 16:07:02 devstack cinder-volume[83225]: DEBUG cinder.coordination [req-1c435727-9aca-42bb-a775-722afa67bd2a req-3f398450-4a66-4666-8f3c-b98abbc91488 tempest-VolumesSnapshotsTestJSON-361083037 None] Lock "cinder-35a1a096-df08-422d-9a7e-7620685d23c5-delete_snapshot" acquired by "delete_snapshot" :: waited 0.017s {{(pid=83225) __acquire /opt/stack/cinder/cinder/coordination.py:146}}
Feb 04 16:07:02 devstack cinder-volume[83225]: WARNING cinder.volume.volume_utils [req-1c435727-9aca-42bb-a775-722afa67bd2a req-3f398450-4a66-4666-8f3c-b98abbc91488 tempest-VolumesSnapshotsTestJSON-361083037 None] Volume driver (QuobyteDriver 1.1.14) is currently unsupported and may be removed in the next release of OpenStack. Use at your own risk.
Feb 04 16:07:02 devstack cinder-volume[83225]: DEBUG cinder.coordination [req-1c435727-9aca-42bb-a775-722afa67bd2a req-3f398450-4a66-4666-8f3c-b98abbc91488 tempest-VolumesSnapshotsTestJSON-361083037 None] Acquiring lock "cinder-quobyte-a312aed7-ecc0-4ded-a200-aa720981252e" by "delete_snapshot" {{(pid=83225) __acquire /opt/stack/cinder/cinder/coordination.py:143}}
Feb 04 16:07:02 devstack cinder-volume[83225]: DEBUG cinder.coordination [req-1c435727-9aca-42bb-a775-722afa67bd2a req-3f398450-4a66-4666-8f3c-b98abbc91488 tempest-VolumesSnapshotsTestJSON-361083037 None] Lock "cinder-quobyte-a312aed7-ecc0-4ded-a200-aa720981252e" acquired by "delete_snapshot" :: waited 0.017s {{(pid=83225) __acquire /opt/stack/cinder/cinder/coordination.py:146}}
Feb 04 16:07:02 devstack cinder-volume[83225]: DEBUG cinder.coordination [req-1c435727-9aca-42bb-a775-722afa67bd2a req-3f398450-4a66-4666-8f3c-b98abbc91488 tempest-VolumesSnapshotsTestJSON-361083037 None] Acquiring lock "cinder-quobyte-35a1a096-df08-422d-9a7e-7620685d23c5" by "_delete_snapshot" {{(pid=83225) __acquire /opt/stack/cinder/cinder/coordination.py:143}}
Feb 04 16:07:02 devstack cinder-volume[83225]: DEBUG cinder.coordination [req-1c435727-9aca-42bb-a775-722afa67bd2a req-3f398450-4a66-4666-8f3c-b98abbc91488 tempest-VolumesSnapshotsTestJSON-361083037 None] Lock "cinder-quobyte-35a1a096-df08-422d-9a7e-7620685d23c5" acquired by "_delete_snapshot" :: waited 0.015s {{(pid=83225) __acquire /opt/stack/cinder/cinder/coordination.py:146}}
Feb 04 16:07:02 devstack cinder-volume[83225]: DEBUG cinder.volume.drivers.remotefs [req-1c435727-9aca-42bb-a775-722afa67bd2a req-3f398450-4a66-4666-8f3c-b98abbc91488 tempest-VolumesSnapshotsTestJSON-361083037 None] Deleting offline snapshot 35a1a096-df08-422d-9a7e-7620685d23c5 of volume a312aed7-ecc0-4ded-a200-aa720981252e {{(pid=83225) _delete_snapshot /opt/stack/cinder/cinder/volume/drivers/remotefs.py:1290}}
Feb 04 16:07:02 devstack cinder-volume[83225]: DEBUG cinder.volume.drivers.remotefs [req-1c435727-9aca-42bb-a775-722afa67bd2a req-3f398450-4a66-4666-8f3c-b98abbc91488 tempest-VolumesSnapshotsTestJSON-361083037 None] snapshot_file for this snap is: volume-a312aed7-ecc0-4ded-a200-aa720981252e.35a1a096-df08-422d-9a7e-7620685d23c5 {{(pid=83225) _delete_snapshot /opt/stack/cinder/cinder/volume/drivers/remotefs.py:1319}}
Feb 04 16:07:02 devstack cinder-volume[83225]: DEBUG oslo.privsep.daemon [-] privsep: reply[111bde4a-a8bf-4244-bb87-d18839a61fea]: (4, 'qcow2') {{(pid=84211) _call_back /opt/stack/data/venv/lib/python3.10/site-packages/oslo_privsep/daemon.py:515}}
Feb 04 16:07:02 devstack cinder-volume[83225]: DEBUG oslo_concurrency.processutils [req-1c435727-9aca-42bb-a775-722afa67bd2a req-3f398450-4a66-4666-8f3c-b98abbc91488 tempest-VolumesSnapshotsTestJSON-361083037 None] Running cmd (subprocess): /opt/stack/data/venv/bin/python3.10 -m oslo_concurrency.prlimit --as=1073741824 --cpu=60 -- sudo cinder-rootwrap /etc/cinder/rootwrap.conf env LC_ALL=C qemu-img info -f qcow2 --output=json --force-share /opt/stack/data/cinder/mnt/84b5a65ecaddb0e205221acfbe4bf788/volume-a312aed7-ecc0-4ded-a200-aa720981252e.35a1a096-df08-422d-9a7e-7620685d23c5 {{(pid=83225) execute /opt/stack/data/venv/lib/python3.10/site-packages/oslo_concurrency/processutils.py:368}}
Feb 04 16:07:02 devstack sudo[90451]: quobyte : PWD=/ ; USER=root ; COMMAND=/opt/stack/data/venv/bin/cinder-rootwrap /etc/cinder/rootwrap.conf env LC_ALL=C qemu-img info -f qcow2 --output=json --force-share /opt/stack/data/cinder/mnt/84b5a65ecaddb0e205221acfbe4bf788/volume-a312aed7-ecc0-4ded-a200-aa720981252e.35a1a096-df08-422d-9a7e-7620685d23c5
Feb 04 16:07:02 devstack sudo[90451]: pam_unix(sudo:session): session opened for user root(uid=0) by (uid=1000)
Feb 04 16:07:03 devstack sudo[90451]: pam_unix(sudo:session): session closed for user root
Feb 04 16:07:03 devstack cinder-volume[83225]: DEBUG oslo_concurrency.processutils [req-1c435727-9aca-42bb-a775-722afa67bd2a req-3f398450-4a66-4666-8f3c-b98abbc91488 tempest-VolumesSnapshotsTestJSON-361083037 None] CMD "/opt/stack/data/venv/bin/python3.10 -m oslo_concurrency.prlimit --as=1073741824 --cpu=60 -- sudo cinder-rootwrap /etc/cinder/rootwrap.conf env LC_ALL=C qemu-img info -f qcow2 --output=json --force-share /opt/stack/data/cinder/mnt/84b5a65ecaddb0e205221acfbe4bf788/volume-a312aed7-ecc0-4ded-a200-aa720981252e.35a1a096-df08-422d-9a7e-7620685d23c5" returned: 0 in 0.658s {{(pid=83225) execute /opt/stack/data/venv/lib/python3.10/site-packages/oslo_concurrency/processutils.py:396}}
Feb 04 16:07:03 devstack cinder-volume[83225]: DEBUG cinder.volume.drivers.remotefs [req-1c435727-9aca-42bb-a775-722afa67bd2a req-3f398450-4a66-4666-8f3c-b98abbc91488 tempest-VolumesSnapshotsTestJSON-361083037 None] Fetching qemu-img info with special backing_file_template: (/opt/stack/data/cinder/mnt/[0-9a-f]+/)?(volume-a312aed7-ecc0-4ded-a200-aa720981252e(.(tmp-snap-)?[0-9a-f-]+)?|volume_from_snapshot_cache/(tmp-snap-)?[0-9a-f-]+(.(child-|parent-)[0-9a-f-]+)?)$ {{(pid=83225) _qemu_img_info_base /opt/stack/cinder/cinder/volume/drivers/remotefs.py:898}}
Feb 04 16:07:03 devstack cinder-volume[83225]: DEBUG oslo.privsep.daemon [-] privsep: reply[73203f79-4a72-41c9-9d0e-9bd4706c90eb]: (4, 'qcow2') {{(pid=84211) _call_back /opt/stack/data/venv/lib/python3.10/site-packages/oslo_privsep/daemon.py:515}}
Feb 04 16:07:03 devstack cinder-volume[83225]: DEBUG oslo_concurrency.processutils [req-1c435727-9aca-42bb-a775-722afa67bd2a req-3f398450-4a66-4666-8f3c-b98abbc91488 tempest-VolumesSnapshotsTestJSON-361083037 None] Running cmd (subprocess): /opt/stack/data/venv/bin/python3.10 -m oslo_concurrency.prlimit --as=1073741824 --cpu=60 -- sudo cinder-rootwrap /etc/cinder/rootwrap.conf env LC_ALL=C qemu-img info -f qcow2 --output=json --force-share /opt/stack/data/cinder/mnt/84b5a65ecaddb0e205221acfbe4bf788/volume-a312aed7-ecc0-4ded-a200-aa720981252e {{(pid=83225) execute /opt/stack/data/venv/lib/python3.10/site-packages/oslo_concurrency/processutils.py:368}}
Feb 04 16:07:03 devstack sudo[90456]: quobyte : PWD=/ ; USER=root ; COMMAND=/opt/stack/data/venv/bin/cinder-rootwrap /etc/cinder/rootwrap.conf env LC_ALL=C qemu-img info -f qcow2 --output=json --force-share /opt/stack/data/cinder/mnt/84b5a65ecaddb0e205221acfbe4bf788/volume-a312aed7-ecc0-4ded-a200-aa720981252e
Feb 04 16:07:03 devstack sudo[90456]: pam_unix(sudo:session): session opened for user root(uid=0) by (uid=1000)
Feb 04 16:07:04 devstack sudo[90456]: pam_unix(sudo:session): session closed for user root
Feb 04 16:07:04 devstack cinder-volume[83225]: DEBUG oslo_concurrency.processutils [req-1c435727-9aca-42bb-a775-722afa67bd2a req-3f398450-4a66-4666-8f3c-b98abbc91488 tempest-VolumesSnapshotsTestJSON-361083037 None] CMD "/opt/stack/data/venv/bin/python3.10 -m oslo_concurrency.prlimit --as=1073741824 --cpu=60 -- sudo cinder-rootwrap /etc/cinder/rootwrap.conf env LC_ALL=C qemu-img info -f qcow2 --output=json --force-share /opt/stack/data/cinder/mnt/84b5a65ecaddb0e205221acfbe4bf788/volume-a312aed7-ecc0-4ded-a200-aa720981252e" returned: 0 in 0.899s {{(pid=83225) execute /opt/stack/data/venv/lib/python3.10/site-packages/oslo_concurrency/processutils.py:396}}
Feb 04 16:07:04 devstack cinder-volume[83225]: DEBUG oslo_concurrency.processutils [req-1c435727-9aca-42bb-a775-722afa67bd2a req-3f398450-4a66-4666-8f3c-b98abbc91488 tempest-VolumesSnapshotsTestJSON-361083037 None] Running cmd (subprocess): sudo cinder-rootwrap /etc/cinder/rootwrap.conf qemu-img commit -d /opt/stack/data/cinder/mnt/84b5a65ecaddb0e205221acfbe4bf788/volume-a312aed7-ecc0-4ded-a200-aa720981252e.35a1a096-df08-422d-9a7e-7620685d23c5 {{(pid=83225) execute /opt/stack/data/venv/lib/python3.10/site-packages/oslo_concurrency/processutils.py:368}}
Feb 04 16:07:04 devstack sudo[90496]: quobyte : PWD=/ ; USER=root ; COMMAND=/opt/stack/data/venv/bin/cinder-rootwrap /etc/cinder/rootwrap.conf qemu-img commit -d /opt/stack/data/cinder/mnt/84b5a65ecaddb0e205221acfbe4bf788/volume-a312aed7-ecc0-4ded-a200-aa720981252e.35a1a096-df08-422d-9a7e-7620685d23c5
Feb 04 16:07:04 devstack sudo[90496]: pam_unix(sudo:session): session opened for user root(uid=0) by (uid=1000)
Feb 04 16:07:04 devstack sudo[90496]: pam_unix(sudo:session): session closed for user root
Feb 04 16:07:04 devstack cinder-volume[83225]: DEBUG oslo_concurrency.processutils [req-1c435727-9aca-42bb-a775-722afa67bd2a req-3f398450-4a66-4666-8f3c-b98abbc91488 tempest-VolumesSnapshotsTestJSON-361083037 None] CMD "sudo cinder-rootwrap /etc/cinder/rootwrap.conf qemu-img commit -d /opt/stack/data/cinder/mnt/84b5a65ecaddb0e205221acfbe4bf788/volume-a312aed7-ecc0-4ded-a200-aa720981252e.35a1a096-df08-422d-9a7e-7620685d23c5" returned: 0 in 0.544s {{(pid=83225) execute /opt/stack/data/venv/lib/python3.10/site-packages/oslo_concurrency/processutils.py:396}}
Feb 04 16:07:04 devstack cinder-volume[83225]: DEBUG oslo_concurrency.processutils [req-1c435727-9aca-42bb-a775-722afa67bd2a req-3f398450-4a66-4666-8f3c-b98abbc91488 tempest-VolumesSnapshotsTestJSON-361083037 None] Running cmd (subprocess): sudo cinder-rootwrap /etc/cinder/rootwrap.conf rm -f /opt/stack/data/cinder/mnt/84b5a65ecaddb0e205221acfbe4bf788/volume-a312aed7-ecc0-4ded-a200-aa720981252e.35a1a096-df08-422d-9a7e-7620685d23c5 {{(pid=83225) execute /opt/stack/data/venv/lib/python3.10/site-packages/oslo_concurrency/processutils.py:368}}
Feb 04 16:07:04 devstack sudo[90502]: quobyte : PWD=/ ; USER=root ; COMMAND=/opt/stack/data/venv/bin/cinder-rootwrap /etc/cinder/rootwrap.conf rm -f /opt/stack/data/cinder/mnt/84b5a65ecaddb0e205221acfbe4bf788/volume-a312aed7-ecc0-4ded-a200-aa720981252e.35a1a096-df08-422d-9a7e-7620685d23c5
Feb 04 16:07:04 devstack sudo[90502]: pam_unix(sudo:session): session opened for user root(uid=0) by (uid=1000)
Feb 04 16:07:05 devstack cinder-volume[83225]: WARNING cinder.volume.volume_utils [req-002aee04-879a-4d4b-bf58-4cab583b7843 req-715e24db-5d02-44ac-82ac-8de4df089c75 tempest-ServerActionsV293TestJSON-1615372803 None] Volume driver (QuobyteDriver 1.1.14) is currently unsupported and may be removed in the next release of OpenStack. Use at your own risk.
Feb 04 16:07:05 devstack sudo[90502]: pam_unix(sudo:session): session closed for user root
Feb 04 16:07:05 devstack cinder-volume[83225]: DEBUG oslo_concurrency.processutils [req-1c435727-9aca-42bb-a775-722afa67bd2a req-3f398450-4a66-4666-8f3c-b98abbc91488 tempest-VolumesSnapshotsTestJSON-361083037 None] CMD "sudo cinder-rootwrap /etc/cinder/rootwrap.conf rm -f /opt/stack/data/cinder/mnt/84b5a65ecaddb0e205221acfbe4bf788/volume-a312aed7-ecc0-4ded-a200-aa720981252e.35a1a096-df08-422d-9a7e-7620685d23c5" returned: 0 in 0.486s {{(pid=83225) execute /opt/stack/data/venv/lib/python3.10/site-packages/oslo_concurrency/processutils.py:396}}
Feb 04 16:07:05 devstack cinder-volume[83225]: WARNING cinder.volume.volume_utils [req-002aee04-879a-4d4b-bf58-4cab583b7843 req-715e24db-5d02-44ac-82ac-8de4df089c75 tempest-ServerActionsV293TestJSON-1615372803 None] Volume driver (QuobyteDriver 1.1.14) is currently unsupported and may be removed in the next release of OpenStack. Use at your own risk.
Feb 04 16:07:05 devstack cinder-volume[83225]: INFO cinder.volume.manager [req-002aee04-879a-4d4b-bf58-4cab583b7843 req-715e24db-5d02-44ac-82ac-8de4df089c75 tempest-ServerActionsV293TestJSON-1615372803 None] Terminate volume connection completed successfully.
Feb 04 16:07:05 devstack cinder-volume[83225]: DEBUG cinder.volume.manager [req-002aee04-879a-4d4b-bf58-4cab583b7843 req-715e24db-5d02-44ac-82ac-8de4df089c75 tempest-ServerActionsV293TestJSON-1615372803 None] Deleting attachment b1e1904d-5fc9-480d-88b2-d0f311663c2c. {{(pid=83225) attachment_delete /opt/stack/cinder/cinder/volume/manager.py:5053}}
Feb 04 16:07:05 devstack cinder-volume[83225]: DEBUG cinder.coordination [req-1c435727-9aca-42bb-a775-722afa67bd2a req-3f398450-4a66-4666-8f3c-b98abbc91488 tempest-VolumesSnapshotsTestJSON-361083037 None] Lock "cinder-quobyte-35a1a096-df08-422d-9a7e-7620685d23c5" released by "_delete_snapshot" :: held 2.671s {{(pid=83225) __release /opt/stack/cinder/cinder/coordination.py:157}}
Feb 04 16:07:05 devstack cinder-volume[83225]: DEBUG cinder.coordination [req-1c435727-9aca-42bb-a775-722afa67bd2a req-3f398450-4a66-4666-8f3c-b98abbc91488 tempest-VolumesSnapshotsTestJSON-361083037 None] Lock "cinder-quobyte-a312aed7-ecc0-4ded-a200-aa720981252e" released by "delete_snapshot" :: held 2.693s {{(pid=83225) __release /opt/stack/cinder/cinder/coordination.py:157}}
Feb 04 16:07:05 devstack cinder-volume[83225]: WARNING cinder.quota [req-1c435727-9aca-42bb-a775-722afa67bd2a req-3f398450-4a66-4666-8f3c-b98abbc91488 tempest-VolumesSnapshotsTestJSON-361083037 None] Deprecated: Default quota for resource: snapshots_QuobyteHD is set by the default quota flag: quota_snapshots_QuobyteHD, it is now deprecated. Please use the default quota class for default quota.
Feb 04 16:07:05 devstack cinder-volume[83225]: DEBUG cinder.quota [req-1c435727-9aca-42bb-a775-722afa67bd2a req-3f398450-4a66-4666-8f3c-b98abbc91488 tempest-VolumesSnapshotsTestJSON-361083037 None] Created reservations ['afd40bdb-71ad-4fbb-9f7f-399d09596d4d', 'd275822a-2457-435f-9a5c-40fcb1d7efe9', 'c230a999-37e4-4aee-8f0a-0e617ad9f526', '009f9860-c623-4867-b5f7-aea50d65bea8'] {{(pid=83225) reserve /opt/stack/cinder/cinder/quota.py:752}}
Feb 04 16:07:05 devstack cinder-volume[83225]: INFO cinder.volume.manager [req-1c435727-9aca-42bb-a775-722afa67bd2a req-3f398450-4a66-4666-8f3c-b98abbc91488 tempest-VolumesSnapshotsTestJSON-361083037 None] Delete snapshot completed successfully.
Feb 04 16:07:05 devstack cinder-volume[83225]: DEBUG cinder.coordination [req-1c435727-9aca-42bb-a775-722afa67bd2a req-3f398450-4a66-4666-8f3c-b98abbc91488 tempest-VolumesSnapshotsTestJSON-361083037 None] Lock "cinder-35a1a096-df08-422d-9a7e-7620685d23c5-delete_snapshot" released by "delete_snapshot" :: held 2.809s {{(pid=83225) __release /opt/stack/cinder/cinder/coordination.py:157}}
Feb 04 16:07:06 devstack cinder-volume[83225]: DEBUG cinder.coordination [req-95350c93-164e-4dce-842a-34928383633b req-b32fbb0c-d208-40fb-9346-f47f941e7d87 tempest-VolumesSnapshotsTestJSON-361083037 None] Acquiring lock "cinder-a312aed7-ecc0-4ded-a200-aa720981252e-delete_volume" by "delete_volume" {{(pid=83225) __acquire /opt/stack/cinder/cinder/coordination.py:143}}
Feb 04 16:07:06 devstack cinder-volume[83225]: DEBUG cinder.coordination [req-95350c93-164e-4dce-842a-34928383633b req-b32fbb0c-d208-40fb-9346-f47f941e7d87 tempest-VolumesSnapshotsTestJSON-361083037 None] Lock "cinder-a312aed7-ecc0-4ded-a200-aa720981252e-delete_volume" acquired by "delete_volume" :: waited 0.010s {{(pid=83225) __acquire /opt/stack/cinder/cinder/coordination.py:146}}
Feb 04 16:07:06 devstack cinder-volume[83225]: WARNING cinder.volume.volume_utils [req-95350c93-164e-4dce-842a-34928383633b req-b32fbb0c-d208-40fb-9346-f47f941e7d87 tempest-VolumesSnapshotsTestJSON-361083037 None] Volume driver (QuobyteDriver 1.1.14) is currently unsupported and may be removed in the next release of OpenStack. Use at your own risk.
Feb 04 16:07:06 devstack cinder-volume[83225]: DEBUG cinder.coordination [req-95350c93-164e-4dce-842a-34928383633b req-b32fbb0c-d208-40fb-9346-f47f941e7d87 tempest-VolumesSnapshotsTestJSON-361083037 None] Acquiring lock "cinder-quobyte-a312aed7-ecc0-4ded-a200-aa720981252e" by "delete_volume" {{(pid=83225) __acquire /opt/stack/cinder/cinder/coordination.py:143}}
Feb 04 16:07:06 devstack cinder-volume[83225]: DEBUG cinder.coordination [req-95350c93-164e-4dce-842a-34928383633b req-b32fbb0c-d208-40fb-9346-f47f941e7d87 tempest-VolumesSnapshotsTestJSON-361083037 None] Lock "cinder-quobyte-a312aed7-ecc0-4ded-a200-aa720981252e" acquired by "delete_volume" :: waited 0.047s {{(pid=83225) __acquire /opt/stack/cinder/cinder/coordination.py:146}}
Feb 04 16:07:06 devstack cinder-volume[83225]: DEBUG oslo.privsep.daemon [-] privsep: reply[c27f9a0b-b3a5-4089-a79f-c0194dc60a87]: (4, 'qcow2') {{(pid=84211) _call_back /opt/stack/data/venv/lib/python3.10/site-packages/oslo_privsep/daemon.py:515}}
Feb 04 16:07:06 devstack cinder-volume[83225]: DEBUG oslo_concurrency.processutils [req-95350c93-164e-4dce-842a-34928383633b req-b32fbb0c-d208-40fb-9346-f47f941e7d87 tempest-VolumesSnapshotsTestJSON-361083037 None] Running cmd (subprocess): /opt/stack/data/venv/bin/python3.10 -m oslo_concurrency.prlimit --as=1073741824 --cpu=60 -- sudo cinder-rootwrap /etc/cinder/rootwrap.conf env LC_ALL=C qemu-img info -f qcow2 --output=json --force-share /opt/stack/data/cinder/mnt/84b5a65ecaddb0e205221acfbe4bf788/volume-a312aed7-ecc0-4ded-a200-aa720981252e {{(pid=83225) execute /opt/stack/data/venv/lib/python3.10/site-packages/oslo_concurrency/processutils.py:368}}
Feb 04 16:07:06 devstack cinder-volume[83225]: DEBUG cinder.image.glance [req-002aee04-879a-4d4b-bf58-4cab583b7843 req-3fc4e9e5-49ea-4657-8d7d-f93b7887b13b tempest-ServerActionsV293TestJSON-1615372803 None] Creating Keystone auth plugin from conf {{(pid=83225) _create_glance_client /opt/stack/cinder/cinder/image/glance.py:135}}
Feb 04 16:07:06 devstack sudo[90505]: quobyte : PWD=/ ; USER=root ; COMMAND=/opt/stack/data/venv/bin/cinder-rootwrap /etc/cinder/rootwrap.conf env LC_ALL=C qemu-img info -f qcow2 --output=json --force-share /opt/stack/data/cinder/mnt/84b5a65ecaddb0e205221acfbe4bf788/volume-a312aed7-ecc0-4ded-a200-aa720981252e
Feb 04 16:07:06 devstack sudo[90505]: pam_unix(sudo:session): session opened for user root(uid=0) by (uid=1000)
Feb 04 16:07:06 devstack cinder-volume[83225]: DEBUG cinder.volume.volume_utils [req-002aee04-879a-4d4b-bf58-4cab583b7843 req-3fc4e9e5-49ea-4657-8d7d-f93b7887b13b tempest-ServerActionsV293TestJSON-1615372803 None] Attempting download of 142738e6-0fad-470e-b99f-105a678776c2 ((None, [{'url': 'file:///opt/stack/data/glance/images/142738e6-0fad-470e-b99f-105a678776c2', 'metadata': {}}])) to volume ed97a1cf-f974-4007-baa9-72a2068a62f2. {{(pid=83225) copy_image_to_volume /opt/stack/cinder/cinder/volume/volume_utils.py:1189}}
Feb 04 16:07:06 devstack cinder-volume[83225]: DEBUG oslo.privsep.daemon [-] privsep: reply[10988c2e-0d85-42a6-83c0-5ae917b22a06]: (4, 'raw') {{(pid=84211) _call_back /opt/stack/data/venv/lib/python3.10/site-packages/oslo_privsep/daemon.py:515}}
Feb 04 16:07:06 devstack cinder-volume[83225]: DEBUG oslo_concurrency.processutils [req-002aee04-879a-4d4b-bf58-4cab583b7843 req-3fc4e9e5-49ea-4657-8d7d-f93b7887b13b tempest-ServerActionsV293TestJSON-1615372803 None] Running cmd (subprocess): /opt/stack/data/venv/bin/python3.10 -m oslo_concurrency.prlimit --as=1073741824 --cpu=60 -- sudo cinder-rootwrap /etc/cinder/rootwrap.conf env LC_ALL=C qemu-img info -f raw --output=json /opt/stack/data/cinder/conversion/image_download_142738e6-0fad-470e-b99f-105a678776c2__gpqlz6v {{(pid=83225) execute /opt/stack/data/venv/lib/python3.10/site-packages/oslo_concurrency/processutils.py:368}}
Feb 04 16:07:06 devstack cinder-volume[83225]: DEBUG cinder.coordination [None req-c2f324de-1f30-4c79-86ad-6a7b426cbf3d tempest-TaggedAttachmentsTest-1492036447 None] Acquiring lock "cinder-8ffd4e2f-dcba-4fde-9d58-e1fc80596c16-delete_volume" by "delete_volume" {{(pid=83225) __acquire /opt/stack/cinder/cinder/coordination.py:143}}
Feb 04 16:07:06 devstack sudo[90508]: quobyte : PWD=/ ; USER=root ; COMMAND=/opt/stack/data/venv/bin/cinder-rootwrap /etc/cinder/rootwrap.conf env LC_ALL=C qemu-img info -f raw --output=json /opt/stack/data/cinder/conversion/image_download_142738e6-0fad-470e-b99f-105a678776c2__gpqlz6v
Feb 04 16:07:06 devstack sudo[90508]: pam_unix(sudo:session): session opened for user root(uid=0) by (uid=1000)
Feb 04 16:07:06 devstack cinder-volume[83225]: DEBUG cinder.coordination [None req-c2f324de-1f30-4c79-86ad-6a7b426cbf3d tempest-TaggedAttachmentsTest-1492036447 None] Lock "cinder-8ffd4e2f-dcba-4fde-9d58-e1fc80596c16-delete_volume" acquired by "delete_volume" :: waited 0.010s {{(pid=83225) __acquire /opt/stack/cinder/cinder/coordination.py:146}}
Feb 04 16:07:06 devstack cinder-volume[83225]: WARNING cinder.volume.volume_utils [None req-c2f324de-1f30-4c79-86ad-6a7b426cbf3d tempest-TaggedAttachmentsTest-1492036447 None] Volume driver (QuobyteDriver 1.1.14) is currently unsupported and may be removed in the next release of OpenStack. Use at your own risk.
Feb 04 16:07:06 devstack cinder-volume[83225]: DEBUG cinder.coordination [None req-c2f324de-1f30-4c79-86ad-6a7b426cbf3d tempest-TaggedAttachmentsTest-1492036447 None] Acquiring lock "cinder-quobyte-8ffd4e2f-dcba-4fde-9d58-e1fc80596c16" by "delete_volume" {{(pid=83225) __acquire /opt/stack/cinder/cinder/coordination.py:143}}
Feb 04 16:07:06 devstack cinder-volume[83225]: DEBUG cinder.coordination [None req-c2f324de-1f30-4c79-86ad-6a7b426cbf3d tempest-TaggedAttachmentsTest-1492036447 None] Lock "cinder-quobyte-8ffd4e2f-dcba-4fde-9d58-e1fc80596c16" acquired by "delete_volume" :: waited 0.007s {{(pid=83225) __acquire /opt/stack/cinder/cinder/coordination.py:146}}
Feb 04 16:07:06 devstack cinder-volume[83225]: DEBUG oslo.privsep.daemon [-] privsep: reply[15dfcdc0-0a11-40d8-ae3a-e920f746adfd]: (4, 'qcow2') {{(pid=84211) _call_back /opt/stack/data/venv/lib/python3.10/site-packages/oslo_privsep/daemon.py:515}}
Feb 04 16:07:06 devstack cinder-volume[83225]: DEBUG oslo_concurrency.processutils [None req-c2f324de-1f30-4c79-86ad-6a7b426cbf3d tempest-TaggedAttachmentsTest-1492036447 None] Running cmd (subprocess): /opt/stack/data/venv/bin/python3.10 -m oslo_concurrency.prlimit --as=1073741824 --cpu=60 -- sudo cinder-rootwrap /etc/cinder/rootwrap.conf env LC_ALL=C qemu-img info -f qcow2 --output=json --force-share /opt/stack/data/cinder/mnt/84b5a65ecaddb0e205221acfbe4bf788/volume-8ffd4e2f-dcba-4fde-9d58-e1fc80596c16 {{(pid=83225) execute /opt/stack/data/venv/lib/python3.10/site-packages/oslo_concurrency/processutils.py:368}}
Feb 04 16:07:06 devstack sudo[90505]: pam_unix(sudo:session): session closed for user root
Feb 04 16:07:06 devstack cinder-volume[83225]: DEBUG oslo_concurrency.processutils [req-95350c93-164e-4dce-842a-34928383633b req-b32fbb0c-d208-40fb-9346-f47f941e7d87 tempest-VolumesSnapshotsTestJSON-361083037 None] CMD "/opt/stack/data/venv/bin/python3.10 -m oslo_concurrency.prlimit --as=1073741824 --cpu=60 -- sudo cinder-rootwrap /etc/cinder/rootwrap.conf env LC_ALL=C qemu-img info -f qcow2 --output=json --force-share /opt/stack/data/cinder/mnt/84b5a65ecaddb0e205221acfbe4bf788/volume-a312aed7-ecc0-4ded-a200-aa720981252e" returned: 0 in 0.785s {{(pid=83225) execute /opt/stack/data/venv/lib/python3.10/site-packages/oslo_concurrency/processutils.py:396}}
Feb 04 16:07:06 devstack cinder-volume[83225]: DEBUG oslo_concurrency.processutils [req-95350c93-164e-4dce-842a-34928383633b req-b32fbb0c-d208-40fb-9346-f47f941e7d87 tempest-VolumesSnapshotsTestJSON-361083037 None] Running cmd (subprocess): sudo cinder-rootwrap /etc/cinder/rootwrap.conf rm -f /opt/stack/data/cinder/mnt/84b5a65ecaddb0e205221acfbe4bf788/volume-a312aed7-ecc0-4ded-a200-aa720981252e {{(pid=83225) execute /opt/stack/data/venv/lib/python3.10/site-packages/oslo_concurrency/processutils.py:368}}
Feb 04 16:07:06 devstack sudo[90515]: quobyte : PWD=/ ; USER=root ; COMMAND=/opt/stack/data/venv/bin/cinder-rootwrap /etc/cinder/rootwrap.conf rm -f /opt/stack/data/cinder/mnt/84b5a65ecaddb0e205221acfbe4bf788/volume-a312aed7-ecc0-4ded-a200-aa720981252e
Feb 04 16:07:06 devstack sudo[90515]: pam_unix(sudo:session): session opened for user root(uid=0) by (uid=1000)
Feb 04 16:07:06 devstack sudo[90513]: quobyte : PWD=/ ; USER=root ; COMMAND=/opt/stack/data/venv/bin/cinder-rootwrap /etc/cinder/rootwrap.conf env LC_ALL=C qemu-img info -f qcow2 --output=json --force-share /opt/stack/data/cinder/mnt/84b5a65ecaddb0e205221acfbe4bf788/volume-8ffd4e2f-dcba-4fde-9d58-e1fc80596c16
Feb 04 16:07:06 devstack sudo[90513]: pam_unix(sudo:session): session opened for user root(uid=0) by (uid=1000)
Feb 04 16:07:07 devstack sudo[90508]: pam_unix(sudo:session): session closed for user root
Feb 04 16:07:07 devstack cinder-volume[83225]: DEBUG oslo_concurrency.processutils [req-002aee04-879a-4d4b-bf58-4cab583b7843 req-3fc4e9e5-49ea-4657-8d7d-f93b7887b13b tempest-ServerActionsV293TestJSON-1615372803 None] CMD "/opt/stack/data/venv/bin/python3.10 -m oslo_concurrency.prlimit --as=1073741824 --cpu=60 -- sudo cinder-rootwrap /etc/cinder/rootwrap.conf env LC_ALL=C qemu-img info -f raw --output=json /opt/stack/data/cinder/conversion/image_download_142738e6-0fad-470e-b99f-105a678776c2__gpqlz6v" returned: 0 in 0.760s {{(pid=83225) execute /opt/stack/data/venv/lib/python3.10/site-packages/oslo_concurrency/processutils.py:396}}
Feb 04 16:07:07 devstack cinder-volume[83225]: DEBUG oslo_concurrency.processutils [req-002aee04-879a-4d4b-bf58-4cab583b7843 req-3fc4e9e5-49ea-4657-8d7d-f93b7887b13b tempest-ServerActionsV293TestJSON-1615372803 None] Running cmd (subprocess): /opt/stack/data/venv/bin/python3.10 -m oslo_concurrency.prlimit --as=1073741824 --cpu=60 -- sudo cinder-rootwrap /etc/cinder/rootwrap.conf env LC_ALL=C qemu-img info -f luks --output=json /opt/stack/data/cinder/conversion/image_download_142738e6-0fad-470e-b99f-105a678776c2__gpqlz6v {{(pid=83225) execute /opt/stack/data/venv/lib/python3.10/site-packages/oslo_concurrency/processutils.py:368}}
Feb 04 16:07:07 devstack sudo[90522]: quobyte : PWD=/ ; USER=root ; COMMAND=/opt/stack/data/venv/bin/cinder-rootwrap /etc/cinder/rootwrap.conf env LC_ALL=C qemu-img info -f luks --output=json /opt/stack/data/cinder/conversion/image_download_142738e6-0fad-470e-b99f-105a678776c2__gpqlz6v
Feb 04 16:07:07 devstack sudo[90522]: pam_unix(sudo:session): session opened for user root(uid=0) by (uid=1000)
Feb 04 16:07:07 devstack sudo[90513]: pam_unix(sudo:session): session closed for user root
Feb 04 16:07:07 devstack cinder-volume[83225]: DEBUG oslo_concurrency.processutils [None req-c2f324de-1f30-4c79-86ad-6a7b426cbf3d tempest-TaggedAttachmentsTest-1492036447 None] CMD "/opt/stack/data/venv/bin/python3.10 -m oslo_concurrency.prlimit --as=1073741824 --cpu=60 -- sudo cinder-rootwrap /etc/cinder/rootwrap.conf env LC_ALL=C qemu-img info -f qcow2 --output=json --force-share /opt/stack/data/cinder/mnt/84b5a65ecaddb0e205221acfbe4bf788/volume-8ffd4e2f-dcba-4fde-9d58-e1fc80596c16" returned: 0 in 0.626s {{(pid=83225) execute /opt/stack/data/venv/lib/python3.10/site-packages/oslo_concurrency/processutils.py:396}}
