Jan 30 05:37:30 devstack cinder-volume[83339]: DEBUG oslo_concurrency.processutils [None req-059db043-12a9-4c2d-bb3b-632020d4883a tempest-GroupSnapshotsTest-854820122 None] Running cmd (subprocess): /opt/stack/data/venv/bin/python3.10 -m oslo_concurrency.prlimit --as=1073741824 --cpu=60 -- sudo cinder-rootwrap /etc/cinder/rootwrap.conf env LC_ALL=C qemu-img info -f qcow2 --output=json --force-share /opt/stack/data/cinder/mnt/49c127efcb918dcd08575c63eff9fd94/volume-05041fa0-b97e-4d87-aec7-89a05ef34dd2.b8bef988-e14e-4594-8bfb-c4e8cfa16aa5 {{(pid=83339) execute /opt/stack/data/venv/lib/python3.10/site-packages/oslo_concurrency/processutils.py:368}}
Jan 30 05:37:30 devstack sudo[94169]: quobyte : PWD=/ ; USER=root ; COMMAND=/opt/stack/data/venv/bin/cinder-rootwrap /etc/cinder/rootwrap.conf env LC_ALL=C qemu-img info -f qcow2 --output=json --force-share /opt/stack/data/cinder/mnt/49c127efcb918dcd08575c63eff9fd94/volume-05041fa0-b97e-4d87-aec7-89a05ef34dd2.b8bef988-e14e-4594-8bfb-c4e8cfa16aa5
Jan 30 05:37:30 devstack sudo[94169]: pam_unix(sudo:session): session opened for user root(uid=0) by (uid=1000)
Jan 30 05:37:30 devstack sudo[94169]: pam_unix(sudo:session): session closed for user root
Jan 30 05:37:30 devstack cinder-volume[83339]: DEBUG oslo_concurrency.processutils [None req-059db043-12a9-4c2d-bb3b-632020d4883a tempest-GroupSnapshotsTest-854820122 None] CMD "/opt/stack/data/venv/bin/python3.10 -m oslo_concurrency.prlimit --as=1073741824 --cpu=60 -- sudo cinder-rootwrap /etc/cinder/rootwrap.conf env LC_ALL=C qemu-img info -f qcow2 --output=json --force-share /opt/stack/data/cinder/mnt/49c127efcb918dcd08575c63eff9fd94/volume-05041fa0-b97e-4d87-aec7-89a05ef34dd2.b8bef988-e14e-4594-8bfb-c4e8cfa16aa5" returned: 0 in 0.771s {{(pid=83339) execute /opt/stack/data/venv/lib/python3.10/site-packages/oslo_concurrency/processutils.py:396}}
Jan 30 05:37:30 devstack cinder-volume[83339]: DEBUG cinder.volume.drivers.remotefs [None req-059db043-12a9-4c2d-bb3b-632020d4883a tempest-GroupSnapshotsTest-854820122 None] Fetching qemu-img info with special backing_file_template: (/opt/stack/data/cinder/mnt/[0-9a-f]+/)?(volume-05041fa0-b97e-4d87-aec7-89a05ef34dd2(.(tmp-snap-)?[0-9a-f-]+)?|volume_from_snapshot_cache/(tmp-snap-)?[0-9a-f-]+(.(child-|parent-)[0-9a-f-]+)?)$ {{(pid=83339) _qemu_img_info_base /opt/stack/cinder/cinder/volume/drivers/remotefs.py:898}}
Jan 30 05:37:30 devstack cinder-volume[83339]: DEBUG cinder.volume.drivers.quobyte [None req-059db043-12a9-4c2d-bb3b-632020d4883a tempest-GroupSnapshotsTest-854820122 None] will copy from snapshot at /opt/stack/data/cinder/mnt/49c127efcb918dcd08575c63eff9fd94/volume-05041fa0-b97e-4d87-aec7-89a05ef34dd2 {{(pid=83339) _copy_volume_from_snapshot /opt/stack/cinder/cinder/volume/drivers/quobyte.py:423}}
Jan 30 05:37:30 devstack cinder-volume[83339]: DEBUG cinder.volume.drivers.quobyte [None req-059db043-12a9-4c2d-bb3b-632020d4883a tempest-GroupSnapshotsTest-854820122 None] Creating direct copy from snapshot {{(pid=83339) _copy_volume_from_snapshot /opt/stack/cinder/cinder/volume/drivers/quobyte.py:431}}
Jan 30 05:37:30 devstack cinder-volume[83339]: DEBUG oslo.privsep.daemon [-] privsep: reply[234029e3-039e-440f-8ab2-e02239dd296b]: (4, 'qcow2') {{(pid=84185) _call_back /opt/stack/data/venv/lib/python3.10/site-packages/oslo_privsep/daemon.py:515}}
Jan 30 05:37:30 devstack cinder-volume[83339]: DEBUG oslo_concurrency.processutils [None req-059db043-12a9-4c2d-bb3b-632020d4883a tempest-GroupSnapshotsTest-854820122 None] Running cmd (subprocess): /opt/stack/data/venv/bin/python3.10 -m oslo_concurrency.prlimit --as=1073741824 --cpu=60 -- sudo cinder-rootwrap /etc/cinder/rootwrap.conf env LC_ALL=C qemu-img info -f qcow2 --output=json /opt/stack/data/cinder/mnt/49c127efcb918dcd08575c63eff9fd94/volume-05041fa0-b97e-4d87-aec7-89a05ef34dd2 {{(pid=83339) execute /opt/stack/data/venv/lib/python3.10/site-packages/oslo_concurrency/processutils.py:368}}
Jan 30 05:37:30 devstack sudo[94174]: quobyte : PWD=/ ; USER=root ; COMMAND=/opt/stack/data/venv/bin/cinder-rootwrap /etc/cinder/rootwrap.conf env LC_ALL=C qemu-img info -f qcow2 --output=json /opt/stack/data/cinder/mnt/49c127efcb918dcd08575c63eff9fd94/volume-05041fa0-b97e-4d87-aec7-89a05ef34dd2
Jan 30 05:37:30 devstack sudo[94174]: pam_unix(sudo:session): session opened for user root(uid=0) by (uid=1000)
Jan 30 05:37:31 devstack sudo[94174]: pam_unix(sudo:session): session closed for user root
Jan 30 05:37:31 devstack cinder-volume[83339]: DEBUG oslo_concurrency.processutils [None req-059db043-12a9-4c2d-bb3b-632020d4883a tempest-GroupSnapshotsTest-854820122 None] CMD "/opt/stack/data/venv/bin/python3.10 -m oslo_concurrency.prlimit --as=1073741824 --cpu=60 -- sudo cinder-rootwrap /etc/cinder/rootwrap.conf env LC_ALL=C qemu-img info -f qcow2 --output=json /opt/stack/data/cinder/mnt/49c127efcb918dcd08575c63eff9fd94/volume-05041fa0-b97e-4d87-aec7-89a05ef34dd2" returned: 0 in 0.748s {{(pid=83339) execute /opt/stack/data/venv/lib/python3.10/site-packages/oslo_concurrency/processutils.py:396}}
Jan 30 05:37:31 devstack cinder-volume[83339]: DEBUG cinder.utils [None req-059db043-12a9-4c2d-bb3b-632020d4883a tempest-GroupSnapshotsTest-854820122 None] Path /opt/stack/data/cinder/mnt/49c127efcb918dcd08575c63eff9fd94/volume-a7bcc13a-2152-47a9-b0bd-5ef112414e2f not found in is_blk_device check {{(pid=83339) is_blk_device /opt/stack/cinder/cinder/utils.py:591}}
Jan 30 05:37:31 devstack cinder-volume[83339]: DEBUG oslo_concurrency.processutils [None req-059db043-12a9-4c2d-bb3b-632020d4883a tempest-GroupSnapshotsTest-854820122 None] Running cmd (subprocess): sudo cinder-rootwrap /etc/cinder/rootwrap.conf qemu-img convert -O qcow2 /opt/stack/data/cinder/mnt/49c127efcb918dcd08575c63eff9fd94/volume-05041fa0-b97e-4d87-aec7-89a05ef34dd2 /opt/stack/data/cinder/mnt/49c127efcb918dcd08575c63eff9fd94/volume-a7bcc13a-2152-47a9-b0bd-5ef112414e2f {{(pid=83339) execute /opt/stack/data/venv/lib/python3.10/site-packages/oslo_concurrency/processutils.py:368}}
Jan 30 05:37:31 devstack sudo[94198]: quobyte : PWD=/ ; USER=root ; COMMAND=/opt/stack/data/venv/bin/cinder-rootwrap /etc/cinder/rootwrap.conf qemu-img convert -O qcow2 /opt/stack/data/cinder/mnt/49c127efcb918dcd08575c63eff9fd94/volume-05041fa0-b97e-4d87-aec7-89a05ef34dd2 /opt/stack/data/cinder/mnt/49c127efcb918dcd08575c63eff9fd94/volume-a7bcc13a-2152-47a9-b0bd-5ef112414e2f
Jan 30 05:37:31 devstack sudo[94198]: pam_unix(sudo:session): session opened for user root(uid=0) by (uid=1000)
Jan 30 05:37:36 devstack sudo[94198]: pam_unix(sudo:session): session closed for user root
Jan 30 05:37:36 devstack cinder-volume[83339]: DEBUG oslo_concurrency.processutils [None req-059db043-12a9-4c2d-bb3b-632020d4883a tempest-GroupSnapshotsTest-854820122 None] CMD "sudo cinder-rootwrap /etc/cinder/rootwrap.conf qemu-img convert -O qcow2 /opt/stack/data/cinder/mnt/49c127efcb918dcd08575c63eff9fd94/volume-05041fa0-b97e-4d87-aec7-89a05ef34dd2 /opt/stack/data/cinder/mnt/49c127efcb918dcd08575c63eff9fd94/volume-a7bcc13a-2152-47a9-b0bd-5ef112414e2f" returned: 0 in 4.399s {{(pid=83339) execute /opt/stack/data/venv/lib/python3.10/site-packages/oslo_concurrency/processutils.py:396}}
Jan 30 05:37:36 devstack cinder-volume[83339]: DEBUG oslo.privsep.daemon [-] privsep: reply[82ad795e-50db-4355-89f2-b6b437be1c2e]: (4, 'qcow2') {{(pid=84185) _call_back /opt/stack/data/venv/lib/python3.10/site-packages/oslo_privsep/daemon.py:515}}
Jan 30 05:37:36 devstack cinder-volume[83339]: DEBUG oslo_concurrency.processutils [None req-059db043-12a9-4c2d-bb3b-632020d4883a tempest-GroupSnapshotsTest-854820122 None] Running cmd (subprocess): /opt/stack/data/venv/bin/python3.10 -m oslo_concurrency.prlimit --as=1073741824 --cpu=60 -- sudo cinder-rootwrap /etc/cinder/rootwrap.conf env LC_ALL=C qemu-img info -f qcow2 --output=json /opt/stack/data/cinder/mnt/49c127efcb918dcd08575c63eff9fd94/volume-05041fa0-b97e-4d87-aec7-89a05ef34dd2 {{(pid=83339) execute /opt/stack/data/venv/lib/python3.10/site-packages/oslo_concurrency/processutils.py:368}}
Jan 30 05:37:36 devstack sudo[94260]: quobyte : PWD=/ ; USER=root ; COMMAND=/opt/stack/data/venv/bin/cinder-rootwrap /etc/cinder/rootwrap.conf env LC_ALL=C qemu-img info -f qcow2 --output=json /opt/stack/data/cinder/mnt/49c127efcb918dcd08575c63eff9fd94/volume-05041fa0-b97e-4d87-aec7-89a05ef34dd2
Jan 30 05:37:36 devstack sudo[94260]: pam_unix(sudo:session): session opened for user root(uid=0) by (uid=1000)
Jan 30 05:37:36 devstack sudo[94260]: pam_unix(sudo:session): session closed for user root
Jan 30 05:37:36 devstack cinder-volume[83339]: DEBUG oslo_concurrency.processutils [None req-059db043-12a9-4c2d-bb3b-632020d4883a tempest-GroupSnapshotsTest-854820122 None] CMD "/opt/stack/data/venv/bin/python3.10 -m oslo_concurrency.prlimit --as=1073741824 --cpu=60 -- sudo cinder-rootwrap /etc/cinder/rootwrap.conf env LC_ALL=C qemu-img info -f qcow2 --output=json /opt/stack/data/cinder/mnt/49c127efcb918dcd08575c63eff9fd94/volume-05041fa0-b97e-4d87-aec7-89a05ef34dd2" returned: 0 in 0.877s {{(pid=83339) execute /opt/stack/data/venv/lib/python3.10/site-packages/oslo_concurrency/processutils.py:396}}
Jan 30 05:37:36 devstack cinder-volume[83339]: DEBUG cinder.image.image_utils [None req-059db043-12a9-4c2d-bb3b-632020d4883a tempest-GroupSnapshotsTest-854820122 None] Image conversion details: src /opt/stack/data/cinder/mnt/49c127efcb918dcd08575c63eff9fd94/volume-05041fa0-b97e-4d87-aec7-89a05ef34dd2, size 1024.00 MB, duration 4.40 sec, destination /opt/stack/data/cinder/mnt/49c127efcb918dcd08575c63eff9fd94/volume-a7bcc13a-2152-47a9-b0bd-5ef112414e2f {{(pid=83339) _convert_image /opt/stack/cinder/cinder/image/image_utils.py:537}}
Jan 30 05:37:36 devstack cinder-volume[83339]: INFO cinder.image.image_utils [None req-059db043-12a9-4c2d-bb3b-632020d4883a tempest-GroupSnapshotsTest-854820122 None] Converted 1024.00 MB image at 232.69 MB/s
Jan 30 05:37:36 devstack cinder-volume[83339]: WARNING cinder.volume.drivers.remotefs [None req-059db043-12a9-4c2d-bb3b-632020d4883a tempest-GroupSnapshotsTest-854820122 None] /opt/stack/data/cinder/mnt/49c127efcb918dcd08575c63eff9fd94/volume-a7bcc13a-2152-47a9-b0bd-5ef112414e2f is being set with open permissions: ugo+rw: NotImplementedError
Jan 30 05:37:36 devstack cinder-volume[83339]: DEBUG oslo_concurrency.processutils [None req-059db043-12a9-4c2d-bb3b-632020d4883a tempest-GroupSnapshotsTest-854820122 None] Running cmd (subprocess): sudo cinder-rootwrap /etc/cinder/rootwrap.conf chmod ugo+rw /opt/stack/data/cinder/mnt/49c127efcb918dcd08575c63eff9fd94/volume-a7bcc13a-2152-47a9-b0bd-5ef112414e2f {{(pid=83339) execute /opt/stack/data/venv/lib/python3.10/site-packages/oslo_concurrency/processutils.py:368}}
Jan 30 05:37:36 devstack sudo[94267]: quobyte : PWD=/ ; USER=root ; COMMAND=/opt/stack/data/venv/bin/cinder-rootwrap /etc/cinder/rootwrap.conf chmod ugo+rw /opt/stack/data/cinder/mnt/49c127efcb918dcd08575c63eff9fd94/volume-a7bcc13a-2152-47a9-b0bd-5ef112414e2f
Jan 30 05:37:36 devstack sudo[94267]: pam_unix(sudo:session): session opened for user root(uid=0) by (uid=1000)
Jan 30 05:37:37 devstack sudo[94267]: pam_unix(sudo:session): session closed for user root
Jan 30 05:37:37 devstack cinder-volume[83339]: DEBUG oslo_concurrency.processutils [None req-059db043-12a9-4c2d-bb3b-632020d4883a tempest-GroupSnapshotsTest-854820122 None] CMD "sudo cinder-rootwrap /etc/cinder/rootwrap.conf chmod ugo+rw /opt/stack/data/cinder/mnt/49c127efcb918dcd08575c63eff9fd94/volume-a7bcc13a-2152-47a9-b0bd-5ef112414e2f" returned: 0 in 0.513s {{(pid=83339) execute /opt/stack/data/venv/lib/python3.10/site-packages/oslo_concurrency/processutils.py:396}}
Jan 30 05:37:37 devstack cinder-volume[83339]: DEBUG cinder.coordination [None req-059db043-12a9-4c2d-bb3b-632020d4883a tempest-GroupSnapshotsTest-854820122 None] Lock "cinder-quobyte-a7bcc13a-2152-47a9-b0bd-5ef112414e2f" released by "_copy_volume_from_snapshot" :: held 7.424s {{(pid=83339) __release /opt/stack/cinder/cinder/coordination.py:157}}
Jan 30 05:37:37 devstack cinder-volume[83339]: DEBUG cinder.coordination [None req-059db043-12a9-4c2d-bb3b-632020d4883a tempest-GroupSnapshotsTest-854820122 None] Lock "cinder-quobyte-b8bef988-e14e-4594-8bfb-c4e8cfa16aa5-a7bcc13a-2152-47a9-b0bd-5ef112414e2f" released by "_create_volume_from_snapshot" :: held 7.458s {{(pid=83339) __release /opt/stack/cinder/cinder/coordination.py:157}}
Jan 30 05:37:37 devstack cinder-volume[83339]: DEBUG oslo_concurrency.lockutils [None req-059db043-12a9-4c2d-bb3b-632020d4883a tempest-GroupSnapshotsTest-854820122 None] Lock "quobyte" "released" by "cinder.volume.drivers.quobyte.QuobyteDriver.create_volume_from_snapshot" :: held 7.470s {{(pid=83339) inner /opt/stack/data/venv/lib/python3.10/site-packages/oslo_concurrency/lockutils.py:538}}
Jan 30 05:37:37 devstack cinder-volume[83339]: DEBUG dbcounter [-] [83339] Writing DB stats cinder:SELECT=59,cinder:INSERT=24,cinder:UPDATE=75,cinder:DELETE=7 {{(pid=83339) stat_writer /opt/stack/data/venv/lib/python3.10/site-packages/dbcounter.py:115}}
Jan 30 05:37:37 devstack cinder-volume[83339]: DEBUG dbcounter [-] [83339] Writing DB stats cinder:UPDATE=74,cinder:SELECT=64,cinder:INSERT=11,cinder:DELETE=5 {{(pid=83339) stat_writer /opt/stack/data/venv/lib/python3.10/site-packages/dbcounter.py:115}}
Jan 30 05:37:37 devstack cinder-volume[83339]: INFO cinder.volume.manager [None req-059db043-12a9-4c2d-bb3b-632020d4883a tempest-GroupSnapshotsTest-854820122 None] Create group from source-snapshot-ac613b80-356c-408e-8844-3b8b4ec79442 completed successfully.
Jan 30 05:37:38 devstack cinder-volume[83339]: WARNING cinder.volume.volume_utils [None req-2057c71a-c3a2-4034-8636-9f3ffd18b7c6 tempest-GroupSnapshotsTest-854820122 None] Volume driver (QuobyteDriver 1.1.14) is currently unsupported and may be removed in the next release of OpenStack. Use at your own risk.
Jan 30 05:37:38 devstack cinder-volume[83339]: DEBUG cinder.coordination [None req-2057c71a-c3a2-4034-8636-9f3ffd18b7c6 tempest-GroupSnapshotsTest-854820122 None] Acquiring lock "cinder-quobyte-a7bcc13a-2152-47a9-b0bd-5ef112414e2f" by "delete_volume" {{(pid=83339) __acquire /opt/stack/cinder/cinder/coordination.py:143}}
Jan 30 05:37:38 devstack cinder-volume[83339]: DEBUG cinder.coordination [None req-2057c71a-c3a2-4034-8636-9f3ffd18b7c6 tempest-GroupSnapshotsTest-854820122 None] Lock "cinder-quobyte-a7bcc13a-2152-47a9-b0bd-5ef112414e2f" acquired by "delete_volume" :: waited 0.022s {{(pid=83339) __acquire /opt/stack/cinder/cinder/coordination.py:146}}
Jan 30 05:37:38 devstack cinder-volume[83339]: DEBUG oslo.privsep.daemon [-] privsep: reply[4adddb55-d494-49d7-83d5-b521d23f85ad]: (4, 'qcow2') {{(pid=84185) _call_back /opt/stack/data/venv/lib/python3.10/site-packages/oslo_privsep/daemon.py:515}}
Jan 30 05:37:38 devstack cinder-volume[83339]: DEBUG oslo_concurrency.processutils [None req-2057c71a-c3a2-4034-8636-9f3ffd18b7c6 tempest-GroupSnapshotsTest-854820122 None] Running cmd (subprocess): /opt/stack/data/venv/bin/python3.10 -m oslo_concurrency.prlimit --as=1073741824 --cpu=60 -- sudo cinder-rootwrap /etc/cinder/rootwrap.conf env LC_ALL=C qemu-img info -f qcow2 --output=json --force-share /opt/stack/data/cinder/mnt/49c127efcb918dcd08575c63eff9fd94/volume-a7bcc13a-2152-47a9-b0bd-5ef112414e2f {{(pid=83339) execute /opt/stack/data/venv/lib/python3.10/site-packages/oslo_concurrency/processutils.py:368}}
Jan 30 05:37:38 devstack sudo[94271]: quobyte : PWD=/ ; USER=root ; COMMAND=/opt/stack/data/venv/bin/cinder-rootwrap /etc/cinder/rootwrap.conf env LC_ALL=C qemu-img info -f qcow2 --output=json --force-share /opt/stack/data/cinder/mnt/49c127efcb918dcd08575c63eff9fd94/volume-a7bcc13a-2152-47a9-b0bd-5ef112414e2f
Jan 30 05:37:38 devstack sudo[94271]: pam_unix(sudo:session): session opened for user root(uid=0) by (uid=1000)
Jan 30 05:37:39 devstack sudo[94271]: pam_unix(sudo:session): session closed for user root
Jan 30 05:37:39 devstack cinder-volume[83339]: DEBUG oslo_concurrency.processutils [None req-2057c71a-c3a2-4034-8636-9f3ffd18b7c6 tempest-GroupSnapshotsTest-854820122 None] CMD "/opt/stack/data/venv/bin/python3.10 -m oslo_concurrency.prlimit --as=1073741824 --cpu=60 -- sudo cinder-rootwrap /etc/cinder/rootwrap.conf env LC_ALL=C qemu-img info -f qcow2 --output=json --force-share /opt/stack/data/cinder/mnt/49c127efcb918dcd08575c63eff9fd94/volume-a7bcc13a-2152-47a9-b0bd-5ef112414e2f" returned: 0 in 0.637s {{(pid=83339) execute /opt/stack/data/venv/lib/python3.10/site-packages/oslo_concurrency/processutils.py:396}}
Jan 30 05:37:39 devstack cinder-volume[83339]: DEBUG oslo_concurrency.processutils [None req-2057c71a-c3a2-4034-8636-9f3ffd18b7c6 tempest-GroupSnapshotsTest-854820122 None] Running cmd (subprocess): sudo cinder-rootwrap /etc/cinder/rootwrap.conf rm -f /opt/stack/data/cinder/mnt/49c127efcb918dcd08575c63eff9fd94/volume-a7bcc13a-2152-47a9-b0bd-5ef112414e2f {{(pid=83339) execute /opt/stack/data/venv/lib/python3.10/site-packages/oslo_concurrency/processutils.py:368}}
Jan 30 05:37:39 devstack sudo[94279]: quobyte : PWD=/ ; USER=root ; COMMAND=/opt/stack/data/venv/bin/cinder-rootwrap /etc/cinder/rootwrap.conf rm -f /opt/stack/data/cinder/mnt/49c127efcb918dcd08575c63eff9fd94/volume-a7bcc13a-2152-47a9-b0bd-5ef112414e2f
Jan 30 05:37:39 devstack sudo[94279]: pam_unix(sudo:session): session opened for user root(uid=0) by (uid=1000)
Jan 30 05:37:39 devstack sudo[94279]: pam_unix(sudo:session): session closed for user root
Jan 30 05:37:39 devstack cinder-volume[83339]: DEBUG oslo_concurrency.processutils [None req-2057c71a-c3a2-4034-8636-9f3ffd18b7c6 tempest-GroupSnapshotsTest-854820122 None] CMD "sudo cinder-rootwrap /etc/cinder/rootwrap.conf rm -f /opt/stack/data/cinder/mnt/49c127efcb918dcd08575c63eff9fd94/volume-a7bcc13a-2152-47a9-b0bd-5ef112414e2f" returned: 0 in 0.535s {{(pid=83339) execute /opt/stack/data/venv/lib/python3.10/site-packages/oslo_concurrency/processutils.py:396}}
Jan 30 05:37:39 devstack cinder-volume[83339]: DEBUG cinder.coordination [None req-2057c71a-c3a2-4034-8636-9f3ffd18b7c6 tempest-GroupSnapshotsTest-854820122 None] Lock "cinder-quobyte-a7bcc13a-2152-47a9-b0bd-5ef112414e2f" released by "delete_volume" :: held 1.196s {{(pid=83339) __release /opt/stack/cinder/cinder/coordination.py:157}}
Jan 30 05:37:39 devstack cinder-volume[83339]: DEBUG cinder.quota [None req-2057c71a-c3a2-4034-8636-9f3ffd18b7c6 tempest-GroupSnapshotsTest-854820122 None] Created reservations ['817cf798-03f6-45b0-a55f-4a67c520ea2b'] {{(pid=83339) reserve /opt/stack/cinder/cinder/quota.py:752}}
Jan 30 05:37:39 devstack cinder-volume[83339]: WARNING cinder.quota [None req-2057c71a-c3a2-4034-8636-9f3ffd18b7c6 tempest-GroupSnapshotsTest-854820122 None] Deprecated: Default quota for resource: volumes_tempest-GroupSnapshotsTest-volume-type-993371565 is set by the default quota flag: quota_volumes_tempest-GroupSnapshotsTest-volume-type-993371565, it is now deprecated. Please use the default quota class for default quota.
Jan 30 05:37:39 devstack cinder-volume[83339]: WARNING cinder.quota [None req-2057c71a-c3a2-4034-8636-9f3ffd18b7c6 tempest-GroupSnapshotsTest-854820122 None] Deprecated: Default quota for resource: gigabytes_tempest-GroupSnapshotsTest-volume-type-993371565 is set by the default quota flag: quota_gigabytes_tempest-GroupSnapshotsTest-volume-type-993371565, it is now deprecated. Please use the default quota class for default quota.
Jan 30 05:37:40 devstack cinder-volume[83339]: DEBUG cinder.quota [None req-2057c71a-c3a2-4034-8636-9f3ffd18b7c6 tempest-GroupSnapshotsTest-854820122 None] Created reservations ['ae601861-9379-4ee9-a593-b23ce812ba78', '09763095-a717-4abd-a8e8-fcc704996a1c', 'e5ecea7d-54b6-4601-8fbd-542cc6460531', '262dddcb-1636-4937-aa16-ff3b91b27168'] {{(pid=83339) reserve /opt/stack/cinder/cinder/quota.py:752}}
Jan 30 05:37:40 devstack cinder-volume[83339]: DEBUG oslo_concurrency.lockutils [None req-2057c71a-c3a2-4034-8636-9f3ffd18b7c6 tempest-GroupSnapshotsTest-854820122 None] Acquiring lock "quobyte_ensure" by "cinder.volume.drivers.quobyte.QuobyteDriver._ensure_shares_mounted" {{(pid=83339) inner /opt/stack/data/venv/lib/python3.10/site-packages/oslo_concurrency/lockutils.py:506}}
Jan 30 05:37:40 devstack cinder-volume[83339]: DEBUG oslo_concurrency.lockutils [None req-2057c71a-c3a2-4034-8636-9f3ffd18b7c6 tempest-GroupSnapshotsTest-854820122 None] Lock "quobyte_ensure" acquired by "cinder.volume.drivers.quobyte.QuobyteDriver._ensure_shares_mounted" :: waited 0.001s {{(pid=83339) inner /opt/stack/data/venv/lib/python3.10/site-packages/oslo_concurrency/lockutils.py:519}}
Jan 30 05:37:40 devstack cinder-volume[83339]: DEBUG cinder.volume.drivers.quobyte [None req-2057c71a-c3a2-4034-8636-9f3ffd18b7c6 tempest-GroupSnapshotsTest-854820122 None] Quobyte Volume URL set to: {'osci02.corp.quobyte.com/cinder-vol-869b25ca-bc53-43e0-9fa3-2529ea07e8a3': None} {{(pid=83339) _load_shares_config /opt/stack/cinder/cinder/volume/drivers/quobyte.py:620}}
Jan 30 05:37:40 devstack cinder-volume[83339]: DEBUG cinder.volume.drivers.quobyte [None req-2057c71a-c3a2-4034-8636-9f3ffd18b7c6 tempest-GroupSnapshotsTest-854820122 None] Available shares ['osci02.corp.quobyte.com/cinder-vol-869b25ca-bc53-43e0-9fa3-2529ea07e8a3'] {{(pid=83339) _ensure_shares_mounted /opt/stack/cinder/cinder/volume/drivers/quobyte.py:650}}
Jan 30 05:37:40 devstack cinder-volume[83339]: DEBUG oslo_concurrency.lockutils [None req-2057c71a-c3a2-4034-8636-9f3ffd18b7c6 tempest-GroupSnapshotsTest-854820122 None] Lock "quobyte_ensure" "released" by "cinder.volume.drivers.quobyte.QuobyteDriver._ensure_shares_mounted" :: held 0.004s {{(pid=83339) inner /opt/stack/data/venv/lib/python3.10/site-packages/oslo_concurrency/lockutils.py:538}}
Jan 30 05:37:40 devstack cinder-volume[83339]: DEBUG oslo_concurrency.processutils [None req-2057c71a-c3a2-4034-8636-9f3ffd18b7c6 tempest-GroupSnapshotsTest-854820122 None] Running cmd (subprocess): sudo cinder-rootwrap /etc/cinder/rootwrap.conf df --portability --block-size 1 /opt/stack/data/cinder/mnt/49c127efcb918dcd08575c63eff9fd94 {{(pid=83339) execute /opt/stack/data/venv/lib/python3.10/site-packages/oslo_concurrency/processutils.py:368}}
Jan 30 05:37:40 devstack sudo[94285]: quobyte : PWD=/ ; USER=root ; COMMAND=/opt/stack/data/venv/bin/cinder-rootwrap /etc/cinder/rootwrap.conf df --portability --block-size 1 /opt/stack/data/cinder/mnt/49c127efcb918dcd08575c63eff9fd94
Jan 30 05:37:40 devstack sudo[94285]: pam_unix(sudo:session): session opened for user root(uid=0) by (uid=1000)
Jan 30 05:37:40 devstack sudo[94285]: pam_unix(sudo:session): session closed for user root
Jan 30 05:37:40 devstack cinder-volume[83339]: DEBUG oslo_concurrency.processutils [None req-2057c71a-c3a2-4034-8636-9f3ffd18b7c6 tempest-GroupSnapshotsTest-854820122 None] CMD "sudo cinder-rootwrap /etc/cinder/rootwrap.conf df --portability --block-size 1 /opt/stack/data/cinder/mnt/49c127efcb918dcd08575c63eff9fd94" returned: 0 in 0.477s {{(pid=83339) execute /opt/stack/data/venv/lib/python3.10/site-packages/oslo_concurrency/processutils.py:396}}
Jan 30 05:37:40 devstack cinder-volume[83339]: DEBUG cinder.manager [None req-2057c71a-c3a2-4034-8636-9f3ffd18b7c6 tempest-GroupSnapshotsTest-854820122 None] Notifying Schedulers of capabilities ... {{(pid=83339) _publish_service_capabilities /opt/stack/cinder/cinder/manager.py:202}}
Jan 30 05:37:40 devstack cinder-volume[83339]: INFO cinder.volume.manager [None req-2057c71a-c3a2-4034-8636-9f3ffd18b7c6 tempest-GroupSnapshotsTest-854820122 None] Delete group completed successfully.
Jan 30 05:37:41 devstack cinder-volume[83339]: INFO cinder.volume.manager [None req-a62f10f9-3f6c-40a9-a3f9-3792e9b35330 tempest-GroupSnapshotsTest-854820122 None] group_snapshot ac613b80-356c-408e-8844-3b8b4ec79442: deleting
Jan 30 05:37:41 devstack cinder-volume[83339]: WARNING cinder.volume.volume_utils [None req-a62f10f9-3f6c-40a9-a3f9-3792e9b35330 tempest-GroupSnapshotsTest-854820122 None] Volume driver (QuobyteDriver 1.1.14) is currently unsupported and may be removed in the next release of OpenStack. Use at your own risk.
Jan 30 05:37:41 devstack cinder-volume[83339]: DEBUG cinder.volume.manager [None req-a62f10f9-3f6c-40a9-a3f9-3792e9b35330 tempest-GroupSnapshotsTest-854820122 None] group_snapshot ac613b80-356c-408e-8844-3b8b4ec79442: deleting {{(pid=83339) delete_group_snapshot /opt/stack/cinder/cinder/volume/manager.py:4319}}
Jan 30 05:37:41 devstack cinder-volume[83339]: DEBUG cinder.coordination [None req-a62f10f9-3f6c-40a9-a3f9-3792e9b35330 tempest-GroupSnapshotsTest-854820122 None] Acquiring lock "cinder-quobyte-05041fa0-b97e-4d87-aec7-89a05ef34dd2" by "delete_snapshot" {{(pid=83339) __acquire /opt/stack/cinder/cinder/coordination.py:143}}
Jan 30 05:37:41 devstack cinder-volume[83339]: DEBUG cinder.coordination [None req-a62f10f9-3f6c-40a9-a3f9-3792e9b35330 tempest-GroupSnapshotsTest-854820122 None] Lock "cinder-quobyte-05041fa0-b97e-4d87-aec7-89a05ef34dd2" acquired by "delete_snapshot" :: waited 0.037s {{(pid=83339) __acquire /opt/stack/cinder/cinder/coordination.py:146}}
Jan 30 05:37:41 devstack cinder-volume[83339]: DEBUG cinder.coordination [None req-a62f10f9-3f6c-40a9-a3f9-3792e9b35330 tempest-GroupSnapshotsTest-854820122 None] Acquiring lock "cinder-quobyte-b8bef988-e14e-4594-8bfb-c4e8cfa16aa5" by "_delete_snapshot" {{(pid=83339) __acquire /opt/stack/cinder/cinder/coordination.py:143}}
Jan 30 05:37:41 devstack cinder-volume[83339]: DEBUG cinder.coordination [None req-a62f10f9-3f6c-40a9-a3f9-3792e9b35330 tempest-GroupSnapshotsTest-854820122 None] Lock "cinder-quobyte-b8bef988-e14e-4594-8bfb-c4e8cfa16aa5" acquired by "_delete_snapshot" :: waited 0.020s {{(pid=83339) __acquire /opt/stack/cinder/cinder/coordination.py:146}}
Jan 30 05:37:41 devstack cinder-volume[83339]: DEBUG cinder.volume.drivers.remotefs [None req-a62f10f9-3f6c-40a9-a3f9-3792e9b35330 tempest-GroupSnapshotsTest-854820122 None] Deleting offline snapshot b8bef988-e14e-4594-8bfb-c4e8cfa16aa5 of volume 05041fa0-b97e-4d87-aec7-89a05ef34dd2 {{(pid=83339) _delete_snapshot /opt/stack/cinder/cinder/volume/drivers/remotefs.py:1290}}
Jan 30 05:37:41 devstack cinder-volume[83339]: DEBUG cinder.volume.drivers.remotefs [None req-a62f10f9-3f6c-40a9-a3f9-3792e9b35330 tempest-GroupSnapshotsTest-854820122 None] snapshot_file for this snap is: volume-05041fa0-b97e-4d87-aec7-89a05ef34dd2.b8bef988-e14e-4594-8bfb-c4e8cfa16aa5 {{(pid=83339) _delete_snapshot /opt/stack/cinder/cinder/volume/drivers/remotefs.py:1319}}
Jan 30 05:37:41 devstack cinder-volume[83339]: DEBUG oslo.privsep.daemon [-] privsep: reply[d7595750-8557-4367-9692-f43334ea7f32]: (4, 'qcow2') {{(pid=84185) _call_back /opt/stack/data/venv/lib/python3.10/site-packages/oslo_privsep/daemon.py:515}}
Jan 30 05:37:41 devstack cinder-volume[83339]: DEBUG oslo_concurrency.processutils [None req-a62f10f9-3f6c-40a9-a3f9-3792e9b35330 tempest-GroupSnapshotsTest-854820122 None] Running cmd (subprocess): /opt/stack/data/venv/bin/python3.10 -m oslo_concurrency.prlimit --as=1073741824 --cpu=60 -- sudo cinder-rootwrap /etc/cinder/rootwrap.conf env LC_ALL=C qemu-img info -f qcow2 --output=json --force-share /opt/stack/data/cinder/mnt/49c127efcb918dcd08575c63eff9fd94/volume-05041fa0-b97e-4d87-aec7-89a05ef34dd2.b8bef988-e14e-4594-8bfb-c4e8cfa16aa5 {{(pid=83339) execute /opt/stack/data/venv/lib/python3.10/site-packages/oslo_concurrency/processutils.py:368}}
Jan 30 05:37:41 devstack sudo[94307]: quobyte : PWD=/ ; USER=root ; COMMAND=/opt/stack/data/venv/bin/cinder-rootwrap /etc/cinder/rootwrap.conf env LC_ALL=C qemu-img info -f qcow2 --output=json --force-share /opt/stack/data/cinder/mnt/49c127efcb918dcd08575c63eff9fd94/volume-05041fa0-b97e-4d87-aec7-89a05ef34dd2.b8bef988-e14e-4594-8bfb-c4e8cfa16aa5
Jan 30 05:37:41 devstack sudo[94307]: pam_unix(sudo:session): session opened for user root(uid=0) by (uid=1000)
Jan 30 05:37:41 devstack sudo[94307]: pam_unix(sudo:session): session closed for user root
Jan 30 05:37:41 devstack cinder-volume[83339]: DEBUG oslo_concurrency.processutils [None req-a62f10f9-3f6c-40a9-a3f9-3792e9b35330 tempest-GroupSnapshotsTest-854820122 None] CMD "/opt/stack/data/venv/bin/python3.10 -m oslo_concurrency.prlimit --as=1073741824 --cpu=60 -- sudo cinder-rootwrap /etc/cinder/rootwrap.conf env LC_ALL=C qemu-img info -f qcow2 --output=json --force-share /opt/stack/data/cinder/mnt/49c127efcb918dcd08575c63eff9fd94/volume-05041fa0-b97e-4d87-aec7-89a05ef34dd2.b8bef988-e14e-4594-8bfb-c4e8cfa16aa5" returned: 0 in 0.708s {{(pid=83339) execute /opt/stack/data/venv/lib/python3.10/site-packages/oslo_concurrency/processutils.py:396}}
Jan 30 05:37:41 devstack cinder-volume[83339]: DEBUG cinder.volume.drivers.remotefs [None req-a62f10f9-3f6c-40a9-a3f9-3792e9b35330 tempest-GroupSnapshotsTest-854820122 None] Fetching qemu-img info with special backing_file_template: (/opt/stack/data/cinder/mnt/[0-9a-f]+/)?(volume-05041fa0-b97e-4d87-aec7-89a05ef34dd2(.(tmp-snap-)?[0-9a-f-]+)?|volume_from_snapshot_cache/(tmp-snap-)?[0-9a-f-]+(.(child-|parent-)[0-9a-f-]+)?)$ {{(pid=83339) _qemu_img_info_base /opt/stack/cinder/cinder/volume/drivers/remotefs.py:898}}
Jan 30 05:37:41 devstack cinder-volume[83339]: DEBUG oslo.privsep.daemon [-] privsep: reply[8b847958-57b5-47ad-854e-cd59869ea085]: (4, 'qcow2') {{(pid=84185) _call_back /opt/stack/data/venv/lib/python3.10/site-packages/oslo_privsep/daemon.py:515}}
Jan 30 05:37:41 devstack cinder-volume[83339]: DEBUG oslo_concurrency.processutils [None req-a62f10f9-3f6c-40a9-a3f9-3792e9b35330 tempest-GroupSnapshotsTest-854820122 None] Running cmd (subprocess): /opt/stack/data/venv/bin/python3.10 -m oslo_concurrency.prlimit --as=1073741824 --cpu=60 -- sudo cinder-rootwrap /etc/cinder/rootwrap.conf env LC_ALL=C qemu-img info -f qcow2 --output=json --force-share /opt/stack/data/cinder/mnt/49c127efcb918dcd08575c63eff9fd94/volume-05041fa0-b97e-4d87-aec7-89a05ef34dd2 {{(pid=83339) execute /opt/stack/data/venv/lib/python3.10/site-packages/oslo_concurrency/processutils.py:368}}
Jan 30 05:37:42 devstack cinder-volume[83339]: DEBUG cinder.coordination [None req-4c8e02a1-5db2-4204-ab07-d151fa2b4112 tempest-ServerRescueNegativeTestJSON-1839338470 None] Acquiring lock "cinder-8514d0c2-5477-42f5-9303-c7b85812f432-delete_volume" by "delete_volume" {{(pid=83339) __acquire /opt/stack/cinder/cinder/coordination.py:143}}
Jan 30 05:37:42 devstack cinder-volume[83339]: DEBUG cinder.coordination [None req-4c8e02a1-5db2-4204-ab07-d151fa2b4112 tempest-ServerRescueNegativeTestJSON-1839338470 None] Lock "cinder-8514d0c2-5477-42f5-9303-c7b85812f432-delete_volume" acquired by "delete_volume" :: waited 0.010s {{(pid=83339) __acquire /opt/stack/cinder/cinder/coordination.py:146}}
Jan 30 05:37:42 devstack sudo[94346]: quobyte : PWD=/ ; USER=root ; COMMAND=/opt/stack/data/venv/bin/cinder-rootwrap /etc/cinder/rootwrap.conf env LC_ALL=C qemu-img info -f qcow2 --output=json --force-share /opt/stack/data/cinder/mnt/49c127efcb918dcd08575c63eff9fd94/volume-05041fa0-b97e-4d87-aec7-89a05ef34dd2
Jan 30 05:37:42 devstack sudo[94346]: pam_unix(sudo:session): session opened for user root(uid=0) by (uid=1000)
Jan 30 05:37:42 devstack cinder-volume[83339]: WARNING cinder.volume.volume_utils [None req-4c8e02a1-5db2-4204-ab07-d151fa2b4112 tempest-ServerRescueNegativeTestJSON-1839338470 None] Volume driver (QuobyteDriver 1.1.14) is currently unsupported and may be removed in the next release of OpenStack. Use at your own risk.
Jan 30 05:37:42 devstack cinder-volume[83339]: DEBUG cinder.coordination [None req-4c8e02a1-5db2-4204-ab07-d151fa2b4112 tempest-ServerRescueNegativeTestJSON-1839338470 None] Acquiring lock "cinder-quobyte-8514d0c2-5477-42f5-9303-c7b85812f432" by "delete_volume" {{(pid=83339) __acquire /opt/stack/cinder/cinder/coordination.py:143}}
Jan 30 05:37:42 devstack cinder-volume[83339]: DEBUG cinder.coordination [None req-4c8e02a1-5db2-4204-ab07-d151fa2b4112 tempest-ServerRescueNegativeTestJSON-1839338470 None] Lock "cinder-quobyte-8514d0c2-5477-42f5-9303-c7b85812f432" acquired by "delete_volume" :: waited 0.009s {{(pid=83339) __acquire /opt/stack/cinder/cinder/coordination.py:146}}
Jan 30 05:37:42 devstack cinder-volume[83339]: DEBUG oslo.privsep.daemon [-] privsep: reply[9d4f2b30-4ba8-4656-98c8-6fc38995d2d6]: (4, 'qcow2') {{(pid=84185) _call_back /opt/stack/data/venv/lib/python3.10/site-packages/oslo_privsep/daemon.py:515}}
Jan 30 05:37:42 devstack cinder-volume[83339]: DEBUG oslo_concurrency.processutils [None req-4c8e02a1-5db2-4204-ab07-d151fa2b4112 tempest-ServerRescueNegativeTestJSON-1839338470 None] Running cmd (subprocess): /opt/stack/data/venv/bin/python3.10 -m oslo_concurrency.prlimit --as=1073741824 --cpu=60 -- sudo cinder-rootwrap /etc/cinder/rootwrap.conf env LC_ALL=C qemu-img info -f qcow2 --output=json --force-share /opt/stack/data/cinder/mnt/49c127efcb918dcd08575c63eff9fd94/volume-8514d0c2-5477-42f5-9303-c7b85812f432 {{(pid=83339) execute /opt/stack/data/venv/lib/python3.10/site-packages/oslo_concurrency/processutils.py:368}}
Jan 30 05:37:42 devstack sudo[94348]: quobyte : PWD=/ ; USER=root ; COMMAND=/opt/stack/data/venv/bin/cinder-rootwrap /etc/cinder/rootwrap.conf env LC_ALL=C qemu-img info -f qcow2 --output=json --force-share /opt/stack/data/cinder/mnt/49c127efcb918dcd08575c63eff9fd94/volume-8514d0c2-5477-42f5-9303-c7b85812f432
Jan 30 05:37:42 devstack sudo[94348]: pam_unix(sudo:session): session opened for user root(uid=0) by (uid=1000)
Jan 30 05:37:42 devstack sudo[94346]: pam_unix(sudo:session): session closed for user root
Jan 30 05:37:42 devstack cinder-volume[83339]: DEBUG oslo_concurrency.processutils [None req-a62f10f9-3f6c-40a9-a3f9-3792e9b35330 tempest-GroupSnapshotsTest-854820122 None] CMD "/opt/stack/data/venv/bin/python3.10 -m oslo_concurrency.prlimit --as=1073741824 --cpu=60 -- sudo cinder-rootwrap /etc/cinder/rootwrap.conf env LC_ALL=C qemu-img info -f qcow2 --output=json --force-share /opt/stack/data/cinder/mnt/49c127efcb918dcd08575c63eff9fd94/volume-05041fa0-b97e-4d87-aec7-89a05ef34dd2" returned: 0 in 0.697s {{(pid=83339) execute /opt/stack/data/venv/lib/python3.10/site-packages/oslo_concurrency/processutils.py:396}}
Jan 30 05:37:42 devstack cinder-volume[83339]: DEBUG oslo_concurrency.processutils [None req-a62f10f9-3f6c-40a9-a3f9-3792e9b35330 tempest-GroupSnapshotsTest-854820122 None] Running cmd (subprocess): sudo cinder-rootwrap /etc/cinder/rootwrap.conf qemu-img commit -d /opt/stack/data/cinder/mnt/49c127efcb918dcd08575c63eff9fd94/volume-05041fa0-b97e-4d87-aec7-89a05ef34dd2.b8bef988-e14e-4594-8bfb-c4e8cfa16aa5 {{(pid=83339) execute /opt/stack/data/venv/lib/python3.10/site-packages/oslo_concurrency/processutils.py:368}}
Jan 30 05:37:42 devstack sudo[94356]: quobyte : PWD=/ ; USER=root ; COMMAND=/opt/stack/data/venv/bin/cinder-rootwrap /etc/cinder/rootwrap.conf qemu-img commit -d /opt/stack/data/cinder/mnt/49c127efcb918dcd08575c63eff9fd94/volume-05041fa0-b97e-4d87-aec7-89a05ef34dd2.b8bef988-e14e-4594-8bfb-c4e8cfa16aa5
Jan 30 05:37:42 devstack sudo[94356]: pam_unix(sudo:session): session opened for user root(uid=0) by (uid=1000)
Jan 30 05:37:42 devstack sudo[94348]: pam_unix(sudo:session): session closed for user root
Jan 30 05:37:42 devstack cinder-volume[83339]: DEBUG oslo_concurrency.processutils [None req-4c8e02a1-5db2-4204-ab07-d151fa2b4112 tempest-ServerRescueNegativeTestJSON-1839338470 None] CMD "/opt/stack/data/venv/bin/python3.10 -m oslo_concurrency.prlimit --as=1073741824 --cpu=60 -- sudo cinder-rootwrap /etc/cinder/rootwrap.conf env LC_ALL=C qemu-img info -f qcow2 --output=json --force-share /opt/stack/data/cinder/mnt/49c127efcb918dcd08575c63eff9fd94/volume-8514d0c2-5477-42f5-9303-c7b85812f432" returned: 0 in 0.553s {{(pid=83339) execute /opt/stack/data/venv/lib/python3.10/site-packages/oslo_concurrency/processutils.py:396}}
Jan 30 05:37:42 devstack cinder-volume[83339]: DEBUG oslo_concurrency.processutils [None req-4c8e02a1-5db2-4204-ab07-d151fa2b4112 tempest-ServerRescueNegativeTestJSON-1839338470 None] Running cmd (subprocess): sudo cinder-rootwrap /etc/cinder/rootwrap.conf rm -f /opt/stack/data/cinder/mnt/49c127efcb918dcd08575c63eff9fd94/volume-8514d0c2-5477-42f5-9303-c7b85812f432 {{(pid=83339) execute /opt/stack/data/venv/lib/python3.10/site-packages/oslo_concurrency/processutils.py:368}}
Jan 30 05:37:42 devstack sudo[94358]: quobyte : PWD=/ ; USER=root ; COMMAND=/opt/stack/data/venv/bin/cinder-rootwrap /etc/cinder/rootwrap.conf rm -f /opt/stack/data/cinder/mnt/49c127efcb918dcd08575c63eff9fd94/volume-8514d0c2-5477-42f5-9303-c7b85812f432
Jan 30 05:37:42 devstack sudo[94358]: pam_unix(sudo:session): session opened for user root(uid=0) by (uid=1000)
Jan 30 05:37:43 devstack sudo[94358]: pam_unix(sudo:session): session closed for user root
Jan 30 05:37:43 devstack cinder-volume[83339]: DEBUG oslo_concurrency.processutils [None req-4c8e02a1-5db2-4204-ab07-d151fa2b4112 tempest-ServerRescueNegativeTestJSON-1839338470 None] CMD "sudo cinder-rootwrap /etc/cinder/rootwrap.conf rm -f /opt/stack/data/cinder/mnt/49c127efcb918dcd08575c63eff9fd94/volume-8514d0c2-5477-42f5-9303-c7b85812f432" returned: 0 in 0.461s {{(pid=83339) execute /opt/stack/data/venv/lib/python3.10/site-packages/oslo_concurrency/processutils.py:396}}
Jan 30 05:37:43 devstack cinder-volume[83339]: DEBUG cinder.coordination [None req-4c8e02a1-5db2-4204-ab07-d151fa2b4112 tempest-ServerRescueNegativeTestJSON-1839338470 None] Lock "cinder-quobyte-8514d0c2-5477-42f5-9303-c7b85812f432" released by "delete_volume" :: held 1.047s {{(pid=83339) __release /opt/stack/cinder/cinder/coordination.py:157}}
Jan 30 05:37:43 devstack sudo[94356]: pam_unix(sudo:session): session closed for user root
Jan 30 05:37:43 devstack cinder-volume[83339]: DEBUG oslo_concurrency.processutils [None req-a62f10f9-3f6c-40a9-a3f9-3792e9b35330 tempest-GroupSnapshotsTest-854820122 None] CMD "sudo cinder-rootwrap /etc/cinder/rootwrap.conf qemu-img commit -d /opt/stack/data/cinder/mnt/49c127efcb918dcd08575c63eff9fd94/volume-05041fa0-b97e-4d87-aec7-89a05ef34dd2.b8bef988-e14e-4594-8bfb-c4e8cfa16aa5" returned: 0 in 0.584s {{(pid=83339) execute /opt/stack/data/venv/lib/python3.10/site-packages/oslo_concurrency/processutils.py:396}}
Jan 30 05:37:43 devstack cinder-volume[83339]: DEBUG oslo_concurrency.processutils [None req-a62f10f9-3f6c-40a9-a3f9-3792e9b35330 tempest-GroupSnapshotsTest-854820122 None] Running cmd (subprocess): sudo cinder-rootwrap /etc/cinder/rootwrap.conf rm -f /opt/stack/data/cinder/mnt/49c127efcb918dcd08575c63eff9fd94/volume-05041fa0-b97e-4d87-aec7-89a05ef34dd2.b8bef988-e14e-4594-8bfb-c4e8cfa16aa5 {{(pid=83339) execute /opt/stack/data/venv/lib/python3.10/site-packages/oslo_concurrency/processutils.py:368}}
Jan 30 05:37:43 devstack sudo[94364]: quobyte : PWD=/ ; USER=root ; COMMAND=/opt/stack/data/venv/bin/cinder-rootwrap /etc/cinder/rootwrap.conf rm -f /opt/stack/data/cinder/mnt/49c127efcb918dcd08575c63eff9fd94/volume-05041fa0-b97e-4d87-aec7-89a05ef34dd2.b8bef988-e14e-4594-8bfb-c4e8cfa16aa5
Jan 30 05:37:43 devstack sudo[94364]: pam_unix(sudo:session): session opened for user root(uid=0) by (uid=1000)
Jan 30 05:37:43 devstack cinder-volume[83339]: DEBUG cinder.quota [None req-4c8e02a1-5db2-4204-ab07-d151fa2b4112 tempest-ServerRescueNegativeTestJSON-1839338470 None] Created reservations ['d06bbcd4-9718-4735-8fe3-def7ff7a405b', 'db0757f5-22bc-493b-bba8-21d5305d3932', 'acc3cb12-3ecf-4d3d-9e76-2c5f536baa8b', '11b6b4d0-77b8-410d-bcda-8e3eabd687d2'] {{(pid=83339) reserve /opt/stack/cinder/cinder/quota.py:752}}
Jan 30 05:37:43 devstack cinder-volume[83339]: DEBUG oslo_concurrency.lockutils [None req-4c8e02a1-5db2-4204-ab07-d151fa2b4112 tempest-ServerRescueNegativeTestJSON-1839338470 None] Acquiring lock "quobyte_ensure" by "cinder.volume.drivers.quobyte.QuobyteDriver._ensure_shares_mounted" {{(pid=83339) inner /opt/stack/data/venv/lib/python3.10/site-packages/oslo_concurrency/lockutils.py:506}}
Jan 30 05:37:43 devstack cinder-volume[83339]: DEBUG oslo_concurrency.lockutils [None req-4c8e02a1-5db2-4204-ab07-d151fa2b4112 tempest-ServerRescueNegativeTestJSON-1839338470 None] Lock "quobyte_ensure" acquired by "cinder.volume.drivers.quobyte.QuobyteDriver._ensure_shares_mounted" :: waited 0.001s {{(pid=83339) inner /opt/stack/data/venv/lib/python3.10/site-packages/oslo_concurrency/lockutils.py:519}}
Jan 30 05:37:43 devstack cinder-volume[83339]: DEBUG cinder.volume.drivers.quobyte [None req-4c8e02a1-5db2-4204-ab07-d151fa2b4112 tempest-ServerRescueNegativeTestJSON-1839338470 None] Quobyte Volume URL set to: {'osci02.corp.quobyte.com/cinder-vol-869b25ca-bc53-43e0-9fa3-2529ea07e8a3': None} {{(pid=83339) _load_shares_config /opt/stack/cinder/cinder/volume/drivers/quobyte.py:620}}
Jan 30 05:37:43 devstack cinder-volume[83339]: DEBUG cinder.volume.drivers.quobyte [None req-4c8e02a1-5db2-4204-ab07-d151fa2b4112 tempest-ServerRescueNegativeTestJSON-1839338470 None] Available shares ['osci02.corp.quobyte.com/cinder-vol-869b25ca-bc53-43e0-9fa3-2529ea07e8a3'] {{(pid=83339) _ensure_shares_mounted /opt/stack/cinder/cinder/volume/drivers/quobyte.py:650}}
Jan 30 05:37:43 devstack cinder-volume[83339]: DEBUG oslo_concurrency.lockutils [None req-4c8e02a1-5db2-4204-ab07-d151fa2b4112 tempest-ServerRescueNegativeTestJSON-1839338470 None] Lock "quobyte_ensure" "released" by "cinder.volume.drivers.quobyte.QuobyteDriver._ensure_shares_mounted" :: held 0.010s {{(pid=83339) inner /opt/stack/data/venv/lib/python3.10/site-packages/oslo_concurrency/lockutils.py:538}}
Jan 30 05:37:43 devstack cinder-volume[83339]: DEBUG oslo_concurrency.processutils [None req-4c8e02a1-5db2-4204-ab07-d151fa2b4112 tempest-ServerRescueNegativeTestJSON-1839338470 None] Running cmd (subprocess): sudo cinder-rootwrap /etc/cinder/rootwrap.conf df --portability --block-size 1 /opt/stack/data/cinder/mnt/49c127efcb918dcd08575c63eff9fd94 {{(pid=83339) execute /opt/stack/data/venv/lib/python3.10/site-packages/oslo_concurrency/processutils.py:368}}
Jan 30 05:37:43 devstack sudo[94366]: quobyte : PWD=/ ; USER=root ; COMMAND=/opt/stack/data/venv/bin/cinder-rootwrap /etc/cinder/rootwrap.conf df --portability --block-size 1 /opt/stack/data/cinder/mnt/49c127efcb918dcd08575c63eff9fd94
Jan 30 05:37:43 devstack sudo[94366]: pam_unix(sudo:session): session opened for user root(uid=0) by (uid=1000)
Jan 30 05:37:43 devstack sudo[94364]: pam_unix(sudo:session): session closed for user root
Jan 30 05:37:43 devstack cinder-volume[83339]: DEBUG oslo_concurrency.processutils [None req-a62f10f9-3f6c-40a9-a3f9-3792e9b35330 tempest-GroupSnapshotsTest-854820122 None] CMD "sudo cinder-rootwrap /etc/cinder/rootwrap.conf rm -f /opt/stack/data/cinder/mnt/49c127efcb918dcd08575c63eff9fd94/volume-05041fa0-b97e-4d87-aec7-89a05ef34dd2.b8bef988-e14e-4594-8bfb-c4e8cfa16aa5" returned: 0 in 0.492s {{(pid=83339) execute /opt/stack/data/venv/lib/python3.10/site-packages/oslo_concurrency/processutils.py:396}}
Jan 30 05:37:43 devstack cinder-volume[83339]: DEBUG cinder.coordination [None req-a62f10f9-3f6c-40a9-a3f9-3792e9b35330 tempest-GroupSnapshotsTest-854820122 None] Lock "cinder-quobyte-b8bef988-e14e-4594-8bfb-c4e8cfa16aa5" released by "_delete_snapshot" :: held 2.548s {{(pid=83339) __release /opt/stack/cinder/cinder/coordination.py:157}}
Jan 30 05:37:43 devstack cinder-volume[83339]: DEBUG cinder.coordination [None req-a62f10f9-3f6c-40a9-a3f9-3792e9b35330 tempest-GroupSnapshotsTest-854820122 None] Lock "cinder-quobyte-05041fa0-b97e-4d87-aec7-89a05ef34dd2" released by "delete_snapshot" :: held 2.574s {{(pid=83339) __release /opt/stack/cinder/cinder/coordination.py:157}}
Jan 30 05:37:43 devstack cinder-volume[83339]: WARNING cinder.quota [None req-a62f10f9-3f6c-40a9-a3f9-3792e9b35330 tempest-GroupSnapshotsTest-854820122 None] Deprecated: Default quota for resource: snapshots_tempest-GroupSnapshotsTest-volume-type-993371565 is set by the default quota flag: quota_snapshots_tempest-GroupSnapshotsTest-volume-type-993371565, it is now deprecated. Please use the default quota class for default quota.
Jan 30 05:37:43 devstack sudo[94366]: pam_unix(sudo:session): session closed for user root
Jan 30 05:37:43 devstack cinder-volume[83339]: DEBUG oslo_concurrency.processutils [None req-4c8e02a1-5db2-4204-ab07-d151fa2b4112 tempest-ServerRescueNegativeTestJSON-1839338470 None] CMD "sudo cinder-rootwrap /etc/cinder/rootwrap.conf df --portability --block-size 1 /opt/stack/data/cinder/mnt/49c127efcb918dcd08575c63eff9fd94" returned: 0 in 0.489s {{(pid=83339) execute /opt/stack/data/venv/lib/python3.10/site-packages/oslo_concurrency/processutils.py:396}}
Jan 30 05:37:43 devstack cinder-volume[83339]: DEBUG cinder.manager [None req-4c8e02a1-5db2-4204-ab07-d151fa2b4112 tempest-ServerRescueNegativeTestJSON-1839338470 None] Notifying Schedulers of capabilities ... {{(pid=83339) _publish_service_capabilities /opt/stack/cinder/cinder/manager.py:202}}
Jan 30 05:37:43 devstack cinder-volume[83339]: DEBUG cinder.quota [None req-a62f10f9-3f6c-40a9-a3f9-3792e9b35330 tempest-GroupSnapshotsTest-854820122 None] Created reservations ['222de94f-4891-4442-b570-828e8f8d6942', '634ed82d-e02a-49fa-b31d-1063fd6c0014', '62ec37cc-9d00-4b1a-a469-01a98bbc227c', '79138aba-67c8-4828-b716-459b8991be4e'] {{(pid=83339) reserve /opt/stack/cinder/cinder/quota.py:752}}
Jan 30 05:37:43 devstack cinder-volume[83339]: INFO cinder.volume.manager [None req-4c8e02a1-5db2-4204-ab07-d151fa2b4112 tempest-ServerRescueNegativeTestJSON-1839338470 None] Deleted volume successfully.
Jan 30 05:37:43 devstack cinder-volume[83339]: INFO cinder.volume.manager [None req-a62f10f9-3f6c-40a9-a3f9-3792e9b35330 tempest-GroupSnapshotsTest-854820122 None] group_snapshot ac613b80-356c-408e-8844-3b8b4ec79442: deleted successfully
Jan 30 05:37:43 devstack cinder-volume[83339]: DEBUG cinder.coordination [None req-4c8e02a1-5db2-4204-ab07-d151fa2b4112 tempest-ServerRescueNegativeTestJSON-1839338470 None] Lock "cinder-8514d0c2-5477-42f5-9303-c7b85812f432-delete_volume" released by "delete_volume" :: held 1.772s {{(pid=83339) __release /opt/stack/cinder/cinder/coordination.py:157}}
Jan 30 05:37:44 devstack cinder-volume[83339]: DEBUG cinder.coordination [None req-348f12f2-614d-426e-a6ad-723f9ca1542f tempest-ServerRescueNegativeTestJSON-1839338470 None] Acquiring lock "cinder-461b0a13-8a2d-43c1-a666-e046240d953e-delete_volume" by "delete_volume" {{(pid=83339) __acquire /opt/stack/cinder/cinder/coordination.py:143}}
Jan 30 05:37:44 devstack cinder-volume[83339]: DEBUG cinder.coordination [None req-348f12f2-614d-426e-a6ad-723f9ca1542f tempest-ServerRescueNegativeTestJSON-1839338470 None] Lock "cinder-461b0a13-8a2d-43c1-a666-e046240d953e-delete_volume" acquired by "delete_volume" :: waited 0.007s {{(pid=83339) __acquire /opt/stack/cinder/cinder/coordination.py:146}}
Jan 30 05:37:44 devstack cinder-volume[83339]: WARNING cinder.volume.volume_utils [None req-348f12f2-614d-426e-a6ad-723f9ca1542f tempest-ServerRescueNegativeTestJSON-1839338470 None] Volume driver (QuobyteDriver 1.1.14) is currently unsupported and may be removed in the next release of OpenStack. Use at your own risk.
Jan 30 05:37:44 devstack cinder-volume[83339]: DEBUG cinder.coordination [None req-348f12f2-614d-426e-a6ad-723f9ca1542f tempest-ServerRescueNegativeTestJSON-1839338470 None] Acquiring lock "cinder-quobyte-461b0a13-8a2d-43c1-a666-e046240d953e" by "delete_volume" {{(pid=83339) __acquire /opt/stack/cinder/cinder/coordination.py:143}}
Jan 30 05:37:44 devstack cinder-volume[83339]: DEBUG cinder.coordination [None req-348f12f2-614d-426e-a6ad-723f9ca1542f tempest-ServerRescueNegativeTestJSON-1839338470 None] Lock "cinder-quobyte-461b0a13-8a2d-43c1-a666-e046240d953e" acquired by "delete_volume" :: waited 0.006s {{(pid=83339) __acquire /opt/stack/cinder/cinder/coordination.py:146}}
Jan 30 05:37:44 devstack cinder-volume[83339]: DEBUG oslo.privsep.daemon [-] privsep: reply[02a8ad04-e8a0-4d48-86c1-848d5ed4ca31]: (4, 'qcow2') {{(pid=84185) _call_back /opt/stack/data/venv/lib/python3.10/site-packages/oslo_privsep/daemon.py:515}}
Jan 30 05:37:44 devstack cinder-volume[83339]: DEBUG oslo_concurrency.processutils [None req-348f12f2-614d-426e-a6ad-723f9ca1542f tempest-ServerRescueNegativeTestJSON-1839338470 None] Running cmd (subprocess): /opt/stack/data/venv/bin/python3.10 -m oslo_concurrency.prlimit --as=1073741824 --cpu=60 -- sudo cinder-rootwrap /etc/cinder/rootwrap.conf env LC_ALL=C qemu-img info -f qcow2 --output=json --force-share /opt/stack/data/cinder/mnt/49c127efcb918dcd08575c63eff9fd94/volume-461b0a13-8a2d-43c1-a666-e046240d953e {{(pid=83339) execute /opt/stack/data/venv/lib/python3.10/site-packages/oslo_concurrency/processutils.py:368}}
Jan 30 05:37:44 devstack sudo[94371]: quobyte : PWD=/ ; USER=root ; COMMAND=/opt/stack/data/venv/bin/cinder-rootwrap /etc/cinder/rootwrap.conf env LC_ALL=C qemu-img info -f qcow2 --output=json --force-share /opt/stack/data/cinder/mnt/49c127efcb918dcd08575c63eff9fd94/volume-461b0a13-8a2d-43c1-a666-e046240d953e
Jan 30 05:37:44 devstack sudo[94371]: pam_unix(sudo:session): session opened for user root(uid=0) by (uid=1000)
Jan 30 05:37:44 devstack cinder-volume[83339]: WARNING cinder.volume.volume_utils [None req-c90e19e9-0eba-44ad-a3f1-d98322fde16e tempest-GroupSnapshotsTest-854820122 None] Volume driver (QuobyteDriver 1.1.14) is currently unsupported and may be removed in the next release of OpenStack. Use at your own risk.
Jan 30 05:37:44 devstack cinder-volume[83339]: DEBUG cinder.coordination [None req-c90e19e9-0eba-44ad-a3f1-d98322fde16e tempest-GroupSnapshotsTest-854820122 None] Acquiring lock "cinder-quobyte-05041fa0-b97e-4d87-aec7-89a05ef34dd2" by "delete_volume" {{(pid=83339) __acquire /opt/stack/cinder/cinder/coordination.py:143}}
Jan 30 05:37:44 devstack cinder-volume[83339]: DEBUG cinder.coordination [None req-c90e19e9-0eba-44ad-a3f1-d98322fde16e tempest-GroupSnapshotsTest-854820122 None] Lock "cinder-quobyte-05041fa0-b97e-4d87-aec7-89a05ef34dd2" acquired by "delete_volume" :: waited 0.006s {{(pid=83339) __acquire /opt/stack/cinder/cinder/coordination.py:146}}
