Apr 20 17:06:43 devstack cinder-volume[82240]: DEBUG cinder.coordination [None req-ee39427e-4560-4fc7-a374-def3de5c7390 tempest-SnapshotsActionsTest-844502631 None] Lock "cinder-quobyte-9899f622-5bb5-455f-91f6-8a9d89ebde71" released by "_delete_snapshot" :: held 2.379s {{(pid=82240) __release /opt/stack/cinder/cinder/coordination.py:152}}
Apr 20 17:06:43 devstack cinder-volume[82240]: DEBUG cinder.coordination [None req-ee39427e-4560-4fc7-a374-def3de5c7390 tempest-SnapshotsActionsTest-844502631 None] Lock "cinder-quobyte-aefa3968-c7a7-4e89-9e12-fe580b20b8ad" released by "delete_snapshot" :: held 2.399s {{(pid=82240) __release /opt/stack/cinder/cinder/coordination.py:152}}
Apr 20 17:06:43 devstack cinder-volume[82240]: DEBUG cinder.quota [None req-ee39427e-4560-4fc7-a374-def3de5c7390 tempest-SnapshotsActionsTest-844502631 None] Created reservations ['2999348b-7066-4451-9e1d-87e0d6287c14', '47e9f6d3-fe10-45cb-81a4-1d6a6258242c', 'ee8ee610-d0ce-4020-bd7c-ea4dfce1941b', '3c02aeee-561b-4f0e-b186-811bc8ded5a9'] {{(pid=82240) reserve /opt/stack/cinder/cinder/quota.py:752}}
Apr 20 17:06:43 devstack cinder-volume[82240]: INFO cinder.volume.manager [None req-ee39427e-4560-4fc7-a374-def3de5c7390 tempest-SnapshotsActionsTest-844502631 None] Delete snapshot completed successfully.
Apr 20 17:06:43 devstack cinder-volume[82240]: DEBUG cinder.coordination [None req-ee39427e-4560-4fc7-a374-def3de5c7390 tempest-SnapshotsActionsTest-844502631 None] Lock "cinder-9899f622-5bb5-455f-91f6-8a9d89ebde71-delete_snapshot" released by "delete_snapshot" :: held 2.485s {{(pid=82240) __release /opt/stack/cinder/cinder/coordination.py:152}}
Apr 20 17:06:43 devstack sudo[85797]: pam_unix(sudo:session): session closed for user root
Apr 20 17:06:43 devstack cinder-volume[82240]: DEBUG oslo_concurrency.processutils [None req-c621c0ab-76eb-4321-a6cf-5f6ffd870f96 tempest-GroupsV314Test-526441252 None] CMD "sudo cinder-rootwrap /etc/cinder/rootwrap.conf qemu-img rebase -u -b volume-5a87ea47-54b1-44b6-bcfb-41f85f6dd004 -F qcow2 /opt/stack/data/cinder/mnt/03492a71be993d2b082471a582c56df2/volume-5a87ea47-54b1-44b6-bcfb-41f85f6dd004.f38421b9-75d2-44a6-8364-efedc324bab4" returned: 0 in 0.531s {{(pid=82240) execute /opt/stack/data/venv/lib/python3.10/site-packages/oslo_concurrency/processutils.py:468}}
Apr 20 17:06:43 devstack cinder-volume[82240]: WARNING cinder.volume.drivers.remotefs [None req-c621c0ab-76eb-4321-a6cf-5f6ffd870f96 tempest-GroupsV314Test-526441252 None] /opt/stack/data/cinder/mnt/03492a71be993d2b082471a582c56df2/volume-5a87ea47-54b1-44b6-bcfb-41f85f6dd004.f38421b9-75d2-44a6-8364-efedc324bab4 is being set with open permissions: ugo+rw: NotImplementedError
Apr 20 17:06:43 devstack cinder-volume[82240]: DEBUG oslo_concurrency.processutils [None req-c621c0ab-76eb-4321-a6cf-5f6ffd870f96 tempest-GroupsV314Test-526441252 None] Running cmd (subprocess): sudo cinder-rootwrap /etc/cinder/rootwrap.conf chmod ugo+rw /opt/stack/data/cinder/mnt/03492a71be993d2b082471a582c56df2/volume-5a87ea47-54b1-44b6-bcfb-41f85f6dd004.f38421b9-75d2-44a6-8364-efedc324bab4 {{(pid=82240) execute /opt/stack/data/venv/lib/python3.10/site-packages/oslo_concurrency/processutils.py:440}}
Apr 20 17:06:43 devstack sudo[85802]: quobyte : PWD=/ ; USER=root ; COMMAND=/opt/stack/data/venv/bin/cinder-rootwrap /etc/cinder/rootwrap.conf chmod ugo+rw /opt/stack/data/cinder/mnt/03492a71be993d2b082471a582c56df2/volume-5a87ea47-54b1-44b6-bcfb-41f85f6dd004.f38421b9-75d2-44a6-8364-efedc324bab4
Apr 20 17:06:43 devstack sudo[85802]: pam_unix(sudo:session): session opened for user root(uid=0) by (uid=1000)
Apr 20 17:06:44 devstack cinder-volume[82240]: DEBUG cinder.volume.flows.manager.create_volume [None req-c90848dc-68ff-4628-a4de-f50d6166ac12 tempest-VolumesGetTest-374272221 None] Volume reschedule parameters: True retry: {'num_attempts': 1, 'backends': ['devstack@QuobyteHD#QuobyteHD'], 'hosts': ['devstack@QuobyteHD#QuobyteHD']} {{(pid=82240) get_flow /opt/stack/cinder/cinder/volume/flows/manager/create_volume.py:1395}}
Apr 20 17:06:44 devstack cinder-volume[82240]: DEBUG cinder.volume.manager [None req-c90848dc-68ff-4628-a4de-f50d6166ac12 tempest-VolumesGetTest-374272221 None] Flow 'volume_create_manager' (82a2631f-1276-461d-8d25-74298b9a077d) transitioned into state 'RUNNING' from state 'PENDING' {{(pid=82240) _flow_receiver /opt/stack/data/venv/lib/python3.10/site-packages/taskflow/listeners/logging.py:145}}
Apr 20 17:06:44 devstack cinder-volume[82240]: DEBUG cinder.volume.manager [None req-c90848dc-68ff-4628-a4de-f50d6166ac12 tempest-VolumesGetTest-374272221 None] Task 'cinder.volume.flows.manager.create_volume.ExtractVolumeRefTask;volume:create' (a10750df-7247-4edb-8416-5c89051e0615) transitioned into state 'RUNNING' from state 'PENDING' {{(pid=82240) _task_receiver /opt/stack/data/venv/lib/python3.10/site-packages/taskflow/listeners/logging.py:194}}
Apr 20 17:06:44 devstack cinder-volume[82240]: DEBUG cinder.volume.manager [None req-c90848dc-68ff-4628-a4de-f50d6166ac12 tempest-VolumesGetTest-374272221 None] Task 'cinder.volume.flows.manager.create_volume.ExtractVolumeRefTask;volume:create' (a10750df-7247-4edb-8416-5c89051e0615) transitioned into state 'SUCCESS' from state 'RUNNING' with result 'Volume(_name_id=None,admin_metadata=,attach_status='detached',availability_zone='nova',bootable=False,cluster=,cluster_name=None,consistencygroup=,consistencygroup_id=None,created_at=2026-04-20T15:06:44Z,deleted=False,deleted_at=None,display_description=None,display_name='tempest-VolumesGetTest-Volume-557891542',ec2_id=None,encryption_key_id=None,glance_metadata=,group=,group_id=None,host='devstack@QuobyteHD#QuobyteHD',id=302455bc-91e1-49dc-8565-ffe4d3bfb673,launched_at=None,metadata={Type='Test'},migration_status=None,multiattach=False,previous_status=None,project_id='01cf36b827fb4ae597f4392233e834bd',provider_auth=None,provider_geometry=None,provider_id=None,provider_location=None,replication_driver_data=None,replication_extended_status=None,replication_status=None,scheduled_at=2026-04-20T15:06:44Z,service_uuid=None,shared_targets=True,size=1,snapshot_id=None,snapshots=,source_volid=None,status='creating',terminated_at=None,updated_at=2026-04-20T15:06:44Z,use_quota=True,user_id='4536c6a159764f14a2999e4ab7b60748',volume_attachment=VolumeAttachmentList,volume_type=VolumeType(b6d95ea9-405d-409f-9381-23b9e4b0c579),volume_type_id=b6d95ea9-405d-409f-9381-23b9e4b0c579)' {{(pid=82240) _task_receiver /opt/stack/data/venv/lib/python3.10/site-packages/taskflow/listeners/logging.py:182}}
Apr 20 17:06:44 devstack cinder-volume[82240]: DEBUG cinder.volume.manager [None req-c90848dc-68ff-4628-a4de-f50d6166ac12 tempest-VolumesGetTest-374272221 None] Task 'cinder.volume.flows.manager.create_volume.OnFailureRescheduleTask;volume:create' (c99bf294-e0ba-49de-ae7f-a00b16113997) transitioned into state 'RUNNING' from state 'PENDING' {{(pid=82240) _task_receiver /opt/stack/data/venv/lib/python3.10/site-packages/taskflow/listeners/logging.py:194}}
Apr 20 17:06:44 devstack cinder-volume[82240]: DEBUG cinder.volume.manager [None req-c90848dc-68ff-4628-a4de-f50d6166ac12 tempest-VolumesGetTest-374272221 None] Task 'cinder.volume.flows.manager.create_volume.OnFailureRescheduleTask;volume:create' (c99bf294-e0ba-49de-ae7f-a00b16113997) transitioned into state 'SUCCESS' from state 'RUNNING' with result 'None' {{(pid=82240) _task_receiver /opt/stack/data/venv/lib/python3.10/site-packages/taskflow/listeners/logging.py:182}}
Apr 20 17:06:44 devstack cinder-volume[82240]: DEBUG cinder.volume.manager [None req-c90848dc-68ff-4628-a4de-f50d6166ac12 tempest-VolumesGetTest-374272221 None] Task 'cinder.volume.flows.manager.create_volume.ExtractVolumeSpecTask;volume:create' (d14aef03-bc6c-41c5-adef-c353f416f500) transitioned into state 'RUNNING' from state 'PENDING' {{(pid=82240) _task_receiver /opt/stack/data/venv/lib/python3.10/site-packages/taskflow/listeners/logging.py:194}}
Apr 20 17:06:44 devstack cinder-volume[82240]: DEBUG cinder.volume.manager [None req-c90848dc-68ff-4628-a4de-f50d6166ac12 tempest-VolumesGetTest-374272221 None] Task 'cinder.volume.flows.manager.create_volume.ExtractVolumeSpecTask;volume:create' (d14aef03-bc6c-41c5-adef-c353f416f500) transitioned into state 'SUCCESS' from state 'RUNNING' with result '{'status': 'creating', 'type': 'raw', 'volume_id': '302455bc-91e1-49dc-8565-ffe4d3bfb673', 'volume_name': 'volume-302455bc-91e1-49dc-8565-ffe4d3bfb673', 'volume_size': 1}' {{(pid=82240) _task_receiver /opt/stack/data/venv/lib/python3.10/site-packages/taskflow/listeners/logging.py:182}}
Apr 20 17:06:44 devstack cinder-volume[82240]: DEBUG cinder.volume.manager [None req-c90848dc-68ff-4628-a4de-f50d6166ac12 tempest-VolumesGetTest-374272221 None] Task 'cinder.volume.flows.manager.create_volume.NotifyVolumeActionTask;volume:create, create.start' (5b473cbf-7a02-40b2-8e89-6e688e12d76c) transitioned into state 'RUNNING' from state 'PENDING' {{(pid=82240) _task_receiver /opt/stack/data/venv/lib/python3.10/site-packages/taskflow/listeners/logging.py:194}}
Apr 20 17:06:44 devstack cinder-volume[82240]: DEBUG cinder.volume.manager [None req-c90848dc-68ff-4628-a4de-f50d6166ac12 tempest-VolumesGetTest-374272221 None] Task 'cinder.volume.flows.manager.create_volume.NotifyVolumeActionTask;volume:create, create.start' (5b473cbf-7a02-40b2-8e89-6e688e12d76c) transitioned into state 'SUCCESS' from state 'RUNNING' with result 'None' {{(pid=82240) _task_receiver /opt/stack/data/venv/lib/python3.10/site-packages/taskflow/listeners/logging.py:182}}
Apr 20 17:06:44 devstack cinder-volume[82240]: DEBUG cinder.volume.manager [None req-c90848dc-68ff-4628-a4de-f50d6166ac12 tempest-VolumesGetTest-374272221 None] Task 'cinder.volume.flows.manager.create_volume.CreateVolumeFromSpecTask;volume:create' (a0e4f14d-91f5-431a-9a97-a68e6342a6c3) transitioned into state 'RUNNING' from state 'PENDING' {{(pid=82240) _task_receiver /opt/stack/data/venv/lib/python3.10/site-packages/taskflow/listeners/logging.py:194}}
Apr 20 17:06:44 devstack cinder-volume[82240]: INFO cinder.volume.flows.manager.create_volume [None req-c90848dc-68ff-4628-a4de-f50d6166ac12 tempest-VolumesGetTest-374272221 None] Volume 302455bc-91e1-49dc-8565-ffe4d3bfb673: being created as raw with specification: {'status': 'creating', 'volume_name': 'volume-302455bc-91e1-49dc-8565-ffe4d3bfb673', 'volume_size': 1}
Apr 20 17:06:44 devstack cinder-volume[82240]: DEBUG oslo_concurrency.lockutils [None req-c90848dc-68ff-4628-a4de-f50d6166ac12 tempest-VolumesGetTest-374272221 None] Acquiring lock "quobyte" by "cinder.volume.drivers.quobyte.QuobyteDriver.create_volume" {{(pid=82240) inner /opt/stack/data/venv/lib/python3.10/site-packages/oslo_concurrency/lockutils.py:506}}
Apr 20 17:06:44 devstack sudo[85802]: pam_unix(sudo:session): session closed for user root
Apr 20 17:06:44 devstack cinder-volume[82240]: DEBUG oslo_concurrency.processutils [None req-c621c0ab-76eb-4321-a6cf-5f6ffd870f96 tempest-GroupsV314Test-526441252 None] CMD "sudo cinder-rootwrap /etc/cinder/rootwrap.conf chmod ugo+rw /opt/stack/data/cinder/mnt/03492a71be993d2b082471a582c56df2/volume-5a87ea47-54b1-44b6-bcfb-41f85f6dd004.f38421b9-75d2-44a6-8364-efedc324bab4" returned: 0 in 0.525s {{(pid=82240) execute /opt/stack/data/venv/lib/python3.10/site-packages/oslo_concurrency/processutils.py:468}}
Apr 20 17:06:44 devstack cinder-volume[82240]: DEBUG oslo_concurrency.processutils [None req-c621c0ab-76eb-4321-a6cf-5f6ffd870f96 tempest-GroupsV314Test-526441252 None] Running cmd (subprocess): sudo cinder-rootwrap /etc/cinder/rootwrap.conf truncate -s0 /opt/stack/data/cinder/mnt/03492a71be993d2b082471a582c56df2/volume-5a87ea47-54b1-44b6-bcfb-41f85f6dd004.info {{(pid=82240) execute /opt/stack/data/venv/lib/python3.10/site-packages/oslo_concurrency/processutils.py:440}}
Apr 20 17:06:44 devstack sudo[85805]: quobyte : PWD=/ ; USER=root ; COMMAND=/opt/stack/data/venv/bin/cinder-rootwrap /etc/cinder/rootwrap.conf truncate -s0 /opt/stack/data/cinder/mnt/03492a71be993d2b082471a582c56df2/volume-5a87ea47-54b1-44b6-bcfb-41f85f6dd004.info
Apr 20 17:06:44 devstack sudo[85805]: pam_unix(sudo:session): session opened for user root(uid=0) by (uid=1000)
Apr 20 17:06:44 devstack cinder-volume[82240]: DEBUG oslo_concurrency.lockutils [None req-3c195d26-9411-489e-9012-ac4c4135f851 tempest-SnapshotsActionsTest-602544372 None] Acquiring lock "quobyte" by "cinder.volume.drivers.quobyte.QuobyteDriver.create_snapshot" {{(pid=82240) inner /opt/stack/data/venv/lib/python3.10/site-packages/oslo_concurrency/lockutils.py:506}}
Apr 20 17:06:44 devstack sudo[85805]: pam_unix(sudo:session): session closed for user root
Apr 20 17:06:44 devstack cinder-volume[82240]: DEBUG oslo_concurrency.processutils [None req-c621c0ab-76eb-4321-a6cf-5f6ffd870f96 tempest-GroupsV314Test-526441252 None] CMD "sudo cinder-rootwrap /etc/cinder/rootwrap.conf truncate -s0 /opt/stack/data/cinder/mnt/03492a71be993d2b082471a582c56df2/volume-5a87ea47-54b1-44b6-bcfb-41f85f6dd004.info" returned: 0 in 0.430s {{(pid=82240) execute /opt/stack/data/venv/lib/python3.10/site-packages/oslo_concurrency/processutils.py:468}}
Apr 20 17:06:44 devstack cinder-volume[82240]: WARNING cinder.volume.drivers.remotefs [None req-c621c0ab-76eb-4321-a6cf-5f6ffd870f96 tempest-GroupsV314Test-526441252 None] /opt/stack/data/cinder/mnt/03492a71be993d2b082471a582c56df2/volume-5a87ea47-54b1-44b6-bcfb-41f85f6dd004.info is being set with open permissions: ugo+rw: NotImplementedError
Apr 20 17:06:44 devstack cinder-volume[82240]: DEBUG oslo_concurrency.processutils [None req-c621c0ab-76eb-4321-a6cf-5f6ffd870f96 tempest-GroupsV314Test-526441252 None] Running cmd (subprocess): sudo cinder-rootwrap /etc/cinder/rootwrap.conf chmod ugo+rw /opt/stack/data/cinder/mnt/03492a71be993d2b082471a582c56df2/volume-5a87ea47-54b1-44b6-bcfb-41f85f6dd004.info {{(pid=82240) execute /opt/stack/data/venv/lib/python3.10/site-packages/oslo_concurrency/processutils.py:440}}
Apr 20 17:06:44 devstack sudo[85808]: quobyte : PWD=/ ; USER=root ; COMMAND=/opt/stack/data/venv/bin/cinder-rootwrap /etc/cinder/rootwrap.conf chmod ugo+rw /opt/stack/data/cinder/mnt/03492a71be993d2b082471a582c56df2/volume-5a87ea47-54b1-44b6-bcfb-41f85f6dd004.info
Apr 20 17:06:44 devstack sudo[85808]: pam_unix(sudo:session): session opened for user root(uid=0) by (uid=1000)
Apr 20 17:06:45 devstack sudo[85808]: pam_unix(sudo:session): session closed for user root
Apr 20 17:06:45 devstack cinder-volume[82240]: DEBUG oslo_concurrency.processutils [None req-c621c0ab-76eb-4321-a6cf-5f6ffd870f96 tempest-GroupsV314Test-526441252 None] CMD "sudo cinder-rootwrap /etc/cinder/rootwrap.conf chmod ugo+rw /opt/stack/data/cinder/mnt/03492a71be993d2b082471a582c56df2/volume-5a87ea47-54b1-44b6-bcfb-41f85f6dd004.info" returned: 0 in 0.422s {{(pid=82240) execute /opt/stack/data/venv/lib/python3.10/site-packages/oslo_concurrency/processutils.py:468}}
Apr 20 17:06:45 devstack cinder-volume[82240]: DEBUG cinder.coordination [None req-c621c0ab-76eb-4321-a6cf-5f6ffd870f96 tempest-GroupsV314Test-526441252 None] Acquiring lock "cinder-quobyte-57fbeee7-3e92-4972-ac07-772077f61d90" by "_copy_volume_from_snapshot" {{(pid=82240) __acquire /opt/stack/cinder/cinder/coordination.py:138}}
Apr 20 17:06:45 devstack cinder-volume[82240]: DEBUG cinder.coordination [None req-c621c0ab-76eb-4321-a6cf-5f6ffd870f96 tempest-GroupsV314Test-526441252 None] Lock "cinder-quobyte-57fbeee7-3e92-4972-ac07-772077f61d90" acquired by "_copy_volume_from_snapshot" :: waited 0.010s {{(pid=82240) __acquire /opt/stack/cinder/cinder/coordination.py:141}}
Apr 20 17:06:45 devstack cinder-volume[82240]: DEBUG cinder.volume.drivers.quobyte [None req-c621c0ab-76eb-4321-a6cf-5f6ffd870f96 tempest-GroupsV314Test-526441252 None] snapshot: f38421b9-75d2-44a6-8364-efedc324bab4, volume: 57fbeee7-3e92-4972-ac07-772077f61d90, {{(pid=82240) _copy_volume_from_snapshot /opt/stack/cinder/cinder/volume/drivers/quobyte.py:401}}
Apr 20 17:06:45 devstack cinder-volume[82240]: DEBUG oslo_concurrency.lockutils [None req-c621c0ab-76eb-4321-a6cf-5f6ffd870f96 tempest-GroupsV314Test-526441252 None] Acquiring lock "quobyte_ensure" by "cinder.volume.drivers.quobyte.QuobyteDriver._ensure_shares_mounted" {{(pid=82240) inner /opt/stack/data/venv/lib/python3.10/site-packages/oslo_concurrency/lockutils.py:506}}
Apr 20 17:06:45 devstack cinder-volume[82240]: DEBUG oslo_concurrency.lockutils [None req-c621c0ab-76eb-4321-a6cf-5f6ffd870f96 tempest-GroupsV314Test-526441252 None] Lock "quobyte_ensure" acquired by "cinder.volume.drivers.quobyte.QuobyteDriver._ensure_shares_mounted" :: waited 0.000s {{(pid=82240) inner /opt/stack/data/venv/lib/python3.10/site-packages/oslo_concurrency/lockutils.py:519}}
Apr 20 17:06:45 devstack cinder-volume[82240]: DEBUG cinder.volume.drivers.quobyte [None req-c621c0ab-76eb-4321-a6cf-5f6ffd870f96 tempest-GroupsV314Test-526441252 None] Quobyte Volume URL set to: {'osci02.corp.quobyte.com/cinder-vol-e2e42441-efed-478e-bb75-a1cc55ce88c0': None} {{(pid=82240) _load_shares_config /opt/stack/cinder/cinder/volume/drivers/quobyte.py:617}}
Apr 20 17:06:45 devstack cinder-volume[82240]: DEBUG cinder.volume.drivers.quobyte [None req-c621c0ab-76eb-4321-a6cf-5f6ffd870f96 tempest-GroupsV314Test-526441252 None] Available shares ['osci02.corp.quobyte.com/cinder-vol-e2e42441-efed-478e-bb75-a1cc55ce88c0'] {{(pid=82240) _ensure_shares_mounted /opt/stack/cinder/cinder/volume/drivers/quobyte.py:647}}
Apr 20 17:06:45 devstack cinder-volume[82240]: DEBUG oslo_concurrency.lockutils [None req-c621c0ab-76eb-4321-a6cf-5f6ffd870f96 tempest-GroupsV314Test-526441252 None] Lock "quobyte_ensure" "released" by "cinder.volume.drivers.quobyte.QuobyteDriver._ensure_shares_mounted" :: held 0.003s {{(pid=82240) inner /opt/stack/data/venv/lib/python3.10/site-packages/oslo_concurrency/lockutils.py:538}}
Apr 20 17:06:45 devstack cinder-volume[82240]: DEBUG oslo.privsep.daemon [-] privsep: reply[7cbdd3e3-34b4-416d-93f7-ea3b5acfe3f8]: (4, 'qcow2') {{(pid=83323) _call_back /opt/stack/data/venv/lib/python3.10/site-packages/oslo_privsep/daemon.py:573}}
Apr 20 17:06:45 devstack cinder-volume[82240]: DEBUG oslo_concurrency.processutils [None req-c621c0ab-76eb-4321-a6cf-5f6ffd870f96 tempest-GroupsV314Test-526441252 None] Running cmd (subprocess): /opt/stack/data/venv/bin/python3.10 -m oslo_concurrency.prlimit --as=1073741824 --cpu=60 -- sudo cinder-rootwrap /etc/cinder/rootwrap.conf env LC_ALL=C qemu-img info -f qcow2 --output=json --force-share /opt/stack/data/cinder/mnt/03492a71be993d2b082471a582c56df2/volume-5a87ea47-54b1-44b6-bcfb-41f85f6dd004.f38421b9-75d2-44a6-8364-efedc324bab4 {{(pid=82240) execute /opt/stack/data/venv/lib/python3.10/site-packages/oslo_concurrency/processutils.py:440}}
Apr 20 17:06:45 devstack sudo[85814]: quobyte : PWD=/ ; USER=root ; COMMAND=/opt/stack/data/venv/bin/cinder-rootwrap /etc/cinder/rootwrap.conf env LC_ALL=C qemu-img info -f qcow2 --output=json --force-share /opt/stack/data/cinder/mnt/03492a71be993d2b082471a582c56df2/volume-5a87ea47-54b1-44b6-bcfb-41f85f6dd004.f38421b9-75d2-44a6-8364-efedc324bab4
Apr 20 17:06:45 devstack sudo[85814]: pam_unix(sudo:session): session opened for user root(uid=0) by (uid=1000)
Apr 20 17:06:45 devstack sudo[85814]: pam_unix(sudo:session): session closed for user root
Apr 20 17:06:45 devstack cinder-volume[82240]: DEBUG oslo_concurrency.processutils [None req-c621c0ab-76eb-4321-a6cf-5f6ffd870f96 tempest-GroupsV314Test-526441252 None] CMD "/opt/stack/data/venv/bin/python3.10 -m oslo_concurrency.prlimit --as=1073741824 --cpu=60 -- sudo cinder-rootwrap /etc/cinder/rootwrap.conf env LC_ALL=C qemu-img info -f qcow2 --output=json --force-share /opt/stack/data/cinder/mnt/03492a71be993d2b082471a582c56df2/volume-5a87ea47-54b1-44b6-bcfb-41f85f6dd004.f38421b9-75d2-44a6-8364-efedc324bab4" returned: 0 in 0.493s {{(pid=82240) execute /opt/stack/data/venv/lib/python3.10/site-packages/oslo_concurrency/processutils.py:468}}
Apr 20 17:06:45 devstack cinder-volume[82240]: DEBUG cinder.volume.drivers.remotefs [None req-c621c0ab-76eb-4321-a6cf-5f6ffd870f96 tempest-GroupsV314Test-526441252 None] Fetching qemu-img info with special backing_file_template: (/opt/stack/data/cinder/mnt/[0-9a-f]+/)?(volume-5a87ea47-54b1-44b6-bcfb-41f85f6dd004(.(tmp-snap-)?[0-9a-f-]+)?|volume_from_snapshot_cache/(tmp-snap-)?[0-9a-f-]+(.(child-|parent-)[0-9a-f-]+)?)$ {{(pid=82240) _qemu_img_info_base /opt/stack/cinder/cinder/volume/drivers/remotefs.py:896}}
Apr 20 17:06:45 devstack cinder-volume[82240]: DEBUG cinder.volume.drivers.quobyte [None req-c621c0ab-76eb-4321-a6cf-5f6ffd870f96 tempest-GroupsV314Test-526441252 None] will copy from snapshot at /opt/stack/data/cinder/mnt/03492a71be993d2b082471a582c56df2/volume-5a87ea47-54b1-44b6-bcfb-41f85f6dd004 {{(pid=82240) _copy_volume_from_snapshot /opt/stack/cinder/cinder/volume/drivers/quobyte.py:420}}
Apr 20 17:06:45 devstack cinder-volume[82240]: DEBUG cinder.volume.drivers.quobyte [None req-c621c0ab-76eb-4321-a6cf-5f6ffd870f96 tempest-GroupsV314Test-526441252 None] Creating direct copy from snapshot {{(pid=82240) _copy_volume_from_snapshot /opt/stack/cinder/cinder/volume/drivers/quobyte.py:428}}
Apr 20 17:06:45 devstack cinder-volume[82240]: DEBUG oslo.privsep.daemon [-] privsep: reply[9df804f3-2d4e-4ad5-be7b-df364d524dd9]: (4, 'qcow2') {{(pid=83323) _call_back /opt/stack/data/venv/lib/python3.10/site-packages/oslo_privsep/daemon.py:573}}
Apr 20 17:06:45 devstack cinder-volume[82240]: DEBUG oslo_concurrency.processutils [None req-c621c0ab-76eb-4321-a6cf-5f6ffd870f96 tempest-GroupsV314Test-526441252 None] Running cmd (subprocess): /opt/stack/data/venv/bin/python3.10 -m oslo_concurrency.prlimit --as=1073741824 --cpu=60 -- sudo cinder-rootwrap /etc/cinder/rootwrap.conf env LC_ALL=C qemu-img info -f qcow2 --output=json /opt/stack/data/cinder/mnt/03492a71be993d2b082471a582c56df2/volume-5a87ea47-54b1-44b6-bcfb-41f85f6dd004 {{(pid=82240) execute /opt/stack/data/venv/lib/python3.10/site-packages/oslo_concurrency/processutils.py:440}}
Apr 20 17:06:45 devstack sudo[85819]: quobyte : PWD=/ ; USER=root ; COMMAND=/opt/stack/data/venv/bin/cinder-rootwrap /etc/cinder/rootwrap.conf env LC_ALL=C qemu-img info -f qcow2 --output=json /opt/stack/data/cinder/mnt/03492a71be993d2b082471a582c56df2/volume-5a87ea47-54b1-44b6-bcfb-41f85f6dd004
Apr 20 17:06:45 devstack sudo[85819]: pam_unix(sudo:session): session opened for user root(uid=0) by (uid=1000)
Apr 20 17:06:46 devstack sudo[85819]: pam_unix(sudo:session): session closed for user root
Apr 20 17:06:46 devstack cinder-volume[82240]: DEBUG oslo_concurrency.processutils [None req-c621c0ab-76eb-4321-a6cf-5f6ffd870f96 tempest-GroupsV314Test-526441252 None] CMD "/opt/stack/data/venv/bin/python3.10 -m oslo_concurrency.prlimit --as=1073741824 --cpu=60 -- sudo cinder-rootwrap /etc/cinder/rootwrap.conf env LC_ALL=C qemu-img info -f qcow2 --output=json /opt/stack/data/cinder/mnt/03492a71be993d2b082471a582c56df2/volume-5a87ea47-54b1-44b6-bcfb-41f85f6dd004" returned: 0 in 0.483s {{(pid=82240) execute /opt/stack/data/venv/lib/python3.10/site-packages/oslo_concurrency/processutils.py:468}}
Apr 20 17:06:46 devstack cinder-volume[82240]: DEBUG cinder.utils [None req-c621c0ab-76eb-4321-a6cf-5f6ffd870f96 tempest-GroupsV314Test-526441252 None] Path /opt/stack/data/cinder/mnt/03492a71be993d2b082471a582c56df2/volume-57fbeee7-3e92-4972-ac07-772077f61d90 not found in is_blk_device check {{(pid=82240) is_blk_device /opt/stack/cinder/cinder/utils.py:602}}
Apr 20 17:06:46 devstack cinder-volume[82240]: DEBUG oslo_concurrency.processutils [None req-c621c0ab-76eb-4321-a6cf-5f6ffd870f96 tempest-GroupsV314Test-526441252 None] Running cmd (subprocess): sudo cinder-rootwrap /etc/cinder/rootwrap.conf qemu-img convert -O qcow2 /opt/stack/data/cinder/mnt/03492a71be993d2b082471a582c56df2/volume-5a87ea47-54b1-44b6-bcfb-41f85f6dd004 /opt/stack/data/cinder/mnt/03492a71be993d2b082471a582c56df2/volume-57fbeee7-3e92-4972-ac07-772077f61d90 {{(pid=82240) execute /opt/stack/data/venv/lib/python3.10/site-packages/oslo_concurrency/processutils.py:440}}
Apr 20 17:06:46 devstack sudo[85824]: quobyte : PWD=/ ; USER=root ; COMMAND=/opt/stack/data/venv/bin/cinder-rootwrap /etc/cinder/rootwrap.conf qemu-img convert -O qcow2 /opt/stack/data/cinder/mnt/03492a71be993d2b082471a582c56df2/volume-5a87ea47-54b1-44b6-bcfb-41f85f6dd004 /opt/stack/data/cinder/mnt/03492a71be993d2b082471a582c56df2/volume-57fbeee7-3e92-4972-ac07-772077f61d90
Apr 20 17:06:46 devstack sudo[85824]: pam_unix(sudo:session): session opened for user root(uid=0) by (uid=1000)
Apr 20 17:06:49 devstack sudo[85824]: pam_unix(sudo:session): session closed for user root
Apr 20 17:06:49 devstack cinder-volume[82240]: DEBUG oslo_concurrency.processutils [None req-c621c0ab-76eb-4321-a6cf-5f6ffd870f96 tempest-GroupsV314Test-526441252 None] CMD "sudo cinder-rootwrap /etc/cinder/rootwrap.conf qemu-img convert -O qcow2 /opt/stack/data/cinder/mnt/03492a71be993d2b082471a582c56df2/volume-5a87ea47-54b1-44b6-bcfb-41f85f6dd004 /opt/stack/data/cinder/mnt/03492a71be993d2b082471a582c56df2/volume-57fbeee7-3e92-4972-ac07-772077f61d90" returned: 0 in 3.199s {{(pid=82240) execute /opt/stack/data/venv/lib/python3.10/site-packages/oslo_concurrency/processutils.py:468}}
Apr 20 17:06:49 devstack cinder-volume[82240]: DEBUG oslo.privsep.daemon [-] privsep: reply[536eaa9f-b583-4d6d-a4ff-795dfedf90d7]: (4, 'qcow2') {{(pid=83323) _call_back /opt/stack/data/venv/lib/python3.10/site-packages/oslo_privsep/daemon.py:573}}
Apr 20 17:06:49 devstack cinder-volume[82240]: DEBUG oslo_concurrency.processutils [None req-c621c0ab-76eb-4321-a6cf-5f6ffd870f96 tempest-GroupsV314Test-526441252 None] Running cmd (subprocess): /opt/stack/data/venv/bin/python3.10 -m oslo_concurrency.prlimit --as=1073741824 --cpu=60 -- sudo cinder-rootwrap /etc/cinder/rootwrap.conf env LC_ALL=C qemu-img info -f qcow2 --output=json /opt/stack/data/cinder/mnt/03492a71be993d2b082471a582c56df2/volume-5a87ea47-54b1-44b6-bcfb-41f85f6dd004 {{(pid=82240) execute /opt/stack/data/venv/lib/python3.10/site-packages/oslo_concurrency/processutils.py:440}}
Apr 20 17:06:49 devstack sudo[85879]: quobyte : PWD=/ ; USER=root ; COMMAND=/opt/stack/data/venv/bin/cinder-rootwrap /etc/cinder/rootwrap.conf env LC_ALL=C qemu-img info -f qcow2 --output=json /opt/stack/data/cinder/mnt/03492a71be993d2b082471a582c56df2/volume-5a87ea47-54b1-44b6-bcfb-41f85f6dd004
Apr 20 17:06:49 devstack sudo[85879]: pam_unix(sudo:session): session opened for user root(uid=0) by (uid=1000)
Apr 20 17:06:50 devstack sudo[85879]: pam_unix(sudo:session): session closed for user root
Apr 20 17:06:50 devstack cinder-volume[82240]: DEBUG oslo_concurrency.processutils [None req-c621c0ab-76eb-4321-a6cf-5f6ffd870f96 tempest-GroupsV314Test-526441252 None] CMD "/opt/stack/data/venv/bin/python3.10 -m oslo_concurrency.prlimit --as=1073741824 --cpu=60 -- sudo cinder-rootwrap /etc/cinder/rootwrap.conf env LC_ALL=C qemu-img info -f qcow2 --output=json /opt/stack/data/cinder/mnt/03492a71be993d2b082471a582c56df2/volume-5a87ea47-54b1-44b6-bcfb-41f85f6dd004" returned: 0 in 0.721s {{(pid=82240) execute /opt/stack/data/venv/lib/python3.10/site-packages/oslo_concurrency/processutils.py:468}}
Apr 20 17:06:50 devstack cinder-volume[82240]: DEBUG cinder.image.image_utils [None req-c621c0ab-76eb-4321-a6cf-5f6ffd870f96 tempest-GroupsV314Test-526441252 None] Image conversion details: src /opt/stack/data/cinder/mnt/03492a71be993d2b082471a582c56df2/volume-5a87ea47-54b1-44b6-bcfb-41f85f6dd004, size 1024.00 MB, duration 3.20 sec, destination /opt/stack/data/cinder/mnt/03492a71be993d2b082471a582c56df2/volume-57fbeee7-3e92-4972-ac07-772077f61d90 {{(pid=82240) _convert_image /opt/stack/cinder/cinder/image/image_utils.py:536}}
Apr 20 17:06:50 devstack cinder-volume[82240]: INFO cinder.image.image_utils [None req-c621c0ab-76eb-4321-a6cf-5f6ffd870f96 tempest-GroupsV314Test-526441252 None] Converted 1024.00 MB image at 319.91 MB/s
Apr 20 17:06:50 devstack cinder-volume[82240]: WARNING cinder.volume.drivers.remotefs [None req-c621c0ab-76eb-4321-a6cf-5f6ffd870f96 tempest-GroupsV314Test-526441252 None] /opt/stack/data/cinder/mnt/03492a71be993d2b082471a582c56df2/volume-57fbeee7-3e92-4972-ac07-772077f61d90 is being set with open permissions: ugo+rw: NotImplementedError
Apr 20 17:06:50 devstack cinder-volume[82240]: DEBUG oslo_concurrency.processutils [None req-c621c0ab-76eb-4321-a6cf-5f6ffd870f96 tempest-GroupsV314Test-526441252 None] Running cmd (subprocess): sudo cinder-rootwrap /etc/cinder/rootwrap.conf chmod ugo+rw /opt/stack/data/cinder/mnt/03492a71be993d2b082471a582c56df2/volume-57fbeee7-3e92-4972-ac07-772077f61d90 {{(pid=82240) execute /opt/stack/data/venv/lib/python3.10/site-packages/oslo_concurrency/processutils.py:440}}
Apr 20 17:06:50 devstack sudo[85884]: quobyte : PWD=/ ; USER=root ; COMMAND=/opt/stack/data/venv/bin/cinder-rootwrap /etc/cinder/rootwrap.conf chmod ugo+rw /opt/stack/data/cinder/mnt/03492a71be993d2b082471a582c56df2/volume-57fbeee7-3e92-4972-ac07-772077f61d90
Apr 20 17:06:50 devstack sudo[85884]: pam_unix(sudo:session): session opened for user root(uid=0) by (uid=1000)
Apr 20 17:06:50 devstack sudo[85884]: pam_unix(sudo:session): session closed for user root
Apr 20 17:06:50 devstack cinder-volume[82240]: DEBUG oslo_concurrency.processutils [None req-c621c0ab-76eb-4321-a6cf-5f6ffd870f96 tempest-GroupsV314Test-526441252 None] CMD "sudo cinder-rootwrap /etc/cinder/rootwrap.conf chmod ugo+rw /opt/stack/data/cinder/mnt/03492a71be993d2b082471a582c56df2/volume-57fbeee7-3e92-4972-ac07-772077f61d90" returned: 0 in 0.468s {{(pid=82240) execute /opt/stack/data/venv/lib/python3.10/site-packages/oslo_concurrency/processutils.py:468}}
Apr 20 17:06:50 devstack cinder-volume[82240]: DEBUG cinder.coordination [None req-c621c0ab-76eb-4321-a6cf-5f6ffd870f96 tempest-GroupsV314Test-526441252 None] Lock "cinder-quobyte-57fbeee7-3e92-4972-ac07-772077f61d90" released by "_copy_volume_from_snapshot" :: held 5.410s {{(pid=82240) __release /opt/stack/cinder/cinder/coordination.py:152}}
Apr 20 17:06:50 devstack cinder-volume[82240]: DEBUG cinder.coordination [None req-c621c0ab-76eb-4321-a6cf-5f6ffd870f96 tempest-GroupsV314Test-526441252 None] Acquiring lock "cinder-quobyte-f38421b9-75d2-44a6-8364-efedc324bab4" by "_delete_snapshot" {{(pid=82240) __acquire /opt/stack/cinder/cinder/coordination.py:138}}
Apr 20 17:06:50 devstack cinder-volume[82240]: DEBUG cinder.coordination [None req-c621c0ab-76eb-4321-a6cf-5f6ffd870f96 tempest-GroupsV314Test-526441252 None] Lock "cinder-quobyte-f38421b9-75d2-44a6-8364-efedc324bab4" acquired by "_delete_snapshot" :: waited 0.006s {{(pid=82240) __acquire /opt/stack/cinder/cinder/coordination.py:141}}
Apr 20 17:06:50 devstack cinder-volume[82240]: DEBUG cinder.volume.drivers.remotefs [None req-c621c0ab-76eb-4321-a6cf-5f6ffd870f96 tempest-GroupsV314Test-526441252 None] Deleting offline snapshot f38421b9-75d2-44a6-8364-efedc324bab4 of volume 5a87ea47-54b1-44b6-bcfb-41f85f6dd004 {{(pid=82240) _delete_snapshot /opt/stack/cinder/cinder/volume/drivers/remotefs.py:1288}}
Apr 20 17:06:50 devstack cinder-volume[82240]: DEBUG cinder.volume.drivers.remotefs [None req-c621c0ab-76eb-4321-a6cf-5f6ffd870f96 tempest-GroupsV314Test-526441252 None] snapshot_file for this snap is: volume-5a87ea47-54b1-44b6-bcfb-41f85f6dd004.f38421b9-75d2-44a6-8364-efedc324bab4 {{(pid=82240) _delete_snapshot /opt/stack/cinder/cinder/volume/drivers/remotefs.py:1317}}
Apr 20 17:06:50 devstack cinder-volume[82240]: DEBUG oslo.privsep.daemon [-] privsep: reply[b7b59567-c142-4304-821a-dd2f99a4df7b]: (4, 'qcow2') {{(pid=83323) _call_back /opt/stack/data/venv/lib/python3.10/site-packages/oslo_privsep/daemon.py:573}}
Apr 20 17:06:50 devstack cinder-volume[82240]: DEBUG oslo_concurrency.processutils [None req-c621c0ab-76eb-4321-a6cf-5f6ffd870f96 tempest-GroupsV314Test-526441252 None] Running cmd (subprocess): /opt/stack/data/venv/bin/python3.10 -m oslo_concurrency.prlimit --as=1073741824 --cpu=60 -- sudo cinder-rootwrap /etc/cinder/rootwrap.conf env LC_ALL=C qemu-img info -f qcow2 --output=json --force-share /opt/stack/data/cinder/mnt/03492a71be993d2b082471a582c56df2/volume-5a87ea47-54b1-44b6-bcfb-41f85f6dd004.f38421b9-75d2-44a6-8364-efedc324bab4 {{(pid=82240) execute /opt/stack/data/venv/lib/python3.10/site-packages/oslo_concurrency/processutils.py:440}}
Apr 20 17:06:50 devstack sudo[85888]: quobyte : PWD=/ ; USER=root ; COMMAND=/opt/stack/data/venv/bin/cinder-rootwrap /etc/cinder/rootwrap.conf env LC_ALL=C qemu-img info -f qcow2 --output=json --force-share /opt/stack/data/cinder/mnt/03492a71be993d2b082471a582c56df2/volume-5a87ea47-54b1-44b6-bcfb-41f85f6dd004.f38421b9-75d2-44a6-8364-efedc324bab4
Apr 20 17:06:50 devstack sudo[85888]: pam_unix(sudo:session): session opened for user root(uid=0) by (uid=1000)
Apr 20 17:06:51 devstack sudo[85888]: pam_unix(sudo:session): session closed for user root
Apr 20 17:06:51 devstack cinder-volume[82240]: DEBUG oslo_concurrency.processutils [None req-c621c0ab-76eb-4321-a6cf-5f6ffd870f96 tempest-GroupsV314Test-526441252 None] CMD "/opt/stack/data/venv/bin/python3.10 -m oslo_concurrency.prlimit --as=1073741824 --cpu=60 -- sudo cinder-rootwrap /etc/cinder/rootwrap.conf env LC_ALL=C qemu-img info -f qcow2 --output=json --force-share /opt/stack/data/cinder/mnt/03492a71be993d2b082471a582c56df2/volume-5a87ea47-54b1-44b6-bcfb-41f85f6dd004.f38421b9-75d2-44a6-8364-efedc324bab4" returned: 0 in 0.488s {{(pid=82240) execute /opt/stack/data/venv/lib/python3.10/site-packages/oslo_concurrency/processutils.py:468}}
Apr 20 17:06:51 devstack cinder-volume[82240]: DEBUG cinder.volume.drivers.remotefs [None req-c621c0ab-76eb-4321-a6cf-5f6ffd870f96 tempest-GroupsV314Test-526441252 None] Fetching qemu-img info with special backing_file_template: (/opt/stack/data/cinder/mnt/[0-9a-f]+/)?(volume-5a87ea47-54b1-44b6-bcfb-41f85f6dd004(.(tmp-snap-)?[0-9a-f-]+)?|volume_from_snapshot_cache/(tmp-snap-)?[0-9a-f-]+(.(child-|parent-)[0-9a-f-]+)?)$ {{(pid=82240) _qemu_img_info_base /opt/stack/cinder/cinder/volume/drivers/remotefs.py:896}}
Apr 20 17:06:51 devstack cinder-volume[82240]: DEBUG oslo.privsep.daemon [-] privsep: reply[b2c81861-cab8-4ded-bdc2-c639c6a2713e]: (4, 'qcow2') {{(pid=83323) _call_back /opt/stack/data/venv/lib/python3.10/site-packages/oslo_privsep/daemon.py:573}}
Apr 20 17:06:51 devstack cinder-volume[82240]: DEBUG oslo_concurrency.processutils [None req-c621c0ab-76eb-4321-a6cf-5f6ffd870f96 tempest-GroupsV314Test-526441252 None] Running cmd (subprocess): /opt/stack/data/venv/bin/python3.10 -m oslo_concurrency.prlimit --as=1073741824 --cpu=60 -- sudo cinder-rootwrap /etc/cinder/rootwrap.conf env LC_ALL=C qemu-img info -f qcow2 --output=json --force-share /opt/stack/data/cinder/mnt/03492a71be993d2b082471a582c56df2/volume-5a87ea47-54b1-44b6-bcfb-41f85f6dd004 {{(pid=82240) execute /opt/stack/data/venv/lib/python3.10/site-packages/oslo_concurrency/processutils.py:440}}
Apr 20 17:06:51 devstack sudo[85893]: quobyte : PWD=/ ; USER=root ; COMMAND=/opt/stack/data/venv/bin/cinder-rootwrap /etc/cinder/rootwrap.conf env LC_ALL=C qemu-img info -f qcow2 --output=json --force-share /opt/stack/data/cinder/mnt/03492a71be993d2b082471a582c56df2/volume-5a87ea47-54b1-44b6-bcfb-41f85f6dd004
Apr 20 17:06:51 devstack sudo[85893]: pam_unix(sudo:session): session opened for user root(uid=0) by (uid=1000)
Apr 20 17:06:51 devstack sudo[85893]: pam_unix(sudo:session): session closed for user root
Apr 20 17:06:51 devstack cinder-volume[82240]: DEBUG oslo_concurrency.processutils [None req-c621c0ab-76eb-4321-a6cf-5f6ffd870f96 tempest-GroupsV314Test-526441252 None] CMD "/opt/stack/data/venv/bin/python3.10 -m oslo_concurrency.prlimit --as=1073741824 --cpu=60 -- sudo cinder-rootwrap /etc/cinder/rootwrap.conf env LC_ALL=C qemu-img info -f qcow2 --output=json --force-share /opt/stack/data/cinder/mnt/03492a71be993d2b082471a582c56df2/volume-5a87ea47-54b1-44b6-bcfb-41f85f6dd004" returned: 0 in 0.526s {{(pid=82240) execute /opt/stack/data/venv/lib/python3.10/site-packages/oslo_concurrency/processutils.py:468}}
Apr 20 17:06:51 devstack cinder-volume[82240]: DEBUG oslo_concurrency.processutils [None req-c621c0ab-76eb-4321-a6cf-5f6ffd870f96 tempest-GroupsV314Test-526441252 None] Running cmd (subprocess): sudo cinder-rootwrap /etc/cinder/rootwrap.conf qemu-img commit -d /opt/stack/data/cinder/mnt/03492a71be993d2b082471a582c56df2/volume-5a87ea47-54b1-44b6-bcfb-41f85f6dd004.f38421b9-75d2-44a6-8364-efedc324bab4 {{(pid=82240) execute /opt/stack/data/venv/lib/python3.10/site-packages/oslo_concurrency/processutils.py:440}}
Apr 20 17:06:51 devstack sudo[85898]: quobyte : PWD=/ ; USER=root ; COMMAND=/opt/stack/data/venv/bin/cinder-rootwrap /etc/cinder/rootwrap.conf qemu-img commit -d /opt/stack/data/cinder/mnt/03492a71be993d2b082471a582c56df2/volume-5a87ea47-54b1-44b6-bcfb-41f85f6dd004.f38421b9-75d2-44a6-8364-efedc324bab4
Apr 20 17:06:51 devstack sudo[85898]: pam_unix(sudo:session): session opened for user root(uid=0) by (uid=1000)
Apr 20 17:06:52 devstack sudo[85898]: pam_unix(sudo:session): session closed for user root
Apr 20 17:06:52 devstack cinder-volume[82240]: DEBUG oslo_concurrency.processutils [None req-c621c0ab-76eb-4321-a6cf-5f6ffd870f96 tempest-GroupsV314Test-526441252 None] CMD "sudo cinder-rootwrap /etc/cinder/rootwrap.conf qemu-img commit -d /opt/stack/data/cinder/mnt/03492a71be993d2b082471a582c56df2/volume-5a87ea47-54b1-44b6-bcfb-41f85f6dd004.f38421b9-75d2-44a6-8364-efedc324bab4" returned: 0 in 0.483s {{(pid=82240) execute /opt/stack/data/venv/lib/python3.10/site-packages/oslo_concurrency/processutils.py:468}}
Apr 20 17:06:52 devstack cinder-volume[82240]: DEBUG oslo_concurrency.processutils [None req-c621c0ab-76eb-4321-a6cf-5f6ffd870f96 tempest-GroupsV314Test-526441252 None] Running cmd (subprocess): sudo cinder-rootwrap /etc/cinder/rootwrap.conf rm -f /opt/stack/data/cinder/mnt/03492a71be993d2b082471a582c56df2/volume-5a87ea47-54b1-44b6-bcfb-41f85f6dd004.f38421b9-75d2-44a6-8364-efedc324bab4 {{(pid=82240) execute /opt/stack/data/venv/lib/python3.10/site-packages/oslo_concurrency/processutils.py:440}}
Apr 20 17:06:52 devstack sudo[85903]: quobyte : PWD=/ ; USER=root ; COMMAND=/opt/stack/data/venv/bin/cinder-rootwrap /etc/cinder/rootwrap.conf rm -f /opt/stack/data/cinder/mnt/03492a71be993d2b082471a582c56df2/volume-5a87ea47-54b1-44b6-bcfb-41f85f6dd004.f38421b9-75d2-44a6-8364-efedc324bab4
Apr 20 17:06:52 devstack sudo[85903]: pam_unix(sudo:session): session opened for user root(uid=0) by (uid=1000)
Apr 20 17:06:52 devstack sudo[85903]: pam_unix(sudo:session): session closed for user root
Apr 20 17:06:52 devstack cinder-volume[82240]: DEBUG oslo_concurrency.processutils [None req-c621c0ab-76eb-4321-a6cf-5f6ffd870f96 tempest-GroupsV314Test-526441252 None] CMD "sudo cinder-rootwrap /etc/cinder/rootwrap.conf rm -f /opt/stack/data/cinder/mnt/03492a71be993d2b082471a582c56df2/volume-5a87ea47-54b1-44b6-bcfb-41f85f6dd004.f38421b9-75d2-44a6-8364-efedc324bab4" returned: 0 in 0.420s {{(pid=82240) execute /opt/stack/data/venv/lib/python3.10/site-packages/oslo_concurrency/processutils.py:468}}
Apr 20 17:06:52 devstack cinder-volume[82240]: DEBUG cinder.coordination [None req-c621c0ab-76eb-4321-a6cf-5f6ffd870f96 tempest-GroupsV314Test-526441252 None] Lock "cinder-quobyte-f38421b9-75d2-44a6-8364-efedc324bab4" released by "_delete_snapshot" :: held 1.962s {{(pid=82240) __release /opt/stack/cinder/cinder/coordination.py:152}}
Apr 20 17:06:52 devstack cinder-volume[82240]: DEBUG oslo_concurrency.lockutils [None req-c621c0ab-76eb-4321-a6cf-5f6ffd870f96 tempest-GroupsV314Test-526441252 None] Lock "quobyte" "released" by "cinder.volume.drivers.quobyte.QuobyteDriver.create_cloned_volume" :: held 10.637s {{(pid=82240) inner /opt/stack/data/venv/lib/python3.10/site-packages/oslo_concurrency/lockutils.py:538}}
Apr 20 17:06:52 devstack cinder-volume[82240]: DEBUG oslo_concurrency.lockutils [None req-c90848dc-68ff-4628-a4de-f50d6166ac12 tempest-VolumesGetTest-374272221 None] Lock "quobyte" acquired by "cinder.volume.drivers.quobyte.QuobyteDriver.create_volume" :: waited 8.318s {{(pid=82240) inner /opt/stack/data/venv/lib/python3.10/site-packages/oslo_concurrency/lockutils.py:519}}
Apr 20 17:06:52 devstack cinder-volume[82240]: DEBUG cinder.volume.drivers.quobyte [None req-c90848dc-68ff-4628-a4de-f50d6166ac12 tempest-VolumesGetTest-374272221 None] ==> create_volume: call "{'self': , 'volume': Volume(_name_id=None,admin_metadata=,attach_status='detached',availability_zone='nova',bootable=False,cluster=,cluster_name=None,consistencygroup=,consistencygroup_id=None,created_at=2026-04-20T15:06:44Z,deleted=False,deleted_at=None,display_description=None,display_name='tempest-VolumesGetTest-Volume-557891542',ec2_id=None,encryption_key_id=None,glance_metadata=,group=,group_id=None,host='devstack@QuobyteHD#QuobyteHD',id=302455bc-91e1-49dc-8565-ffe4d3bfb673,launched_at=None,metadata={Type='Test'},migration_status=None,multiattach=False,previous_status=None,project_id='01cf36b827fb4ae597f4392233e834bd',provider_auth=None,provider_geometry=None,provider_id=None,provider_location=None,replication_driver_data=None,replication_extended_status=None,replication_status=None,scheduled_at=2026-04-20T15:06:44Z,service_uuid=None,shared_targets=True,size=1,snapshot_id=None,snapshots=,source_volid=None,status='creating',terminated_at=None,updated_at=2026-04-20T15:06:44Z,use_quota=True,user_id='4536c6a159764f14a2999e4ab7b60748',volume_attachment=VolumeAttachmentList,volume_type=VolumeType(b6d95ea9-405d-409f-9381-23b9e4b0c579),volume_type_id=b6d95ea9-405d-409f-9381-23b9e4b0c579)}" {{(pid=82240) trace_logging_wrapper /opt/stack/cinder/cinder/volume/volume_utils.py:1498}}
Apr 20 17:06:52 devstack cinder-volume[82240]: DEBUG cinder.volume.drivers.remotefs [None req-c90848dc-68ff-4628-a4de-f50d6166ac12 tempest-VolumesGetTest-374272221 None] Creating volume 302455bc-91e1-49dc-8565-ffe4d3bfb673 {{(pid=82240) create_volume /opt/stack/cinder/cinder/volume/drivers/remotefs.py:292}}
Apr 20 17:06:52 devstack cinder-volume[82240]: DEBUG oslo_concurrency.lockutils [None req-c90848dc-68ff-4628-a4de-f50d6166ac12 tempest-VolumesGetTest-374272221 None] Acquiring lock "quobyte_ensure" by "cinder.volume.drivers.quobyte.QuobyteDriver._ensure_shares_mounted" {{(pid=82240) inner /opt/stack/data/venv/lib/python3.10/site-packages/oslo_concurrency/lockutils.py:506}}
Apr 20 17:06:52 devstack cinder-volume[82240]: DEBUG oslo_concurrency.lockutils [None req-c90848dc-68ff-4628-a4de-f50d6166ac12 tempest-VolumesGetTest-374272221 None] Lock "quobyte_ensure" acquired by "cinder.volume.drivers.quobyte.QuobyteDriver._ensure_shares_mounted" :: waited 0.000s {{(pid=82240) inner /opt/stack/data/venv/lib/python3.10/site-packages/oslo_concurrency/lockutils.py:519}}
Apr 20 17:06:52 devstack cinder-volume[82240]: DEBUG cinder.volume.drivers.quobyte [None req-c90848dc-68ff-4628-a4de-f50d6166ac12 tempest-VolumesGetTest-374272221 None] Quobyte Volume URL set to: {'osci02.corp.quobyte.com/cinder-vol-e2e42441-efed-478e-bb75-a1cc55ce88c0': None} {{(pid=82240) _load_shares_config /opt/stack/cinder/cinder/volume/drivers/quobyte.py:617}}
Apr 20 17:06:52 devstack cinder-volume[82240]: DEBUG cinder.volume.drivers.quobyte [None req-c90848dc-68ff-4628-a4de-f50d6166ac12 tempest-VolumesGetTest-374272221 None] Available shares ['osci02.corp.quobyte.com/cinder-vol-e2e42441-efed-478e-bb75-a1cc55ce88c0'] {{(pid=82240) _ensure_shares_mounted /opt/stack/cinder/cinder/volume/drivers/quobyte.py:647}}
Apr 20 17:06:52 devstack cinder-volume[82240]: DEBUG oslo_concurrency.lockutils [None req-c90848dc-68ff-4628-a4de-f50d6166ac12 tempest-VolumesGetTest-374272221 None] Lock "quobyte_ensure" "released" by "cinder.volume.drivers.quobyte.QuobyteDriver._ensure_shares_mounted" :: held 0.003s {{(pid=82240) inner /opt/stack/data/venv/lib/python3.10/site-packages/oslo_concurrency/lockutils.py:538}}
Apr 20 17:06:52 devstack cinder-volume[82240]: DEBUG cinder.volume.drivers.quobyte [None req-c90848dc-68ff-4628-a4de-f50d6166ac12 tempest-VolumesGetTest-374272221 None] Selected osci02.corp.quobyte.com/cinder-vol-e2e42441-efed-478e-bb75-a1cc55ce88c0 as target Quobyte volume. {{(pid=82240) _find_share /opt/stack/cinder/cinder/volume/drivers/quobyte.py:668}}
Apr 20 17:06:52 devstack cinder-volume[82240]: INFO cinder.volume.drivers.remotefs [None req-c90848dc-68ff-4628-a4de-f50d6166ac12 tempest-VolumesGetTest-374272221 None] casted to osci02.corp.quobyte.com/cinder-vol-e2e42441-efed-478e-bb75-a1cc55ce88c0
Apr 20 17:06:52 devstack cinder-volume[82240]: DEBUG oslo_concurrency.processutils [None req-c90848dc-68ff-4628-a4de-f50d6166ac12 tempest-VolumesGetTest-374272221 None] Running cmd (subprocess): sudo cinder-rootwrap /etc/cinder/rootwrap.conf qemu-img create -f qcow2 -o preallocation=metadata /opt/stack/data/cinder/mnt/03492a71be993d2b082471a582c56df2/volume-302455bc-91e1-49dc-8565-ffe4d3bfb673 1073741824 {{(pid=82240) execute /opt/stack/data/venv/lib/python3.10/site-packages/oslo_concurrency/processutils.py:440}}
Apr 20 17:06:52 devstack sudo[85906]: quobyte : PWD=/ ; USER=root ; COMMAND=/opt/stack/data/venv/bin/cinder-rootwrap /etc/cinder/rootwrap.conf qemu-img create -f qcow2 -o preallocation=metadata /opt/stack/data/cinder/mnt/03492a71be993d2b082471a582c56df2/volume-302455bc-91e1-49dc-8565-ffe4d3bfb673 1073741824
Apr 20 17:06:52 devstack sudo[85906]: pam_unix(sudo:session): session opened for user root(uid=0) by (uid=1000)
Apr 20 17:06:52 devstack cinder-volume[82240]: INFO cinder.volume.manager [None req-c621c0ab-76eb-4321-a6cf-5f6ffd870f96 tempest-GroupsV314Test-526441252 None] Create group from source-group-f0985b80-1360-47ea-9fce-a1fca7d8eb51 completed successfully.
Apr 20 17:06:53 devstack sudo[85906]: pam_unix(sudo:session): session closed for user root
Apr 20 17:06:53 devstack cinder-volume[82240]: DEBUG oslo_concurrency.processutils [None req-c90848dc-68ff-4628-a4de-f50d6166ac12 tempest-VolumesGetTest-374272221 None] CMD "sudo cinder-rootwrap /etc/cinder/rootwrap.conf qemu-img create -f qcow2 -o preallocation=metadata /opt/stack/data/cinder/mnt/03492a71be993d2b082471a582c56df2/volume-302455bc-91e1-49dc-8565-ffe4d3bfb673 1073741824" returned: 0 in 0.540s {{(pid=82240) execute /opt/stack/data/venv/lib/python3.10/site-packages/oslo_concurrency/processutils.py:468}}
Apr 20 17:06:53 devstack cinder-volume[82240]: DEBUG oslo_concurrency.processutils [None req-c90848dc-68ff-4628-a4de-f50d6166ac12 tempest-VolumesGetTest-374272221 None] Running cmd (subprocess): sudo cinder-rootwrap /etc/cinder/rootwrap.conf chmod ugo+rw /opt/stack/data/cinder/mnt/03492a71be993d2b082471a582c56df2/volume-302455bc-91e1-49dc-8565-ffe4d3bfb673 {{(pid=82240) execute /opt/stack/data/venv/lib/python3.10/site-packages/oslo_concurrency/processutils.py:440}}
Apr 20 17:06:53 devstack cinder-volume[82240]: DEBUG cinder.coordination [None req-5e203270-4bf1-4195-a3df-a4ca95324de2 tempest-GroupsV314Test-526441252 None] Acquiring lock "cinder-quobyte-57fbeee7-3e92-4972-ac07-772077f61d90" by "delete_volume" {{(pid=82240) __acquire /opt/stack/cinder/cinder/coordination.py:138}}
Apr 20 17:06:53 devstack sudo[85911]: quobyte : PWD=/ ; USER=root ; COMMAND=/opt/stack/data/venv/bin/cinder-rootwrap /etc/cinder/rootwrap.conf chmod ugo+rw /opt/stack/data/cinder/mnt/03492a71be993d2b082471a582c56df2/volume-302455bc-91e1-49dc-8565-ffe4d3bfb673
Apr 20 17:06:53 devstack sudo[85911]: pam_unix(sudo:session): session opened for user root(uid=0) by (uid=1000)
Apr 20 17:06:53 devstack cinder-volume[82240]: DEBUG cinder.coordination [None req-5e203270-4bf1-4195-a3df-a4ca95324de2 tempest-GroupsV314Test-526441252 None] Lock "cinder-quobyte-57fbeee7-3e92-4972-ac07-772077f61d90" acquired by "delete_volume" :: waited 0.012s {{(pid=82240) __acquire /opt/stack/cinder/cinder/coordination.py:141}}
Apr 20 17:06:53 devstack cinder-volume[82240]: DEBUG oslo.privsep.daemon [-] privsep: reply[07d60ed3-bab1-4154-af80-8d03f96ec472]: (4, 'qcow2') {{(pid=83323) _call_back /opt/stack/data/venv/lib/python3.10/site-packages/oslo_privsep/daemon.py:573}}
Apr 20 17:06:53 devstack cinder-volume[82240]: DEBUG oslo_concurrency.processutils [None req-5e203270-4bf1-4195-a3df-a4ca95324de2 tempest-GroupsV314Test-526441252 None] Running cmd (subprocess): /opt/stack/data/venv/bin/python3.10 -m oslo_concurrency.prlimit --as=1073741824 --cpu=60 -- sudo cinder-rootwrap /etc/cinder/rootwrap.conf env LC_ALL=C qemu-img info -f qcow2 --output=json --force-share /opt/stack/data/cinder/mnt/03492a71be993d2b082471a582c56df2/volume-57fbeee7-3e92-4972-ac07-772077f61d90 {{(pid=82240) execute /opt/stack/data/venv/lib/python3.10/site-packages/oslo_concurrency/processutils.py:440}}
Apr 20 17:06:53 devstack sudo[85913]: quobyte : PWD=/ ; USER=root ; COMMAND=/opt/stack/data/venv/bin/cinder-rootwrap /etc/cinder/rootwrap.conf env LC_ALL=C qemu-img info -f qcow2 --output=json --force-share /opt/stack/data/cinder/mnt/03492a71be993d2b082471a582c56df2/volume-57fbeee7-3e92-4972-ac07-772077f61d90
Apr 20 17:06:53 devstack sudo[85913]: pam_unix(sudo:session): session opened for user root(uid=0) by (uid=1000)
Apr 20 17:06:53 devstack sudo[85911]: pam_unix(sudo:session): session closed for user root
Apr 20 17:06:53 devstack cinder-volume[82240]: DEBUG oslo_concurrency.processutils [None req-c90848dc-68ff-4628-a4de-f50d6166ac12 tempest-VolumesGetTest-374272221 None] CMD "sudo cinder-rootwrap /etc/cinder/rootwrap.conf chmod ugo+rw /opt/stack/data/cinder/mnt/03492a71be993d2b082471a582c56df2/volume-302455bc-91e1-49dc-8565-ffe4d3bfb673" returned: 0 in 0.490s {{(pid=82240) execute /opt/stack/data/venv/lib/python3.10/site-packages/oslo_concurrency/processutils.py:468}}
Apr 20 17:06:53 devstack cinder-volume[82240]: DEBUG cinder.volume.drivers.quobyte [None req-c90848dc-68ff-4628-a4de-f50d6166ac12 tempest-VolumesGetTest-374272221 None] <== create_volume: return (1055ms) {'provider_location': 'osci02.corp.quobyte.com/cinder-vol-e2e42441-efed-478e-bb75-a1cc55ce88c0'} {{(pid=82240) trace_logging_wrapper /opt/stack/cinder/cinder/volume/volume_utils.py:1523}}
