Feb 05 23:56:39 devstack devstack@g-api.service[75424]: DEBUG glance.common.config [None req-4ab39381-f4df-4407-bc0c-3d2ed3d9ee3c None None] barbican_service_user.cafile = None {{(pid=75424) log_opt_values /opt/stack/data/venv/lib/python3.10/site-packages/oslo_config/cfg.py:2824}}
Feb 05 23:56:39 devstack devstack@g-api.service[75424]: DEBUG glance.common.config [None req-4ab39381-f4df-4407-bc0c-3d2ed3d9ee3c None None] barbican_service_user.certfile = None {{(pid=75424) log_opt_values /opt/stack/data/venv/lib/python3.10/site-packages/oslo_config/cfg.py:2824}}
Feb 05 23:56:39 devstack devstack@g-api.service[75424]: DEBUG glance.common.config [None req-4ab39381-f4df-4407-bc0c-3d2ed3d9ee3c None None] barbican_service_user.collect_timing = False {{(pid=75424) log_opt_values /opt/stack/data/venv/lib/python3.10/site-packages/oslo_config/cfg.py:2824}}
Feb 05 23:56:39 devstack devstack@g-api.service[75424]: DEBUG glance.common.config [None req-4ab39381-f4df-4407-bc0c-3d2ed3d9ee3c None None] barbican_service_user.insecure = False {{(pid=75424) log_opt_values /opt/stack/data/venv/lib/python3.10/site-packages/oslo_config/cfg.py:2824}}
Feb 05 23:56:39 devstack devstack@g-api.service[75424]: DEBUG glance.common.config [None req-4ab39381-f4df-4407-bc0c-3d2ed3d9ee3c None None] barbican_service_user.keyfile = None {{(pid=75424) log_opt_values /opt/stack/data/venv/lib/python3.10/site-packages/oslo_config/cfg.py:2824}}
Feb 05 23:56:39 devstack devstack@g-api.service[75424]: DEBUG glance.common.config [None req-4ab39381-f4df-4407-bc0c-3d2ed3d9ee3c None None] barbican_service_user.split_loggers = False {{(pid=75424) log_opt_values /opt/stack/data/venv/lib/python3.10/site-packages/oslo_config/cfg.py:2824}}
Feb 05 23:56:39 devstack devstack@g-api.service[75424]: DEBUG glance.common.config [None req-4ab39381-f4df-4407-bc0c-3d2ed3d9ee3c None None] barbican_service_user.timeout = None {{(pid=75424) log_opt_values /opt/stack/data/venv/lib/python3.10/site-packages/oslo_config/cfg.py:2824}}
Feb 05 23:56:39 devstack devstack@g-api.service[75424]: DEBUG glance.common.config [None req-4ab39381-f4df-4407-bc0c-3d2ed3d9ee3c None None] database.asyncio_connection = **** {{(pid=75424) log_opt_values /opt/stack/data/venv/lib/python3.10/site-packages/oslo_config/cfg.py:2824}}
Feb 05 23:56:39 devstack devstack@g-api.service[75424]: DEBUG glance.common.config [None req-4ab39381-f4df-4407-bc0c-3d2ed3d9ee3c None None] database.asyncio_slave_connection = **** {{(pid=75424) log_opt_values /opt/stack/data/venv/lib/python3.10/site-packages/oslo_config/cfg.py:2824}}
Feb 05 23:56:39 devstack devstack@g-api.service[75424]: DEBUG glance.common.config [None req-4ab39381-f4df-4407-bc0c-3d2ed3d9ee3c None None] database.backend = sqlalchemy {{(pid=75424) log_opt_values /opt/stack/data/venv/lib/python3.10/site-packages/oslo_config/cfg.py:2824}}
Feb 05 23:56:39 devstack devstack@g-api.service[75424]: DEBUG glance.common.config [None req-4ab39381-f4df-4407-bc0c-3d2ed3d9ee3c None None] database.connection = **** {{(pid=75424) log_opt_values /opt/stack/data/venv/lib/python3.10/site-packages/oslo_config/cfg.py:2824}}
Feb 05 23:56:39 devstack devstack@g-api.service[75424]: DEBUG glance.common.config [None req-4ab39381-f4df-4407-bc0c-3d2ed3d9ee3c None None] database.connection_debug = 0 {{(pid=75424) log_opt_values /opt/stack/data/venv/lib/python3.10/site-packages/oslo_config/cfg.py:2824}}
Feb 05 23:56:39 devstack devstack@g-api.service[75424]: DEBUG glance.common.config [None req-4ab39381-f4df-4407-bc0c-3d2ed3d9ee3c None None] database.connection_parameters = {{(pid=75424) log_opt_values /opt/stack/data/venv/lib/python3.10/site-packages/oslo_config/cfg.py:2824}}
Feb 05 23:56:39 devstack devstack@g-api.service[75424]: DEBUG glance.common.config [None req-4ab39381-f4df-4407-bc0c-3d2ed3d9ee3c None None] database.connection_recycle_time = 3600 {{(pid=75424) log_opt_values /opt/stack/data/venv/lib/python3.10/site-packages/oslo_config/cfg.py:2824}}
Feb 05 23:56:39 devstack devstack@g-api.service[75424]: DEBUG glance.common.config [None req-4ab39381-f4df-4407-bc0c-3d2ed3d9ee3c None None] database.connection_trace = False {{(pid=75424) log_opt_values /opt/stack/data/venv/lib/python3.10/site-packages/oslo_config/cfg.py:2824}}
Feb 05 23:56:39 devstack devstack@g-api.service[75424]: DEBUG glance.common.config [None req-4ab39381-f4df-4407-bc0c-3d2ed3d9ee3c None None] database.db_inc_retry_interval = True {{(pid=75424) log_opt_values /opt/stack/data/venv/lib/python3.10/site-packages/oslo_config/cfg.py:2824}}
Feb 05 23:56:39 devstack devstack@g-api.service[75424]: DEBUG glance.common.config [None req-4ab39381-f4df-4407-bc0c-3d2ed3d9ee3c None None] database.db_max_retries = 20 {{(pid=75424) log_opt_values /opt/stack/data/venv/lib/python3.10/site-packages/oslo_config/cfg.py:2824}}
Feb 05 23:56:39 devstack devstack@g-api.service[75424]: DEBUG glance.common.config [None req-4ab39381-f4df-4407-bc0c-3d2ed3d9ee3c None None] database.db_max_retry_interval = 10 {{(pid=75424) log_opt_values /opt/stack/data/venv/lib/python3.10/site-packages/oslo_config/cfg.py:2824}}
Feb 05 23:56:39 devstack devstack@g-api.service[75424]: DEBUG glance.common.config [None req-4ab39381-f4df-4407-bc0c-3d2ed3d9ee3c None None] database.db_retry_interval = 1 {{(pid=75424) log_opt_values /opt/stack/data/venv/lib/python3.10/site-packages/oslo_config/cfg.py:2824}}
Feb 05 23:56:39 devstack devstack@g-api.service[75424]: DEBUG glance.common.config [None req-4ab39381-f4df-4407-bc0c-3d2ed3d9ee3c None None] database.max_overflow = 50 {{(pid=75424) log_opt_values /opt/stack/data/venv/lib/python3.10/site-packages/oslo_config/cfg.py:2824}}
Feb 05 23:56:39 devstack devstack@g-api.service[75424]: DEBUG glance.common.config [None req-4ab39381-f4df-4407-bc0c-3d2ed3d9ee3c None None] database.max_pool_size = 5 {{(pid=75424) log_opt_values /opt/stack/data/venv/lib/python3.10/site-packages/oslo_config/cfg.py:2824}}
Feb 05 23:56:39 devstack devstack@g-api.service[75424]: DEBUG glance.common.config [None req-4ab39381-f4df-4407-bc0c-3d2ed3d9ee3c None None] database.max_retries = 10 {{(pid=75424) log_opt_values /opt/stack/data/venv/lib/python3.10/site-packages/oslo_config/cfg.py:2824}}
Feb 05 23:56:39 devstack devstack@g-api.service[75424]: DEBUG glance.common.config [None req-4ab39381-f4df-4407-bc0c-3d2ed3d9ee3c None None] database.mysql_sql_mode = TRADITIONAL {{(pid=75424) log_opt_values /opt/stack/data/venv/lib/python3.10/site-packages/oslo_config/cfg.py:2824}}
Feb 05 23:56:39 devstack devstack@g-api.service[75424]: DEBUG glance.common.config [None req-4ab39381-f4df-4407-bc0c-3d2ed3d9ee3c None None] database.mysql_wsrep_sync_wait = None {{(pid=75424) log_opt_values /opt/stack/data/venv/lib/python3.10/site-packages/oslo_config/cfg.py:2824}}
Feb 05 23:56:39 devstack devstack@g-api.service[75424]: DEBUG glance.common.config [None req-4ab39381-f4df-4407-bc0c-3d2ed3d9ee3c None None] database.pool_timeout = None {{(pid=75424) log_opt_values /opt/stack/data/venv/lib/python3.10/site-packages/oslo_config/cfg.py:2824}}
Feb 05 23:56:39 devstack devstack@g-api.service[75424]: DEBUG glance.common.config [None req-4ab39381-f4df-4407-bc0c-3d2ed3d9ee3c None None] database.retry_interval = 10 {{(pid=75424) log_opt_values /opt/stack/data/venv/lib/python3.10/site-packages/oslo_config/cfg.py:2824}}
Feb 05 23:56:39 devstack devstack@g-api.service[75424]: DEBUG glance.common.config [None req-4ab39381-f4df-4407-bc0c-3d2ed3d9ee3c None None] database.slave_connection = **** {{(pid=75424) log_opt_values /opt/stack/data/venv/lib/python3.10/site-packages/oslo_config/cfg.py:2824}}
Feb 05 23:56:39 devstack devstack@g-api.service[75424]: DEBUG glance.common.config [None req-4ab39381-f4df-4407-bc0c-3d2ed3d9ee3c None None] database.sqlite_synchronous = True {{(pid=75424) log_opt_values /opt/stack/data/venv/lib/python3.10/site-packages/oslo_config/cfg.py:2824}}
Feb 05 23:56:39 devstack devstack@g-api.service[75424]: DEBUG glance.common.config [None req-4ab39381-f4df-4407-bc0c-3d2ed3d9ee3c None None] database.synchronous_reader = True {{(pid=75424) log_opt_values /opt/stack/data/venv/lib/python3.10/site-packages/oslo_config/cfg.py:2824}}
Feb 05 23:56:39 devstack devstack@g-api.service[75424]: DEBUG glance.common.config [None req-4ab39381-f4df-4407-bc0c-3d2ed3d9ee3c None None] database.use_db_reconnect = False {{(pid=75424) log_opt_values /opt/stack/data/venv/lib/python3.10/site-packages/oslo_config/cfg.py:2824}}
Feb 05 23:56:39 devstack devstack@g-api.service[75424]: DEBUG glance.common.config [None req-4ab39381-f4df-4407-bc0c-3d2ed3d9ee3c None None] healthcheck.allowed_source_ranges = [] {{(pid=75424) log_opt_values /opt/stack/data/venv/lib/python3.10/site-packages/oslo_config/cfg.py:2824}}
Feb 05 23:56:39 devstack devstack@g-api.service[75424]: DEBUG glance.common.config [None req-4ab39381-f4df-4407-bc0c-3d2ed3d9ee3c None None] healthcheck.backends = ['disable_by_file'] {{(pid=75424) log_opt_values /opt/stack/data/venv/lib/python3.10/site-packages/oslo_config/cfg.py:2824}}
Feb 05 23:56:39 devstack devstack@g-api.service[75424]: DEBUG glance.common.config [None req-4ab39381-f4df-4407-bc0c-3d2ed3d9ee3c None None] healthcheck.detailed = False {{(pid=75424) log_opt_values /opt/stack/data/venv/lib/python3.10/site-packages/oslo_config/cfg.py:2824}}
Feb 05 23:56:39 devstack devstack@g-api.service[75424]: DEBUG glance.common.config [None req-4ab39381-f4df-4407-bc0c-3d2ed3d9ee3c None None] healthcheck.disable_by_file_path = None {{(pid=75424) log_opt_values /opt/stack/data/venv/lib/python3.10/site-packages/oslo_config/cfg.py:2824}}
Feb 05 23:56:39 devstack devstack@g-api.service[75424]: DEBUG glance.common.config [None req-4ab39381-f4df-4407-bc0c-3d2ed3d9ee3c None None] healthcheck.ignore_proxied_requests = False {{(pid=75424) log_opt_values /opt/stack/data/venv/lib/python3.10/site-packages/oslo_config/cfg.py:2824}}
Feb 05 23:56:39 devstack devstack@g-api.service[75424]: DEBUG glance.common.config [None req-4ab39381-f4df-4407-bc0c-3d2ed3d9ee3c None None] ******************************************************************************** {{(pid=75424) log_opt_values /opt/stack/data/venv/lib/python3.10/site-packages/oslo_config/cfg.py:2828}}
Feb 05 23:56:39 devstack devstack@g-api.service[75424]: WSGI app 0 (mountpoint='') ready in 4 seconds on interpreter 0x5591449e16a0 pid: 75424 (default app)
Feb 05 23:56:41 devstack devstack@g-api.service[75425]: DEBUG glance.api.middleware.version_negotiation [None req-f1168e68-770a-4c58-ab01-e207070e80a7 None None] Determining version of request: GET / Accept: application/json {{(pid=75425) process_request /opt/stack/glance/glance/api/middleware/version_negotiation.py:44}}
Feb 05 23:56:41 devstack devstack@g-api.service[75425]: DEBUG glance.api.middleware.version_negotiation [None req-f1168e68-770a-4c58-ab01-e207070e80a7 None None] Using url versioning {{(pid=75425) process_request /opt/stack/glance/glance/api/middleware/version_negotiation.py:57}}
Feb 05 23:56:41 devstack devstack@g-api.service[75425]: DEBUG glance.api.middleware.version_negotiation [None req-f1168e68-770a-4c58-ab01-e207070e80a7 None None] Unknown version. Returning version choices. {{(pid=75425) process_request /opt/stack/glance/glance/api/middleware/version_negotiation.py:64}}
Feb 05 23:56:41 devstack devstack@g-api.service[75425]: [pid: 75425|app: 0|req: 2/2] 127.0.0.1 () {34 vars in 519 bytes} [Thu Feb 5 23:56:41 2026] GET / => generated 1459 bytes in 2 msecs (HTTP/1.1 300) 3 headers in 106 bytes (1 switches on core 0)
Feb 05 23:56:41 devstack devstack@g-api.service[75424]: DEBUG glance.api.middleware.version_negotiation [None req-4ab39381-f4df-4407-bc0c-3d2ed3d9ee3c None None] Determining version of request: POST /v2/images Accept: */* {{(pid=75424) process_request /opt/stack/glance/glance/api/middleware/version_negotiation.py:44}}
Feb 05 23:56:41 devstack devstack@g-api.service[75424]: DEBUG glance.api.middleware.version_negotiation [None req-4ab39381-f4df-4407-bc0c-3d2ed3d9ee3c None None] Using url versioning {{(pid=75424) process_request /opt/stack/glance/glance/api/middleware/version_negotiation.py:57}}
Feb 05 23:56:41 devstack devstack@g-api.service[75424]: DEBUG glance.api.middleware.version_negotiation [None req-4ab39381-f4df-4407-bc0c-3d2ed3d9ee3c None None] Matched version: v2 {{(pid=75424) process_request /opt/stack/glance/glance/api/middleware/version_negotiation.py:69}}
Feb 05 23:56:41 devstack devstack@g-api.service[75424]: DEBUG glance.api.middleware.version_negotiation [None req-4ab39381-f4df-4407-bc0c-3d2ed3d9ee3c None None] new path /v2/images {{(pid=75424) process_request /opt/stack/glance/glance/api/middleware/version_negotiation.py:70}}
Feb 05 23:56:42 devstack devstack@g-api.service[75424]: [pid: 75424|app: 0|req: 1/3] 127.0.0.1 () {40 vars in 782 bytes} [Thu Feb 5 23:56:41 2026] POST /v2/images => generated 807 bytes in 941 msecs (HTTP/1.1 201) 6 headers in 314 bytes (1 switches on core 0)
Feb 05 23:56:42 devstack devstack@g-api.service[75425]: DEBUG glance.api.middleware.version_negotiation [None req-f1168e68-770a-4c58-ab01-e207070e80a7 None None] Determining version of request: PUT /v2/images/387673d4-32be-46f1-ac10-dc57e9b103be/file Accept: {{(pid=75425) process_request /opt/stack/glance/glance/api/middleware/version_negotiation.py:44}}
Feb 05 23:56:42 devstack devstack@g-api.service[75425]: DEBUG glance.api.middleware.version_negotiation [None req-f1168e68-770a-4c58-ab01-e207070e80a7 None None] Using url versioning {{(pid=75425) process_request /opt/stack/glance/glance/api/middleware/version_negotiation.py:57}}
Feb 05 23:56:42 devstack devstack@g-api.service[75425]: DEBUG glance.api.middleware.version_negotiation [None req-f1168e68-770a-4c58-ab01-e207070e80a7 None None] Matched version: v2 {{(pid=75425) process_request /opt/stack/glance/glance/api/middleware/version_negotiation.py:69}}
Feb 05 23:56:42 devstack devstack@g-api.service[75425]: DEBUG glance.api.middleware.version_negotiation [None req-f1168e68-770a-4c58-ab01-e207070e80a7 None None] new path /v2/images/387673d4-32be-46f1-ac10-dc57e9b103be/file {{(pid=75425) process_request /opt/stack/glance/glance/api/middleware/version_negotiation.py:70}}
Feb 05 23:56:43 devstack devstack@g-api.service[75425]: INFO glance.api.v2.image_data [None req-0bb261b2-3fd5-4cd3-acc6-689b46769688 admin admin] Unable to create trust: no such option collect_timing in group [keystone_authtoken] Use the existing user token.
Feb 05 23:56:43 devstack devstack@g-api.service[75425]: DEBUG glance.location [None req-0bb261b2-3fd5-4cd3-acc6-689b46769688 admin admin] Enabling in-flight format inspection for qcow2 {{(pid=75425) set_data /opt/stack/glance/glance/location.py:616}}
Feb 05 23:56:43 devstack devstack@g-api.service[75425]: DEBUG oslo_utils.imageutils.format_inspector [None req-0bb261b2-3fd5-4cd3-acc6-689b46769688 admin admin] Format inspector for vmdk does not match, excluding from consideration (Signature KDMV not found: b'QFI\xfb') {{(pid=75425) _process_chunk /opt/stack/data/venv/lib/python3.10/site-packages/oslo_utils/imageutils/format_inspector.py:1537}}
Feb 05 23:56:43 devstack devstack@g-api.service[75425]: DEBUG oslo_utils.imageutils.format_inspector [None req-0bb261b2-3fd5-4cd3-acc6-689b46769688 admin admin] Format inspector for vhdx does not match, excluding from consideration (Region signature not found at 30000) {{(pid=75425) _process_chunk /opt/stack/data/venv/lib/python3.10/site-packages/oslo_utils/imageutils/format_inspector.py:1537}}
Feb 05 23:56:44 devstack devstack@g-api.service[75425]: DEBUG glance_store._drivers.filesystem [None req-0bb261b2-3fd5-4cd3-acc6-689b46769688 admin admin] Wrote 21692416 bytes to /opt/stack/data/glance/images/387673d4-32be-46f1-ac10-dc57e9b103be with checksum 87617e24a5e30cb3b87fda8c0764838f and multihash 9a9bce0083a00939ec17c11febbfc767aa211aaa54f51e75c5a8b271a9b5637c77205a518b7a2007cb391d23cceb01e0e4e8d64832317151bc85b734b92a7be0 {{(pid=75425) add /opt/stack/data/venv/lib/python3.10/site-packages/glance_store/_drivers/filesystem.py:794}}
Feb 05 23:56:44 devstack devstack@g-api.service[75425]: INFO glance.location [None req-0bb261b2-3fd5-4cd3-acc6-689b46769688 admin admin] Image format matched and virtual size computed: 117440512
Feb 05 23:56:44 devstack devstack@g-api.service[75425]: DEBUG glance_store.backend [None req-0bb261b2-3fd5-4cd3-acc6-689b46769688 admin admin] Skipping store.set_acls... not implemented. {{(pid=75425) set_acls /opt/stack/data/venv/lib/python3.10/site-packages/glance_store/backend.py:507}}
Feb 05 23:56:44 devstack devstack@g-api.service[75425]: [pid: 75425|app: 0|req: 3/4] 127.0.0.1 () {40 vars in 875 bytes} [Thu Feb 5 23:56:42 2026] PUT /v2/images/387673d4-32be-46f1-ac10-dc57e9b103be/file => generated 0 bytes in 1179 msecs (HTTP/1.1 204) 4 headers in 171 bytes (1 switches on core 0)
Feb 05 23:56:44 devstack devstack@g-api.service[75424]: DEBUG glance.api.middleware.version_negotiation [None req-08c96296-e228-4b07-84d1-de672ef02199 admin admin] Determining version of request: GET /v2/images/387673d4-32be-46f1-ac10-dc57e9b103be Accept: */* {{(pid=75424) process_request /opt/stack/glance/glance/api/middleware/version_negotiation.py:44}}
Feb 05 23:56:44 devstack devstack@g-api.service[75424]: DEBUG glance.api.middleware.version_negotiation [None req-08c96296-e228-4b07-84d1-de672ef02199 admin admin] Using url versioning {{(pid=75424) process_request /opt/stack/glance/glance/api/middleware/version_negotiation.py:57}}
Feb 05 23:56:44 devstack devstack@g-api.service[75424]: DEBUG glance.api.middleware.version_negotiation [None req-08c96296-e228-4b07-84d1-de672ef02199 admin admin] Matched version: v2 {{(pid=75424) process_request /opt/stack/glance/glance/api/middleware/version_negotiation.py:69}}
Feb 05 23:56:44 devstack devstack@g-api.service[75424]: DEBUG glance.api.middleware.version_negotiation [None req-08c96296-e228-4b07-84d1-de672ef02199 admin admin] new path /v2/images/387673d4-32be-46f1-ac10-dc57e9b103be {{(pid=75424) process_request /opt/stack/glance/glance/api/middleware/version_negotiation.py:70}}
Feb 05 23:56:44 devstack devstack@g-api.service[75424]: [pid: 75424|app: 0|req: 2/5] 127.0.0.1 () {36 vars in 802 bytes} [Thu Feb 5 23:56:44 2026] GET /v2/images/387673d4-32be-46f1-ac10-dc57e9b103be => generated 976 bytes in 21 msecs (HTTP/1.1 200) 4 headers in 157 bytes (1 switches on core 0)
Feb 05 23:56:54 devstack devstack@g-api.service[75425]: DEBUG dbcounter [-] [75425] Writing DB stats glance:INSERT=5,glance:SELECT=16,glance:UPDATE=2 {{(pid=75425) stat_writer /opt/stack/data/venv/lib/python3.10/site-packages/dbcounter.py:115}}
Feb 05 23:56:54 devstack devstack@g-api.service[75424]: DEBUG dbcounter [-] [75424] Writing DB stats glance:INSERT=9,glance:SELECT=6 {{(pid=75424) stat_writer /opt/stack/data/venv/lib/python3.10/site-packages/dbcounter.py:115}}
Feb 05 23:57:22 devstack devstack@g-api.service[75425]: DEBUG glance.api.middleware.version_negotiation [None req-0bb261b2-3fd5-4cd3-acc6-689b46769688 admin admin] Determining version of request: GET / Accept: application/json {{(pid=75425) process_request /opt/stack/glance/glance/api/middleware/version_negotiation.py:44}}
Feb 05 23:57:22 devstack devstack@g-api.service[75425]: DEBUG glance.api.middleware.version_negotiation [None req-0bb261b2-3fd5-4cd3-acc6-689b46769688 admin admin] Using url versioning {{(pid=75425) process_request /opt/stack/glance/glance/api/middleware/version_negotiation.py:57}}
Feb 05 23:57:22 devstack devstack@g-api.service[75425]: DEBUG glance.api.middleware.version_negotiation [None req-0bb261b2-3fd5-4cd3-acc6-689b46769688 admin admin] Unknown version. Returning version choices. {{(pid=75425) process_request /opt/stack/glance/glance/api/middleware/version_negotiation.py:64}}
Feb 05 23:57:22 devstack devstack@g-api.service[75425]: [pid: 75425|app: 0|req: 4/6] 127.0.0.1 () {34 vars in 515 bytes} [Thu Feb 5 23:57:22 2026] GET / => generated 1459 bytes in 3 msecs (HTTP/1.1 300) 3 headers in 106 bytes (1 switches on core 0)
Feb 05 23:57:22 devstack devstack@g-api.service[75424]: DEBUG glance.api.middleware.version_negotiation [None req-d7841986-9c2e-47a6-945a-3096b16329ab admin admin] Determining version of request: GET /v2/images Accept: application/json {{(pid=75424) process_request /opt/stack/glance/glance/api/middleware/version_negotiation.py:44}}
Feb 05 23:57:22 devstack devstack@g-api.service[75424]: DEBUG glance.api.middleware.version_negotiation [None req-d7841986-9c2e-47a6-945a-3096b16329ab admin admin] Using url versioning {{(pid=75424) process_request /opt/stack/glance/glance/api/middleware/version_negotiation.py:57}}
Feb 05 23:57:22 devstack devstack@g-api.service[75424]: DEBUG glance.api.middleware.version_negotiation [None req-d7841986-9c2e-47a6-945a-3096b16329ab admin admin] Matched version: v2 {{(pid=75424) process_request /opt/stack/glance/glance/api/middleware/version_negotiation.py:69}}
Feb 05 23:57:22 devstack devstack@g-api.service[75424]: DEBUG glance.api.middleware.version_negotiation [None req-d7841986-9c2e-47a6-945a-3096b16329ab admin admin] new path /v2/images {{(pid=75424) process_request /opt/stack/glance/glance/api/middleware/version_negotiation.py:70}}
Feb 05 23:57:22 devstack devstack@g-api.service[75424]: [pid: 75424|app: 0|req: 3/7] 127.0.0.1 () {36 vars in 737 bytes} [Thu Feb 5 23:57:22 2026] GET /v2/images => generated 1045 bytes in 58 msecs (HTTP/1.1 200) 4 headers in 158 bytes (1 switches on core 0)
Feb 05 23:57:28 devstack devstack@g-api.service[75425]: DEBUG glance.api.middleware.version_negotiation [None req-0bb261b2-3fd5-4cd3-acc6-689b46769688 admin admin] Determining version of request: GET / Accept: application/json {{(pid=75425) process_request /opt/stack/glance/glance/api/middleware/version_negotiation.py:44}}
Feb 05 23:57:28 devstack devstack@g-api.service[75425]: DEBUG glance.api.middleware.version_negotiation [None req-0bb261b2-3fd5-4cd3-acc6-689b46769688 admin admin] Using url versioning {{(pid=75425) process_request /opt/stack/glance/glance/api/middleware/version_negotiation.py:57}}
Feb 05 23:57:28 devstack devstack@g-api.service[75425]: DEBUG glance.api.middleware.version_negotiation [None req-0bb261b2-3fd5-4cd3-acc6-689b46769688 admin admin] Unknown version. Returning version choices. {{(pid=75425) process_request /opt/stack/glance/glance/api/middleware/version_negotiation.py:64}}
Feb 05 23:57:28 devstack devstack@g-api.service[75425]: [pid: 75425|app: 0|req: 5/8] 127.0.0.1 () {34 vars in 515 bytes} [Thu Feb 5 23:57:28 2026] GET / => generated 1459 bytes in 2 msecs (HTTP/1.1 300) 3 headers in 106 bytes (1 switches on core 0)
Feb 05 23:57:28 devstack devstack@g-api.service[75424]: DEBUG glance.api.middleware.version_negotiation [None req-0ccbf63c-b2ee-4be7-9996-1b9216957bfe admin admin] Determining version of request: GET /v2/images/387673d4-32be-46f1-ac10-dc57e9b103be Accept: */* {{(pid=75424) process_request /opt/stack/glance/glance/api/middleware/version_negotiation.py:44}}
Feb 05 23:57:28 devstack devstack@g-api.service[75424]: DEBUG glance.api.middleware.version_negotiation [None req-0ccbf63c-b2ee-4be7-9996-1b9216957bfe admin admin] Using url versioning {{(pid=75424) process_request /opt/stack/glance/glance/api/middleware/version_negotiation.py:57}}
Feb 05 23:57:28 devstack devstack@g-api.service[75424]: DEBUG glance.api.middleware.version_negotiation [None req-0ccbf63c-b2ee-4be7-9996-1b9216957bfe admin admin] Matched version: v2 {{(pid=75424) process_request /opt/stack/glance/glance/api/middleware/version_negotiation.py:69}}
Feb 05 23:57:28 devstack devstack@g-api.service[75424]: DEBUG glance.api.middleware.version_negotiation [None req-0ccbf63c-b2ee-4be7-9996-1b9216957bfe admin admin] new path /v2/images/387673d4-32be-46f1-ac10-dc57e9b103be {{(pid=75424) process_request /opt/stack/glance/glance/api/middleware/version_negotiation.py:70}}
Feb 05 23:57:28 devstack devstack@g-api.service[75424]: [pid: 75424|app: 0|req: 4/9] 127.0.0.1 () {36 vars in 798 bytes} [Thu Feb 5 23:57:28 2026] GET /v2/images/387673d4-32be-46f1-ac10-dc57e9b103be => generated 976 bytes in 45 msecs (HTTP/1.1 200) 4 headers in 157 bytes (1 switches on core 0)
Feb 05 23:57:32 devstack devstack@g-api.service[75425]: DEBUG glance.api.middleware.version_negotiation [None req-0bb261b2-3fd5-4cd3-acc6-689b46769688 admin admin] Determining version of request: GET / Accept: application/json {{(pid=75425) process_request /opt/stack/glance/glance/api/middleware/version_negotiation.py:44}}
Feb 05 23:57:32 devstack devstack@g-api.service[75425]: DEBUG glance.api.middleware.version_negotiation [None req-0bb261b2-3fd5-4cd3-acc6-689b46769688 admin admin] Using url versioning {{(pid=75425) process_request /opt/stack/glance/glance/api/middleware/version_negotiation.py:57}}
Feb 05 23:57:32 devstack devstack@g-api.service[75425]: DEBUG glance.api.middleware.version_negotiation [None req-0bb261b2-3fd5-4cd3-acc6-689b46769688 admin admin] Unknown version. Returning version choices. {{(pid=75425) process_request /opt/stack/glance/glance/api/middleware/version_negotiation.py:64}}
Feb 05 23:57:32 devstack devstack@g-api.service[75425]: [pid: 75425|app: 0|req: 6/10] 127.0.0.1 () {34 vars in 515 bytes} [Thu Feb 5 23:57:32 2026] GET / => generated 1459 bytes in 2 msecs (HTTP/1.1 300) 3 headers in 106 bytes (1 switches on core 0)
Feb 05 23:57:32 devstack devstack@g-api.service[75424]: DEBUG glance.api.middleware.version_negotiation [None req-eed36205-962c-486c-a062-044ab8c20bb6 admin admin] Determining version of request: GET /v2/images/387673d4-32be-46f1-ac10-dc57e9b103be Accept: */* {{(pid=75424) process_request /opt/stack/glance/glance/api/middleware/version_negotiation.py:44}}
Feb 05 23:57:32 devstack devstack@g-api.service[75424]: DEBUG glance.api.middleware.version_negotiation [None req-eed36205-962c-486c-a062-044ab8c20bb6 admin admin] Using url versioning {{(pid=75424) process_request /opt/stack/glance/glance/api/middleware/version_negotiation.py:57}}
Feb 05 23:57:32 devstack devstack@g-api.service[75424]: DEBUG glance.api.middleware.version_negotiation [None req-eed36205-962c-486c-a062-044ab8c20bb6 admin admin] Matched version: v2 {{(pid=75424) process_request /opt/stack/glance/glance/api/middleware/version_negotiation.py:69}}
Feb 05 23:57:32 devstack devstack@g-api.service[75424]: DEBUG glance.api.middleware.version_negotiation [None req-eed36205-962c-486c-a062-044ab8c20bb6 admin admin] new path /v2/images/387673d4-32be-46f1-ac10-dc57e9b103be {{(pid=75424) process_request /opt/stack/glance/glance/api/middleware/version_negotiation.py:70}}
Feb 05 23:57:32 devstack devstack@g-api.service[75424]: [pid: 75424|app: 0|req: 5/11] 127.0.0.1 () {36 vars in 798 bytes} [Thu Feb 5 23:57:32 2026] GET /v2/images/387673d4-32be-46f1-ac10-dc57e9b103be => generated 976 bytes in 42 msecs (HTTP/1.1 200) 4 headers in 157 bytes (1 switches on core 0)
Feb 05 23:57:42 devstack devstack@g-api.service[75424]: DEBUG dbcounter [-] [75424] Writing DB stats glance:SELECT=5 {{(pid=75424) stat_writer /opt/stack/data/venv/lib/python3.10/site-packages/dbcounter.py:115}}
Feb 05 23:58:50 devstack devstack@g-api.service[75425]: DEBUG glance.api.middleware.version_negotiation [None req-0bb261b2-3fd5-4cd3-acc6-689b46769688 admin admin] Determining version of request: GET / Accept: application/json {{(pid=75425) process_request /opt/stack/glance/glance/api/middleware/version_negotiation.py:44}}
Feb 05 23:58:50 devstack devstack@g-api.service[75425]: DEBUG glance.api.middleware.version_negotiation [None req-0bb261b2-3fd5-4cd3-acc6-689b46769688 admin admin] Using url versioning {{(pid=75425) process_request /opt/stack/glance/glance/api/middleware/version_negotiation.py:57}}
Feb 05 23:58:50 devstack devstack@g-api.service[75425]: DEBUG glance.api.middleware.version_negotiation [None req-0bb261b2-3fd5-4cd3-acc6-689b46769688 admin admin] Unknown version. Returning version choices. {{(pid=75425) process_request /opt/stack/glance/glance/api/middleware/version_negotiation.py:64}}
Feb 05 23:58:50 devstack devstack@g-api.service[75425]: [pid: 75425|app: 0|req: 7/12] 127.0.0.1 () {36 vars in 486 bytes} [Thu Feb 5 23:58:50 2026] GET / => generated 1459 bytes in 2 msecs (HTTP/1.1 300) 3 headers in 106 bytes (1 switches on core 0)
Feb 05 23:59:41 devstack devstack@g-api.service[75424]: DEBUG glance.api.middleware.version_negotiation [None req-91bdd9e8-d3da-4ff1-a289-5b0b8378cc8a admin admin] Determining version of request: GET /v2/images/387673d4-32be-46f1-ac10-dc57e9b103be Accept: application/json {{(pid=75424) process_request /opt/stack/glance/glance/api/middleware/version_negotiation.py:44}}
Feb 05 23:59:41 devstack devstack@g-api.service[75424]: DEBUG glance.api.middleware.version_negotiation [None req-91bdd9e8-d3da-4ff1-a289-5b0b8378cc8a admin admin] Using url versioning {{(pid=75424) process_request /opt/stack/glance/glance/api/middleware/version_negotiation.py:57}}
Feb 05 23:59:41 devstack devstack@g-api.service[75424]: DEBUG glance.api.middleware.version_negotiation [None req-91bdd9e8-d3da-4ff1-a289-5b0b8378cc8a admin admin] Matched version: v2 {{(pid=75424) process_request /opt/stack/glance/glance/api/middleware/version_negotiation.py:69}}
Feb 05 23:59:41 devstack devstack@g-api.service[75424]: DEBUG glance.api.middleware.version_negotiation [None req-91bdd9e8-d3da-4ff1-a289-5b0b8378cc8a admin admin] new path /v2/images/387673d4-32be-46f1-ac10-dc57e9b103be {{(pid=75424) process_request /opt/stack/glance/glance/api/middleware/version_negotiation.py:70}}
Feb 05 23:59:42 devstack devstack@g-api.service[75424]: [pid: 75424|app: 0|req: 6/13] 127.0.0.1 () {38 vars in 782 bytes} [Thu Feb 5 23:59:41 2026] GET /v2/images/387673d4-32be-46f1-ac10-dc57e9b103be => generated 976 bytes in 139 msecs (HTTP/1.1 200) 4 headers in 157 bytes (1 switches on core 0)
Feb 05 23:59:42 devstack devstack@g-api.service[75425]: DEBUG glance.api.middleware.version_negotiation [None req-0bb261b2-3fd5-4cd3-acc6-689b46769688 admin admin] Determining version of request: GET /v2/images/387673d4-32be-46f1-ac10-dc57e9b103be/file Accept: application/json {{(pid=75425) process_request /opt/stack/glance/glance/api/middleware/version_negotiation.py:44}}
Feb 05 23:59:42 devstack devstack@g-api.service[75425]: DEBUG glance.api.middleware.version_negotiation [None req-0bb261b2-3fd5-4cd3-acc6-689b46769688 admin admin] Using url versioning {{(pid=75425) process_request /opt/stack/glance/glance/api/middleware/version_negotiation.py:57}}
Feb 05 23:59:42 devstack devstack@g-api.service[75425]: DEBUG glance.api.middleware.version_negotiation [None req-0bb261b2-3fd5-4cd3-acc6-689b46769688 admin admin] Matched version: v2 {{(pid=75425) process_request /opt/stack/glance/glance/api/middleware/version_negotiation.py:69}}
Feb 05 23:59:42 devstack devstack@g-api.service[75425]: DEBUG glance.api.middleware.version_negotiation [None req-0bb261b2-3fd5-4cd3-acc6-689b46769688 admin admin] new path /v2/images/387673d4-32be-46f1-ac10-dc57e9b103be/file {{(pid=75425) process_request /opt/stack/glance/glance/api/middleware/version_negotiation.py:70}}
Feb 05 23:59:42 devstack devstack@g-api.service[75425]: DEBUG glance_store._drivers.filesystem [None req-0938b9c2-5761-4eb8-a44f-735e424badd4 tempest-AttachSCSIVolumeTestJSON-687354627 tempest-AttachSCSIVolumeTestJSON-687354627-project-admin] Found image at /opt/stack/data/glance/images/387673d4-32be-46f1-ac10-dc57e9b103be. Returning in ChunkedFile. {{(pid=75425) get /opt/stack/data/venv/lib/python3.10/site-packages/glance_store/_drivers/filesystem.py:618}}
Feb 05 23:59:42 devstack devstack@g-api.service[75425]: DEBUG glance.image_cache [None req-0938b9c2-5761-4eb8-a44f-735e424badd4 tempest-AttachSCSIVolumeTestJSON-687354627 tempest-AttachSCSIVolumeTestJSON-687354627-project-admin] Tee'ing image '387673d4-32be-46f1-ac10-dc57e9b103be' into cache {{(pid=75425) get_caching_iter /opt/stack/glance/glance/image_cache/__init__.py:350}}
Feb 05 23:59:42 devstack devstack@g-api.service[75424]: DEBUG glance.api.middleware.version_negotiation [None req-40c8f673-3a33-449e-aa24-d6af829da53d tempest-AttachSCSIVolumeTestJSON-831781094 tempest-AttachSCSIVolumeTestJSON-831781094-project-reader] Determining version of request: POST /v2/images Accept: application/json {{(pid=75424) process_request /opt/stack/glance/glance/api/middleware/version_negotiation.py:44}}
Feb 05 23:59:42 devstack devstack@g-api.service[75424]: DEBUG glance.api.middleware.version_negotiation [None req-40c8f673-3a33-449e-aa24-d6af829da53d tempest-AttachSCSIVolumeTestJSON-831781094 tempest-AttachSCSIVolumeTestJSON-831781094-project-reader] Using url versioning {{(pid=75424) process_request /opt/stack/glance/glance/api/middleware/version_negotiation.py:57}}
Feb 05 23:59:42 devstack devstack@g-api.service[75424]: DEBUG glance.api.middleware.version_negotiation [None req-40c8f673-3a33-449e-aa24-d6af829da53d tempest-AttachSCSIVolumeTestJSON-831781094 tempest-AttachSCSIVolumeTestJSON-831781094-project-reader] Matched version: v2 {{(pid=75424) process_request /opt/stack/glance/glance/api/middleware/version_negotiation.py:69}}
Feb 05 23:59:42 devstack devstack@g-api.service[75424]: DEBUG glance.api.middleware.version_negotiation [None req-40c8f673-3a33-449e-aa24-d6af829da53d tempest-AttachSCSIVolumeTestJSON-831781094 tempest-AttachSCSIVolumeTestJSON-831781094-project-reader] new path /v2/images {{(pid=75424) process_request /opt/stack/glance/glance/api/middleware/version_negotiation.py:70}}
Feb 05 23:59:42 devstack devstack@g-api.service[75424]: [pid: 75424|app: 0|req: 7/14] 127.0.0.1 () {40 vars in 730 bytes} [Thu Feb 5 23:59:42 2026] POST /v2/images => generated 690 bytes in 561 msecs (HTTP/1.1 201) 6 headers in 314 bytes (1 switches on core 0)
Feb 05 23:59:42 devstack devstack@g-api.service[75424]: DEBUG glance.api.middleware.version_negotiation [None req-99e8caa7-f034-4e6c-bb9c-14fa40660fb3 tempest-AttachSCSIVolumeTestJSON-687354627 tempest-AttachSCSIVolumeTestJSON-687354627-project-admin] Determining version of request: PUT /v2/images/2c6fedf5-e0d6-4a61-8f87-977efca146da/file Accept: {{(pid=75424) process_request /opt/stack/glance/glance/api/middleware/version_negotiation.py:44}}
Feb 05 23:59:42 devstack devstack@g-api.service[75424]: DEBUG glance.api.middleware.version_negotiation [None req-99e8caa7-f034-4e6c-bb9c-14fa40660fb3 tempest-AttachSCSIVolumeTestJSON-687354627 tempest-AttachSCSIVolumeTestJSON-687354627-project-admin] Using url versioning {{(pid=75424) process_request /opt/stack/glance/glance/api/middleware/version_negotiation.py:57}}
Feb 05 23:59:42 devstack devstack@g-api.service[75424]: DEBUG glance.api.middleware.version_negotiation [None req-99e8caa7-f034-4e6c-bb9c-14fa40660fb3 tempest-AttachSCSIVolumeTestJSON-687354627 tempest-AttachSCSIVolumeTestJSON-687354627-project-admin] Matched version: v2 {{(pid=75424) process_request /opt/stack/glance/glance/api/middleware/version_negotiation.py:69}}
Feb 05 23:59:42 devstack devstack@g-api.service[75424]: DEBUG glance.api.middleware.version_negotiation [None req-99e8caa7-f034-4e6c-bb9c-14fa40660fb3 tempest-AttachSCSIVolumeTestJSON-687354627 tempest-AttachSCSIVolumeTestJSON-687354627-project-admin] new path /v2/images/2c6fedf5-e0d6-4a61-8f87-977efca146da/file {{(pid=75424) process_request /opt/stack/glance/glance/api/middleware/version_negotiation.py:70}}
Feb 05 23:59:43 devstack devstack@g-api.service[75425]: DEBUG glance.image_cache.drivers.centralized_db [None req-0938b9c2-5761-4eb8-a44f-735e424badd4 tempest-AttachSCSIVolumeTestJSON-687354627 tempest-AttachSCSIVolumeTestJSON-687354627-project-admin] Fetch finished, moving '/opt/stack/data/glance/cache/incomplete/387673d4-32be-46f1-ac10-dc57e9b103be' to '/opt/stack/data/glance/cache/387673d4-32be-46f1-ac10-dc57e9b103be' {{(pid=75425) commit /opt/stack/glance/glance/image_cache/drivers/centralized_db.py:235}}
Feb 05 23:59:43 devstack devstack@g-api.service[75425]: DEBUG glance.image_cache.drivers.centralized_db [None req-0938b9c2-5761-4eb8-a44f-735e424badd4 tempest-AttachSCSIVolumeTestJSON-687354627 tempest-AttachSCSIVolumeTestJSON-687354627-project-admin] Image cached successfully. {{(pid=75425) commit /opt/stack/glance/glance/image_cache/drivers/centralized_db.py:250}}
Feb 05 23:59:43 devstack devstack@g-api.service[75425]: [pid: 75425|app: 0|req: 8/15] 127.0.0.1 () {38 vars in 792 bytes} [Thu Feb 5 23:59:42 2026] GET /v2/images/387673d4-32be-46f1-ac10-dc57e9b103be/file => generated 21692416 bytes in 964 msecs (HTTP/1.1 200) 4 headers in 191 bytes (335 switches on core 0)
Feb 05 23:59:43 devstack devstack@g-api.service[75424]: INFO glance.api.v2.image_data [None req-fc4f9180-08e1-4b86-b0f3-5d7835be5ed6 tempest-AttachSCSIVolumeTestJSON-687354627 tempest-AttachSCSIVolumeTestJSON-687354627-project-admin] Unable to create trust: no such option collect_timing in group [keystone_authtoken] Use the existing user token.
Feb 05 23:59:43 devstack devstack@g-api.service[75424]: DEBUG glance.location [None req-fc4f9180-08e1-4b86-b0f3-5d7835be5ed6 tempest-AttachSCSIVolumeTestJSON-687354627 tempest-AttachSCSIVolumeTestJSON-687354627-project-admin] Enabling in-flight format inspection for qcow2 {{(pid=75424) set_data /opt/stack/glance/glance/location.py:616}}
Feb 05 23:59:43 devstack devstack@g-api.service[75424]: DEBUG oslo_utils.imageutils.format_inspector [None req-fc4f9180-08e1-4b86-b0f3-5d7835be5ed6 tempest-AttachSCSIVolumeTestJSON-687354627 tempest-AttachSCSIVolumeTestJSON-687354627-project-admin] Format inspector for vmdk does not match, excluding from consideration (Signature KDMV not found: b'QFI\xfb') {{(pid=75424) _process_chunk /opt/stack/data/venv/lib/python3.10/site-packages/oslo_utils/imageutils/format_inspector.py:1537}}
Feb 05 23:59:43 devstack devstack@g-api.service[75424]: DEBUG oslo_utils.imageutils.format_inspector [None req-fc4f9180-08e1-4b86-b0f3-5d7835be5ed6 tempest-AttachSCSIVolumeTestJSON-687354627 tempest-AttachSCSIVolumeTestJSON-687354627-project-admin] Format inspector for vhdx does not match, excluding from consideration (Region signature not found at 30000) {{(pid=75424) _process_chunk /opt/stack/data/venv/lib/python3.10/site-packages/oslo_utils/imageutils/format_inspector.py:1537}}
Feb 05 23:59:44 devstack devstack@g-api.service[75424]: DEBUG glance_store._drivers.filesystem [None req-fc4f9180-08e1-4b86-b0f3-5d7835be5ed6 tempest-AttachSCSIVolumeTestJSON-687354627 tempest-AttachSCSIVolumeTestJSON-687354627-project-admin] Wrote 21692416 bytes to /opt/stack/data/glance/images/2c6fedf5-e0d6-4a61-8f87-977efca146da with checksum 87617e24a5e30cb3b87fda8c0764838f and multihash 9a9bce0083a00939ec17c11febbfc767aa211aaa54f51e75c5a8b271a9b5637c77205a518b7a2007cb391d23cceb01e0e4e8d64832317151bc85b734b92a7be0 {{(pid=75424) add /opt/stack/data/venv/lib/python3.10/site-packages/glance_store/_drivers/filesystem.py:794}}
Feb 05 23:59:44 devstack devstack@g-api.service[75424]: INFO glance.location [None req-fc4f9180-08e1-4b86-b0f3-5d7835be5ed6 tempest-AttachSCSIVolumeTestJSON-687354627 tempest-AttachSCSIVolumeTestJSON-687354627-project-admin] Image format matched and virtual size computed: 117440512
Feb 05 23:59:44 devstack devstack@g-api.service[75424]: DEBUG glance_store.backend [None req-fc4f9180-08e1-4b86-b0f3-5d7835be5ed6 tempest-AttachSCSIVolumeTestJSON-687354627 tempest-AttachSCSIVolumeTestJSON-687354627-project-admin] Skipping store.set_acls... not implemented. {{(pid=75424) set_acls /opt/stack/data/venv/lib/python3.10/site-packages/glance_store/backend.py:507}}
Feb 05 23:59:44 devstack devstack@g-api.service[75424]: [pid: 75424|app: 0|req: 8/16] 127.0.0.1 () {38 vars in 802 bytes} [Thu Feb 5 23:59:42 2026] PUT /v2/images/2c6fedf5-e0d6-4a61-8f87-977efca146da/file => generated 0 bytes in 1345 msecs (HTTP/1.1 204) 4 headers in 171 bytes (1 switches on core 0)
Feb 05 23:59:46 devstack devstack@g-api.service[75425]: DEBUG glance.api.middleware.version_negotiation [None req-0938b9c2-5761-4eb8-a44f-735e424badd4 tempest-AttachSCSIVolumeTestJSON-687354627 tempest-AttachSCSIVolumeTestJSON-687354627-project-admin] Determining version of request: GET /v2/images/387673d4-32be-46f1-ac10-dc57e9b103be Accept: */* {{(pid=75425) process_request /opt/stack/glance/glance/api/middleware/version_negotiation.py:44}}
Feb 05 23:59:46 devstack devstack@g-api.service[75425]: DEBUG glance.api.middleware.version_negotiation [None req-0938b9c2-5761-4eb8-a44f-735e424badd4 tempest-AttachSCSIVolumeTestJSON-687354627 tempest-AttachSCSIVolumeTestJSON-687354627-project-admin] Using url versioning {{(pid=75425) process_request /opt/stack/glance/glance/api/middleware/version_negotiation.py:57}}
Feb 05 23:59:46 devstack devstack@g-api.service[75425]: DEBUG glance.api.middleware.version_negotiation [None req-0938b9c2-5761-4eb8-a44f-735e424badd4 tempest-AttachSCSIVolumeTestJSON-687354627 tempest-AttachSCSIVolumeTestJSON-687354627-project-admin] Matched version: v2 {{(pid=75425) process_request /opt/stack/glance/glance/api/middleware/version_negotiation.py:69}}
Feb 05 23:59:46 devstack devstack@g-api.service[75425]: DEBUG glance.api.middleware.version_negotiation [None req-0938b9c2-5761-4eb8-a44f-735e424badd4 tempest-AttachSCSIVolumeTestJSON-687354627 tempest-AttachSCSIVolumeTestJSON-687354627-project-admin] new path /v2/images/387673d4-32be-46f1-ac10-dc57e9b103be {{(pid=75425) process_request /opt/stack/glance/glance/api/middleware/version_negotiation.py:70}}
Feb 05 23:59:46 devstack devstack@g-api.service[75425]: WARNING keystonemiddleware.auth_token [None req-0938b9c2-5761-4eb8-a44f-735e424badd4 tempest-AttachSCSIVolumeTestJSON-687354627 tempest-AttachSCSIVolumeTestJSON-687354627-project-admin] A valid token was submitted as a service token, but it was not a valid service token. This is incorrect but backwards compatible behaviour. This will be removed in future releases.
Feb 05 23:59:46 devstack devstack@g-api.service[75425]: [pid: 75425|app: 0|req: 9/17] 127.0.0.1 () {42 vars in 1057 bytes} [Thu Feb 5 23:59:46 2026] GET /v2/images/387673d4-32be-46f1-ac10-dc57e9b103be => generated 976 bytes in 85 msecs (HTTP/1.1 200) 4 headers in 157 bytes (1 switches on core 0)
Feb 05 23:59:46 devstack devstack@g-api.service[75424]: DEBUG glance.api.middleware.version_negotiation [None req-fc4f9180-08e1-4b86-b0f3-5d7835be5ed6 tempest-AttachSCSIVolumeTestJSON-687354627 tempest-AttachSCSIVolumeTestJSON-687354627-project-admin] Determining version of request: GET /v2/schemas/image Accept: */* {{(pid=75424) process_request /opt/stack/glance/glance/api/middleware/version_negotiation.py:44}}
Feb 05 23:59:46 devstack devstack@g-api.service[75424]: DEBUG glance.api.middleware.version_negotiation [None req-fc4f9180-08e1-4b86-b0f3-5d7835be5ed6 tempest-AttachSCSIVolumeTestJSON-687354627 tempest-AttachSCSIVolumeTestJSON-687354627-project-admin] Using url versioning {{(pid=75424) process_request /opt/stack/glance/glance/api/middleware/version_negotiation.py:57}}
Feb 05 23:59:46 devstack devstack@g-api.service[75424]: DEBUG glance.api.middleware.version_negotiation [None req-fc4f9180-08e1-4b86-b0f3-5d7835be5ed6 tempest-AttachSCSIVolumeTestJSON-687354627 tempest-AttachSCSIVolumeTestJSON-687354627-project-admin] Matched version: v2 {{(pid=75424) process_request /opt/stack/glance/glance/api/middleware/version_negotiation.py:69}}
Feb 05 23:59:46 devstack devstack@g-api.service[75424]: DEBUG glance.api.middleware.version_negotiation [None req-fc4f9180-08e1-4b86-b0f3-5d7835be5ed6 tempest-AttachSCSIVolumeTestJSON-687354627 tempest-AttachSCSIVolumeTestJSON-687354627-project-admin] new path /v2/schemas/image {{(pid=75424) process_request /opt/stack/glance/glance/api/middleware/version_negotiation.py:70}}
Feb 05 23:59:46 devstack devstack@g-api.service[75424]: WARNING keystonemiddleware.auth_token [None req-fc4f9180-08e1-4b86-b0f3-5d7835be5ed6 tempest-AttachSCSIVolumeTestJSON-687354627 tempest-AttachSCSIVolumeTestJSON-687354627-project-admin] A valid token was submitted as a service token, but it was not a valid service token. This is incorrect but backwards compatible behaviour. This will be removed in future releases.
Feb 05 23:59:46 devstack devstack@g-api.service[75424]: [pid: 75424|app: 0|req: 9/18] 127.0.0.1 () {42 vars in 997 bytes} [Thu Feb 5 23:59:46 2026] GET /v2/schemas/image => generated 6083 bytes in 9 msecs (HTTP/1.1 200) 4 headers in 158 bytes (1 switches on core 0)
Feb 05 23:59:46 devstack devstack@g-api.service[75425]: DEBUG glance.api.middleware.version_negotiation [None req-308a327e-1838-47b1-bfc8-56178aaa59f2 tempest-TaggedBootDevicesTest_v242-832543744 tempest-TaggedBootDevicesTest_v242-832543744-project-member] Determining version of request: GET /v2/schemas/image Accept: */* {{(pid=75425) process_request /opt/stack/glance/glance/api/middleware/version_negotiation.py:44}}
Feb 05 23:59:46 devstack devstack@g-api.service[75425]: DEBUG glance.api.middleware.version_negotiation [None req-308a327e-1838-47b1-bfc8-56178aaa59f2 tempest-TaggedBootDevicesTest_v242-832543744 tempest-TaggedBootDevicesTest_v242-832543744-project-member] Using url versioning {{(pid=75425) process_request /opt/stack/glance/glance/api/middleware/version_negotiation.py:57}}
Feb 05 23:59:46 devstack devstack@g-api.service[75425]: DEBUG glance.api.middleware.version_negotiation [None req-308a327e-1838-47b1-bfc8-56178aaa59f2 tempest-TaggedBootDevicesTest_v242-832543744 tempest-TaggedBootDevicesTest_v242-832543744-project-member] Matched version: v2 {{(pid=75425) process_request /opt/stack/glance/glance/api/middleware/version_negotiation.py:69}}
Feb 05 23:59:46 devstack devstack@g-api.service[75425]: DEBUG glance.api.middleware.version_negotiation [None req-308a327e-1838-47b1-bfc8-56178aaa59f2 tempest-TaggedBootDevicesTest_v242-832543744 tempest-TaggedBootDevicesTest_v242-832543744-project-member] new path /v2/schemas/image {{(pid=75425) process_request /opt/stack/glance/glance/api/middleware/version_negotiation.py:70}}
Feb 05 23:59:46 devstack devstack@g-api.service[75425]: [pid: 75425|app: 0|req: 10/19] 127.0.0.1 () {42 vars in 997 bytes} [Thu Feb 5 23:59:46 2026] GET /v2/schemas/image => generated 6083 bytes in 19 msecs (HTTP/1.1 200) 4 headers in 158 bytes (1 switches on core 0)
Feb 05 23:59:46 devstack devstack@g-api.service[75424]: DEBUG glance.api.middleware.version_negotiation [None req-308a327e-1838-47b1-bfc8-56178aaa59f2 tempest-TaggedBootDevicesTest_v242-832543744 tempest-TaggedBootDevicesTest_v242-832543744-project-member] Determining version of request: GET /v2/images/387673d4-32be-46f1-ac10-dc57e9b103be Accept: */* {{(pid=75424) process_request /opt/stack/glance/glance/api/middleware/version_negotiation.py:44}}
Feb 05 23:59:46 devstack devstack@g-api.service[75424]: DEBUG glance.api.middleware.version_negotiation [None req-308a327e-1838-47b1-bfc8-56178aaa59f2 tempest-TaggedBootDevicesTest_v242-832543744 tempest-TaggedBootDevicesTest_v242-832543744-project-member] Using url versioning {{(pid=75424) process_request /opt/stack/glance/glance/api/middleware/version_negotiation.py:57}}
Feb 05 23:59:46 devstack devstack@g-api.service[75424]: DEBUG glance.api.middleware.version_negotiation [None req-308a327e-1838-47b1-bfc8-56178aaa59f2 tempest-TaggedBootDevicesTest_v242-832543744 tempest-TaggedBootDevicesTest_v242-832543744-project-member] Matched version: v2 {{(pid=75424) process_request /opt/stack/glance/glance/api/middleware/version_negotiation.py:69}}
Feb 05 23:59:46 devstack devstack@g-api.service[75424]: DEBUG glance.api.middleware.version_negotiation [None req-308a327e-1838-47b1-bfc8-56178aaa59f2 tempest-TaggedBootDevicesTest_v242-832543744 tempest-TaggedBootDevicesTest_v242-832543744-project-member] new path /v2/images/387673d4-32be-46f1-ac10-dc57e9b103be {{(pid=75424) process_request /opt/stack/glance/glance/api/middleware/version_negotiation.py:70}}
Feb 05 23:59:46 devstack devstack@g-api.service[75425]: DEBUG glance.api.middleware.version_negotiation [None req-308a327e-1838-47b1-bfc8-56178aaa59f2 tempest-TaggedBootDevicesTest_v242-832543744 tempest-TaggedBootDevicesTest_v242-832543744-project-member] Determining version of request: GET /v2/schemas/image Accept: */* {{(pid=75425) process_request /opt/stack/glance/glance/api/middleware/version_negotiation.py:44}}
Feb 05 23:59:46 devstack devstack@g-api.service[75425]: DEBUG glance.api.middleware.version_negotiation [None req-308a327e-1838-47b1-bfc8-56178aaa59f2 tempest-TaggedBootDevicesTest_v242-832543744 tempest-TaggedBootDevicesTest_v242-832543744-project-member] Using url versioning {{(pid=75425) process_request /opt/stack/glance/glance/api/middleware/version_negotiation.py:57}}
Feb 05 23:59:46 devstack devstack@g-api.service[75425]: DEBUG glance.api.middleware.version_negotiation [None req-308a327e-1838-47b1-bfc8-56178aaa59f2 tempest-TaggedBootDevicesTest_v242-832543744 tempest-TaggedBootDevicesTest_v242-832543744-project-member] Matched version: v2 {{(pid=75425) process_request /opt/stack/glance/glance/api/middleware/version_negotiation.py:69}}
Feb 05 23:59:46 devstack devstack@g-api.service[75425]: DEBUG glance.api.middleware.version_negotiation [None req-308a327e-1838-47b1-bfc8-56178aaa59f2 tempest-TaggedBootDevicesTest_v242-832543744 tempest-TaggedBootDevicesTest_v242-832543744-project-member] new path /v2/schemas/image {{(pid=75425) process_request /opt/stack/glance/glance/api/middleware/version_negotiation.py:70}}
Feb 05 23:59:46 devstack devstack@g-api.service[75424]: [pid: 75424|app: 0|req: 10/20] 127.0.0.1 () {42 vars in 1057 bytes} [Thu Feb 5 23:59:46 2026] GET /v2/images/387673d4-32be-46f1-ac10-dc57e9b103be => generated 976 bytes in 24 msecs (HTTP/1.1 200) 4 headers in 157 bytes (1 switches on core 0)
Feb 05 23:59:46 devstack devstack@g-api.service[75425]: [pid: 75425|app: 0|req: 11/21] 127.0.0.1 () {42 vars in 997 bytes} [Thu Feb 5 23:59:46 2026] GET /v2/schemas/image => generated 6083 bytes in 9 msecs (HTTP/1.1 200) 4 headers in 158 bytes (1 switches on core 0)
