Feb 06 00:01:21 devstack cinder-volume[82734]: INFO cinder.volume.manager [None req-10483873-f12f-463a-b59d-3314280dbe6a tempest-SnapshotsActionsTest-1318237071 None] Delete snapshot completed successfully.
Feb 06 00:01:21 devstack cinder-volume[82734]: DEBUG cinder.coordination [None req-10483873-f12f-463a-b59d-3314280dbe6a tempest-SnapshotsActionsTest-1318237071 None] Lock "cinder-7d7c544e-87bb-428e-9d66-5755fc3bbfbb-delete_snapshot" released by "delete_snapshot" :: held 4.804s {{(pid=82734) __release /opt/stack/cinder/cinder/coordination.py:157}}
Feb 06 00:01:22 devstack cinder-volume[82734]: WARNING cinder.volume.volume_utils [None req-889f6b6c-8d32-44e7-807c-c25acb2e47a4 tempest-SnapshotsActionsTest-1995950949 None] Volume driver (QuobyteDriver 1.1.14) is currently unsupported and may be removed in the next release of OpenStack. Use at your own risk.
Feb 06 00:01:22 devstack cinder-volume[82734]: DEBUG oslo_concurrency.lockutils [None req-889f6b6c-8d32-44e7-807c-c25acb2e47a4 tempest-SnapshotsActionsTest-1995950949 None] Acquiring lock "quobyte" by "cinder.volume.drivers.quobyte.QuobyteDriver.create_snapshot" {{(pid=82734) inner /opt/stack/data/venv/lib/python3.10/site-packages/oslo_concurrency/lockutils.py:506}}
Feb 06 00:01:22 devstack cinder-volume[82734]: DEBUG oslo_concurrency.lockutils [None req-889f6b6c-8d32-44e7-807c-c25acb2e47a4 tempest-SnapshotsActionsTest-1995950949 None] Lock "quobyte" acquired by "cinder.volume.drivers.quobyte.QuobyteDriver.create_snapshot" :: waited 0.003s {{(pid=82734) inner /opt/stack/data/venv/lib/python3.10/site-packages/oslo_concurrency/lockutils.py:519}}
Feb 06 00:01:22 devstack cinder-volume[82734]: DEBUG cinder.volume.drivers.remotefs [None req-889f6b6c-8d32-44e7-807c-c25acb2e47a4 tempest-SnapshotsActionsTest-1995950949 None] Creating offline snapshot af2f92da-c27f-441b-9306-b94a9e3a0a43 of volume 1ab4dbc8-f110-464d-8beb-1507523b26de {{(pid=82734) _create_snapshot /opt/stack/cinder/cinder/volume/drivers/remotefs.py:1817}}
Feb 06 00:01:22 devstack cinder-volume[82734]: DEBUG oslo.privsep.daemon [-] privsep: reply[3fbac48b-2b40-448d-95b7-4fef9b972094]: (4, 'qcow2') {{(pid=83557) _call_back /opt/stack/data/venv/lib/python3.10/site-packages/oslo_privsep/daemon.py:515}}
Feb 06 00:01:22 devstack cinder-volume[82734]: DEBUG oslo_concurrency.processutils [None req-889f6b6c-8d32-44e7-807c-c25acb2e47a4 tempest-SnapshotsActionsTest-1995950949 None] Running cmd (subprocess): /opt/stack/data/venv/bin/python3.10 -m oslo_concurrency.prlimit --as=1073741824 --cpu=60 -- sudo cinder-rootwrap /etc/cinder/rootwrap.conf env LC_ALL=C qemu-img info -f qcow2 --output=json --force-share /opt/stack/data/cinder/mnt/74c3f2455d03cfa5d872582aab6d1e1a/volume-1ab4dbc8-f110-464d-8beb-1507523b26de.ca778e0e-86bf-4795-abf9-3cf43b43b40a {{(pid=82734) execute /opt/stack/data/venv/lib/python3.10/site-packages/oslo_concurrency/processutils.py:368}}
Feb 06 00:01:22 devstack sudo[85050]: quobyte : PWD=/ ; USER=root ; COMMAND=/opt/stack/data/venv/bin/cinder-rootwrap /etc/cinder/rootwrap.conf env LC_ALL=C qemu-img info -f qcow2 --output=json --force-share /opt/stack/data/cinder/mnt/74c3f2455d03cfa5d872582aab6d1e1a/volume-1ab4dbc8-f110-464d-8beb-1507523b26de.ca778e0e-86bf-4795-abf9-3cf43b43b40a
Feb 06 00:01:22 devstack sudo[85050]: pam_unix(sudo:session): session opened for user root(uid=0) by (uid=1000)
Feb 06 00:01:22 devstack cinder-volume[82734]: DEBUG oslo_concurrency.lockutils [req-c8e15cf9-5294-474c-b169-cb15bab6cb4a req-d69746d0-2b23-4dac-a3a5-6d5fc5752e76 tempest-AttachSCSIVolumeTestJSON-831781094 None] Acquiring lock "quobyte" by "cinder.volume.drivers.quobyte.QuobyteDriver.initialize_connection" {{(pid=82734) inner /opt/stack/data/venv/lib/python3.10/site-packages/oslo_concurrency/lockutils.py:506}}
Feb 06 00:01:23 devstack sudo[85050]: pam_unix(sudo:session): session closed for user root
Feb 06 00:01:23 devstack cinder-volume[82734]: DEBUG oslo_concurrency.processutils [None req-889f6b6c-8d32-44e7-807c-c25acb2e47a4 tempest-SnapshotsActionsTest-1995950949 None] CMD "/opt/stack/data/venv/bin/python3.10 -m oslo_concurrency.prlimit --as=1073741824 --cpu=60 -- sudo cinder-rootwrap /etc/cinder/rootwrap.conf env LC_ALL=C qemu-img info -f qcow2 --output=json --force-share /opt/stack/data/cinder/mnt/74c3f2455d03cfa5d872582aab6d1e1a/volume-1ab4dbc8-f110-464d-8beb-1507523b26de.ca778e0e-86bf-4795-abf9-3cf43b43b40a" returned: 0 in 0.800s {{(pid=82734) execute /opt/stack/data/venv/lib/python3.10/site-packages/oslo_concurrency/processutils.py:396}}
Feb 06 00:01:23 devstack cinder-volume[82734]: DEBUG cinder.volume.drivers.remotefs [None req-889f6b6c-8d32-44e7-807c-c25acb2e47a4 tempest-SnapshotsActionsTest-1995950949 None] Fetching qemu-img info with special backing_file_template: (/opt/stack/data/cinder/mnt/[0-9a-f]+/)?(volume-1ab4dbc8-f110-464d-8beb-1507523b26de(.(tmp-snap-)?[0-9a-f-]+)?|volume_from_snapshot_cache/(tmp-snap-)?[0-9a-f-]+(.(child-|parent-)[0-9a-f-]+)?)$ {{(pid=82734) _qemu_img_info_base /opt/stack/cinder/cinder/volume/drivers/remotefs.py:898}}
Feb 06 00:01:23 devstack cinder-volume[82734]: DEBUG oslo_concurrency.processutils [None req-889f6b6c-8d32-44e7-807c-c25acb2e47a4 tempest-SnapshotsActionsTest-1995950949 None] Running cmd (subprocess): sudo cinder-rootwrap /etc/cinder/rootwrap.conf qemu-img create -f qcow2 -o backing_file=/opt/stack/data/cinder/mnt/74c3f2455d03cfa5d872582aab6d1e1a/volume-1ab4dbc8-f110-464d-8beb-1507523b26de.ca778e0e-86bf-4795-abf9-3cf43b43b40a,backing_fmt=qcow2 /opt/stack/data/cinder/mnt/74c3f2455d03cfa5d872582aab6d1e1a/volume-1ab4dbc8-f110-464d-8beb-1507523b26de.af2f92da-c27f-441b-9306-b94a9e3a0a43 1G {{(pid=82734) execute /opt/stack/data/venv/lib/python3.10/site-packages/oslo_concurrency/processutils.py:368}}
Feb 06 00:01:23 devstack sudo[85064]: quobyte : PWD=/ ; USER=root ; COMMAND=/opt/stack/data/venv/bin/cinder-rootwrap /etc/cinder/rootwrap.conf qemu-img create -f qcow2 -o backing_file=/opt/stack/data/cinder/mnt/74c3f2455d03cfa5d872582aab6d1e1a/volume-1ab4dbc8-f110-464d-8beb-1507523b26de.ca778e0e-86bf-4795-abf9-3cf43b43b40a,backing_fmt=qcow2 /opt/stack/data/cinder/mnt/74c3f2455d03cfa5d872582aab6d1e1a/volume-1ab4dbc8-f110-464d-8beb-1507523b26de.af2f92da-c27f-441b-9306-b94a9e3a0a43 1G
Feb 06 00:01:23 devstack sudo[85064]: pam_unix(sudo:session): session opened for user root(uid=0) by (uid=1000)
Feb 06 00:01:23 devstack sudo[85064]: pam_unix(sudo:session): session closed for user root
Feb 06 00:01:23 devstack cinder-volume[82734]: DEBUG oslo_concurrency.processutils [None req-889f6b6c-8d32-44e7-807c-c25acb2e47a4 tempest-SnapshotsActionsTest-1995950949 None] CMD "sudo cinder-rootwrap /etc/cinder/rootwrap.conf qemu-img create -f qcow2 -o backing_file=/opt/stack/data/cinder/mnt/74c3f2455d03cfa5d872582aab6d1e1a/volume-1ab4dbc8-f110-464d-8beb-1507523b26de.ca778e0e-86bf-4795-abf9-3cf43b43b40a,backing_fmt=qcow2 /opt/stack/data/cinder/mnt/74c3f2455d03cfa5d872582aab6d1e1a/volume-1ab4dbc8-f110-464d-8beb-1507523b26de.af2f92da-c27f-441b-9306-b94a9e3a0a43 1G" returned: 0 in 0.663s {{(pid=82734) execute /opt/stack/data/venv/lib/python3.10/site-packages/oslo_concurrency/processutils.py:396}}
Feb 06 00:01:23 devstack cinder-volume[82734]: DEBUG oslo_concurrency.processutils [None req-889f6b6c-8d32-44e7-807c-c25acb2e47a4 tempest-SnapshotsActionsTest-1995950949 None] Running cmd (subprocess): sudo cinder-rootwrap /etc/cinder/rootwrap.conf qemu-img rebase -u -b volume-1ab4dbc8-f110-464d-8beb-1507523b26de.ca778e0e-86bf-4795-abf9-3cf43b43b40a -F qcow2 /opt/stack/data/cinder/mnt/74c3f2455d03cfa5d872582aab6d1e1a/volume-1ab4dbc8-f110-464d-8beb-1507523b26de.af2f92da-c27f-441b-9306-b94a9e3a0a43 {{(pid=82734) execute /opt/stack/data/venv/lib/python3.10/site-packages/oslo_concurrency/processutils.py:368}}
Feb 06 00:01:23 devstack sudo[85069]: quobyte : PWD=/ ; USER=root ; COMMAND=/opt/stack/data/venv/bin/cinder-rootwrap /etc/cinder/rootwrap.conf qemu-img rebase -u -b volume-1ab4dbc8-f110-464d-8beb-1507523b26de.ca778e0e-86bf-4795-abf9-3cf43b43b40a -F qcow2 /opt/stack/data/cinder/mnt/74c3f2455d03cfa5d872582aab6d1e1a/volume-1ab4dbc8-f110-464d-8beb-1507523b26de.af2f92da-c27f-441b-9306-b94a9e3a0a43
Feb 06 00:01:23 devstack sudo[85069]: pam_unix(sudo:session): session opened for user root(uid=0) by (uid=1000)
Feb 06 00:01:24 devstack sudo[85069]: pam_unix(sudo:session): session closed for user root
Feb 06 00:01:24 devstack cinder-volume[82734]: DEBUG oslo_concurrency.processutils [None req-889f6b6c-8d32-44e7-807c-c25acb2e47a4 tempest-SnapshotsActionsTest-1995950949 None] CMD "sudo cinder-rootwrap /etc/cinder/rootwrap.conf qemu-img rebase -u -b volume-1ab4dbc8-f110-464d-8beb-1507523b26de.ca778e0e-86bf-4795-abf9-3cf43b43b40a -F qcow2 /opt/stack/data/cinder/mnt/74c3f2455d03cfa5d872582aab6d1e1a/volume-1ab4dbc8-f110-464d-8beb-1507523b26de.af2f92da-c27f-441b-9306-b94a9e3a0a43" returned: 0 in 0.537s {{(pid=82734) execute /opt/stack/data/venv/lib/python3.10/site-packages/oslo_concurrency/processutils.py:396}}
Feb 06 00:01:24 devstack cinder-volume[82734]: WARNING cinder.volume.drivers.remotefs [None req-889f6b6c-8d32-44e7-807c-c25acb2e47a4 tempest-SnapshotsActionsTest-1995950949 None] /opt/stack/data/cinder/mnt/74c3f2455d03cfa5d872582aab6d1e1a/volume-1ab4dbc8-f110-464d-8beb-1507523b26de.af2f92da-c27f-441b-9306-b94a9e3a0a43 is being set with open permissions: ugo+rw
Feb 06 00:01:24 devstack cinder-volume[82734]: DEBUG oslo_concurrency.processutils [None req-889f6b6c-8d32-44e7-807c-c25acb2e47a4 tempest-SnapshotsActionsTest-1995950949 None] Running cmd (subprocess): sudo cinder-rootwrap /etc/cinder/rootwrap.conf chmod ugo+rw /opt/stack/data/cinder/mnt/74c3f2455d03cfa5d872582aab6d1e1a/volume-1ab4dbc8-f110-464d-8beb-1507523b26de.af2f92da-c27f-441b-9306-b94a9e3a0a43 {{(pid=82734) execute /opt/stack/data/venv/lib/python3.10/site-packages/oslo_concurrency/processutils.py:368}}
Feb 06 00:01:24 devstack sudo[85074]: quobyte : PWD=/ ; USER=root ; COMMAND=/opt/stack/data/venv/bin/cinder-rootwrap /etc/cinder/rootwrap.conf chmod ugo+rw /opt/stack/data/cinder/mnt/74c3f2455d03cfa5d872582aab6d1e1a/volume-1ab4dbc8-f110-464d-8beb-1507523b26de.af2f92da-c27f-441b-9306-b94a9e3a0a43
Feb 06 00:01:24 devstack sudo[85074]: pam_unix(sudo:session): session opened for user root(uid=0) by (uid=1000)
Feb 06 00:01:24 devstack sudo[85074]: pam_unix(sudo:session): session closed for user root
Feb 06 00:01:24 devstack cinder-volume[82734]: DEBUG oslo_concurrency.processutils [None req-889f6b6c-8d32-44e7-807c-c25acb2e47a4 tempest-SnapshotsActionsTest-1995950949 None] CMD "sudo cinder-rootwrap /etc/cinder/rootwrap.conf chmod ugo+rw /opt/stack/data/cinder/mnt/74c3f2455d03cfa5d872582aab6d1e1a/volume-1ab4dbc8-f110-464d-8beb-1507523b26de.af2f92da-c27f-441b-9306-b94a9e3a0a43" returned: 0 in 0.482s {{(pid=82734) execute /opt/stack/data/venv/lib/python3.10/site-packages/oslo_concurrency/processutils.py:396}}
Feb 06 00:01:24 devstack cinder-volume[82734]: DEBUG oslo_concurrency.lockutils [None req-889f6b6c-8d32-44e7-807c-c25acb2e47a4 tempest-SnapshotsActionsTest-1995950949 None] Lock "quobyte" "released" by "cinder.volume.drivers.quobyte.QuobyteDriver.create_snapshot" :: held 2.578s {{(pid=82734) inner /opt/stack/data/venv/lib/python3.10/site-packages/oslo_concurrency/lockutils.py:538}}
Feb 06 00:01:24 devstack cinder-volume[82734]: DEBUG oslo_concurrency.lockutils [req-c8e15cf9-5294-474c-b169-cb15bab6cb4a req-d69746d0-2b23-4dac-a3a5-6d5fc5752e76 tempest-AttachSCSIVolumeTestJSON-831781094 None] Lock "quobyte" acquired by "cinder.volume.drivers.quobyte.QuobyteDriver.initialize_connection" :: waited 2.160s {{(pid=82734) inner /opt/stack/data/venv/lib/python3.10/site-packages/oslo_concurrency/lockutils.py:519}}
Feb 06 00:01:24 devstack cinder-volume[82734]: DEBUG oslo.privsep.daemon [-] privsep: reply[e8395301-07e1-4371-afc1-b6d30a04acc6]: (4, 'qcow2') {{(pid=83557) _call_back /opt/stack/data/venv/lib/python3.10/site-packages/oslo_privsep/daemon.py:515}}
Feb 06 00:01:24 devstack cinder-volume[82734]: DEBUG oslo_concurrency.processutils [req-c8e15cf9-5294-474c-b169-cb15bab6cb4a req-d69746d0-2b23-4dac-a3a5-6d5fc5752e76 tempest-AttachSCSIVolumeTestJSON-831781094 None] Running cmd (subprocess): /opt/stack/data/venv/bin/python3.10 -m oslo_concurrency.prlimit --as=1073741824 --cpu=60 -- sudo cinder-rootwrap /etc/cinder/rootwrap.conf env LC_ALL=C qemu-img info -f qcow2 --output=json --force-share /opt/stack/data/cinder/mnt/74c3f2455d03cfa5d872582aab6d1e1a/volume-ee9bedb9-b188-474c-8e96-e90bb3df98f1 {{(pid=82734) execute /opt/stack/data/venv/lib/python3.10/site-packages/oslo_concurrency/processutils.py:368}}
Feb 06 00:01:24 devstack cinder-volume[82734]: INFO cinder.volume.manager [None req-889f6b6c-8d32-44e7-807c-c25acb2e47a4 tempest-SnapshotsActionsTest-1995950949 None] Create snapshot completed successfully
Feb 06 00:01:25 devstack sudo[85079]: quobyte : PWD=/ ; USER=root ; COMMAND=/opt/stack/data/venv/bin/cinder-rootwrap /etc/cinder/rootwrap.conf env LC_ALL=C qemu-img info -f qcow2 --output=json --force-share /opt/stack/data/cinder/mnt/74c3f2455d03cfa5d872582aab6d1e1a/volume-ee9bedb9-b188-474c-8e96-e90bb3df98f1
Feb 06 00:01:25 devstack sudo[85079]: pam_unix(sudo:session): session opened for user root(uid=0) by (uid=1000)
Feb 06 00:01:25 devstack cinder-volume[82734]: DEBUG cinder.coordination [None req-31e5ed30-227a-4556-9ee3-61d2e33036a1 tempest-SnapshotsActionsTest-1318237071 None] Acquiring lock "cinder-af2f92da-c27f-441b-9306-b94a9e3a0a43-delete_snapshot" by "delete_snapshot" {{(pid=82734) __acquire /opt/stack/cinder/cinder/coordination.py:143}}
Feb 06 00:01:25 devstack cinder-volume[82734]: DEBUG cinder.coordination [None req-31e5ed30-227a-4556-9ee3-61d2e33036a1 tempest-SnapshotsActionsTest-1318237071 None] Lock "cinder-af2f92da-c27f-441b-9306-b94a9e3a0a43-delete_snapshot" acquired by "delete_snapshot" :: waited 0.012s {{(pid=82734) __acquire /opt/stack/cinder/cinder/coordination.py:146}}
Feb 06 00:01:25 devstack cinder-volume[82734]: WARNING cinder.volume.volume_utils [None req-31e5ed30-227a-4556-9ee3-61d2e33036a1 tempest-SnapshotsActionsTest-1318237071 None] Volume driver (QuobyteDriver 1.1.14) is currently unsupported and may be removed in the next release of OpenStack. Use at your own risk.
Feb 06 00:01:25 devstack cinder-volume[82734]: DEBUG cinder.coordination [None req-31e5ed30-227a-4556-9ee3-61d2e33036a1 tempest-SnapshotsActionsTest-1318237071 None] Acquiring lock "cinder-quobyte-1ab4dbc8-f110-464d-8beb-1507523b26de" by "delete_snapshot" {{(pid=82734) __acquire /opt/stack/cinder/cinder/coordination.py:143}}
Feb 06 00:01:25 devstack cinder-volume[82734]: DEBUG cinder.coordination [None req-31e5ed30-227a-4556-9ee3-61d2e33036a1 tempest-SnapshotsActionsTest-1318237071 None] Lock "cinder-quobyte-1ab4dbc8-f110-464d-8beb-1507523b26de" acquired by "delete_snapshot" :: waited 0.019s {{(pid=82734) __acquire /opt/stack/cinder/cinder/coordination.py:146}}
Feb 06 00:01:25 devstack cinder-volume[82734]: DEBUG cinder.coordination [None req-31e5ed30-227a-4556-9ee3-61d2e33036a1 tempest-SnapshotsActionsTest-1318237071 None] Acquiring lock "cinder-quobyte-af2f92da-c27f-441b-9306-b94a9e3a0a43" by "_delete_snapshot" {{(pid=82734) __acquire /opt/stack/cinder/cinder/coordination.py:143}}
Feb 06 00:01:25 devstack cinder-volume[82734]: DEBUG cinder.coordination [None req-31e5ed30-227a-4556-9ee3-61d2e33036a1 tempest-SnapshotsActionsTest-1318237071 None] Lock "cinder-quobyte-af2f92da-c27f-441b-9306-b94a9e3a0a43" acquired by "_delete_snapshot" :: waited 0.017s {{(pid=82734) __acquire /opt/stack/cinder/cinder/coordination.py:146}}
Feb 06 00:01:25 devstack cinder-volume[82734]: DEBUG cinder.volume.drivers.remotefs [None req-31e5ed30-227a-4556-9ee3-61d2e33036a1 tempest-SnapshotsActionsTest-1318237071 None] Deleting offline snapshot af2f92da-c27f-441b-9306-b94a9e3a0a43 of volume 1ab4dbc8-f110-464d-8beb-1507523b26de {{(pid=82734) _delete_snapshot /opt/stack/cinder/cinder/volume/drivers/remotefs.py:1290}}
Feb 06 00:01:25 devstack cinder-volume[82734]: DEBUG cinder.volume.drivers.remotefs [None req-31e5ed30-227a-4556-9ee3-61d2e33036a1 tempest-SnapshotsActionsTest-1318237071 None] snapshot_file for this snap is: volume-1ab4dbc8-f110-464d-8beb-1507523b26de.af2f92da-c27f-441b-9306-b94a9e3a0a43 {{(pid=82734) _delete_snapshot /opt/stack/cinder/cinder/volume/drivers/remotefs.py:1319}}
Feb 06 00:01:25 devstack cinder-volume[82734]: DEBUG oslo.privsep.daemon [-] privsep: reply[1a9d70de-e088-4940-862a-50b4b176e84a]: (4, 'qcow2') {{(pid=83557) _call_back /opt/stack/data/venv/lib/python3.10/site-packages/oslo_privsep/daemon.py:515}}
Feb 06 00:01:25 devstack cinder-volume[82734]: DEBUG oslo_concurrency.processutils [None req-31e5ed30-227a-4556-9ee3-61d2e33036a1 tempest-SnapshotsActionsTest-1318237071 None] Running cmd (subprocess): /opt/stack/data/venv/bin/python3.10 -m oslo_concurrency.prlimit --as=1073741824 --cpu=60 -- sudo cinder-rootwrap /etc/cinder/rootwrap.conf env LC_ALL=C qemu-img info -f qcow2 --output=json --force-share /opt/stack/data/cinder/mnt/74c3f2455d03cfa5d872582aab6d1e1a/volume-1ab4dbc8-f110-464d-8beb-1507523b26de.af2f92da-c27f-441b-9306-b94a9e3a0a43 {{(pid=82734) execute /opt/stack/data/venv/lib/python3.10/site-packages/oslo_concurrency/processutils.py:368}}
Feb 06 00:01:25 devstack sudo[85079]: pam_unix(sudo:session): session closed for user root
Feb 06 00:01:25 devstack cinder-volume[82734]: DEBUG oslo_concurrency.processutils [req-c8e15cf9-5294-474c-b169-cb15bab6cb4a req-d69746d0-2b23-4dac-a3a5-6d5fc5752e76 tempest-AttachSCSIVolumeTestJSON-831781094 None] CMD "/opt/stack/data/venv/bin/python3.10 -m oslo_concurrency.prlimit --as=1073741824 --cpu=60 -- sudo cinder-rootwrap /etc/cinder/rootwrap.conf env LC_ALL=C qemu-img info -f qcow2 --output=json --force-share /opt/stack/data/cinder/mnt/74c3f2455d03cfa5d872582aab6d1e1a/volume-ee9bedb9-b188-474c-8e96-e90bb3df98f1" returned: 0 in 0.766s {{(pid=82734) execute /opt/stack/data/venv/lib/python3.10/site-packages/oslo_concurrency/processutils.py:396}}
Feb 06 00:01:25 devstack cinder-volume[82734]: DEBUG oslo_concurrency.lockutils [req-c8e15cf9-5294-474c-b169-cb15bab6cb4a req-d69746d0-2b23-4dac-a3a5-6d5fc5752e76 tempest-AttachSCSIVolumeTestJSON-831781094 None] Lock "quobyte" "released" by "cinder.volume.drivers.quobyte.QuobyteDriver.initialize_connection" :: held 0.787s {{(pid=82734) inner /opt/stack/data/venv/lib/python3.10/site-packages/oslo_concurrency/lockutils.py:538}}
Feb 06 00:01:25 devstack cinder-volume[82734]: DEBUG cinder.volume.manager [req-c8e15cf9-5294-474c-b169-cb15bab6cb4a req-d69746d0-2b23-4dac-a3a5-6d5fc5752e76 tempest-AttachSCSIVolumeTestJSON-831781094 None] Connection info returned from driver {'export': 'osci02.corp.quobyte.com/cinder-vol-6b181d12-d13c-41cf-ab13-5ea3c6b72bac', 'name': 'volume-ee9bedb9-b188-474c-8e96-e90bb3df98f1', 'options': None, 'format': 'qcow2', 'qos_specs': None, 'access_mode': 'rw', 'encrypted': False, 'cacheable': False, 'driver_volume_type': 'quobyte', 'mount_point_base': '/opt/stack/data/cinder/mnt', 'attachment_id': '4a249b74-3152-40c2-9da9-9f76fdfcea1f', 'enforce_multipath': True} {{(pid=82734) _connection_create /opt/stack/cinder/cinder/volume/manager.py:4924}}
Feb 06 00:01:25 devstack cinder-volume[82734]: WARNING cinder.volume.volume_utils [req-c8e15cf9-5294-474c-b169-cb15bab6cb4a req-d69746d0-2b23-4dac-a3a5-6d5fc5752e76 tempest-AttachSCSIVolumeTestJSON-831781094 None] Volume driver (QuobyteDriver 1.1.14) is currently unsupported and may be removed in the next release of OpenStack. Use at your own risk.
Feb 06 00:01:25 devstack sudo[85084]: quobyte : PWD=/ ; USER=root ; COMMAND=/opt/stack/data/venv/bin/cinder-rootwrap /etc/cinder/rootwrap.conf env LC_ALL=C qemu-img info -f qcow2 --output=json --force-share /opt/stack/data/cinder/mnt/74c3f2455d03cfa5d872582aab6d1e1a/volume-1ab4dbc8-f110-464d-8beb-1507523b26de.af2f92da-c27f-441b-9306-b94a9e3a0a43
Feb 06 00:01:25 devstack sudo[85084]: pam_unix(sudo:session): session opened for user root(uid=0) by (uid=1000)
Feb 06 00:01:25 devstack cinder-volume[82734]: INFO cinder.volume.manager [req-c8e15cf9-5294-474c-b169-cb15bab6cb4a req-d69746d0-2b23-4dac-a3a5-6d5fc5752e76 tempest-AttachSCSIVolumeTestJSON-831781094 None] attachment_update completed successfully.
Feb 06 00:01:26 devstack sudo[85084]: pam_unix(sudo:session): session closed for user root
Feb 06 00:01:26 devstack cinder-volume[82734]: DEBUG oslo_concurrency.processutils [None req-31e5ed30-227a-4556-9ee3-61d2e33036a1 tempest-SnapshotsActionsTest-1318237071 None] CMD "/opt/stack/data/venv/bin/python3.10 -m oslo_concurrency.prlimit --as=1073741824 --cpu=60 -- sudo cinder-rootwrap /etc/cinder/rootwrap.conf env LC_ALL=C qemu-img info -f qcow2 --output=json --force-share /opt/stack/data/cinder/mnt/74c3f2455d03cfa5d872582aab6d1e1a/volume-1ab4dbc8-f110-464d-8beb-1507523b26de.af2f92da-c27f-441b-9306-b94a9e3a0a43" returned: 0 in 0.585s {{(pid=82734) execute /opt/stack/data/venv/lib/python3.10/site-packages/oslo_concurrency/processutils.py:396}}
Feb 06 00:01:26 devstack cinder-volume[82734]: DEBUG cinder.volume.drivers.remotefs [None req-31e5ed30-227a-4556-9ee3-61d2e33036a1 tempest-SnapshotsActionsTest-1318237071 None] Fetching qemu-img info with special backing_file_template: (/opt/stack/data/cinder/mnt/[0-9a-f]+/)?(volume-1ab4dbc8-f110-464d-8beb-1507523b26de(.(tmp-snap-)?[0-9a-f-]+)?|volume_from_snapshot_cache/(tmp-snap-)?[0-9a-f-]+(.(child-|parent-)[0-9a-f-]+)?)$ {{(pid=82734) _qemu_img_info_base /opt/stack/cinder/cinder/volume/drivers/remotefs.py:898}}
Feb 06 00:01:26 devstack cinder-volume[82734]: DEBUG oslo.privsep.daemon [-] privsep: reply[51d6c9d1-60b0-4e69-a4aa-82d9e7eebbaa]: (4, 'qcow2') {{(pid=83557) _call_back /opt/stack/data/venv/lib/python3.10/site-packages/oslo_privsep/daemon.py:515}}
Feb 06 00:01:26 devstack cinder-volume[82734]: DEBUG oslo_concurrency.processutils [None req-31e5ed30-227a-4556-9ee3-61d2e33036a1 tempest-SnapshotsActionsTest-1318237071 None] Running cmd (subprocess): /opt/stack/data/venv/bin/python3.10 -m oslo_concurrency.prlimit --as=1073741824 --cpu=60 -- sudo cinder-rootwrap /etc/cinder/rootwrap.conf env LC_ALL=C qemu-img info -f qcow2 --output=json --force-share /opt/stack/data/cinder/mnt/74c3f2455d03cfa5d872582aab6d1e1a/volume-1ab4dbc8-f110-464d-8beb-1507523b26de.ca778e0e-86bf-4795-abf9-3cf43b43b40a {{(pid=82734) execute /opt/stack/data/venv/lib/python3.10/site-packages/oslo_concurrency/processutils.py:368}}
Feb 06 00:01:26 devstack sudo[85089]: quobyte : PWD=/ ; USER=root ; COMMAND=/opt/stack/data/venv/bin/cinder-rootwrap /etc/cinder/rootwrap.conf env LC_ALL=C qemu-img info -f qcow2 --output=json --force-share /opt/stack/data/cinder/mnt/74c3f2455d03cfa5d872582aab6d1e1a/volume-1ab4dbc8-f110-464d-8beb-1507523b26de.ca778e0e-86bf-4795-abf9-3cf43b43b40a
Feb 06 00:01:26 devstack sudo[85089]: pam_unix(sudo:session): session opened for user root(uid=0) by (uid=1000)
Feb 06 00:01:26 devstack sudo[85089]: pam_unix(sudo:session): session closed for user root
Feb 06 00:01:26 devstack cinder-volume[82734]: DEBUG oslo_concurrency.processutils [None req-31e5ed30-227a-4556-9ee3-61d2e33036a1 tempest-SnapshotsActionsTest-1318237071 None] CMD "/opt/stack/data/venv/bin/python3.10 -m oslo_concurrency.prlimit --as=1073741824 --cpu=60 -- sudo cinder-rootwrap /etc/cinder/rootwrap.conf env LC_ALL=C qemu-img info -f qcow2 --output=json --force-share /opt/stack/data/cinder/mnt/74c3f2455d03cfa5d872582aab6d1e1a/volume-1ab4dbc8-f110-464d-8beb-1507523b26de.ca778e0e-86bf-4795-abf9-3cf43b43b40a" returned: 0 in 0.577s {{(pid=82734) execute /opt/stack/data/venv/lib/python3.10/site-packages/oslo_concurrency/processutils.py:396}}
Feb 06 00:01:26 devstack cinder-volume[82734]: DEBUG cinder.volume.drivers.remotefs [None req-31e5ed30-227a-4556-9ee3-61d2e33036a1 tempest-SnapshotsActionsTest-1318237071 None] Fetching qemu-img info with special backing_file_template: (/opt/stack/data/cinder/mnt/[0-9a-f]+/)?(volume-1ab4dbc8-f110-464d-8beb-1507523b26de(.(tmp-snap-)?[0-9a-f-]+)?|volume_from_snapshot_cache/(tmp-snap-)?[0-9a-f-]+(.(child-|parent-)[0-9a-f-]+)?)$ {{(pid=82734) _qemu_img_info_base /opt/stack/cinder/cinder/volume/drivers/remotefs.py:898}}
Feb 06 00:01:26 devstack cinder-volume[82734]: DEBUG oslo_concurrency.processutils [None req-31e5ed30-227a-4556-9ee3-61d2e33036a1 tempest-SnapshotsActionsTest-1318237071 None] Running cmd (subprocess): sudo cinder-rootwrap /etc/cinder/rootwrap.conf qemu-img commit -d /opt/stack/data/cinder/mnt/74c3f2455d03cfa5d872582aab6d1e1a/volume-1ab4dbc8-f110-464d-8beb-1507523b26de.af2f92da-c27f-441b-9306-b94a9e3a0a43 {{(pid=82734) execute /opt/stack/data/venv/lib/python3.10/site-packages/oslo_concurrency/processutils.py:368}}
Feb 06 00:01:26 devstack sudo[85097]: quobyte : PWD=/ ; USER=root ; COMMAND=/opt/stack/data/venv/bin/cinder-rootwrap /etc/cinder/rootwrap.conf qemu-img commit -d /opt/stack/data/cinder/mnt/74c3f2455d03cfa5d872582aab6d1e1a/volume-1ab4dbc8-f110-464d-8beb-1507523b26de.af2f92da-c27f-441b-9306-b94a9e3a0a43
Feb 06 00:01:26 devstack sudo[85097]: pam_unix(sudo:session): session opened for user root(uid=0) by (uid=1000)
Feb 06 00:01:27 devstack sudo[85097]: pam_unix(sudo:session): session closed for user root
Feb 06 00:01:27 devstack cinder-volume[82734]: DEBUG oslo_concurrency.processutils [None req-31e5ed30-227a-4556-9ee3-61d2e33036a1 tempest-SnapshotsActionsTest-1318237071 None] CMD "sudo cinder-rootwrap /etc/cinder/rootwrap.conf qemu-img commit -d /opt/stack/data/cinder/mnt/74c3f2455d03cfa5d872582aab6d1e1a/volume-1ab4dbc8-f110-464d-8beb-1507523b26de.af2f92da-c27f-441b-9306-b94a9e3a0a43" returned: 0 in 0.554s {{(pid=82734) execute /opt/stack/data/venv/lib/python3.10/site-packages/oslo_concurrency/processutils.py:396}}
Feb 06 00:01:27 devstack cinder-volume[82734]: DEBUG oslo_concurrency.processutils [None req-31e5ed30-227a-4556-9ee3-61d2e33036a1 tempest-SnapshotsActionsTest-1318237071 None] Running cmd (subprocess): sudo cinder-rootwrap /etc/cinder/rootwrap.conf rm -f /opt/stack/data/cinder/mnt/74c3f2455d03cfa5d872582aab6d1e1a/volume-1ab4dbc8-f110-464d-8beb-1507523b26de.af2f92da-c27f-441b-9306-b94a9e3a0a43 {{(pid=82734) execute /opt/stack/data/venv/lib/python3.10/site-packages/oslo_concurrency/processutils.py:368}}
Feb 06 00:01:27 devstack sudo[85105]: quobyte : PWD=/ ; USER=root ; COMMAND=/opt/stack/data/venv/bin/cinder-rootwrap /etc/cinder/rootwrap.conf rm -f /opt/stack/data/cinder/mnt/74c3f2455d03cfa5d872582aab6d1e1a/volume-1ab4dbc8-f110-464d-8beb-1507523b26de.af2f92da-c27f-441b-9306-b94a9e3a0a43
Feb 06 00:01:27 devstack sudo[85105]: pam_unix(sudo:session): session opened for user root(uid=0) by (uid=1000)
Feb 06 00:01:27 devstack sudo[85105]: pam_unix(sudo:session): session closed for user root
Feb 06 00:01:27 devstack cinder-volume[82734]: DEBUG oslo_concurrency.processutils [None req-31e5ed30-227a-4556-9ee3-61d2e33036a1 tempest-SnapshotsActionsTest-1318237071 None] CMD "sudo cinder-rootwrap /etc/cinder/rootwrap.conf rm -f /opt/stack/data/cinder/mnt/74c3f2455d03cfa5d872582aab6d1e1a/volume-1ab4dbc8-f110-464d-8beb-1507523b26de.af2f92da-c27f-441b-9306-b94a9e3a0a43" returned: 0 in 0.455s {{(pid=82734) execute /opt/stack/data/venv/lib/python3.10/site-packages/oslo_concurrency/processutils.py:396}}
Feb 06 00:01:27 devstack cinder-volume[82734]: DEBUG cinder.coordination [None req-31e5ed30-227a-4556-9ee3-61d2e33036a1 tempest-SnapshotsActionsTest-1318237071 None] Lock "cinder-quobyte-af2f92da-c27f-441b-9306-b94a9e3a0a43" released by "_delete_snapshot" :: held 2.216s {{(pid=82734) __release /opt/stack/cinder/cinder/coordination.py:157}}
Feb 06 00:01:27 devstack cinder-volume[82734]: DEBUG cinder.coordination [None req-31e5ed30-227a-4556-9ee3-61d2e33036a1 tempest-SnapshotsActionsTest-1318237071 None] Lock "cinder-quobyte-1ab4dbc8-f110-464d-8beb-1507523b26de" released by "delete_snapshot" :: held 2.239s {{(pid=82734) __release /opt/stack/cinder/cinder/coordination.py:157}}
Feb 06 00:01:27 devstack cinder-volume[82734]: DEBUG cinder.quota [None req-31e5ed30-227a-4556-9ee3-61d2e33036a1 tempest-SnapshotsActionsTest-1318237071 None] Created reservations ['88704fce-16ba-4860-b3cd-653fcea64da2', '7f079c2b-a5c3-47b6-9f40-8881ff9e4b74', '9cc28e17-4dbf-454d-8d1b-72c0200ee3fa', '268f682f-55e8-40ce-a713-03fa93021c60'] {{(pid=82734) reserve /opt/stack/cinder/cinder/quota.py:752}}
Feb 06 00:01:27 devstack cinder-volume[82734]: INFO cinder.volume.manager [None req-31e5ed30-227a-4556-9ee3-61d2e33036a1 tempest-SnapshotsActionsTest-1318237071 None] Delete snapshot completed successfully.
Feb 06 00:01:27 devstack cinder-volume[82734]: DEBUG cinder.coordination [None req-31e5ed30-227a-4556-9ee3-61d2e33036a1 tempest-SnapshotsActionsTest-1318237071 None] Lock "cinder-af2f92da-c27f-441b-9306-b94a9e3a0a43-delete_snapshot" released by "delete_snapshot" :: held 2.337s {{(pid=82734) __release /opt/stack/cinder/cinder/coordination.py:157}}
Feb 06 00:01:28 devstack cinder-volume[82734]: WARNING cinder.volume.volume_utils [None req-bdcde991-05aa-4620-959a-02635faa500b tempest-SnapshotsActionsTest-1995950949 None] Volume driver (QuobyteDriver 1.1.14) is currently unsupported and may be removed in the next release of OpenStack. Use at your own risk.
Feb 06 00:01:28 devstack cinder-volume[82734]: DEBUG oslo_concurrency.lockutils [None req-bdcde991-05aa-4620-959a-02635faa500b tempest-SnapshotsActionsTest-1995950949 None] Acquiring lock "quobyte" by "cinder.volume.drivers.quobyte.QuobyteDriver.create_snapshot" {{(pid=82734) inner /opt/stack/data/venv/lib/python3.10/site-packages/oslo_concurrency/lockutils.py:506}}
Feb 06 00:01:28 devstack cinder-volume[82734]: DEBUG oslo_concurrency.lockutils [None req-bdcde991-05aa-4620-959a-02635faa500b tempest-SnapshotsActionsTest-1995950949 None] Lock "quobyte" acquired by "cinder.volume.drivers.quobyte.QuobyteDriver.create_snapshot" :: waited 0.000s {{(pid=82734) inner /opt/stack/data/venv/lib/python3.10/site-packages/oslo_concurrency/lockutils.py:519}}
Feb 06 00:01:28 devstack cinder-volume[82734]: DEBUG cinder.volume.drivers.remotefs [None req-bdcde991-05aa-4620-959a-02635faa500b tempest-SnapshotsActionsTest-1995950949 None] Creating offline snapshot 01741398-7989-43f5-8e73-2d3d1a6671ed of volume 1ab4dbc8-f110-464d-8beb-1507523b26de {{(pid=82734) _create_snapshot /opt/stack/cinder/cinder/volume/drivers/remotefs.py:1817}}
Feb 06 00:01:28 devstack cinder-volume[82734]: DEBUG oslo.privsep.daemon [-] privsep: reply[29c7f0a6-1bb6-40ff-aa30-60487b2e0ac0]: (4, 'qcow2') {{(pid=83557) _call_back /opt/stack/data/venv/lib/python3.10/site-packages/oslo_privsep/daemon.py:515}}
Feb 06 00:01:28 devstack cinder-volume[82734]: DEBUG oslo_concurrency.processutils [None req-bdcde991-05aa-4620-959a-02635faa500b tempest-SnapshotsActionsTest-1995950949 None] Running cmd (subprocess): /opt/stack/data/venv/bin/python3.10 -m oslo_concurrency.prlimit --as=1073741824 --cpu=60 -- sudo cinder-rootwrap /etc/cinder/rootwrap.conf env LC_ALL=C qemu-img info -f qcow2 --output=json --force-share /opt/stack/data/cinder/mnt/74c3f2455d03cfa5d872582aab6d1e1a/volume-1ab4dbc8-f110-464d-8beb-1507523b26de.ca778e0e-86bf-4795-abf9-3cf43b43b40a {{(pid=82734) execute /opt/stack/data/venv/lib/python3.10/site-packages/oslo_concurrency/processutils.py:368}}
Feb 06 00:01:29 devstack sudo[85109]: quobyte : PWD=/ ; USER=root ; COMMAND=/opt/stack/data/venv/bin/cinder-rootwrap /etc/cinder/rootwrap.conf env LC_ALL=C qemu-img info -f qcow2 --output=json --force-share /opt/stack/data/cinder/mnt/74c3f2455d03cfa5d872582aab6d1e1a/volume-1ab4dbc8-f110-464d-8beb-1507523b26de.ca778e0e-86bf-4795-abf9-3cf43b43b40a
Feb 06 00:01:29 devstack sudo[85109]: pam_unix(sudo:session): session opened for user root(uid=0) by (uid=1000)
Feb 06 00:01:29 devstack sudo[85109]: pam_unix(sudo:session): session closed for user root
Feb 06 00:01:29 devstack cinder-volume[82734]: DEBUG oslo_concurrency.processutils [None req-bdcde991-05aa-4620-959a-02635faa500b tempest-SnapshotsActionsTest-1995950949 None] CMD "/opt/stack/data/venv/bin/python3.10 -m oslo_concurrency.prlimit --as=1073741824 --cpu=60 -- sudo cinder-rootwrap /etc/cinder/rootwrap.conf env LC_ALL=C qemu-img info -f qcow2 --output=json --force-share /opt/stack/data/cinder/mnt/74c3f2455d03cfa5d872582aab6d1e1a/volume-1ab4dbc8-f110-464d-8beb-1507523b26de.ca778e0e-86bf-4795-abf9-3cf43b43b40a" returned: 0 in 0.606s {{(pid=82734) execute /opt/stack/data/venv/lib/python3.10/site-packages/oslo_concurrency/processutils.py:396}}
Feb 06 00:01:29 devstack cinder-volume[82734]: DEBUG cinder.volume.drivers.remotefs [None req-bdcde991-05aa-4620-959a-02635faa500b tempest-SnapshotsActionsTest-1995950949 None] Fetching qemu-img info with special backing_file_template: (/opt/stack/data/cinder/mnt/[0-9a-f]+/)?(volume-1ab4dbc8-f110-464d-8beb-1507523b26de(.(tmp-snap-)?[0-9a-f-]+)?|volume_from_snapshot_cache/(tmp-snap-)?[0-9a-f-]+(.(child-|parent-)[0-9a-f-]+)?)$ {{(pid=82734) _qemu_img_info_base /opt/stack/cinder/cinder/volume/drivers/remotefs.py:898}}
Feb 06 00:01:29 devstack cinder-volume[82734]: DEBUG oslo_concurrency.processutils [None req-bdcde991-05aa-4620-959a-02635faa500b tempest-SnapshotsActionsTest-1995950949 None] Running cmd (subprocess): sudo cinder-rootwrap /etc/cinder/rootwrap.conf qemu-img create -f qcow2 -o backing_file=/opt/stack/data/cinder/mnt/74c3f2455d03cfa5d872582aab6d1e1a/volume-1ab4dbc8-f110-464d-8beb-1507523b26de.ca778e0e-86bf-4795-abf9-3cf43b43b40a,backing_fmt=qcow2 /opt/stack/data/cinder/mnt/74c3f2455d03cfa5d872582aab6d1e1a/volume-1ab4dbc8-f110-464d-8beb-1507523b26de.01741398-7989-43f5-8e73-2d3d1a6671ed 1G {{(pid=82734) execute /opt/stack/data/venv/lib/python3.10/site-packages/oslo_concurrency/processutils.py:368}}
Feb 06 00:01:29 devstack sudo[85114]: quobyte : PWD=/ ; USER=root ; COMMAND=/opt/stack/data/venv/bin/cinder-rootwrap /etc/cinder/rootwrap.conf qemu-img create -f qcow2 -o backing_file=/opt/stack/data/cinder/mnt/74c3f2455d03cfa5d872582aab6d1e1a/volume-1ab4dbc8-f110-464d-8beb-1507523b26de.ca778e0e-86bf-4795-abf9-3cf43b43b40a,backing_fmt=qcow2 /opt/stack/data/cinder/mnt/74c3f2455d03cfa5d872582aab6d1e1a/volume-1ab4dbc8-f110-464d-8beb-1507523b26de.01741398-7989-43f5-8e73-2d3d1a6671ed 1G
Feb 06 00:01:29 devstack sudo[85114]: pam_unix(sudo:session): session opened for user root(uid=0) by (uid=1000)
Feb 06 00:01:30 devstack sudo[85114]: pam_unix(sudo:session): session closed for user root
Feb 06 00:01:30 devstack cinder-volume[82734]: DEBUG oslo_concurrency.processutils [None req-bdcde991-05aa-4620-959a-02635faa500b tempest-SnapshotsActionsTest-1995950949 None] CMD "sudo cinder-rootwrap /etc/cinder/rootwrap.conf qemu-img create -f qcow2 -o backing_file=/opt/stack/data/cinder/mnt/74c3f2455d03cfa5d872582aab6d1e1a/volume-1ab4dbc8-f110-464d-8beb-1507523b26de.ca778e0e-86bf-4795-abf9-3cf43b43b40a,backing_fmt=qcow2 /opt/stack/data/cinder/mnt/74c3f2455d03cfa5d872582aab6d1e1a/volume-1ab4dbc8-f110-464d-8beb-1507523b26de.01741398-7989-43f5-8e73-2d3d1a6671ed 1G" returned: 0 in 0.511s {{(pid=82734) execute /opt/stack/data/venv/lib/python3.10/site-packages/oslo_concurrency/processutils.py:396}}
Feb 06 00:01:30 devstack cinder-volume[82734]: DEBUG oslo_concurrency.processutils [None req-bdcde991-05aa-4620-959a-02635faa500b tempest-SnapshotsActionsTest-1995950949 None] Running cmd (subprocess): sudo cinder-rootwrap /etc/cinder/rootwrap.conf qemu-img rebase -u -b volume-1ab4dbc8-f110-464d-8beb-1507523b26de.ca778e0e-86bf-4795-abf9-3cf43b43b40a -F qcow2 /opt/stack/data/cinder/mnt/74c3f2455d03cfa5d872582aab6d1e1a/volume-1ab4dbc8-f110-464d-8beb-1507523b26de.01741398-7989-43f5-8e73-2d3d1a6671ed {{(pid=82734) execute /opt/stack/data/venv/lib/python3.10/site-packages/oslo_concurrency/processutils.py:368}}
Feb 06 00:01:30 devstack sudo[85143]: quobyte : PWD=/ ; USER=root ; COMMAND=/opt/stack/data/venv/bin/cinder-rootwrap /etc/cinder/rootwrap.conf qemu-img rebase -u -b volume-1ab4dbc8-f110-464d-8beb-1507523b26de.ca778e0e-86bf-4795-abf9-3cf43b43b40a -F qcow2 /opt/stack/data/cinder/mnt/74c3f2455d03cfa5d872582aab6d1e1a/volume-1ab4dbc8-f110-464d-8beb-1507523b26de.01741398-7989-43f5-8e73-2d3d1a6671ed
Feb 06 00:01:30 devstack sudo[85143]: pam_unix(sudo:session): session opened for user root(uid=0) by (uid=1000)
Feb 06 00:01:30 devstack sudo[85143]: pam_unix(sudo:session): session closed for user root
Feb 06 00:01:30 devstack cinder-volume[82734]: DEBUG oslo_concurrency.processutils [None req-bdcde991-05aa-4620-959a-02635faa500b tempest-SnapshotsActionsTest-1995950949 None] CMD "sudo cinder-rootwrap /etc/cinder/rootwrap.conf qemu-img rebase -u -b volume-1ab4dbc8-f110-464d-8beb-1507523b26de.ca778e0e-86bf-4795-abf9-3cf43b43b40a -F qcow2 /opt/stack/data/cinder/mnt/74c3f2455d03cfa5d872582aab6d1e1a/volume-1ab4dbc8-f110-464d-8beb-1507523b26de.01741398-7989-43f5-8e73-2d3d1a6671ed" returned: 0 in 0.497s {{(pid=82734) execute /opt/stack/data/venv/lib/python3.10/site-packages/oslo_concurrency/processutils.py:396}}
Feb 06 00:01:30 devstack cinder-volume[82734]: WARNING cinder.volume.drivers.remotefs [None req-bdcde991-05aa-4620-959a-02635faa500b tempest-SnapshotsActionsTest-1995950949 None] /opt/stack/data/cinder/mnt/74c3f2455d03cfa5d872582aab6d1e1a/volume-1ab4dbc8-f110-464d-8beb-1507523b26de.01741398-7989-43f5-8e73-2d3d1a6671ed is being set with open permissions: ugo+rw
Feb 06 00:01:30 devstack cinder-volume[82734]: DEBUG oslo_concurrency.processutils [None req-bdcde991-05aa-4620-959a-02635faa500b tempest-SnapshotsActionsTest-1995950949 None] Running cmd (subprocess): sudo cinder-rootwrap /etc/cinder/rootwrap.conf chmod ugo+rw /opt/stack/data/cinder/mnt/74c3f2455d03cfa5d872582aab6d1e1a/volume-1ab4dbc8-f110-464d-8beb-1507523b26de.01741398-7989-43f5-8e73-2d3d1a6671ed {{(pid=82734) execute /opt/stack/data/venv/lib/python3.10/site-packages/oslo_concurrency/processutils.py:368}}
Feb 06 00:01:30 devstack sudo[85148]: quobyte : PWD=/ ; USER=root ; COMMAND=/opt/stack/data/venv/bin/cinder-rootwrap /etc/cinder/rootwrap.conf chmod ugo+rw /opt/stack/data/cinder/mnt/74c3f2455d03cfa5d872582aab6d1e1a/volume-1ab4dbc8-f110-464d-8beb-1507523b26de.01741398-7989-43f5-8e73-2d3d1a6671ed
Feb 06 00:01:30 devstack sudo[85148]: pam_unix(sudo:session): session opened for user root(uid=0) by (uid=1000)
Feb 06 00:01:31 devstack sudo[85148]: pam_unix(sudo:session): session closed for user root
Feb 06 00:01:31 devstack cinder-volume[82734]: DEBUG oslo_concurrency.processutils [None req-bdcde991-05aa-4620-959a-02635faa500b tempest-SnapshotsActionsTest-1995950949 None] CMD "sudo cinder-rootwrap /etc/cinder/rootwrap.conf chmod ugo+rw /opt/stack/data/cinder/mnt/74c3f2455d03cfa5d872582aab6d1e1a/volume-1ab4dbc8-f110-464d-8beb-1507523b26de.01741398-7989-43f5-8e73-2d3d1a6671ed" returned: 0 in 0.483s {{(pid=82734) execute /opt/stack/data/venv/lib/python3.10/site-packages/oslo_concurrency/processutils.py:396}}
Feb 06 00:01:31 devstack cinder-volume[82734]: DEBUG oslo_concurrency.lockutils [None req-bdcde991-05aa-4620-959a-02635faa500b tempest-SnapshotsActionsTest-1995950949 None] Lock "quobyte" "released" by "cinder.volume.drivers.quobyte.QuobyteDriver.create_snapshot" :: held 2.151s {{(pid=82734) inner /opt/stack/data/venv/lib/python3.10/site-packages/oslo_concurrency/lockutils.py:538}}
Feb 06 00:01:31 devstack cinder-volume[82734]: INFO cinder.volume.manager [None req-bdcde991-05aa-4620-959a-02635faa500b tempest-SnapshotsActionsTest-1995950949 None] Create snapshot completed successfully
Feb 06 00:01:32 devstack cinder-volume[82734]: DEBUG cinder.coordination [None req-aee9b031-1e01-4825-afae-268999de0ace tempest-SnapshotsActionsTest-1318237071 None] Acquiring lock "cinder-01741398-7989-43f5-8e73-2d3d1a6671ed-delete_snapshot" by "delete_snapshot" {{(pid=82734) __acquire /opt/stack/cinder/cinder/coordination.py:143}}
Feb 06 00:01:32 devstack cinder-volume[82734]: DEBUG cinder.coordination [None req-aee9b031-1e01-4825-afae-268999de0ace tempest-SnapshotsActionsTest-1318237071 None] Lock "cinder-01741398-7989-43f5-8e73-2d3d1a6671ed-delete_snapshot" acquired by "delete_snapshot" :: waited 0.021s {{(pid=82734) __acquire /opt/stack/cinder/cinder/coordination.py:146}}
Feb 06 00:01:32 devstack cinder-volume[82734]: WARNING cinder.volume.volume_utils [None req-aee9b031-1e01-4825-afae-268999de0ace tempest-SnapshotsActionsTest-1318237071 None] Volume driver (QuobyteDriver 1.1.14) is currently unsupported and may be removed in the next release of OpenStack. Use at your own risk.
Feb 06 00:01:32 devstack cinder-volume[82734]: DEBUG cinder.coordination [None req-aee9b031-1e01-4825-afae-268999de0ace tempest-SnapshotsActionsTest-1318237071 None] Acquiring lock "cinder-quobyte-1ab4dbc8-f110-464d-8beb-1507523b26de" by "delete_snapshot" {{(pid=82734) __acquire /opt/stack/cinder/cinder/coordination.py:143}}
Feb 06 00:01:32 devstack cinder-volume[82734]: DEBUG cinder.coordination [None req-aee9b031-1e01-4825-afae-268999de0ace tempest-SnapshotsActionsTest-1318237071 None] Lock "cinder-quobyte-1ab4dbc8-f110-464d-8beb-1507523b26de" acquired by "delete_snapshot" :: waited 0.019s {{(pid=82734) __acquire /opt/stack/cinder/cinder/coordination.py:146}}
Feb 06 00:01:32 devstack cinder-volume[82734]: DEBUG cinder.coordination [None req-aee9b031-1e01-4825-afae-268999de0ace tempest-SnapshotsActionsTest-1318237071 None] Acquiring lock "cinder-quobyte-01741398-7989-43f5-8e73-2d3d1a6671ed" by "_delete_snapshot" {{(pid=82734) __acquire /opt/stack/cinder/cinder/coordination.py:143}}
Feb 06 00:01:32 devstack cinder-volume[82734]: DEBUG cinder.coordination [None req-aee9b031-1e01-4825-afae-268999de0ace tempest-SnapshotsActionsTest-1318237071 None] Lock "cinder-quobyte-01741398-7989-43f5-8e73-2d3d1a6671ed" acquired by "_delete_snapshot" :: waited 0.011s {{(pid=82734) __acquire /opt/stack/cinder/cinder/coordination.py:146}}
Feb 06 00:01:32 devstack cinder-volume[82734]: DEBUG cinder.volume.drivers.remotefs [None req-aee9b031-1e01-4825-afae-268999de0ace tempest-SnapshotsActionsTest-1318237071 None] Deleting offline snapshot 01741398-7989-43f5-8e73-2d3d1a6671ed of volume 1ab4dbc8-f110-464d-8beb-1507523b26de {{(pid=82734) _delete_snapshot /opt/stack/cinder/cinder/volume/drivers/remotefs.py:1290}}
Feb 06 00:01:32 devstack cinder-volume[82734]: DEBUG cinder.volume.drivers.remotefs [None req-aee9b031-1e01-4825-afae-268999de0ace tempest-SnapshotsActionsTest-1318237071 None] snapshot_file for this snap is: volume-1ab4dbc8-f110-464d-8beb-1507523b26de.01741398-7989-43f5-8e73-2d3d1a6671ed {{(pid=82734) _delete_snapshot /opt/stack/cinder/cinder/volume/drivers/remotefs.py:1319}}
Feb 06 00:01:32 devstack cinder-volume[82734]: DEBUG oslo.privsep.daemon [-] privsep: reply[04f5bbc1-e62b-49de-8d32-02aa08ab48d6]: (4, 'qcow2') {{(pid=83557) _call_back /opt/stack/data/venv/lib/python3.10/site-packages/oslo_privsep/daemon.py:515}}
Feb 06 00:01:32 devstack cinder-volume[82734]: DEBUG oslo_concurrency.processutils [None req-aee9b031-1e01-4825-afae-268999de0ace tempest-SnapshotsActionsTest-1318237071 None] Running cmd (subprocess): /opt/stack/data/venv/bin/python3.10 -m oslo_concurrency.prlimit --as=1073741824 --cpu=60 -- sudo cinder-rootwrap /etc/cinder/rootwrap.conf env LC_ALL=C qemu-img info -f qcow2 --output=json --force-share /opt/stack/data/cinder/mnt/74c3f2455d03cfa5d872582aab6d1e1a/volume-1ab4dbc8-f110-464d-8beb-1507523b26de.01741398-7989-43f5-8e73-2d3d1a6671ed {{(pid=82734) execute /opt/stack/data/venv/lib/python3.10/site-packages/oslo_concurrency/processutils.py:368}}
Feb 06 00:01:32 devstack cinder-volume[82734]: WARNING cinder.volume.volume_utils [req-a934dd33-e3ab-4d9b-8302-bc00c6e78bcb req-ba6114a7-cd11-4e23-9dc3-88b8896dd98d tempest-AttachSCSIVolumeTestJSON-831781094 None] Volume driver (QuobyteDriver 1.1.14) is currently unsupported and may be removed in the next release of OpenStack. Use at your own risk.
Feb 06 00:01:32 devstack cinder-volume[82734]: WARNING cinder.volume.volume_utils [req-a934dd33-e3ab-4d9b-8302-bc00c6e78bcb req-ba6114a7-cd11-4e23-9dc3-88b8896dd98d tempest-AttachSCSIVolumeTestJSON-831781094 None] Volume driver (QuobyteDriver 1.1.14) is currently unsupported and may be removed in the next release of OpenStack. Use at your own risk.
Feb 06 00:01:32 devstack cinder-volume[82734]: INFO cinder.volume.manager [req-a934dd33-e3ab-4d9b-8302-bc00c6e78bcb req-ba6114a7-cd11-4e23-9dc3-88b8896dd98d tempest-AttachSCSIVolumeTestJSON-831781094 None] Terminate volume connection completed successfully.
Feb 06 00:01:32 devstack cinder-volume[82734]: DEBUG cinder.volume.manager [req-a934dd33-e3ab-4d9b-8302-bc00c6e78bcb req-ba6114a7-cd11-4e23-9dc3-88b8896dd98d tempest-AttachSCSIVolumeTestJSON-831781094 None] Deleting attachment 4a249b74-3152-40c2-9da9-9f76fdfcea1f. {{(pid=82734) attachment_delete /opt/stack/cinder/cinder/volume/manager.py:5055}}
Feb 06 00:01:32 devstack sudo[85160]: quobyte : PWD=/ ; USER=root ; COMMAND=/opt/stack/data/venv/bin/cinder-rootwrap /etc/cinder/rootwrap.conf env LC_ALL=C qemu-img info -f qcow2 --output=json --force-share /opt/stack/data/cinder/mnt/74c3f2455d03cfa5d872582aab6d1e1a/volume-1ab4dbc8-f110-464d-8beb-1507523b26de.01741398-7989-43f5-8e73-2d3d1a6671ed
Feb 06 00:01:32 devstack sudo[85160]: pam_unix(sudo:session): session opened for user root(uid=0) by (uid=1000)
Feb 06 00:01:32 devstack sudo[85160]: pam_unix(sudo:session): session closed for user root
Feb 06 00:01:32 devstack cinder-volume[82734]: DEBUG oslo_concurrency.processutils [None req-aee9b031-1e01-4825-afae-268999de0ace tempest-SnapshotsActionsTest-1318237071 None] CMD "/opt/stack/data/venv/bin/python3.10 -m oslo_concurrency.prlimit --as=1073741824 --cpu=60 -- sudo cinder-rootwrap /etc/cinder/rootwrap.conf env LC_ALL=C qemu-img info -f qcow2 --output=json --force-share /opt/stack/data/cinder/mnt/74c3f2455d03cfa5d872582aab6d1e1a/volume-1ab4dbc8-f110-464d-8beb-1507523b26de.01741398-7989-43f5-8e73-2d3d1a6671ed" returned: 0 in 0.579s {{(pid=82734) execute /opt/stack/data/venv/lib/python3.10/site-packages/oslo_concurrency/processutils.py:396}}
Feb 06 00:01:32 devstack cinder-volume[82734]: DEBUG cinder.volume.drivers.remotefs [None req-aee9b031-1e01-4825-afae-268999de0ace tempest-SnapshotsActionsTest-1318237071 None] Fetching qemu-img info with special backing_file_template: (/opt/stack/data/cinder/mnt/[0-9a-f]+/)?(volume-1ab4dbc8-f110-464d-8beb-1507523b26de(.(tmp-snap-)?[0-9a-f-]+)?|volume_from_snapshot_cache/(tmp-snap-)?[0-9a-f-]+(.(child-|parent-)[0-9a-f-]+)?)$ {{(pid=82734) _qemu_img_info_base /opt/stack/cinder/cinder/volume/drivers/remotefs.py:898}}
Feb 06 00:01:32 devstack cinder-volume[82734]: DEBUG oslo.privsep.daemon [-] privsep: reply[2f5b6f41-0307-4e58-b590-0ad855623375]: (4, 'qcow2') {{(pid=83557) _call_back /opt/stack/data/venv/lib/python3.10/site-packages/oslo_privsep/daemon.py:515}}
Feb 06 00:01:32 devstack cinder-volume[82734]: DEBUG oslo_concurrency.processutils [None req-aee9b031-1e01-4825-afae-268999de0ace tempest-SnapshotsActionsTest-1318237071 None] Running cmd (subprocess): /opt/stack/data/venv/bin/python3.10 -m oslo_concurrency.prlimit --as=1073741824 --cpu=60 -- sudo cinder-rootwrap /etc/cinder/rootwrap.conf env LC_ALL=C qemu-img info -f qcow2 --output=json --force-share /opt/stack/data/cinder/mnt/74c3f2455d03cfa5d872582aab6d1e1a/volume-1ab4dbc8-f110-464d-8beb-1507523b26de.ca778e0e-86bf-4795-abf9-3cf43b43b40a {{(pid=82734) execute /opt/stack/data/venv/lib/python3.10/site-packages/oslo_concurrency/processutils.py:368}}
Feb 06 00:01:33 devstack sudo[85166]: quobyte : PWD=/ ; USER=root ; COMMAND=/opt/stack/data/venv/bin/cinder-rootwrap /etc/cinder/rootwrap.conf env LC_ALL=C qemu-img info -f qcow2 --output=json --force-share /opt/stack/data/cinder/mnt/74c3f2455d03cfa5d872582aab6d1e1a/volume-1ab4dbc8-f110-464d-8beb-1507523b26de.ca778e0e-86bf-4795-abf9-3cf43b43b40a
Feb 06 00:01:33 devstack sudo[85166]: pam_unix(sudo:session): session opened for user root(uid=0) by (uid=1000)
Feb 06 00:01:33 devstack sudo[85166]: pam_unix(sudo:session): session closed for user root
Feb 06 00:01:33 devstack cinder-volume[82734]: DEBUG oslo_concurrency.processutils [None req-aee9b031-1e01-4825-afae-268999de0ace tempest-SnapshotsActionsTest-1318237071 None] CMD "/opt/stack/data/venv/bin/python3.10 -m oslo_concurrency.prlimit --as=1073741824 --cpu=60 -- sudo cinder-rootwrap /etc/cinder/rootwrap.conf env LC_ALL=C qemu-img info -f qcow2 --output=json --force-share /opt/stack/data/cinder/mnt/74c3f2455d03cfa5d872582aab6d1e1a/volume-1ab4dbc8-f110-464d-8beb-1507523b26de.ca778e0e-86bf-4795-abf9-3cf43b43b40a" returned: 0 in 0.558s {{(pid=82734) execute /opt/stack/data/venv/lib/python3.10/site-packages/oslo_concurrency/processutils.py:396}}
Feb 06 00:01:33 devstack cinder-volume[82734]: DEBUG cinder.volume.drivers.remotefs [None req-aee9b031-1e01-4825-afae-268999de0ace tempest-SnapshotsActionsTest-1318237071 None] Fetching qemu-img info with special backing_file_template: (/opt/stack/data/cinder/mnt/[0-9a-f]+/)?(volume-1ab4dbc8-f110-464d-8beb-1507523b26de(.(tmp-snap-)?[0-9a-f-]+)?|volume_from_snapshot_cache/(tmp-snap-)?[0-9a-f-]+(.(child-|parent-)[0-9a-f-]+)?)$ {{(pid=82734) _qemu_img_info_base /opt/stack/cinder/cinder/volume/drivers/remotefs.py:898}}
Feb 06 00:01:33 devstack cinder-volume[82734]: DEBUG oslo_concurrency.processutils [None req-aee9b031-1e01-4825-afae-268999de0ace tempest-SnapshotsActionsTest-1318237071 None] Running cmd (subprocess): sudo cinder-rootwrap /etc/cinder/rootwrap.conf qemu-img commit -d /opt/stack/data/cinder/mnt/74c3f2455d03cfa5d872582aab6d1e1a/volume-1ab4dbc8-f110-464d-8beb-1507523b26de.01741398-7989-43f5-8e73-2d3d1a6671ed {{(pid=82734) execute /opt/stack/data/venv/lib/python3.10/site-packages/oslo_concurrency/processutils.py:368}}
Feb 06 00:01:33 devstack sudo[85174]: quobyte : PWD=/ ; USER=root ; COMMAND=/opt/stack/data/venv/bin/cinder-rootwrap /etc/cinder/rootwrap.conf qemu-img commit -d /opt/stack/data/cinder/mnt/74c3f2455d03cfa5d872582aab6d1e1a/volume-1ab4dbc8-f110-464d-8beb-1507523b26de.01741398-7989-43f5-8e73-2d3d1a6671ed
Feb 06 00:01:33 devstack sudo[85174]: pam_unix(sudo:session): session opened for user root(uid=0) by (uid=1000)
