Jan 30 11:14:20 devstack cinder-volume[82739]: DEBUG oslo_concurrency.processutils [None req-ee47d6b3-7d0e-4ada-b911-f4a6778575cb tempest-SnapshotsActionsTest-698798556 None] Running cmd (subprocess): sudo cinder-rootwrap /etc/cinder/rootwrap.conf chmod ugo+rw /opt/stack/data/cinder/mnt/be7a9f8dcef7d54b11d2ef05feca59e7/volume-67fe9d19-8f8b-40bc-8d4e-c20345c650cd.2ba29801-9a38-453b-b6b5-fbe73d01fdee {{(pid=82739) execute /opt/stack/data/venv/lib/python3.10/site-packages/oslo_concurrency/processutils.py:368}}
Jan 30 11:14:20 devstack sudo[90836]: quobyte : PWD=/ ; USER=root ; COMMAND=/opt/stack/data/venv/bin/cinder-rootwrap /etc/cinder/rootwrap.conf chmod ugo+rw /opt/stack/data/cinder/mnt/be7a9f8dcef7d54b11d2ef05feca59e7/volume-67fe9d19-8f8b-40bc-8d4e-c20345c650cd.2ba29801-9a38-453b-b6b5-fbe73d01fdee
Jan 30 11:14:20 devstack sudo[90836]: pam_unix(sudo:session): session opened for user root(uid=0) by (uid=1000)
Jan 30 11:14:20 devstack sudo[90836]: pam_unix(sudo:session): session closed for user root
Jan 30 11:14:20 devstack cinder-volume[82739]: DEBUG oslo_concurrency.processutils [None req-ee47d6b3-7d0e-4ada-b911-f4a6778575cb tempest-SnapshotsActionsTest-698798556 None] CMD "sudo cinder-rootwrap /etc/cinder/rootwrap.conf chmod ugo+rw /opt/stack/data/cinder/mnt/be7a9f8dcef7d54b11d2ef05feca59e7/volume-67fe9d19-8f8b-40bc-8d4e-c20345c650cd.2ba29801-9a38-453b-b6b5-fbe73d01fdee" returned: 0 in 0.567s {{(pid=82739) execute /opt/stack/data/venv/lib/python3.10/site-packages/oslo_concurrency/processutils.py:396}}
Jan 30 11:14:20 devstack cinder-volume[82739]: DEBUG oslo_concurrency.processutils [None req-ee47d6b3-7d0e-4ada-b911-f4a6778575cb tempest-SnapshotsActionsTest-698798556 None] Running cmd (subprocess): sudo cinder-rootwrap /etc/cinder/rootwrap.conf truncate -s0 /opt/stack/data/cinder/mnt/be7a9f8dcef7d54b11d2ef05feca59e7/volume-67fe9d19-8f8b-40bc-8d4e-c20345c650cd.info {{(pid=82739) execute /opt/stack/data/venv/lib/python3.10/site-packages/oslo_concurrency/processutils.py:368}}
Jan 30 11:14:20 devstack sudo[90841]: quobyte : PWD=/ ; USER=root ; COMMAND=/opt/stack/data/venv/bin/cinder-rootwrap /etc/cinder/rootwrap.conf truncate -s0 /opt/stack/data/cinder/mnt/be7a9f8dcef7d54b11d2ef05feca59e7/volume-67fe9d19-8f8b-40bc-8d4e-c20345c650cd.info
Jan 30 11:14:20 devstack sudo[90841]: pam_unix(sudo:session): session opened for user root(uid=0) by (uid=1000)
Jan 30 11:14:21 devstack sudo[90841]: pam_unix(sudo:session): session closed for user root
Jan 30 11:14:21 devstack cinder-volume[82739]: DEBUG oslo_concurrency.processutils [None req-ee47d6b3-7d0e-4ada-b911-f4a6778575cb tempest-SnapshotsActionsTest-698798556 None] CMD "sudo cinder-rootwrap /etc/cinder/rootwrap.conf truncate -s0 /opt/stack/data/cinder/mnt/be7a9f8dcef7d54b11d2ef05feca59e7/volume-67fe9d19-8f8b-40bc-8d4e-c20345c650cd.info" returned: 0 in 0.517s {{(pid=82739) execute /opt/stack/data/venv/lib/python3.10/site-packages/oslo_concurrency/processutils.py:396}}
Jan 30 11:14:21 devstack cinder-volume[82739]: WARNING cinder.volume.drivers.remotefs [None req-ee47d6b3-7d0e-4ada-b911-f4a6778575cb tempest-SnapshotsActionsTest-698798556 None] /opt/stack/data/cinder/mnt/be7a9f8dcef7d54b11d2ef05feca59e7/volume-67fe9d19-8f8b-40bc-8d4e-c20345c650cd.info is being set with open permissions: ugo+rw
Jan 30 11:14:21 devstack cinder-volume[82739]: DEBUG oslo_concurrency.processutils [None req-ee47d6b3-7d0e-4ada-b911-f4a6778575cb tempest-SnapshotsActionsTest-698798556 None] Running cmd (subprocess): sudo cinder-rootwrap /etc/cinder/rootwrap.conf chmod ugo+rw /opt/stack/data/cinder/mnt/be7a9f8dcef7d54b11d2ef05feca59e7/volume-67fe9d19-8f8b-40bc-8d4e-c20345c650cd.info {{(pid=82739) execute /opt/stack/data/venv/lib/python3.10/site-packages/oslo_concurrency/processutils.py:368}}
Jan 30 11:14:21 devstack sudo[90844]: quobyte : PWD=/ ; USER=root ; COMMAND=/opt/stack/data/venv/bin/cinder-rootwrap /etc/cinder/rootwrap.conf chmod ugo+rw /opt/stack/data/cinder/mnt/be7a9f8dcef7d54b11d2ef05feca59e7/volume-67fe9d19-8f8b-40bc-8d4e-c20345c650cd.info
Jan 30 11:14:21 devstack sudo[90844]: pam_unix(sudo:session): session opened for user root(uid=0) by (uid=1000)
Jan 30 11:14:21 devstack sudo[90844]: pam_unix(sudo:session): session closed for user root
Jan 30 11:14:21 devstack cinder-volume[82739]: DEBUG oslo_concurrency.processutils [None req-ee47d6b3-7d0e-4ada-b911-f4a6778575cb tempest-SnapshotsActionsTest-698798556 None] CMD "sudo cinder-rootwrap /etc/cinder/rootwrap.conf chmod ugo+rw /opt/stack/data/cinder/mnt/be7a9f8dcef7d54b11d2ef05feca59e7/volume-67fe9d19-8f8b-40bc-8d4e-c20345c650cd.info" returned: 0 in 0.523s {{(pid=82739) execute /opt/stack/data/venv/lib/python3.10/site-packages/oslo_concurrency/processutils.py:396}}
Jan 30 11:14:21 devstack cinder-volume[82739]: DEBUG oslo_concurrency.lockutils [None req-ee47d6b3-7d0e-4ada-b911-f4a6778575cb tempest-SnapshotsActionsTest-698798556 None] Lock "quobyte" "released" by "cinder.volume.drivers.quobyte.QuobyteDriver.create_snapshot" :: held 3.470s {{(pid=82739) inner /opt/stack/data/venv/lib/python3.10/site-packages/oslo_concurrency/lockutils.py:538}}
Jan 30 11:14:21 devstack cinder-volume[82739]: INFO cinder.volume.manager [None req-ee47d6b3-7d0e-4ada-b911-f4a6778575cb tempest-SnapshotsActionsTest-698798556 None] Create snapshot completed successfully
Jan 30 11:14:23 devstack cinder-volume[82739]: WARNING cinder.volume.volume_utils [None req-24756fe0-9e1c-47b1-97a3-34a3bec52be5 tempest-SnapshotsActionsTest-698798556 None] Volume driver (QuobyteDriver 1.1.14) is currently unsupported and may be removed in the next release of OpenStack. Use at your own risk.
Jan 30 11:14:23 devstack cinder-volume[82739]: DEBUG oslo_concurrency.lockutils [None req-24756fe0-9e1c-47b1-97a3-34a3bec52be5 tempest-SnapshotsActionsTest-698798556 None] Acquiring lock "quobyte" by "cinder.volume.drivers.quobyte.QuobyteDriver.create_snapshot" {{(pid=82739) inner /opt/stack/data/venv/lib/python3.10/site-packages/oslo_concurrency/lockutils.py:506}}
Jan 30 11:14:23 devstack cinder-volume[82739]: DEBUG oslo_concurrency.lockutils [None req-24756fe0-9e1c-47b1-97a3-34a3bec52be5 tempest-SnapshotsActionsTest-698798556 None] Lock "quobyte" acquired by "cinder.volume.drivers.quobyte.QuobyteDriver.create_snapshot" :: waited 0.000s {{(pid=82739) inner /opt/stack/data/venv/lib/python3.10/site-packages/oslo_concurrency/lockutils.py:519}}
Jan 30 11:14:23 devstack cinder-volume[82739]: DEBUG cinder.volume.drivers.remotefs [None req-24756fe0-9e1c-47b1-97a3-34a3bec52be5 tempest-SnapshotsActionsTest-698798556 None] Creating offline snapshot 2c1cbd26-446a-411c-aee0-5cf167fb1a9a of volume 67fe9d19-8f8b-40bc-8d4e-c20345c650cd {{(pid=82739) _create_snapshot /opt/stack/cinder/cinder/volume/drivers/remotefs.py:1817}}
Jan 30 11:14:23 devstack cinder-volume[82739]: DEBUG oslo.privsep.daemon [-] privsep: reply[ac05b62a-dbb9-4008-b428-7f19952ff24b]: (4, 'qcow2') {{(pid=83735) _call_back /opt/stack/data/venv/lib/python3.10/site-packages/oslo_privsep/daemon.py:515}}
Jan 30 11:14:23 devstack cinder-volume[82739]: DEBUG oslo_concurrency.processutils [None req-24756fe0-9e1c-47b1-97a3-34a3bec52be5 tempest-SnapshotsActionsTest-698798556 None] Running cmd (subprocess): /opt/stack/data/venv/bin/python3.10 -m oslo_concurrency.prlimit --as=1073741824 --cpu=60 -- sudo cinder-rootwrap /etc/cinder/rootwrap.conf env LC_ALL=C qemu-img info -f qcow2 --output=json --force-share /opt/stack/data/cinder/mnt/be7a9f8dcef7d54b11d2ef05feca59e7/volume-67fe9d19-8f8b-40bc-8d4e-c20345c650cd.2ba29801-9a38-453b-b6b5-fbe73d01fdee {{(pid=82739) execute /opt/stack/data/venv/lib/python3.10/site-packages/oslo_concurrency/processutils.py:368}}
Jan 30 11:14:23 devstack sudo[90847]: quobyte : PWD=/ ; USER=root ; COMMAND=/opt/stack/data/venv/bin/cinder-rootwrap /etc/cinder/rootwrap.conf env LC_ALL=C qemu-img info -f qcow2 --output=json --force-share /opt/stack/data/cinder/mnt/be7a9f8dcef7d54b11d2ef05feca59e7/volume-67fe9d19-8f8b-40bc-8d4e-c20345c650cd.2ba29801-9a38-453b-b6b5-fbe73d01fdee
Jan 30 11:14:23 devstack sudo[90847]: pam_unix(sudo:session): session opened for user root(uid=0) by (uid=1000)
Jan 30 11:14:23 devstack sudo[90847]: pam_unix(sudo:session): session closed for user root
Jan 30 11:14:23 devstack cinder-volume[82739]: DEBUG oslo_concurrency.processutils [None req-24756fe0-9e1c-47b1-97a3-34a3bec52be5 tempest-SnapshotsActionsTest-698798556 None] CMD "/opt/stack/data/venv/bin/python3.10 -m oslo_concurrency.prlimit --as=1073741824 --cpu=60 -- sudo cinder-rootwrap /etc/cinder/rootwrap.conf env LC_ALL=C qemu-img info -f qcow2 --output=json --force-share /opt/stack/data/cinder/mnt/be7a9f8dcef7d54b11d2ef05feca59e7/volume-67fe9d19-8f8b-40bc-8d4e-c20345c650cd.2ba29801-9a38-453b-b6b5-fbe73d01fdee" returned: 0 in 0.531s {{(pid=82739) execute /opt/stack/data/venv/lib/python3.10/site-packages/oslo_concurrency/processutils.py:396}}
Jan 30 11:14:23 devstack cinder-volume[82739]: DEBUG cinder.volume.drivers.remotefs [None req-24756fe0-9e1c-47b1-97a3-34a3bec52be5 tempest-SnapshotsActionsTest-698798556 None] Fetching qemu-img info with special backing_file_template: (/opt/stack/data/cinder/mnt/[0-9a-f]+/)?(volume-67fe9d19-8f8b-40bc-8d4e-c20345c650cd(.(tmp-snap-)?[0-9a-f-]+)?|volume_from_snapshot_cache/(tmp-snap-)?[0-9a-f-]+(.(child-|parent-)[0-9a-f-]+)?)$ {{(pid=82739) _qemu_img_info_base /opt/stack/cinder/cinder/volume/drivers/remotefs.py:898}}
Jan 30 11:14:23 devstack cinder-volume[82739]: DEBUG oslo_concurrency.processutils [None req-24756fe0-9e1c-47b1-97a3-34a3bec52be5 tempest-SnapshotsActionsTest-698798556 None] Running cmd (subprocess): sudo cinder-rootwrap /etc/cinder/rootwrap.conf qemu-img create -f qcow2 -o backing_file=/opt/stack/data/cinder/mnt/be7a9f8dcef7d54b11d2ef05feca59e7/volume-67fe9d19-8f8b-40bc-8d4e-c20345c650cd.2ba29801-9a38-453b-b6b5-fbe73d01fdee,backing_fmt=qcow2 /opt/stack/data/cinder/mnt/be7a9f8dcef7d54b11d2ef05feca59e7/volume-67fe9d19-8f8b-40bc-8d4e-c20345c650cd.2c1cbd26-446a-411c-aee0-5cf167fb1a9a 1G {{(pid=82739) execute /opt/stack/data/venv/lib/python3.10/site-packages/oslo_concurrency/processutils.py:368}}
Jan 30 11:14:23 devstack sudo[90852]: quobyte : PWD=/ ; USER=root ; COMMAND=/opt/stack/data/venv/bin/cinder-rootwrap /etc/cinder/rootwrap.conf qemu-img create -f qcow2 -o backing_file=/opt/stack/data/cinder/mnt/be7a9f8dcef7d54b11d2ef05feca59e7/volume-67fe9d19-8f8b-40bc-8d4e-c20345c650cd.2ba29801-9a38-453b-b6b5-fbe73d01fdee,backing_fmt=qcow2 /opt/stack/data/cinder/mnt/be7a9f8dcef7d54b11d2ef05feca59e7/volume-67fe9d19-8f8b-40bc-8d4e-c20345c650cd.2c1cbd26-446a-411c-aee0-5cf167fb1a9a 1G
Jan 30 11:14:23 devstack sudo[90852]: pam_unix(sudo:session): session opened for user root(uid=0) by (uid=1000)
Jan 30 11:14:24 devstack sudo[90852]: pam_unix(sudo:session): session closed for user root
Jan 30 11:14:24 devstack cinder-volume[82739]: DEBUG oslo_concurrency.processutils [None req-24756fe0-9e1c-47b1-97a3-34a3bec52be5 tempest-SnapshotsActionsTest-698798556 None] CMD "sudo cinder-rootwrap /etc/cinder/rootwrap.conf qemu-img create -f qcow2 -o backing_file=/opt/stack/data/cinder/mnt/be7a9f8dcef7d54b11d2ef05feca59e7/volume-67fe9d19-8f8b-40bc-8d4e-c20345c650cd.2ba29801-9a38-453b-b6b5-fbe73d01fdee,backing_fmt=qcow2 /opt/stack/data/cinder/mnt/be7a9f8dcef7d54b11d2ef05feca59e7/volume-67fe9d19-8f8b-40bc-8d4e-c20345c650cd.2c1cbd26-446a-411c-aee0-5cf167fb1a9a 1G" returned: 0 in 0.556s {{(pid=82739) execute /opt/stack/data/venv/lib/python3.10/site-packages/oslo_concurrency/processutils.py:396}}
Jan 30 11:14:24 devstack cinder-volume[82739]: DEBUG oslo_concurrency.processutils [None req-24756fe0-9e1c-47b1-97a3-34a3bec52be5 tempest-SnapshotsActionsTest-698798556 None] Running cmd (subprocess): sudo cinder-rootwrap /etc/cinder/rootwrap.conf qemu-img rebase -u -b volume-67fe9d19-8f8b-40bc-8d4e-c20345c650cd.2ba29801-9a38-453b-b6b5-fbe73d01fdee -F qcow2 /opt/stack/data/cinder/mnt/be7a9f8dcef7d54b11d2ef05feca59e7/volume-67fe9d19-8f8b-40bc-8d4e-c20345c650cd.2c1cbd26-446a-411c-aee0-5cf167fb1a9a {{(pid=82739) execute /opt/stack/data/venv/lib/python3.10/site-packages/oslo_concurrency/processutils.py:368}}
Jan 30 11:14:24 devstack sudo[90857]: quobyte : PWD=/ ; USER=root ; COMMAND=/opt/stack/data/venv/bin/cinder-rootwrap /etc/cinder/rootwrap.conf qemu-img rebase -u -b volume-67fe9d19-8f8b-40bc-8d4e-c20345c650cd.2ba29801-9a38-453b-b6b5-fbe73d01fdee -F qcow2 /opt/stack/data/cinder/mnt/be7a9f8dcef7d54b11d2ef05feca59e7/volume-67fe9d19-8f8b-40bc-8d4e-c20345c650cd.2c1cbd26-446a-411c-aee0-5cf167fb1a9a
Jan 30 11:14:24 devstack sudo[90857]: pam_unix(sudo:session): session opened for user root(uid=0) by (uid=1000)
Jan 30 11:14:24 devstack sudo[90857]: pam_unix(sudo:session): session closed for user root
Jan 30 11:14:24 devstack cinder-volume[82739]: DEBUG oslo_concurrency.processutils [None req-24756fe0-9e1c-47b1-97a3-34a3bec52be5 tempest-SnapshotsActionsTest-698798556 None] CMD "sudo cinder-rootwrap /etc/cinder/rootwrap.conf qemu-img rebase -u -b volume-67fe9d19-8f8b-40bc-8d4e-c20345c650cd.2ba29801-9a38-453b-b6b5-fbe73d01fdee -F qcow2 /opt/stack/data/cinder/mnt/be7a9f8dcef7d54b11d2ef05feca59e7/volume-67fe9d19-8f8b-40bc-8d4e-c20345c650cd.2c1cbd26-446a-411c-aee0-5cf167fb1a9a" returned: 0 in 0.462s {{(pid=82739) execute /opt/stack/data/venv/lib/python3.10/site-packages/oslo_concurrency/processutils.py:396}}
Jan 30 11:14:24 devstack cinder-volume[82739]: WARNING cinder.volume.drivers.remotefs [None req-24756fe0-9e1c-47b1-97a3-34a3bec52be5 tempest-SnapshotsActionsTest-698798556 None] /opt/stack/data/cinder/mnt/be7a9f8dcef7d54b11d2ef05feca59e7/volume-67fe9d19-8f8b-40bc-8d4e-c20345c650cd.2c1cbd26-446a-411c-aee0-5cf167fb1a9a is being set with open permissions: ugo+rw
Jan 30 11:14:24 devstack cinder-volume[82739]: DEBUG oslo_concurrency.processutils [None req-24756fe0-9e1c-47b1-97a3-34a3bec52be5 tempest-SnapshotsActionsTest-698798556 None] Running cmd (subprocess): sudo cinder-rootwrap /etc/cinder/rootwrap.conf chmod ugo+rw /opt/stack/data/cinder/mnt/be7a9f8dcef7d54b11d2ef05feca59e7/volume-67fe9d19-8f8b-40bc-8d4e-c20345c650cd.2c1cbd26-446a-411c-aee0-5cf167fb1a9a {{(pid=82739) execute /opt/stack/data/venv/lib/python3.10/site-packages/oslo_concurrency/processutils.py:368}}
Jan 30 11:14:24 devstack sudo[90862]: quobyte : PWD=/ ; USER=root ; COMMAND=/opt/stack/data/venv/bin/cinder-rootwrap /etc/cinder/rootwrap.conf chmod ugo+rw /opt/stack/data/cinder/mnt/be7a9f8dcef7d54b11d2ef05feca59e7/volume-67fe9d19-8f8b-40bc-8d4e-c20345c650cd.2c1cbd26-446a-411c-aee0-5cf167fb1a9a
Jan 30 11:14:24 devstack sudo[90862]: pam_unix(sudo:session): session opened for user root(uid=0) by (uid=1000)
Jan 30 11:14:25 devstack sudo[90862]: pam_unix(sudo:session): session closed for user root
Jan 30 11:14:25 devstack cinder-volume[82739]: DEBUG oslo_concurrency.processutils [None req-24756fe0-9e1c-47b1-97a3-34a3bec52be5 tempest-SnapshotsActionsTest-698798556 None] CMD "sudo cinder-rootwrap /etc/cinder/rootwrap.conf chmod ugo+rw /opt/stack/data/cinder/mnt/be7a9f8dcef7d54b11d2ef05feca59e7/volume-67fe9d19-8f8b-40bc-8d4e-c20345c650cd.2c1cbd26-446a-411c-aee0-5cf167fb1a9a" returned: 0 in 0.461s {{(pid=82739) execute /opt/stack/data/venv/lib/python3.10/site-packages/oslo_concurrency/processutils.py:396}}
Jan 30 11:14:25 devstack cinder-volume[82739]: DEBUG oslo_concurrency.lockutils [None req-24756fe0-9e1c-47b1-97a3-34a3bec52be5 tempest-SnapshotsActionsTest-698798556 None] Lock "quobyte" "released" by "cinder.volume.drivers.quobyte.QuobyteDriver.create_snapshot" :: held 2.084s {{(pid=82739) inner /opt/stack/data/venv/lib/python3.10/site-packages/oslo_concurrency/lockutils.py:538}}
Jan 30 11:14:25 devstack cinder-volume[82739]: INFO cinder.volume.manager [None req-24756fe0-9e1c-47b1-97a3-34a3bec52be5 tempest-SnapshotsActionsTest-698798556 None] Create snapshot completed successfully
Jan 30 11:14:26 devstack cinder-volume[82739]: DEBUG cinder.coordination [None req-8062eac8-b538-433e-a325-476156d7b9e9 tempest-SnapshotsActionsTest-1101962056 None] Acquiring lock "cinder-2c1cbd26-446a-411c-aee0-5cf167fb1a9a-delete_snapshot" by "delete_snapshot" {{(pid=82739) __acquire /opt/stack/cinder/cinder/coordination.py:143}}
Jan 30 11:14:26 devstack cinder-volume[82739]: DEBUG cinder.coordination [None req-8062eac8-b538-433e-a325-476156d7b9e9 tempest-SnapshotsActionsTest-1101962056 None] Lock "cinder-2c1cbd26-446a-411c-aee0-5cf167fb1a9a-delete_snapshot" acquired by "delete_snapshot" :: waited 0.017s {{(pid=82739) __acquire /opt/stack/cinder/cinder/coordination.py:146}}
Jan 30 11:14:26 devstack cinder-volume[82739]: WARNING cinder.volume.volume_utils [None req-8062eac8-b538-433e-a325-476156d7b9e9 tempest-SnapshotsActionsTest-1101962056 None] Volume driver (QuobyteDriver 1.1.14) is currently unsupported and may be removed in the next release of OpenStack. Use at your own risk.
Jan 30 11:14:26 devstack cinder-volume[82739]: DEBUG cinder.coordination [None req-8062eac8-b538-433e-a325-476156d7b9e9 tempest-SnapshotsActionsTest-1101962056 None] Acquiring lock "cinder-quobyte-67fe9d19-8f8b-40bc-8d4e-c20345c650cd" by "delete_snapshot" {{(pid=82739) __acquire /opt/stack/cinder/cinder/coordination.py:143}}
Jan 30 11:14:26 devstack cinder-volume[82739]: DEBUG cinder.coordination [None req-8062eac8-b538-433e-a325-476156d7b9e9 tempest-SnapshotsActionsTest-1101962056 None] Lock "cinder-quobyte-67fe9d19-8f8b-40bc-8d4e-c20345c650cd" acquired by "delete_snapshot" :: waited 0.023s {{(pid=82739) __acquire /opt/stack/cinder/cinder/coordination.py:146}}
Jan 30 11:14:26 devstack cinder-volume[82739]: DEBUG cinder.coordination [None req-8062eac8-b538-433e-a325-476156d7b9e9 tempest-SnapshotsActionsTest-1101962056 None] Acquiring lock "cinder-quobyte-2c1cbd26-446a-411c-aee0-5cf167fb1a9a" by "_delete_snapshot" {{(pid=82739) __acquire /opt/stack/cinder/cinder/coordination.py:143}}
Jan 30 11:14:26 devstack cinder-volume[82739]: DEBUG cinder.coordination [None req-8062eac8-b538-433e-a325-476156d7b9e9 tempest-SnapshotsActionsTest-1101962056 None] Lock "cinder-quobyte-2c1cbd26-446a-411c-aee0-5cf167fb1a9a" acquired by "_delete_snapshot" :: waited 0.011s {{(pid=82739) __acquire /opt/stack/cinder/cinder/coordination.py:146}}
Jan 30 11:14:26 devstack cinder-volume[82739]: DEBUG cinder.volume.drivers.remotefs [None req-8062eac8-b538-433e-a325-476156d7b9e9 tempest-SnapshotsActionsTest-1101962056 None] Deleting offline snapshot 2c1cbd26-446a-411c-aee0-5cf167fb1a9a of volume 67fe9d19-8f8b-40bc-8d4e-c20345c650cd {{(pid=82739) _delete_snapshot /opt/stack/cinder/cinder/volume/drivers/remotefs.py:1290}}
Jan 30 11:14:26 devstack cinder-volume[82739]: DEBUG cinder.volume.drivers.remotefs [None req-8062eac8-b538-433e-a325-476156d7b9e9 tempest-SnapshotsActionsTest-1101962056 None] snapshot_file for this snap is: volume-67fe9d19-8f8b-40bc-8d4e-c20345c650cd.2c1cbd26-446a-411c-aee0-5cf167fb1a9a {{(pid=82739) _delete_snapshot /opt/stack/cinder/cinder/volume/drivers/remotefs.py:1319}}
Jan 30 11:14:26 devstack cinder-volume[82739]: DEBUG oslo.privsep.daemon [-] privsep: reply[60350549-fb0a-47df-90d7-a8a213102371]: (4, 'qcow2') {{(pid=83735) _call_back /opt/stack/data/venv/lib/python3.10/site-packages/oslo_privsep/daemon.py:515}}
Jan 30 11:14:26 devstack cinder-volume[82739]: DEBUG oslo_concurrency.processutils [None req-8062eac8-b538-433e-a325-476156d7b9e9 tempest-SnapshotsActionsTest-1101962056 None] Running cmd (subprocess): /opt/stack/data/venv/bin/python3.10 -m oslo_concurrency.prlimit --as=1073741824 --cpu=60 -- sudo cinder-rootwrap /etc/cinder/rootwrap.conf env LC_ALL=C qemu-img info -f qcow2 --output=json --force-share /opt/stack/data/cinder/mnt/be7a9f8dcef7d54b11d2ef05feca59e7/volume-67fe9d19-8f8b-40bc-8d4e-c20345c650cd.2c1cbd26-446a-411c-aee0-5cf167fb1a9a {{(pid=82739) execute /opt/stack/data/venv/lib/python3.10/site-packages/oslo_concurrency/processutils.py:368}}
Jan 30 11:14:26 devstack sudo[90866]: quobyte : PWD=/ ; USER=root ; COMMAND=/opt/stack/data/venv/bin/cinder-rootwrap /etc/cinder/rootwrap.conf env LC_ALL=C qemu-img info -f qcow2 --output=json --force-share /opt/stack/data/cinder/mnt/be7a9f8dcef7d54b11d2ef05feca59e7/volume-67fe9d19-8f8b-40bc-8d4e-c20345c650cd.2c1cbd26-446a-411c-aee0-5cf167fb1a9a
Jan 30 11:14:26 devstack sudo[90866]: pam_unix(sudo:session): session opened for user root(uid=0) by (uid=1000)
Jan 30 11:14:27 devstack sudo[90866]: pam_unix(sudo:session): session closed for user root
Jan 30 11:14:27 devstack cinder-volume[82739]: DEBUG oslo_concurrency.processutils [None req-8062eac8-b538-433e-a325-476156d7b9e9 tempest-SnapshotsActionsTest-1101962056 None] CMD "/opt/stack/data/venv/bin/python3.10 -m oslo_concurrency.prlimit --as=1073741824 --cpu=60 -- sudo cinder-rootwrap /etc/cinder/rootwrap.conf env LC_ALL=C qemu-img info -f qcow2 --output=json --force-share /opt/stack/data/cinder/mnt/be7a9f8dcef7d54b11d2ef05feca59e7/volume-67fe9d19-8f8b-40bc-8d4e-c20345c650cd.2c1cbd26-446a-411c-aee0-5cf167fb1a9a" returned: 0 in 0.695s {{(pid=82739) execute /opt/stack/data/venv/lib/python3.10/site-packages/oslo_concurrency/processutils.py:396}}
Jan 30 11:14:27 devstack cinder-volume[82739]: DEBUG cinder.volume.drivers.remotefs [None req-8062eac8-b538-433e-a325-476156d7b9e9 tempest-SnapshotsActionsTest-1101962056 None] Fetching qemu-img info with special backing_file_template: (/opt/stack/data/cinder/mnt/[0-9a-f]+/)?(volume-67fe9d19-8f8b-40bc-8d4e-c20345c650cd(.(tmp-snap-)?[0-9a-f-]+)?|volume_from_snapshot_cache/(tmp-snap-)?[0-9a-f-]+(.(child-|parent-)[0-9a-f-]+)?)$ {{(pid=82739) _qemu_img_info_base /opt/stack/cinder/cinder/volume/drivers/remotefs.py:898}}
Jan 30 11:14:27 devstack cinder-volume[82739]: DEBUG oslo.privsep.daemon [-] privsep: reply[f4801212-87c3-4b5b-b677-beb2075bb4af]: (4, 'qcow2') {{(pid=83735) _call_back /opt/stack/data/venv/lib/python3.10/site-packages/oslo_privsep/daemon.py:515}}
Jan 30 11:14:27 devstack cinder-volume[82739]: DEBUG oslo_concurrency.processutils [None req-8062eac8-b538-433e-a325-476156d7b9e9 tempest-SnapshotsActionsTest-1101962056 None] Running cmd (subprocess): /opt/stack/data/venv/bin/python3.10 -m oslo_concurrency.prlimit --as=1073741824 --cpu=60 -- sudo cinder-rootwrap /etc/cinder/rootwrap.conf env LC_ALL=C qemu-img info -f qcow2 --output=json --force-share /opt/stack/data/cinder/mnt/be7a9f8dcef7d54b11d2ef05feca59e7/volume-67fe9d19-8f8b-40bc-8d4e-c20345c650cd.2ba29801-9a38-453b-b6b5-fbe73d01fdee {{(pid=82739) execute /opt/stack/data/venv/lib/python3.10/site-packages/oslo_concurrency/processutils.py:368}}
Jan 30 11:14:27 devstack sudo[90871]: quobyte : PWD=/ ; USER=root ; COMMAND=/opt/stack/data/venv/bin/cinder-rootwrap /etc/cinder/rootwrap.conf env LC_ALL=C qemu-img info -f qcow2 --output=json --force-share /opt/stack/data/cinder/mnt/be7a9f8dcef7d54b11d2ef05feca59e7/volume-67fe9d19-8f8b-40bc-8d4e-c20345c650cd.2ba29801-9a38-453b-b6b5-fbe73d01fdee
Jan 30 11:14:27 devstack sudo[90871]: pam_unix(sudo:session): session opened for user root(uid=0) by (uid=1000)
Jan 30 11:14:27 devstack sudo[90871]: pam_unix(sudo:session): session closed for user root
Jan 30 11:14:27 devstack cinder-volume[82739]: DEBUG oslo_concurrency.processutils [None req-8062eac8-b538-433e-a325-476156d7b9e9 tempest-SnapshotsActionsTest-1101962056 None] CMD "/opt/stack/data/venv/bin/python3.10 -m oslo_concurrency.prlimit --as=1073741824 --cpu=60 -- sudo cinder-rootwrap /etc/cinder/rootwrap.conf env LC_ALL=C qemu-img info -f qcow2 --output=json --force-share /opt/stack/data/cinder/mnt/be7a9f8dcef7d54b11d2ef05feca59e7/volume-67fe9d19-8f8b-40bc-8d4e-c20345c650cd.2ba29801-9a38-453b-b6b5-fbe73d01fdee" returned: 0 in 0.837s {{(pid=82739) execute /opt/stack/data/venv/lib/python3.10/site-packages/oslo_concurrency/processutils.py:396}}
Jan 30 11:14:27 devstack cinder-volume[82739]: DEBUG cinder.volume.drivers.remotefs [None req-8062eac8-b538-433e-a325-476156d7b9e9 tempest-SnapshotsActionsTest-1101962056 None] Fetching qemu-img info with special backing_file_template: (/opt/stack/data/cinder/mnt/[0-9a-f]+/)?(volume-67fe9d19-8f8b-40bc-8d4e-c20345c650cd(.(tmp-snap-)?[0-9a-f-]+)?|volume_from_snapshot_cache/(tmp-snap-)?[0-9a-f-]+(.(child-|parent-)[0-9a-f-]+)?)$ {{(pid=82739) _qemu_img_info_base /opt/stack/cinder/cinder/volume/drivers/remotefs.py:898}}
Jan 30 11:14:27 devstack cinder-volume[82739]: DEBUG oslo_concurrency.processutils [None req-8062eac8-b538-433e-a325-476156d7b9e9 tempest-SnapshotsActionsTest-1101962056 None] Running cmd (subprocess): sudo cinder-rootwrap /etc/cinder/rootwrap.conf qemu-img commit -d /opt/stack/data/cinder/mnt/be7a9f8dcef7d54b11d2ef05feca59e7/volume-67fe9d19-8f8b-40bc-8d4e-c20345c650cd.2c1cbd26-446a-411c-aee0-5cf167fb1a9a {{(pid=82739) execute /opt/stack/data/venv/lib/python3.10/site-packages/oslo_concurrency/processutils.py:368}}
Jan 30 11:14:27 devstack sudo[90877]: quobyte : PWD=/ ; USER=root ; COMMAND=/opt/stack/data/venv/bin/cinder-rootwrap /etc/cinder/rootwrap.conf qemu-img commit -d /opt/stack/data/cinder/mnt/be7a9f8dcef7d54b11d2ef05feca59e7/volume-67fe9d19-8f8b-40bc-8d4e-c20345c650cd.2c1cbd26-446a-411c-aee0-5cf167fb1a9a
Jan 30 11:14:27 devstack sudo[90877]: pam_unix(sudo:session): session opened for user root(uid=0) by (uid=1000)
Jan 30 11:14:28 devstack cinder-volume[82739]: DEBUG oslo_concurrency.lockutils [req-1a81965d-b626-4788-95d8-b44452f7fa9f req-c19a0faa-642f-47b7-9af1-ee2e849e8298 tempest-TaggedBootDevicesTest-247660076 None] Acquiring lock "quobyte" by "cinder.volume.drivers.quobyte.QuobyteDriver.initialize_connection" {{(pid=82739) inner /opt/stack/data/venv/lib/python3.10/site-packages/oslo_concurrency/lockutils.py:506}}
Jan 30 11:14:28 devstack cinder-volume[82739]: DEBUG oslo_concurrency.lockutils [req-1a81965d-b626-4788-95d8-b44452f7fa9f req-c19a0faa-642f-47b7-9af1-ee2e849e8298 tempest-TaggedBootDevicesTest-247660076 None] Lock "quobyte" acquired by "cinder.volume.drivers.quobyte.QuobyteDriver.initialize_connection" :: waited 0.001s {{(pid=82739) inner /opt/stack/data/venv/lib/python3.10/site-packages/oslo_concurrency/lockutils.py:519}}
Jan 30 11:14:28 devstack cinder-volume[82739]: DEBUG oslo.privsep.daemon [-] privsep: reply[1214a824-bdab-44b7-8d40-6577079b3e69]: (4, 'raw') {{(pid=83735) _call_back /opt/stack/data/venv/lib/python3.10/site-packages/oslo_privsep/daemon.py:515}}
Jan 30 11:14:28 devstack cinder-volume[82739]: DEBUG oslo_concurrency.processutils [req-1a81965d-b626-4788-95d8-b44452f7fa9f req-c19a0faa-642f-47b7-9af1-ee2e849e8298 tempest-TaggedBootDevicesTest-247660076 None] Running cmd (subprocess): /opt/stack/data/venv/bin/python3.10 -m oslo_concurrency.prlimit --as=1073741824 --cpu=60 -- sudo cinder-rootwrap /etc/cinder/rootwrap.conf env LC_ALL=C qemu-img info -f raw --output=json --force-share /opt/stack/data/cinder/mnt/be7a9f8dcef7d54b11d2ef05feca59e7/volume-746f4c38-8536-4ed9-bd22-0cee24aec412 {{(pid=82739) execute /opt/stack/data/venv/lib/python3.10/site-packages/oslo_concurrency/processutils.py:368}}
Jan 30 11:14:28 devstack sudo[90877]: pam_unix(sudo:session): session closed for user root
Jan 30 11:14:28 devstack cinder-volume[82739]: DEBUG oslo_concurrency.processutils [None req-8062eac8-b538-433e-a325-476156d7b9e9 tempest-SnapshotsActionsTest-1101962056 None] CMD "sudo cinder-rootwrap /etc/cinder/rootwrap.conf qemu-img commit -d /opt/stack/data/cinder/mnt/be7a9f8dcef7d54b11d2ef05feca59e7/volume-67fe9d19-8f8b-40bc-8d4e-c20345c650cd.2c1cbd26-446a-411c-aee0-5cf167fb1a9a" returned: 0 in 0.795s {{(pid=82739) execute /opt/stack/data/venv/lib/python3.10/site-packages/oslo_concurrency/processutils.py:396}}
Jan 30 11:14:28 devstack cinder-volume[82739]: DEBUG oslo_concurrency.processutils [None req-8062eac8-b538-433e-a325-476156d7b9e9 tempest-SnapshotsActionsTest-1101962056 None] Running cmd (subprocess): sudo cinder-rootwrap /etc/cinder/rootwrap.conf rm -f /opt/stack/data/cinder/mnt/be7a9f8dcef7d54b11d2ef05feca59e7/volume-67fe9d19-8f8b-40bc-8d4e-c20345c650cd.2c1cbd26-446a-411c-aee0-5cf167fb1a9a {{(pid=82739) execute /opt/stack/data/venv/lib/python3.10/site-packages/oslo_concurrency/processutils.py:368}}
Jan 30 11:14:28 devstack sudo[90887]: quobyte : PWD=/ ; USER=root ; COMMAND=/opt/stack/data/venv/bin/cinder-rootwrap /etc/cinder/rootwrap.conf env LC_ALL=C qemu-img info -f raw --output=json --force-share /opt/stack/data/cinder/mnt/be7a9f8dcef7d54b11d2ef05feca59e7/volume-746f4c38-8536-4ed9-bd22-0cee24aec412
Jan 30 11:14:28 devstack sudo[90887]: pam_unix(sudo:session): session opened for user root(uid=0) by (uid=1000)
Jan 30 11:14:28 devstack sudo[90891]: quobyte : PWD=/ ; USER=root ; COMMAND=/opt/stack/data/venv/bin/cinder-rootwrap /etc/cinder/rootwrap.conf rm -f /opt/stack/data/cinder/mnt/be7a9f8dcef7d54b11d2ef05feca59e7/volume-67fe9d19-8f8b-40bc-8d4e-c20345c650cd.2c1cbd26-446a-411c-aee0-5cf167fb1a9a
Jan 30 11:14:28 devstack sudo[90891]: pam_unix(sudo:session): session opened for user root(uid=0) by (uid=1000)
Jan 30 11:14:29 devstack sudo[90887]: pam_unix(sudo:session): session closed for user root
Jan 30 11:14:29 devstack cinder-volume[82739]: DEBUG oslo_concurrency.processutils [req-1a81965d-b626-4788-95d8-b44452f7fa9f req-c19a0faa-642f-47b7-9af1-ee2e849e8298 tempest-TaggedBootDevicesTest-247660076 None] CMD "/opt/stack/data/venv/bin/python3.10 -m oslo_concurrency.prlimit --as=1073741824 --cpu=60 -- sudo cinder-rootwrap /etc/cinder/rootwrap.conf env LC_ALL=C qemu-img info -f raw --output=json --force-share /opt/stack/data/cinder/mnt/be7a9f8dcef7d54b11d2ef05feca59e7/volume-746f4c38-8536-4ed9-bd22-0cee24aec412" returned: 0 in 0.975s {{(pid=82739) execute /opt/stack/data/venv/lib/python3.10/site-packages/oslo_concurrency/processutils.py:396}}
Jan 30 11:14:29 devstack cinder-volume[82739]: DEBUG oslo_concurrency.processutils [req-1a81965d-b626-4788-95d8-b44452f7fa9f req-c19a0faa-642f-47b7-9af1-ee2e849e8298 tempest-TaggedBootDevicesTest-247660076 None] Running cmd (subprocess): /opt/stack/data/venv/bin/python3.10 -m oslo_concurrency.prlimit --as=1073741824 --cpu=60 -- sudo cinder-rootwrap /etc/cinder/rootwrap.conf env LC_ALL=C qemu-img info -f luks --output=json --force-share /opt/stack/data/cinder/mnt/be7a9f8dcef7d54b11d2ef05feca59e7/volume-746f4c38-8536-4ed9-bd22-0cee24aec412 {{(pid=82739) execute /opt/stack/data/venv/lib/python3.10/site-packages/oslo_concurrency/processutils.py:368}}
Jan 30 11:14:29 devstack sudo[90891]: pam_unix(sudo:session): session closed for user root
Jan 30 11:14:29 devstack cinder-volume[82739]: DEBUG oslo_concurrency.processutils [None req-8062eac8-b538-433e-a325-476156d7b9e9 tempest-SnapshotsActionsTest-1101962056 None] CMD "sudo cinder-rootwrap /etc/cinder/rootwrap.conf rm -f /opt/stack/data/cinder/mnt/be7a9f8dcef7d54b11d2ef05feca59e7/volume-67fe9d19-8f8b-40bc-8d4e-c20345c650cd.2c1cbd26-446a-411c-aee0-5cf167fb1a9a" returned: 0 in 0.926s {{(pid=82739) execute /opt/stack/data/venv/lib/python3.10/site-packages/oslo_concurrency/processutils.py:396}}
Jan 30 11:14:29 devstack cinder-volume[82739]: DEBUG cinder.coordination [None req-8062eac8-b538-433e-a325-476156d7b9e9 tempest-SnapshotsActionsTest-1101962056 None] Lock "cinder-quobyte-2c1cbd26-446a-411c-aee0-5cf167fb1a9a" released by "_delete_snapshot" :: held 3.341s {{(pid=82739) __release /opt/stack/cinder/cinder/coordination.py:157}}
Jan 30 11:14:29 devstack cinder-volume[82739]: DEBUG cinder.coordination [None req-8062eac8-b538-433e-a325-476156d7b9e9 tempest-SnapshotsActionsTest-1101962056 None] Lock "cinder-quobyte-67fe9d19-8f8b-40bc-8d4e-c20345c650cd" released by "delete_snapshot" :: held 3.356s {{(pid=82739) __release /opt/stack/cinder/cinder/coordination.py:157}}
Jan 30 11:14:29 devstack sudo[90896]: quobyte : PWD=/ ; USER=root ; COMMAND=/opt/stack/data/venv/bin/cinder-rootwrap /etc/cinder/rootwrap.conf env LC_ALL=C qemu-img info -f luks --output=json --force-share /opt/stack/data/cinder/mnt/be7a9f8dcef7d54b11d2ef05feca59e7/volume-746f4c38-8536-4ed9-bd22-0cee24aec412
Jan 30 11:14:29 devstack sudo[90896]: pam_unix(sudo:session): session opened for user root(uid=0) by (uid=1000)
Jan 30 11:14:29 devstack cinder-volume[82739]: WARNING cinder.quota [None req-8062eac8-b538-433e-a325-476156d7b9e9 tempest-SnapshotsActionsTest-1101962056 None] Deprecated: Default quota for resource: snapshots_QuobyteHD is set by the default quota flag: quota_snapshots_QuobyteHD, it is now deprecated. Please use the default quota class for default quota.
Jan 30 11:14:29 devstack cinder-volume[82739]: DEBUG cinder.quota [None req-8062eac8-b538-433e-a325-476156d7b9e9 tempest-SnapshotsActionsTest-1101962056 None] Created reservations ['07f5b87e-4e52-4d99-90a4-dd9f2c4ec9ce', '51f4f190-68de-4077-8260-b671a841ff94', '3b703dd8-cbcd-4dc0-9417-16cf7f921ef7', '1fa2a441-0137-4bab-9c0d-e105394b7259'] {{(pid=82739) reserve /opt/stack/cinder/cinder/quota.py:752}}
Jan 30 11:14:29 devstack cinder-volume[82739]: INFO cinder.volume.manager [None req-8062eac8-b538-433e-a325-476156d7b9e9 tempest-SnapshotsActionsTest-1101962056 None] Delete snapshot completed successfully.
Jan 30 11:14:29 devstack cinder-volume[82739]: DEBUG cinder.coordination [None req-8062eac8-b538-433e-a325-476156d7b9e9 tempest-SnapshotsActionsTest-1101962056 None] Lock "cinder-2c1cbd26-446a-411c-aee0-5cf167fb1a9a-delete_snapshot" released by "delete_snapshot" :: held 3.532s {{(pid=82739) __release /opt/stack/cinder/cinder/coordination.py:157}}
Jan 30 11:14:30 devstack sudo[90896]: pam_unix(sudo:session): session closed for user root
Jan 30 11:14:30 devstack cinder-volume[82739]: DEBUG oslo_concurrency.processutils [req-1a81965d-b626-4788-95d8-b44452f7fa9f req-c19a0faa-642f-47b7-9af1-ee2e849e8298 tempest-TaggedBootDevicesTest-247660076 None] CMD "/opt/stack/data/venv/bin/python3.10 -m oslo_concurrency.prlimit --as=1073741824 --cpu=60 -- sudo cinder-rootwrap /etc/cinder/rootwrap.conf env LC_ALL=C qemu-img info -f luks --output=json --force-share /opt/stack/data/cinder/mnt/be7a9f8dcef7d54b11d2ef05feca59e7/volume-746f4c38-8536-4ed9-bd22-0cee24aec412" returned: 1 in 0.782s {{(pid=82739) execute /opt/stack/data/venv/lib/python3.10/site-packages/oslo_concurrency/processutils.py:396}}
Jan 30 11:14:30 devstack cinder-volume[82739]: DEBUG oslo_concurrency.processutils [req-1a81965d-b626-4788-95d8-b44452f7fa9f req-c19a0faa-642f-47b7-9af1-ee2e849e8298 tempest-TaggedBootDevicesTest-247660076 None] '/opt/stack/data/venv/bin/python3.10 -m oslo_concurrency.prlimit --as=1073741824 --cpu=60 -- sudo cinder-rootwrap /etc/cinder/rootwrap.conf env LC_ALL=C qemu-img info -f luks --output=json --force-share /opt/stack/data/cinder/mnt/be7a9f8dcef7d54b11d2ef05feca59e7/volume-746f4c38-8536-4ed9-bd22-0cee24aec412' failed. Not Retrying. {{(pid=82739) execute /opt/stack/data/venv/lib/python3.10/site-packages/oslo_concurrency/processutils.py:471}}
Jan 30 11:14:30 devstack cinder-volume[82739]: DEBUG oslo_concurrency.lockutils [req-1a81965d-b626-4788-95d8-b44452f7fa9f req-c19a0faa-642f-47b7-9af1-ee2e849e8298 tempest-TaggedBootDevicesTest-247660076 None] Lock "quobyte" "released" by "cinder.volume.drivers.quobyte.QuobyteDriver.initialize_connection" :: held 1.825s {{(pid=82739) inner /opt/stack/data/venv/lib/python3.10/site-packages/oslo_concurrency/lockutils.py:538}}
Jan 30 11:14:30 devstack cinder-volume[82739]: DEBUG cinder.volume.manager [req-1a81965d-b626-4788-95d8-b44452f7fa9f req-c19a0faa-642f-47b7-9af1-ee2e849e8298 tempest-TaggedBootDevicesTest-247660076 None] Connection info returned from driver {'export': 'osci02.corp.quobyte.com/cinder-vol-8278177e-2933-4de4-9e74-ed235736f92a', 'name': 'volume-746f4c38-8536-4ed9-bd22-0cee24aec412', 'options': None, 'format': 'raw', 'qos_specs': None, 'access_mode': 'rw', 'encrypted': False, 'cacheable': False, 'driver_volume_type': 'quobyte', 'mount_point_base': '/opt/stack/data/cinder/mnt', 'attachment_id': '1516e7c5-f05d-4e99-b71b-632868455bd5', 'enforce_multipath': True} {{(pid=82739) _connection_create /opt/stack/cinder/cinder/volume/manager.py:4893}}
Jan 30 11:14:30 devstack cinder-volume[82739]: WARNING cinder.volume.volume_utils [req-1a81965d-b626-4788-95d8-b44452f7fa9f req-c19a0faa-642f-47b7-9af1-ee2e849e8298 tempest-TaggedBootDevicesTest-247660076 None] Volume driver (QuobyteDriver 1.1.14) is currently unsupported and may be removed in the next release of OpenStack. Use at your own risk.
Jan 30 11:14:30 devstack cinder-volume[82739]: INFO cinder.volume.manager [req-1a81965d-b626-4788-95d8-b44452f7fa9f req-c19a0faa-642f-47b7-9af1-ee2e849e8298 tempest-TaggedBootDevicesTest-247660076 None] attachment_update completed successfully.
Jan 30 11:14:30 devstack cinder-volume[82739]: WARNING cinder.volume.volume_utils [None req-060293fa-9cb2-459d-a339-13f945651ffd tempest-SnapshotsActionsTest-698798556 None] Volume driver (QuobyteDriver 1.1.14) is currently unsupported and may be removed in the next release of OpenStack. Use at your own risk.
Jan 30 11:14:30 devstack cinder-volume[82739]: DEBUG oslo_concurrency.lockutils [None req-060293fa-9cb2-459d-a339-13f945651ffd tempest-SnapshotsActionsTest-698798556 None] Acquiring lock "quobyte" by "cinder.volume.drivers.quobyte.QuobyteDriver.create_snapshot" {{(pid=82739) inner /opt/stack/data/venv/lib/python3.10/site-packages/oslo_concurrency/lockutils.py:506}}
Jan 30 11:14:30 devstack cinder-volume[82739]: DEBUG oslo_concurrency.lockutils [None req-060293fa-9cb2-459d-a339-13f945651ffd tempest-SnapshotsActionsTest-698798556 None] Lock "quobyte" acquired by "cinder.volume.drivers.quobyte.QuobyteDriver.create_snapshot" :: waited 0.000s {{(pid=82739) inner /opt/stack/data/venv/lib/python3.10/site-packages/oslo_concurrency/lockutils.py:519}}
Jan 30 11:14:30 devstack cinder-volume[82739]: DEBUG cinder.volume.drivers.remotefs [None req-060293fa-9cb2-459d-a339-13f945651ffd tempest-SnapshotsActionsTest-698798556 None] Creating offline snapshot 71fa0943-8511-4061-b209-a34405077cca of volume 67fe9d19-8f8b-40bc-8d4e-c20345c650cd {{(pid=82739) _create_snapshot /opt/stack/cinder/cinder/volume/drivers/remotefs.py:1817}}
Jan 30 11:14:30 devstack cinder-volume[82739]: DEBUG oslo.privsep.daemon [-] privsep: reply[7a11c279-7432-4147-b36c-baccf7d3e30c]: (4, 'qcow2') {{(pid=83735) _call_back /opt/stack/data/venv/lib/python3.10/site-packages/oslo_privsep/daemon.py:515}}
Jan 30 11:14:30 devstack cinder-volume[82739]: DEBUG oslo_concurrency.processutils [None req-060293fa-9cb2-459d-a339-13f945651ffd tempest-SnapshotsActionsTest-698798556 None] Running cmd (subprocess): /opt/stack/data/venv/bin/python3.10 -m oslo_concurrency.prlimit --as=1073741824 --cpu=60 -- sudo cinder-rootwrap /etc/cinder/rootwrap.conf env LC_ALL=C qemu-img info -f qcow2 --output=json --force-share /opt/stack/data/cinder/mnt/be7a9f8dcef7d54b11d2ef05feca59e7/volume-67fe9d19-8f8b-40bc-8d4e-c20345c650cd.2ba29801-9a38-453b-b6b5-fbe73d01fdee {{(pid=82739) execute /opt/stack/data/venv/lib/python3.10/site-packages/oslo_concurrency/processutils.py:368}}
Jan 30 11:14:30 devstack sudo[90903]: quobyte : PWD=/ ; USER=root ; COMMAND=/opt/stack/data/venv/bin/cinder-rootwrap /etc/cinder/rootwrap.conf env LC_ALL=C qemu-img info -f qcow2 --output=json --force-share /opt/stack/data/cinder/mnt/be7a9f8dcef7d54b11d2ef05feca59e7/volume-67fe9d19-8f8b-40bc-8d4e-c20345c650cd.2ba29801-9a38-453b-b6b5-fbe73d01fdee
Jan 30 11:14:30 devstack sudo[90903]: pam_unix(sudo:session): session opened for user root(uid=0) by (uid=1000)
Jan 30 11:14:31 devstack sudo[90903]: pam_unix(sudo:session): session closed for user root
Jan 30 11:14:31 devstack cinder-volume[82739]: DEBUG oslo_concurrency.processutils [None req-060293fa-9cb2-459d-a339-13f945651ffd tempest-SnapshotsActionsTest-698798556 None] CMD "/opt/stack/data/venv/bin/python3.10 -m oslo_concurrency.prlimit --as=1073741824 --cpu=60 -- sudo cinder-rootwrap /etc/cinder/rootwrap.conf env LC_ALL=C qemu-img info -f qcow2 --output=json --force-share /opt/stack/data/cinder/mnt/be7a9f8dcef7d54b11d2ef05feca59e7/volume-67fe9d19-8f8b-40bc-8d4e-c20345c650cd.2ba29801-9a38-453b-b6b5-fbe73d01fdee" returned: 0 in 0.640s {{(pid=82739) execute /opt/stack/data/venv/lib/python3.10/site-packages/oslo_concurrency/processutils.py:396}}
Jan 30 11:14:31 devstack cinder-volume[82739]: DEBUG cinder.volume.drivers.remotefs [None req-060293fa-9cb2-459d-a339-13f945651ffd tempest-SnapshotsActionsTest-698798556 None] Fetching qemu-img info with special backing_file_template: (/opt/stack/data/cinder/mnt/[0-9a-f]+/)?(volume-67fe9d19-8f8b-40bc-8d4e-c20345c650cd(.(tmp-snap-)?[0-9a-f-]+)?|volume_from_snapshot_cache/(tmp-snap-)?[0-9a-f-]+(.(child-|parent-)[0-9a-f-]+)?)$ {{(pid=82739) _qemu_img_info_base /opt/stack/cinder/cinder/volume/drivers/remotefs.py:898}}
Jan 30 11:14:31 devstack cinder-volume[82739]: DEBUG oslo_concurrency.processutils [None req-060293fa-9cb2-459d-a339-13f945651ffd tempest-SnapshotsActionsTest-698798556 None] Running cmd (subprocess): sudo cinder-rootwrap /etc/cinder/rootwrap.conf qemu-img create -f qcow2 -o backing_file=/opt/stack/data/cinder/mnt/be7a9f8dcef7d54b11d2ef05feca59e7/volume-67fe9d19-8f8b-40bc-8d4e-c20345c650cd.2ba29801-9a38-453b-b6b5-fbe73d01fdee,backing_fmt=qcow2 /opt/stack/data/cinder/mnt/be7a9f8dcef7d54b11d2ef05feca59e7/volume-67fe9d19-8f8b-40bc-8d4e-c20345c650cd.71fa0943-8511-4061-b209-a34405077cca 1G {{(pid=82739) execute /opt/stack/data/venv/lib/python3.10/site-packages/oslo_concurrency/processutils.py:368}}
Jan 30 11:14:31 devstack sudo[90908]: quobyte : PWD=/ ; USER=root ; COMMAND=/opt/stack/data/venv/bin/cinder-rootwrap /etc/cinder/rootwrap.conf qemu-img create -f qcow2 -o backing_file=/opt/stack/data/cinder/mnt/be7a9f8dcef7d54b11d2ef05feca59e7/volume-67fe9d19-8f8b-40bc-8d4e-c20345c650cd.2ba29801-9a38-453b-b6b5-fbe73d01fdee,backing_fmt=qcow2 /opt/stack/data/cinder/mnt/be7a9f8dcef7d54b11d2ef05feca59e7/volume-67fe9d19-8f8b-40bc-8d4e-c20345c650cd.71fa0943-8511-4061-b209-a34405077cca 1G
Jan 30 11:14:31 devstack sudo[90908]: pam_unix(sudo:session): session opened for user root(uid=0) by (uid=1000)
Jan 30 11:14:32 devstack sudo[90908]: pam_unix(sudo:session): session closed for user root
Jan 30 11:14:32 devstack cinder-volume[82739]: DEBUG oslo_concurrency.processutils [None req-060293fa-9cb2-459d-a339-13f945651ffd tempest-SnapshotsActionsTest-698798556 None] CMD "sudo cinder-rootwrap /etc/cinder/rootwrap.conf qemu-img create -f qcow2 -o backing_file=/opt/stack/data/cinder/mnt/be7a9f8dcef7d54b11d2ef05feca59e7/volume-67fe9d19-8f8b-40bc-8d4e-c20345c650cd.2ba29801-9a38-453b-b6b5-fbe73d01fdee,backing_fmt=qcow2 /opt/stack/data/cinder/mnt/be7a9f8dcef7d54b11d2ef05feca59e7/volume-67fe9d19-8f8b-40bc-8d4e-c20345c650cd.71fa0943-8511-4061-b209-a34405077cca 1G" returned: 0 in 0.669s {{(pid=82739) execute /opt/stack/data/venv/lib/python3.10/site-packages/oslo_concurrency/processutils.py:396}}
Jan 30 11:14:32 devstack cinder-volume[82739]: DEBUG oslo_concurrency.processutils [None req-060293fa-9cb2-459d-a339-13f945651ffd tempest-SnapshotsActionsTest-698798556 None] Running cmd (subprocess): sudo cinder-rootwrap /etc/cinder/rootwrap.conf qemu-img rebase -u -b volume-67fe9d19-8f8b-40bc-8d4e-c20345c650cd.2ba29801-9a38-453b-b6b5-fbe73d01fdee -F qcow2 /opt/stack/data/cinder/mnt/be7a9f8dcef7d54b11d2ef05feca59e7/volume-67fe9d19-8f8b-40bc-8d4e-c20345c650cd.71fa0943-8511-4061-b209-a34405077cca {{(pid=82739) execute /opt/stack/data/venv/lib/python3.10/site-packages/oslo_concurrency/processutils.py:368}}
Jan 30 11:14:32 devstack sudo[90920]: quobyte : PWD=/ ; USER=root ; COMMAND=/opt/stack/data/venv/bin/cinder-rootwrap /etc/cinder/rootwrap.conf qemu-img rebase -u -b volume-67fe9d19-8f8b-40bc-8d4e-c20345c650cd.2ba29801-9a38-453b-b6b5-fbe73d01fdee -F qcow2 /opt/stack/data/cinder/mnt/be7a9f8dcef7d54b11d2ef05feca59e7/volume-67fe9d19-8f8b-40bc-8d4e-c20345c650cd.71fa0943-8511-4061-b209-a34405077cca
Jan 30 11:14:32 devstack sudo[90920]: pam_unix(sudo:session): session opened for user root(uid=0) by (uid=1000)
Jan 30 11:14:32 devstack cinder-volume[82739]: DEBUG oslo_concurrency.lockutils [req-1a81965d-b626-4788-95d8-b44452f7fa9f req-5d0ccbea-1c29-4932-82a5-a25b43cc6222 tempest-TaggedBootDevicesTest-247660076 None] Acquiring lock "quobyte" by "cinder.volume.drivers.quobyte.QuobyteDriver.initialize_connection" {{(pid=82739) inner /opt/stack/data/venv/lib/python3.10/site-packages/oslo_concurrency/lockutils.py:506}}
Jan 30 11:14:32 devstack sudo[90920]: pam_unix(sudo:session): session closed for user root
Jan 30 11:14:32 devstack cinder-volume[82739]: DEBUG oslo_concurrency.processutils [None req-060293fa-9cb2-459d-a339-13f945651ffd tempest-SnapshotsActionsTest-698798556 None] CMD "sudo cinder-rootwrap /etc/cinder/rootwrap.conf qemu-img rebase -u -b volume-67fe9d19-8f8b-40bc-8d4e-c20345c650cd.2ba29801-9a38-453b-b6b5-fbe73d01fdee -F qcow2 /opt/stack/data/cinder/mnt/be7a9f8dcef7d54b11d2ef05feca59e7/volume-67fe9d19-8f8b-40bc-8d4e-c20345c650cd.71fa0943-8511-4061-b209-a34405077cca" returned: 0 in 0.571s {{(pid=82739) execute /opt/stack/data/venv/lib/python3.10/site-packages/oslo_concurrency/processutils.py:396}}
Jan 30 11:14:32 devstack cinder-volume[82739]: WARNING cinder.volume.drivers.remotefs [None req-060293fa-9cb2-459d-a339-13f945651ffd tempest-SnapshotsActionsTest-698798556 None] /opt/stack/data/cinder/mnt/be7a9f8dcef7d54b11d2ef05feca59e7/volume-67fe9d19-8f8b-40bc-8d4e-c20345c650cd.71fa0943-8511-4061-b209-a34405077cca is being set with open permissions: ugo+rw
Jan 30 11:14:32 devstack cinder-volume[82739]: DEBUG oslo_concurrency.processutils [None req-060293fa-9cb2-459d-a339-13f945651ffd tempest-SnapshotsActionsTest-698798556 None] Running cmd (subprocess): sudo cinder-rootwrap /etc/cinder/rootwrap.conf chmod ugo+rw /opt/stack/data/cinder/mnt/be7a9f8dcef7d54b11d2ef05feca59e7/volume-67fe9d19-8f8b-40bc-8d4e-c20345c650cd.71fa0943-8511-4061-b209-a34405077cca {{(pid=82739) execute /opt/stack/data/venv/lib/python3.10/site-packages/oslo_concurrency/processutils.py:368}}
Jan 30 11:14:32 devstack sudo[90927]: quobyte : PWD=/ ; USER=root ; COMMAND=/opt/stack/data/venv/bin/cinder-rootwrap /etc/cinder/rootwrap.conf chmod ugo+rw /opt/stack/data/cinder/mnt/be7a9f8dcef7d54b11d2ef05feca59e7/volume-67fe9d19-8f8b-40bc-8d4e-c20345c650cd.71fa0943-8511-4061-b209-a34405077cca
Jan 30 11:14:32 devstack sudo[90927]: pam_unix(sudo:session): session opened for user root(uid=0) by (uid=1000)
Jan 30 11:14:33 devstack sudo[90927]: pam_unix(sudo:session): session closed for user root
Jan 30 11:14:33 devstack cinder-volume[82739]: DEBUG oslo_concurrency.processutils [None req-060293fa-9cb2-459d-a339-13f945651ffd tempest-SnapshotsActionsTest-698798556 None] CMD "sudo cinder-rootwrap /etc/cinder/rootwrap.conf chmod ugo+rw /opt/stack/data/cinder/mnt/be7a9f8dcef7d54b11d2ef05feca59e7/volume-67fe9d19-8f8b-40bc-8d4e-c20345c650cd.71fa0943-8511-4061-b209-a34405077cca" returned: 0 in 0.538s {{(pid=82739) execute /opt/stack/data/venv/lib/python3.10/site-packages/oslo_concurrency/processutils.py:396}}
Jan 30 11:14:33 devstack cinder-volume[82739]: DEBUG oslo_concurrency.lockutils [None req-060293fa-9cb2-459d-a339-13f945651ffd tempest-SnapshotsActionsTest-698798556 None] Lock "quobyte" "released" by "cinder.volume.drivers.quobyte.QuobyteDriver.create_snapshot" :: held 2.471s {{(pid=82739) inner /opt/stack/data/venv/lib/python3.10/site-packages/oslo_concurrency/lockutils.py:538}}
Jan 30 11:14:33 devstack cinder-volume[82739]: DEBUG oslo_concurrency.lockutils [req-1a81965d-b626-4788-95d8-b44452f7fa9f req-5d0ccbea-1c29-4932-82a5-a25b43cc6222 tempest-TaggedBootDevicesTest-247660076 None] Lock "quobyte" acquired by "cinder.volume.drivers.quobyte.QuobyteDriver.initialize_connection" :: waited 0.993s {{(pid=82739) inner /opt/stack/data/venv/lib/python3.10/site-packages/oslo_concurrency/lockutils.py:519}}
Jan 30 11:14:33 devstack cinder-volume[82739]: DEBUG oslo.privsep.daemon [-] privsep: reply[36764445-59fa-4911-b836-1ed79f44b7bd]: (4, 'qcow2') {{(pid=83735) _call_back /opt/stack/data/venv/lib/python3.10/site-packages/oslo_privsep/daemon.py:515}}
Jan 30 11:14:33 devstack cinder-volume[82739]: DEBUG oslo_concurrency.processutils [req-1a81965d-b626-4788-95d8-b44452f7fa9f req-5d0ccbea-1c29-4932-82a5-a25b43cc6222 tempest-TaggedBootDevicesTest-247660076 None] Running cmd (subprocess): /opt/stack/data/venv/bin/python3.10 -m oslo_concurrency.prlimit --as=1073741824 --cpu=60 -- sudo cinder-rootwrap /etc/cinder/rootwrap.conf env LC_ALL=C qemu-img info -f qcow2 --output=json --force-share /opt/stack/data/cinder/mnt/be7a9f8dcef7d54b11d2ef05feca59e7/volume-c3fd13c1-674c-4fab-b7e6-f6a2782f9426 {{(pid=82739) execute /opt/stack/data/venv/lib/python3.10/site-packages/oslo_concurrency/processutils.py:368}}
Jan 30 11:14:33 devstack cinder-volume[82739]: INFO cinder.volume.manager [None req-060293fa-9cb2-459d-a339-13f945651ffd tempest-SnapshotsActionsTest-698798556 None] Create snapshot completed successfully
Jan 30 11:14:33 devstack sudo[90931]: quobyte : PWD=/ ; USER=root ; COMMAND=/opt/stack/data/venv/bin/cinder-rootwrap /etc/cinder/rootwrap.conf env LC_ALL=C qemu-img info -f qcow2 --output=json --force-share /opt/stack/data/cinder/mnt/be7a9f8dcef7d54b11d2ef05feca59e7/volume-c3fd13c1-674c-4fab-b7e6-f6a2782f9426
Jan 30 11:14:33 devstack sudo[90931]: pam_unix(sudo:session): session opened for user root(uid=0) by (uid=1000)
Jan 30 11:14:33 devstack sudo[90931]: pam_unix(sudo:session): session closed for user root
Jan 30 11:14:33 devstack cinder-volume[82739]: DEBUG oslo_concurrency.processutils [req-1a81965d-b626-4788-95d8-b44452f7fa9f req-5d0ccbea-1c29-4932-82a5-a25b43cc6222 tempest-TaggedBootDevicesTest-247660076 None] CMD "/opt/stack/data/venv/bin/python3.10 -m oslo_concurrency.prlimit --as=1073741824 --cpu=60 -- sudo cinder-rootwrap /etc/cinder/rootwrap.conf env LC_ALL=C qemu-img info -f qcow2 --output=json --force-share /opt/stack/data/cinder/mnt/be7a9f8dcef7d54b11d2ef05feca59e7/volume-c3fd13c1-674c-4fab-b7e6-f6a2782f9426" returned: 0 in 0.656s {{(pid=82739) execute /opt/stack/data/venv/lib/python3.10/site-packages/oslo_concurrency/processutils.py:396}}
