Jan 30 11:13:49 devstack devstack@c-api.service[82569]: INFO cinder.api.openstack.wsgi [None req-a2724f27-ad77-4376-89f2-01a2109073b5 tempest-ServerActionsV293TestJSON-1276571538 tempest-ServerActionsV293TestJSON-1276571538-project-member] http://192.168.122.217/volume/v3/volumes/70ead020-fc5e-4cd7-9278-658a1ba874bd returned with HTTP 200
Jan 30 11:13:49 devstack devstack@c-api.service[82569]: [pid: 82569|app: 0|req: 169/318] 192.168.122.217 () {64 vars in 1372 bytes} [Fri Jan 30 11:13:49 2026] GET /volume/v3/volumes/70ead020-fc5e-4cd7-9278-658a1ba874bd => generated 1058 bytes in 52 msecs (HTTP/1.1 200) 7 headers in 287 bytes (1 switches on core 0)
Jan 30 11:13:50 devstack devstack@c-api.service[82570]: DEBUG cinder.api.middleware.request_id [None req-b4c2f53f-cc49-43f9-a465-a7a03d8a6804 None None] RequestId filter calling following filter/app {{(pid=82570) _context_setter /opt/stack/cinder/cinder/api/middleware/request_id.py:62}}
Jan 30 11:13:50 devstack devstack@c-api.service[82570]: INFO cinder.api.openstack.wsgi [None req-b4c2f53f-cc49-43f9-a465-a7a03d8a6804 tempest-ServersNegativeTestJSON-1518703689 tempest-ServersNegativeTestJSON-1518703689-project-member] GET http://192.168.122.217/volume/v3/volumes/ed93190b-065e-499b-a8ac-4fb0f0e842a5
Jan 30 11:13:50 devstack devstack@c-api.service[82570]: DEBUG cinder.api.openstack.wsgi [None req-b4c2f53f-cc49-43f9-a465-a7a03d8a6804 tempest-ServersNegativeTestJSON-1518703689 tempest-ServersNegativeTestJSON-1518703689-project-member] Empty body provided in request {{(pid=82570) get_body /opt/stack/cinder/cinder/api/openstack/wsgi.py:725}}
Jan 30 11:13:50 devstack devstack@c-api.service[82570]: DEBUG cinder.api.openstack.wsgi [None req-b4c2f53f-cc49-43f9-a465-a7a03d8a6804 tempest-ServersNegativeTestJSON-1518703689 tempest-ServersNegativeTestJSON-1518703689-project-member] Calling method 'show' {{(pid=82570) _process_stack /opt/stack/cinder/cinder/api/openstack/wsgi.py:878}}
Jan 30 11:13:50 devstack devstack@c-api.service[82570]: /opt/stack/data/venv/lib/python3.10/site-packages/oslo_context/context.py:101: DeprecationWarning: Policy enforcement is depending on the value of is_admin. This key is deprecated. Please update your policy file to use the standard policy values.
Jan 30 11:13:50 devstack devstack@c-api.service[82570]: warnings.warn(
Jan 30 11:13:50 devstack devstack@c-api.service[82570]: INFO cinder.volume.api [None req-b4c2f53f-cc49-43f9-a465-a7a03d8a6804 tempest-ServersNegativeTestJSON-1518703689 tempest-ServersNegativeTestJSON-1518703689-project-member] Volume info retrieved successfully.
Jan 30 11:13:50 devstack devstack@c-api.service[82570]: INFO cinder.api.openstack.wsgi [None req-b4c2f53f-cc49-43f9-a465-a7a03d8a6804 tempest-ServersNegativeTestJSON-1518703689 tempest-ServersNegativeTestJSON-1518703689-project-member] http://192.168.122.217/volume/v3/volumes/ed93190b-065e-499b-a8ac-4fb0f0e842a5 returned with HTTP 200
Jan 30 11:13:50 devstack devstack@c-api.service[82570]: [pid: 82570|app: 0|req: 150/319] 192.168.122.217 () {62 vars in 1331 bytes} [Fri Jan 30 11:13:50 2026] GET /volume/v3/volumes/ed93190b-065e-499b-a8ac-4fb0f0e842a5 => generated 854 bytes in 65 msecs (HTTP/1.1 200) 7 headers in 285 bytes (1 switches on core 0)
Jan 30 11:13:50 devstack devstack@c-api.service[82569]: DEBUG cinder.api.middleware.request_id [None req-2e2530da-950d-4e49-af8e-b4fe36ff6fd6 None None] RequestId filter calling following filter/app {{(pid=82569) _context_setter /opt/stack/cinder/cinder/api/middleware/request_id.py:62}}
Jan 30 11:13:50 devstack devstack@c-api.service[82569]: INFO cinder.api.openstack.wsgi [None req-2e2530da-950d-4e49-af8e-b4fe36ff6fd6 tempest-ServerActionsV293TestJSON-1276571538 tempest-ServerActionsV293TestJSON-1276571538-project-member] GET http://192.168.122.217/volume/v3/volumes/70ead020-fc5e-4cd7-9278-658a1ba874bd
Jan 30 11:13:50 devstack devstack@c-api.service[82569]: DEBUG cinder.api.openstack.wsgi [None req-2e2530da-950d-4e49-af8e-b4fe36ff6fd6 tempest-ServerActionsV293TestJSON-1276571538 tempest-ServerActionsV293TestJSON-1276571538-project-member] Empty body provided in request {{(pid=82569) get_body /opt/stack/cinder/cinder/api/openstack/wsgi.py:725}}
Jan 30 11:13:50 devstack devstack@c-api.service[82569]: DEBUG cinder.api.openstack.wsgi [None req-2e2530da-950d-4e49-af8e-b4fe36ff6fd6 tempest-ServerActionsV293TestJSON-1276571538 tempest-ServerActionsV293TestJSON-1276571538-project-member] Calling method 'show' {{(pid=82569) _process_stack /opt/stack/cinder/cinder/api/openstack/wsgi.py:878}}
Jan 30 11:13:50 devstack devstack@c-api.service[82569]: /opt/stack/data/venv/lib/python3.10/site-packages/oslo_context/context.py:101: DeprecationWarning: Policy enforcement is depending on the value of is_admin. This key is deprecated. Please update your policy file to use the standard policy values.
Jan 30 11:13:50 devstack devstack@c-api.service[82569]: warnings.warn(
Jan 30 11:13:51 devstack devstack@c-api.service[82569]: INFO cinder.volume.api [None req-2e2530da-950d-4e49-af8e-b4fe36ff6fd6 tempest-ServerActionsV293TestJSON-1276571538 tempest-ServerActionsV293TestJSON-1276571538-project-member] Volume info retrieved successfully.
Jan 30 11:13:51 devstack devstack@c-api.service[82569]: INFO cinder.api.openstack.wsgi [None req-2e2530da-950d-4e49-af8e-b4fe36ff6fd6 tempest-ServerActionsV293TestJSON-1276571538 tempest-ServerActionsV293TestJSON-1276571538-project-member] http://192.168.122.217/volume/v3/volumes/70ead020-fc5e-4cd7-9278-658a1ba874bd returned with HTTP 200
Jan 30 11:13:51 devstack devstack@c-api.service[82569]: [pid: 82569|app: 0|req: 170/320] 192.168.122.217 () {64 vars in 1372 bytes} [Fri Jan 30 11:13:50 2026] GET /volume/v3/volumes/70ead020-fc5e-4cd7-9278-658a1ba874bd => generated 1058 bytes in 80 msecs (HTTP/1.1 200) 7 headers in 287 bytes (1 switches on core 0)
Jan 30 11:13:51 devstack devstack@c-api.service[82570]: DEBUG cinder.api.middleware.request_id [None req-98af1071-22a8-4ad9-bf33-09cbd7871a76 None None] RequestId filter calling following filter/app {{(pid=82570) _context_setter /opt/stack/cinder/cinder/api/middleware/request_id.py:62}}
Jan 30 11:13:51 devstack devstack@c-api.service[82570]: INFO cinder.api.openstack.wsgi [None req-98af1071-22a8-4ad9-bf33-09cbd7871a76 tempest-ServersNegativeTestJSON-1518703689 tempest-ServersNegativeTestJSON-1518703689-project-member] GET http://192.168.122.217/volume/v3/volumes/ed93190b-065e-499b-a8ac-4fb0f0e842a5
Jan 30 11:13:51 devstack devstack@c-api.service[82570]: DEBUG cinder.api.openstack.wsgi [None req-98af1071-22a8-4ad9-bf33-09cbd7871a76 tempest-ServersNegativeTestJSON-1518703689 tempest-ServersNegativeTestJSON-1518703689-project-member] Empty body provided in request {{(pid=82570) get_body /opt/stack/cinder/cinder/api/openstack/wsgi.py:725}}
Jan 30 11:13:51 devstack devstack@c-api.service[82570]: DEBUG cinder.api.openstack.wsgi [None req-98af1071-22a8-4ad9-bf33-09cbd7871a76 tempest-ServersNegativeTestJSON-1518703689 tempest-ServersNegativeTestJSON-1518703689-project-member] Calling method 'show' {{(pid=82570) _process_stack /opt/stack/cinder/cinder/api/openstack/wsgi.py:878}}
Jan 30 11:13:51 devstack devstack@c-api.service[82570]: INFO cinder.api.openstack.wsgi [None req-98af1071-22a8-4ad9-bf33-09cbd7871a76 tempest-ServersNegativeTestJSON-1518703689 tempest-ServersNegativeTestJSON-1518703689-project-member] http://192.168.122.217/volume/v3/volumes/ed93190b-065e-499b-a8ac-4fb0f0e842a5 returned with HTTP 404
Jan 30 11:13:51 devstack devstack@c-api.service[82570]: [pid: 82570|app: 0|req: 151/321] 192.168.122.217 () {62 vars in 1331 bytes} [Fri Jan 30 11:13:51 2026] GET /volume/v3/volumes/ed93190b-065e-499b-a8ac-4fb0f0e842a5 => generated 109 bytes in 52 msecs (HTTP/1.1 404) 7 headers in 292 bytes (1 switches on core 0)
Jan 30 11:13:51 devstack devstack@c-api.service[82569]: DEBUG cinder.api.middleware.request_id [None req-5ea5ddce-d663-4bab-9315-6aae5e98e52b None None] RequestId filter calling following filter/app {{(pid=82569) _context_setter /opt/stack/cinder/cinder/api/middleware/request_id.py:62}}
Jan 30 11:13:51 devstack devstack@c-api.service[82569]: INFO cinder.api.openstack.wsgi [None req-5ea5ddce-d663-4bab-9315-6aae5e98e52b tempest-ServersNegativeTestJSON-1518703689 tempest-ServersNegativeTestJSON-1518703689-project-member] DELETE http://192.168.122.217/volume/v3/volumes/7b25cb6b-4506-4246-be8f-f2e291034f02
Jan 30 11:13:51 devstack devstack@c-api.service[82569]: DEBUG cinder.api.openstack.wsgi [None req-5ea5ddce-d663-4bab-9315-6aae5e98e52b tempest-ServersNegativeTestJSON-1518703689 tempest-ServersNegativeTestJSON-1518703689-project-member] Empty body provided in request {{(pid=82569) get_body /opt/stack/cinder/cinder/api/openstack/wsgi.py:725}}
Jan 30 11:13:51 devstack devstack@c-api.service[82569]: DEBUG cinder.api.openstack.wsgi [None req-5ea5ddce-d663-4bab-9315-6aae5e98e52b tempest-ServersNegativeTestJSON-1518703689 tempest-ServersNegativeTestJSON-1518703689-project-member] Calling method 'delete' {{(pid=82569) _process_stack /opt/stack/cinder/cinder/api/openstack/wsgi.py:878}}
Jan 30 11:13:51 devstack devstack@c-api.service[82569]: INFO cinder.api.v3.volumes [None req-5ea5ddce-d663-4bab-9315-6aae5e98e52b tempest-ServersNegativeTestJSON-1518703689 tempest-ServersNegativeTestJSON-1518703689-project-member] Delete volume with id: 7b25cb6b-4506-4246-be8f-f2e291034f02
Jan 30 11:13:52 devstack devstack@c-api.service[82569]: /opt/stack/data/venv/lib/python3.10/site-packages/oslo_context/context.py:101: DeprecationWarning: Policy enforcement is depending on the value of is_admin. This key is deprecated. Please update your policy file to use the standard policy values.
Jan 30 11:13:52 devstack devstack@c-api.service[82569]: warnings.warn(
Jan 30 11:13:52 devstack devstack@c-api.service[82569]: INFO cinder.volume.api [None req-5ea5ddce-d663-4bab-9315-6aae5e98e52b tempest-ServersNegativeTestJSON-1518703689 tempest-ServersNegativeTestJSON-1518703689-project-member] Volume info retrieved successfully.
Jan 30 11:13:52 devstack devstack@c-api.service[82570]: DEBUG cinder.api.middleware.request_id [None req-bc9531f4-dd91-4dee-b9bc-7bb55333caa1 None None] RequestId filter calling following filter/app {{(pid=82570) _context_setter /opt/stack/cinder/cinder/api/middleware/request_id.py:62}}
Jan 30 11:13:52 devstack devstack@c-api.service[82570]: INFO cinder.api.openstack.wsgi [None req-bc9531f4-dd91-4dee-b9bc-7bb55333caa1 tempest-ServerActionsV293TestJSON-1276571538 tempest-ServerActionsV293TestJSON-1276571538-project-member] GET http://192.168.122.217/volume/v3/volumes/70ead020-fc5e-4cd7-9278-658a1ba874bd
Jan 30 11:13:52 devstack devstack@c-api.service[82570]: DEBUG cinder.api.openstack.wsgi [None req-bc9531f4-dd91-4dee-b9bc-7bb55333caa1 tempest-ServerActionsV293TestJSON-1276571538 tempest-ServerActionsV293TestJSON-1276571538-project-member] Empty body provided in request {{(pid=82570) get_body /opt/stack/cinder/cinder/api/openstack/wsgi.py:725}}
Jan 30 11:13:52 devstack devstack@c-api.service[82570]: DEBUG cinder.api.openstack.wsgi [None req-bc9531f4-dd91-4dee-b9bc-7bb55333caa1 tempest-ServerActionsV293TestJSON-1276571538 tempest-ServerActionsV293TestJSON-1276571538-project-member] Calling method 'show' {{(pid=82570) _process_stack /opt/stack/cinder/cinder/api/openstack/wsgi.py:878}}
Jan 30 11:13:52 devstack devstack@c-api.service[82569]: INFO cinder.volume.api [None req-5ea5ddce-d663-4bab-9315-6aae5e98e52b tempest-ServersNegativeTestJSON-1518703689 tempest-ServersNegativeTestJSON-1518703689-project-member] Delete volume request issued successfully.
Jan 30 11:13:52 devstack devstack@c-api.service[82569]: INFO cinder.api.openstack.wsgi [None req-5ea5ddce-d663-4bab-9315-6aae5e98e52b tempest-ServersNegativeTestJSON-1518703689 tempest-ServersNegativeTestJSON-1518703689-project-member] http://192.168.122.217/volume/v3/volumes/7b25cb6b-4506-4246-be8f-f2e291034f02 returned with HTTP 202
Jan 30 11:13:52 devstack devstack@c-api.service[82569]: [pid: 82569|app: 0|req: 171/322] 192.168.122.217 () {62 vars in 1334 bytes} [Fri Jan 30 11:13:51 2026] DELETE /volume/v3/volumes/7b25cb6b-4506-4246-be8f-f2e291034f02 => generated 0 bytes in 155 msecs (HTTP/1.1 202) 6 headers in 233 bytes (1 switches on core 0)
Jan 30 11:13:52 devstack devstack@c-api.service[82569]: DEBUG cinder.api.middleware.request_id [None req-f4ca6130-8365-4aad-a001-980d1f761635 None None] RequestId filter calling following filter/app {{(pid=82569) _context_setter /opt/stack/cinder/cinder/api/middleware/request_id.py:62}}
Jan 30 11:13:52 devstack devstack@c-api.service[82570]: /opt/stack/data/venv/lib/python3.10/site-packages/oslo_context/context.py:101: DeprecationWarning: Policy enforcement is depending on the value of is_admin. This key is deprecated. Please update your policy file to use the standard policy values.
Jan 30 11:13:52 devstack devstack@c-api.service[82570]: warnings.warn(
Jan 30 11:13:52 devstack devstack@c-api.service[82569]: INFO cinder.api.openstack.wsgi [None req-f4ca6130-8365-4aad-a001-980d1f761635 tempest-ServersNegativeTestJSON-1518703689 tempest-ServersNegativeTestJSON-1518703689-project-member] GET http://192.168.122.217/volume/v3/volumes/7b25cb6b-4506-4246-be8f-f2e291034f02
Jan 30 11:13:52 devstack devstack@c-api.service[82569]: DEBUG cinder.api.openstack.wsgi [None req-f4ca6130-8365-4aad-a001-980d1f761635 tempest-ServersNegativeTestJSON-1518703689 tempest-ServersNegativeTestJSON-1518703689-project-member] Empty body provided in request {{(pid=82569) get_body /opt/stack/cinder/cinder/api/openstack/wsgi.py:725}}
Jan 30 11:13:52 devstack devstack@c-api.service[82569]: DEBUG cinder.api.openstack.wsgi [None req-f4ca6130-8365-4aad-a001-980d1f761635 tempest-ServersNegativeTestJSON-1518703689 tempest-ServersNegativeTestJSON-1518703689-project-member] Calling method 'show' {{(pid=82569) _process_stack /opt/stack/cinder/cinder/api/openstack/wsgi.py:878}}
Jan 30 11:13:52 devstack devstack@c-api.service[82570]: INFO cinder.volume.api [None req-bc9531f4-dd91-4dee-b9bc-7bb55333caa1 tempest-ServerActionsV293TestJSON-1276571538 tempest-ServerActionsV293TestJSON-1276571538-project-member] Volume info retrieved successfully.
Jan 30 11:13:52 devstack devstack@c-api.service[82569]: /opt/stack/data/venv/lib/python3.10/site-packages/oslo_context/context.py:101: DeprecationWarning: Policy enforcement is depending on the value of is_admin. This key is deprecated. Please update your policy file to use the standard policy values.
Jan 30 11:13:52 devstack devstack@c-api.service[82569]: warnings.warn(
Jan 30 11:13:52 devstack devstack@c-api.service[82569]: INFO cinder.volume.api [None req-f4ca6130-8365-4aad-a001-980d1f761635 tempest-ServersNegativeTestJSON-1518703689 tempest-ServersNegativeTestJSON-1518703689-project-member] Volume info retrieved successfully.
Jan 30 11:13:52 devstack devstack@c-api.service[82570]: INFO cinder.api.openstack.wsgi [None req-bc9531f4-dd91-4dee-b9bc-7bb55333caa1 tempest-ServerActionsV293TestJSON-1276571538 tempest-ServerActionsV293TestJSON-1276571538-project-member] http://192.168.122.217/volume/v3/volumes/70ead020-fc5e-4cd7-9278-658a1ba874bd returned with HTTP 200
Jan 30 11:13:52 devstack devstack@c-api.service[82570]: [pid: 82570|app: 0|req: 152/323] 192.168.122.217 () {64 vars in 1372 bytes} [Fri Jan 30 11:13:52 2026] GET /volume/v3/volumes/70ead020-fc5e-4cd7-9278-658a1ba874bd => generated 1061 bytes in 137 msecs (HTTP/1.1 200) 7 headers in 287 bytes (1 switches on core 0)
Jan 30 11:13:52 devstack devstack@c-api.service[82569]: INFO cinder.api.openstack.wsgi [None req-f4ca6130-8365-4aad-a001-980d1f761635 tempest-ServersNegativeTestJSON-1518703689 tempest-ServersNegativeTestJSON-1518703689-project-member] http://192.168.122.217/volume/v3/volumes/7b25cb6b-4506-4246-be8f-f2e291034f02 returned with HTTP 200
Jan 30 11:13:52 devstack devstack@c-api.service[82569]: [pid: 82569|app: 0|req: 172/324] 192.168.122.217 () {62 vars in 1331 bytes} [Fri Jan 30 11:13:52 2026] GET /volume/v3/volumes/7b25cb6b-4506-4246-be8f-f2e291034f02 => generated 854 bytes in 100 msecs (HTTP/1.1 200) 7 headers in 285 bytes (1 switches on core 0)
Jan 30 11:13:53 devstack devstack@c-api.service[82570]: DEBUG cinder.api.middleware.request_id [None req-e8cad397-700c-4e54-90b2-e7f853986c08 None None] RequestId filter calling following filter/app {{(pid=82570) _context_setter /opt/stack/cinder/cinder/api/middleware/request_id.py:62}}
Jan 30 11:13:53 devstack devstack@c-api.service[82570]: INFO cinder.api.openstack.wsgi [None req-e8cad397-700c-4e54-90b2-e7f853986c08 tempest-ServerActionsV293TestJSON-1276571538 tempest-ServerActionsV293TestJSON-1276571538-project-member] GET http://192.168.122.217/volume/v3/volumes/70ead020-fc5e-4cd7-9278-658a1ba874bd
Jan 30 11:13:53 devstack devstack@c-api.service[82570]: DEBUG cinder.api.openstack.wsgi [None req-e8cad397-700c-4e54-90b2-e7f853986c08 tempest-ServerActionsV293TestJSON-1276571538 tempest-ServerActionsV293TestJSON-1276571538-project-member] Empty body provided in request {{(pid=82570) get_body /opt/stack/cinder/cinder/api/openstack/wsgi.py:725}}
Jan 30 11:13:53 devstack devstack@c-api.service[82570]: DEBUG cinder.api.openstack.wsgi [None req-e8cad397-700c-4e54-90b2-e7f853986c08 tempest-ServerActionsV293TestJSON-1276571538 tempest-ServerActionsV293TestJSON-1276571538-project-member] Calling method 'show' {{(pid=82570) _process_stack /opt/stack/cinder/cinder/api/openstack/wsgi.py:878}}
Jan 30 11:13:53 devstack devstack@c-api.service[82569]: DEBUG cinder.api.middleware.request_id [None req-dc872dc2-4c31-4435-97b4-dea669539a64 None None] RequestId filter calling following filter/app {{(pid=82569) _context_setter /opt/stack/cinder/cinder/api/middleware/request_id.py:62}}
Jan 30 11:13:53 devstack devstack@c-api.service[82569]: INFO cinder.api.openstack.wsgi [None req-dc872dc2-4c31-4435-97b4-dea669539a64 tempest-ServersNegativeTestJSON-1518703689 tempest-ServersNegativeTestJSON-1518703689-project-member] GET http://192.168.122.217/volume/v3/volumes/7b25cb6b-4506-4246-be8f-f2e291034f02
Jan 30 11:13:53 devstack devstack@c-api.service[82569]: DEBUG cinder.api.openstack.wsgi [None req-dc872dc2-4c31-4435-97b4-dea669539a64 tempest-ServersNegativeTestJSON-1518703689 tempest-ServersNegativeTestJSON-1518703689-project-member] Empty body provided in request {{(pid=82569) get_body /opt/stack/cinder/cinder/api/openstack/wsgi.py:725}}
Jan 30 11:13:53 devstack devstack@c-api.service[82569]: DEBUG cinder.api.openstack.wsgi [None req-dc872dc2-4c31-4435-97b4-dea669539a64 tempest-ServersNegativeTestJSON-1518703689 tempest-ServersNegativeTestJSON-1518703689-project-member] Calling method 'show' {{(pid=82569) _process_stack /opt/stack/cinder/cinder/api/openstack/wsgi.py:878}}
Jan 30 11:13:53 devstack devstack@c-api.service[82569]: /opt/stack/data/venv/lib/python3.10/site-packages/oslo_context/context.py:101: DeprecationWarning: Policy enforcement is depending on the value of is_admin. This key is deprecated. Please update your policy file to use the standard policy values.
Jan 30 11:13:53 devstack devstack@c-api.service[82569]: warnings.warn(
Jan 30 11:13:53 devstack devstack@c-api.service[82570]: /opt/stack/data/venv/lib/python3.10/site-packages/oslo_context/context.py:101: DeprecationWarning: Policy enforcement is depending on the value of is_admin. This key is deprecated. Please update your policy file to use the standard policy values.
Jan 30 11:13:53 devstack devstack@c-api.service[82570]: warnings.warn(
Jan 30 11:13:53 devstack devstack@c-api.service[82569]: INFO cinder.volume.api [None req-dc872dc2-4c31-4435-97b4-dea669539a64 tempest-ServersNegativeTestJSON-1518703689 tempest-ServersNegativeTestJSON-1518703689-project-member] Volume info retrieved successfully.
Jan 30 11:13:53 devstack devstack@c-api.service[82570]: INFO cinder.volume.api [None req-e8cad397-700c-4e54-90b2-e7f853986c08 tempest-ServerActionsV293TestJSON-1276571538 tempest-ServerActionsV293TestJSON-1276571538-project-member] Volume info retrieved successfully.
Jan 30 11:13:53 devstack devstack@c-api.service[82569]: INFO cinder.api.openstack.wsgi [None req-dc872dc2-4c31-4435-97b4-dea669539a64 tempest-ServersNegativeTestJSON-1518703689 tempest-ServersNegativeTestJSON-1518703689-project-member] http://192.168.122.217/volume/v3/volumes/7b25cb6b-4506-4246-be8f-f2e291034f02 returned with HTTP 200
Jan 30 11:13:53 devstack devstack@c-api.service[82569]: [pid: 82569|app: 0|req: 173/325] 192.168.122.217 () {62 vars in 1331 bytes} [Fri Jan 30 11:13:53 2026] GET /volume/v3/volumes/7b25cb6b-4506-4246-be8f-f2e291034f02 => generated 854 bytes in 99 msecs (HTTP/1.1 200) 7 headers in 285 bytes (1 switches on core 0)
Jan 30 11:13:53 devstack devstack@c-api.service[82570]: INFO cinder.api.openstack.wsgi [None req-e8cad397-700c-4e54-90b2-e7f853986c08 tempest-ServerActionsV293TestJSON-1276571538 tempest-ServerActionsV293TestJSON-1276571538-project-member] http://192.168.122.217/volume/v3/volumes/70ead020-fc5e-4cd7-9278-658a1ba874bd returned with HTTP 200
Jan 30 11:13:53 devstack devstack@c-api.service[82570]: [pid: 82570|app: 0|req: 153/326] 192.168.122.217 () {64 vars in 1372 bytes} [Fri Jan 30 11:13:53 2026] GET /volume/v3/volumes/70ead020-fc5e-4cd7-9278-658a1ba874bd => generated 1061 bytes in 176 msecs (HTTP/1.1 200) 7 headers in 287 bytes (1 switches on core 0)
Jan 30 11:13:54 devstack devstack@c-api.service[82569]: DEBUG cinder.api.middleware.request_id [None req-b4221960-7796-48d4-b4d1-002ccc99f676 None None] RequestId filter calling following filter/app {{(pid=82569) _context_setter /opt/stack/cinder/cinder/api/middleware/request_id.py:62}}
Jan 30 11:13:54 devstack devstack@c-api.service[82569]: INFO cinder.api.openstack.wsgi [None req-b4221960-7796-48d4-b4d1-002ccc99f676 tempest-ServersNegativeTestJSON-1518703689 tempest-ServersNegativeTestJSON-1518703689-project-member] GET http://192.168.122.217/volume/v3/volumes/7b25cb6b-4506-4246-be8f-f2e291034f02
Jan 30 11:13:54 devstack devstack@c-api.service[82569]: DEBUG cinder.api.openstack.wsgi [None req-b4221960-7796-48d4-b4d1-002ccc99f676 tempest-ServersNegativeTestJSON-1518703689 tempest-ServersNegativeTestJSON-1518703689-project-member] Empty body provided in request {{(pid=82569) get_body /opt/stack/cinder/cinder/api/openstack/wsgi.py:725}}
Jan 30 11:13:54 devstack devstack@c-api.service[82569]: DEBUG cinder.api.openstack.wsgi [None req-b4221960-7796-48d4-b4d1-002ccc99f676 tempest-ServersNegativeTestJSON-1518703689 tempest-ServersNegativeTestJSON-1518703689-project-member] Calling method 'show' {{(pid=82569) _process_stack /opt/stack/cinder/cinder/api/openstack/wsgi.py:878}}
Jan 30 11:13:54 devstack devstack@c-api.service[82569]: /opt/stack/data/venv/lib/python3.10/site-packages/oslo_context/context.py:101: DeprecationWarning: Policy enforcement is depending on the value of is_admin. This key is deprecated. Please update your policy file to use the standard policy values.
Jan 30 11:13:54 devstack devstack@c-api.service[82569]: warnings.warn(
Jan 30 11:13:54 devstack devstack@c-api.service[82570]: DEBUG cinder.api.middleware.request_id [None req-08cbf110-9918-4472-bfc9-fb26c10dbbc1 None None] RequestId filter calling following filter/app {{(pid=82570) _context_setter /opt/stack/cinder/cinder/api/middleware/request_id.py:62}}
Jan 30 11:13:54 devstack devstack@c-api.service[82569]: INFO cinder.volume.api [None req-b4221960-7796-48d4-b4d1-002ccc99f676 tempest-ServersNegativeTestJSON-1518703689 tempest-ServersNegativeTestJSON-1518703689-project-member] Volume info retrieved successfully.
Jan 30 11:13:54 devstack devstack@c-api.service[82570]: INFO cinder.api.openstack.wsgi [None req-08cbf110-9918-4472-bfc9-fb26c10dbbc1 tempest-ServerActionsV293TestJSON-1276571538 tempest-ServerActionsV293TestJSON-1276571538-project-member] GET http://192.168.122.217/volume/v3/volumes/70ead020-fc5e-4cd7-9278-658a1ba874bd
Jan 30 11:13:54 devstack devstack@c-api.service[82570]: DEBUG cinder.api.openstack.wsgi [None req-08cbf110-9918-4472-bfc9-fb26c10dbbc1 tempest-ServerActionsV293TestJSON-1276571538 tempest-ServerActionsV293TestJSON-1276571538-project-member] Empty body provided in request {{(pid=82570) get_body /opt/stack/cinder/cinder/api/openstack/wsgi.py:725}}
Jan 30 11:13:54 devstack devstack@c-api.service[82570]: DEBUG cinder.api.openstack.wsgi [None req-08cbf110-9918-4472-bfc9-fb26c10dbbc1 tempest-ServerActionsV293TestJSON-1276571538 tempest-ServerActionsV293TestJSON-1276571538-project-member] Calling method 'show' {{(pid=82570) _process_stack /opt/stack/cinder/cinder/api/openstack/wsgi.py:878}}
Jan 30 11:13:54 devstack devstack@c-api.service[82569]: INFO cinder.api.openstack.wsgi [None req-b4221960-7796-48d4-b4d1-002ccc99f676 tempest-ServersNegativeTestJSON-1518703689 tempest-ServersNegativeTestJSON-1518703689-project-member] http://192.168.122.217/volume/v3/volumes/7b25cb6b-4506-4246-be8f-f2e291034f02 returned with HTTP 200
Jan 30 11:13:54 devstack devstack@c-api.service[82569]: [pid: 82569|app: 0|req: 174/327] 192.168.122.217 () {62 vars in 1331 bytes} [Fri Jan 30 11:13:54 2026] GET /volume/v3/volumes/7b25cb6b-4506-4246-be8f-f2e291034f02 => generated 854 bytes in 104 msecs (HTTP/1.1 200) 7 headers in 285 bytes (1 switches on core 0)
Jan 30 11:13:54 devstack devstack@c-api.service[82570]: /opt/stack/data/venv/lib/python3.10/site-packages/oslo_context/context.py:101: DeprecationWarning: Policy enforcement is depending on the value of is_admin. This key is deprecated. Please update your policy file to use the standard policy values.
Jan 30 11:13:54 devstack devstack@c-api.service[82570]: warnings.warn(
Jan 30 11:13:54 devstack devstack@c-api.service[82570]: INFO cinder.volume.api [None req-08cbf110-9918-4472-bfc9-fb26c10dbbc1 tempest-ServerActionsV293TestJSON-1276571538 tempest-ServerActionsV293TestJSON-1276571538-project-member] Volume info retrieved successfully.
Jan 30 11:13:54 devstack devstack@c-api.service[82570]: INFO cinder.api.openstack.wsgi [None req-08cbf110-9918-4472-bfc9-fb26c10dbbc1 tempest-ServerActionsV293TestJSON-1276571538 tempest-ServerActionsV293TestJSON-1276571538-project-member] http://192.168.122.217/volume/v3/volumes/70ead020-fc5e-4cd7-9278-658a1ba874bd returned with HTTP 200
Jan 30 11:13:54 devstack devstack@c-api.service[82570]: [pid: 82570|app: 0|req: 154/328] 192.168.122.217 () {64 vars in 1372 bytes} [Fri Jan 30 11:13:54 2026] GET /volume/v3/volumes/70ead020-fc5e-4cd7-9278-658a1ba874bd => generated 1061 bytes in 137 msecs (HTTP/1.1 200) 7 headers in 287 bytes (1 switches on core 0)
Jan 30 11:13:55 devstack devstack@c-api.service[82569]: DEBUG cinder.api.middleware.request_id [None req-f11e25c6-9a37-4bab-8cf9-0352bce444ea None None] RequestId filter calling following filter/app {{(pid=82569) _context_setter /opt/stack/cinder/cinder/api/middleware/request_id.py:62}}
Jan 30 11:13:55 devstack devstack@c-api.service[82569]: INFO cinder.api.openstack.wsgi [None req-f11e25c6-9a37-4bab-8cf9-0352bce444ea tempest-ServersNegativeTestJSON-1518703689 tempest-ServersNegativeTestJSON-1518703689-project-member] GET http://192.168.122.217/volume/v3/volumes/7b25cb6b-4506-4246-be8f-f2e291034f02
Jan 30 11:13:55 devstack devstack@c-api.service[82569]: DEBUG cinder.api.openstack.wsgi [None req-f11e25c6-9a37-4bab-8cf9-0352bce444ea tempest-ServersNegativeTestJSON-1518703689 tempest-ServersNegativeTestJSON-1518703689-project-member] Empty body provided in request {{(pid=82569) get_body /opt/stack/cinder/cinder/api/openstack/wsgi.py:725}}
Jan 30 11:13:55 devstack devstack@c-api.service[82569]: DEBUG cinder.api.openstack.wsgi [None req-f11e25c6-9a37-4bab-8cf9-0352bce444ea tempest-ServersNegativeTestJSON-1518703689 tempest-ServersNegativeTestJSON-1518703689-project-member] Calling method 'show' {{(pid=82569) _process_stack /opt/stack/cinder/cinder/api/openstack/wsgi.py:878}}
Jan 30 11:13:55 devstack devstack@c-api.service[82569]: INFO cinder.api.openstack.wsgi [None req-f11e25c6-9a37-4bab-8cf9-0352bce444ea tempest-ServersNegativeTestJSON-1518703689 tempest-ServersNegativeTestJSON-1518703689-project-member] http://192.168.122.217/volume/v3/volumes/7b25cb6b-4506-4246-be8f-f2e291034f02 returned with HTTP 404
Jan 30 11:13:55 devstack devstack@c-api.service[82569]: [pid: 82569|app: 0|req: 175/329] 192.168.122.217 () {62 vars in 1331 bytes} [Fri Jan 30 11:13:55 2026] GET /volume/v3/volumes/7b25cb6b-4506-4246-be8f-f2e291034f02 => generated 109 bytes in 44 msecs (HTTP/1.1 404) 7 headers in 292 bytes (1 switches on core 0)
Jan 30 11:13:55 devstack devstack@c-api.service[82570]: DEBUG cinder.api.middleware.request_id [None req-bc539bb0-09a7-48b3-be09-683eba7ee2d9 None None] RequestId filter calling following filter/app {{(pid=82570) _context_setter /opt/stack/cinder/cinder/api/middleware/request_id.py:62}}
Jan 30 11:13:55 devstack devstack@c-api.service[82570]: INFO cinder.api.openstack.wsgi [None req-bc539bb0-09a7-48b3-be09-683eba7ee2d9 tempest-ServerActionsV293TestJSON-1276571538 tempest-ServerActionsV293TestJSON-1276571538-project-member] GET http://192.168.122.217/volume/v3/volumes/70ead020-fc5e-4cd7-9278-658a1ba874bd
Jan 30 11:13:55 devstack devstack@c-api.service[82570]: DEBUG cinder.api.openstack.wsgi [None req-bc539bb0-09a7-48b3-be09-683eba7ee2d9 tempest-ServerActionsV293TestJSON-1276571538 tempest-ServerActionsV293TestJSON-1276571538-project-member] Empty body provided in request {{(pid=82570) get_body /opt/stack/cinder/cinder/api/openstack/wsgi.py:725}}
Jan 30 11:13:55 devstack devstack@c-api.service[82570]: DEBUG cinder.api.openstack.wsgi [None req-bc539bb0-09a7-48b3-be09-683eba7ee2d9 tempest-ServerActionsV293TestJSON-1276571538 tempest-ServerActionsV293TestJSON-1276571538-project-member] Calling method 'show' {{(pid=82570) _process_stack /opt/stack/cinder/cinder/api/openstack/wsgi.py:878}}
Jan 30 11:13:55 devstack devstack@c-api.service[82570]: /opt/stack/data/venv/lib/python3.10/site-packages/oslo_context/context.py:101: DeprecationWarning: Policy enforcement is depending on the value of is_admin. This key is deprecated. Please update your policy file to use the standard policy values.
Jan 30 11:13:55 devstack devstack@c-api.service[82570]: warnings.warn(
Jan 30 11:13:55 devstack devstack@c-api.service[82570]: INFO cinder.volume.api [None req-bc539bb0-09a7-48b3-be09-683eba7ee2d9 tempest-ServerActionsV293TestJSON-1276571538 tempest-ServerActionsV293TestJSON-1276571538-project-member] Volume info retrieved successfully.
Jan 30 11:13:55 devstack devstack@c-api.service[82570]: INFO cinder.api.openstack.wsgi [None req-bc539bb0-09a7-48b3-be09-683eba7ee2d9 tempest-ServerActionsV293TestJSON-1276571538 tempest-ServerActionsV293TestJSON-1276571538-project-member] http://192.168.122.217/volume/v3/volumes/70ead020-fc5e-4cd7-9278-658a1ba874bd returned with HTTP 200
Jan 30 11:13:55 devstack devstack@c-api.service[82570]: [pid: 82570|app: 0|req: 155/330] 192.168.122.217 () {64 vars in 1372 bytes} [Fri Jan 30 11:13:55 2026] GET /volume/v3/volumes/70ead020-fc5e-4cd7-9278-658a1ba874bd => generated 1061 bytes in 178 msecs (HTTP/1.1 200) 7 headers in 287 bytes (1 switches on core 0)
Jan 30 11:13:56 devstack devstack@c-api.service[82569]: DEBUG cinder.api.middleware.request_id [None req-a708efb7-11d5-48dd-b72f-144436dc0849 None None] RequestId filter calling following filter/app {{(pid=82569) _context_setter /opt/stack/cinder/cinder/api/middleware/request_id.py:62}}
Jan 30 11:13:56 devstack devstack@c-api.service[82569]: INFO cinder.api.openstack.wsgi [None req-a708efb7-11d5-48dd-b72f-144436dc0849 tempest-ServerActionsV293TestJSON-1276571538 tempest-ServerActionsV293TestJSON-1276571538-project-member] GET http://192.168.122.217/volume/v3/volumes/70ead020-fc5e-4cd7-9278-658a1ba874bd
Jan 30 11:13:56 devstack devstack@c-api.service[82569]: DEBUG cinder.api.openstack.wsgi [None req-a708efb7-11d5-48dd-b72f-144436dc0849 tempest-ServerActionsV293TestJSON-1276571538 tempest-ServerActionsV293TestJSON-1276571538-project-member] Empty body provided in request {{(pid=82569) get_body /opt/stack/cinder/cinder/api/openstack/wsgi.py:725}}
Jan 30 11:13:56 devstack devstack@c-api.service[82569]: DEBUG cinder.api.openstack.wsgi [None req-a708efb7-11d5-48dd-b72f-144436dc0849 tempest-ServerActionsV293TestJSON-1276571538 tempest-ServerActionsV293TestJSON-1276571538-project-member] Calling method 'show' {{(pid=82569) _process_stack /opt/stack/cinder/cinder/api/openstack/wsgi.py:878}}
Jan 30 11:13:56 devstack devstack@c-api.service[82569]: /opt/stack/data/venv/lib/python3.10/site-packages/oslo_context/context.py:101: DeprecationWarning: Policy enforcement is depending on the value of is_admin. This key is deprecated. Please update your policy file to use the standard policy values.
Jan 30 11:13:56 devstack devstack@c-api.service[82569]: warnings.warn(
Jan 30 11:13:56 devstack devstack@c-api.service[82569]: INFO cinder.volume.api [None req-a708efb7-11d5-48dd-b72f-144436dc0849 tempest-ServerActionsV293TestJSON-1276571538 tempest-ServerActionsV293TestJSON-1276571538-project-member] Volume info retrieved successfully.
Jan 30 11:13:56 devstack devstack@c-api.service[82569]: INFO cinder.api.openstack.wsgi [None req-a708efb7-11d5-48dd-b72f-144436dc0849 tempest-ServerActionsV293TestJSON-1276571538 tempest-ServerActionsV293TestJSON-1276571538-project-member] http://192.168.122.217/volume/v3/volumes/70ead020-fc5e-4cd7-9278-658a1ba874bd returned with HTTP 200
Jan 30 11:13:56 devstack devstack@c-api.service[82569]: [pid: 82569|app: 0|req: 176/331] 192.168.122.217 () {64 vars in 1372 bytes} [Fri Jan 30 11:13:56 2026] GET /volume/v3/volumes/70ead020-fc5e-4cd7-9278-658a1ba874bd => generated 1061 bytes in 84 msecs (HTTP/1.1 200) 7 headers in 287 bytes (1 switches on core 0)
Jan 30 11:13:57 devstack devstack@c-api.service[82570]: DEBUG cinder.api.middleware.request_id [None req-35c2d5e2-a454-4c64-8149-62a98e7f487e None None] RequestId filter calling following filter/app {{(pid=82570) _context_setter /opt/stack/cinder/cinder/api/middleware/request_id.py:62}}
Jan 30 11:13:57 devstack devstack@c-api.service[82570]: INFO cinder.api.openstack.wsgi [None req-35c2d5e2-a454-4c64-8149-62a98e7f487e tempest-TaggedBootDevicesTest-247660076 tempest-TaggedBootDevicesTest-247660076-project-member] POST http://192.168.122.217/volume/v3/volumes
Jan 30 11:13:57 devstack devstack@c-api.service[82570]: DEBUG cinder.api.openstack.wsgi [None req-35c2d5e2-a454-4c64-8149-62a98e7f487e tempest-TaggedBootDevicesTest-247660076 tempest-TaggedBootDevicesTest-247660076-project-member] Action: 'create', calling method: create, body: {"volume": {"size": 1, "display_name": "tempest-TaggedBootDevicesTest-volume-2051323384", "imageRef": "ed70b453-7f67-4eef-ad5d-3f6110da5fb5"}} {{(pid=82570) _process_stack /opt/stack/cinder/cinder/api/openstack/wsgi.py:876}}
Jan 30 11:13:57 devstack devstack@c-api.service[82570]: DEBUG cinder.api.v3.volumes [None req-35c2d5e2-a454-4c64-8149-62a98e7f487e tempest-TaggedBootDevicesTest-247660076 tempest-TaggedBootDevicesTest-247660076-project-member] Create volume request body: {'volume': {'size': 1, 'display_name': 'tempest-TaggedBootDevicesTest-volume-2051323384', 'imageRef': 'ed70b453-7f67-4eef-ad5d-3f6110da5fb5'}} {{(pid=82570) create /opt/stack/cinder/cinder/api/v3/volumes.py:368}}
Jan 30 11:13:57 devstack devstack@c-api.service[82570]: INFO cinder.api.v3.volumes [None req-35c2d5e2-a454-4c64-8149-62a98e7f487e tempest-TaggedBootDevicesTest-247660076 tempest-TaggedBootDevicesTest-247660076-project-member] Create volume of 1 GB
Jan 30 11:13:57 devstack devstack@c-api.service[82570]: INFO cinder.volume.api [None req-35c2d5e2-a454-4c64-8149-62a98e7f487e tempest-TaggedBootDevicesTest-247660076 tempest-TaggedBootDevicesTest-247660076-project-member] Availability Zones retrieved successfully.
Jan 30 11:13:57 devstack devstack@c-api.service[82570]: DEBUG cinder.volume.api [None req-35c2d5e2-a454-4c64-8149-62a98e7f487e tempest-TaggedBootDevicesTest-247660076 tempest-TaggedBootDevicesTest-247660076-project-member] Flow 'volume_create_api' (85e4ed6c-07f4-40c6-bf61-ed69a80925a6) transitioned into state 'RUNNING' from state 'PENDING' {{(pid=82570) _flow_receiver /opt/stack/data/venv/lib/python3.10/site-packages/taskflow/listeners/logging.py:145}}
Jan 30 11:13:57 devstack devstack@c-api.service[82570]: DEBUG cinder.volume.api [None req-35c2d5e2-a454-4c64-8149-62a98e7f487e tempest-TaggedBootDevicesTest-247660076 tempest-TaggedBootDevicesTest-247660076-project-member] Task 'cinder.volume.flows.api.create_volume.ExtractVolumeRequestTask;volume:create' (4418b823-dfe0-4ce2-b1ee-1c1653ddda1a) transitioned into state 'RUNNING' from state 'PENDING' {{(pid=82570) _task_receiver /opt/stack/data/venv/lib/python3.10/site-packages/taskflow/listeners/logging.py:194}}
Jan 30 11:13:57 devstack devstack@c-api.service[82570]: DEBUG cinder.volume.flows.api.create_volume [None req-35c2d5e2-a454-4c64-8149-62a98e7f487e tempest-TaggedBootDevicesTest-247660076 tempest-TaggedBootDevicesTest-247660076-project-member] Validating volume size '1' using validate_int {{(pid=82570) _extract_size /opt/stack/cinder/cinder/volume/flows/api/create_volume.py:226}}
Jan 30 11:13:57 devstack devstack@c-api.service[82570]: DEBUG cinder.volume.api [None req-35c2d5e2-a454-4c64-8149-62a98e7f487e tempest-TaggedBootDevicesTest-247660076 tempest-TaggedBootDevicesTest-247660076-project-member] Task 'cinder.volume.flows.api.create_volume.ExtractVolumeRequestTask;volume:create' (4418b823-dfe0-4ce2-b1ee-1c1653ddda1a) transitioned into state 'SUCCESS' from state 'RUNNING' with result '{'size': 1, 'snapshot_id': None, 'source_volid': None, 'volume_type': VolumeType(created_at=2026-01-30T10:06:11Z,deleted=False,deleted_at=None,description=None,extra_specs={},id=29eacf58-a27b-4f6f-99a7-8ace75add943,is_public=True,name='QuobyteHD',projects=[],qos_specs=,qos_specs_id=None,updated_at=None), 'volume_type_id': '29eacf58-a27b-4f6f-99a7-8ace75add943', 'encryption_key_id': None, 'qos_specs': None, 'consistencygroup_id': None, 'cgsnapshot_id': None, 'group_id': None, 'replication_status': 'disabled', 'refresh_az': False, 'backup_id': None, 'multiattach': False, 'availability_zones': ['nova']}' {{(pid=82570) _task_receiver /opt/stack/data/venv/lib/python3.10/site-packages/taskflow/listeners/logging.py:182}}
Jan 30 11:13:57 devstack devstack@c-api.service[82570]: DEBUG cinder.volume.api [None req-35c2d5e2-a454-4c64-8149-62a98e7f487e tempest-TaggedBootDevicesTest-247660076 tempest-TaggedBootDevicesTest-247660076-project-member] Task 'cinder.volume.flows.api.create_volume.QuotaReserveTask;volume:create' (334dd1c3-e77e-49a4-803d-8c5469c7a2a1) transitioned into state 'RUNNING' from state 'PENDING' {{(pid=82570) _task_receiver /opt/stack/data/venv/lib/python3.10/site-packages/taskflow/listeners/logging.py:194}}
Jan 30 11:13:57 devstack devstack@c-api.service[82570]: DEBUG cinder.quota [None req-35c2d5e2-a454-4c64-8149-62a98e7f487e tempest-TaggedBootDevicesTest-247660076 tempest-TaggedBootDevicesTest-247660076-project-member] Created reservations ['4155cb11-0bf0-4d97-a0ed-92073176185e', 'da6176ec-3898-4900-92b5-3ef7af97dab4', 'b492df81-a684-41af-b323-b2e4a0ee8d8d', 'd6b3bb18-c126-4394-9bf8-28db0bc8c59d'] {{(pid=82570) reserve /opt/stack/cinder/cinder/quota.py:752}}
Jan 30 11:13:57 devstack devstack@c-api.service[82570]: DEBUG cinder.volume.api [None req-35c2d5e2-a454-4c64-8149-62a98e7f487e tempest-TaggedBootDevicesTest-247660076 tempest-TaggedBootDevicesTest-247660076-project-member] Task 'cinder.volume.flows.api.create_volume.QuotaReserveTask;volume:create' (334dd1c3-e77e-49a4-803d-8c5469c7a2a1) transitioned into state 'SUCCESS' from state 'RUNNING' with result '{'reservations': ['4155cb11-0bf0-4d97-a0ed-92073176185e', 'da6176ec-3898-4900-92b5-3ef7af97dab4', 'b492df81-a684-41af-b323-b2e4a0ee8d8d', 'd6b3bb18-c126-4394-9bf8-28db0bc8c59d']}' {{(pid=82570) _task_receiver /opt/stack/data/venv/lib/python3.10/site-packages/taskflow/listeners/logging.py:182}}
Jan 30 11:13:57 devstack devstack@c-api.service[82570]: DEBUG cinder.volume.api [None req-35c2d5e2-a454-4c64-8149-62a98e7f487e tempest-TaggedBootDevicesTest-247660076 tempest-TaggedBootDevicesTest-247660076-project-member] Task 'cinder.volume.flows.api.create_volume.EntryCreateTask;volume:create' (06aae39c-8df7-418a-9670-8a6547f4b9ad) transitioned into state 'RUNNING' from state 'PENDING' {{(pid=82570) _task_receiver /opt/stack/data/venv/lib/python3.10/site-packages/taskflow/listeners/logging.py:194}}
Jan 30 11:13:57 devstack devstack@c-api.service[82570]: DEBUG cinder.volume.api [None req-35c2d5e2-a454-4c64-8149-62a98e7f487e tempest-TaggedBootDevicesTest-247660076 tempest-TaggedBootDevicesTest-247660076-project-member] Task 'cinder.volume.flows.api.create_volume.EntryCreateTask;volume:create' (06aae39c-8df7-418a-9670-8a6547f4b9ad) transitioned into state 'SUCCESS' from state 'RUNNING' with result '{'volume_id': '746f4c38-8536-4ed9-bd22-0cee24aec412', 'volume_properties': VolumeProperties(attach_status='detached',availability_zone='nova',cgsnapshot_id=None,consistencygroup_id=None,display_description=None,display_name='tempest-TaggedBootDevicesTest-volume-2051323384',encryption_key_id=None,group_id=None,group_type_id=,metadata={},multiattach=False,project_id='5ead73ec85214be0afdcd6af6c755444',qos_specs=None,replication_status=,reservations=['4155cb11-0bf0-4d97-a0ed-92073176185e','da6176ec-3898-4900-92b5-3ef7af97dab4','b492df81-a684-41af-b323-b2e4a0ee8d8d','d6b3bb18-c126-4394-9bf8-28db0bc8c59d'],size=1,snapshot_id=None,source_replicaid=,source_volid=None,status='creating',user_id='606be54ed5b64f4c8ac9ea8f2d09c2f3',volume_type_id=29eacf58-a27b-4f6f-99a7-8ace75add943), 'volume': Volume(_name_id=None,admin_metadata=,attach_status='detached',availability_zone='nova',bootable=False,cluster=,cluster_name=None,consistencygroup=,consistencygroup_id=None,created_at=2026-01-30T10:13:57Z,deleted=False,deleted_at=None,display_description=None,display_name='tempest-TaggedBootDevicesTest-volume-2051323384',ec2_id=None,encryption_key_id=None,glance_metadata=,group=,group_id=None,host=None,id=746f4c38-8536-4ed9-bd22-0cee24aec412,launched_at=None,metadata={},migration_status=None,multiattach=False,previous_status=None,project_id='5ead73ec85214be0afdcd6af6c755444',provider_auth=None,provider_geometry=None,provider_id=None,provider_location=None,replication_driver_data=None,replication_extended_status=None,replication_status=None,scheduled_at=None,service_uuid=None,shared_targets=True,size=1,snapshot_id=None,snapshots=,source_volid=None,status='creating',terminated_at=None,updated_at=None,use_quota=True,user_id='606be54ed5b64f4c8ac9ea8f2d09c2f3',volume_attachment=VolumeAttachmentList,volume_type=VolumeType(29eacf58-a27b-4f6f-99a7-8ace75add943),volume_type_id=29eacf58-a27b-4f6f-99a7-8ace75add943)}' {{(pid=82570) _task_receiver /opt/stack/data/venv/lib/python3.10/site-packages/taskflow/listeners/logging.py:182}}
Jan 30 11:13:57 devstack devstack@c-api.service[82570]: DEBUG cinder.volume.api [None req-35c2d5e2-a454-4c64-8149-62a98e7f487e tempest-TaggedBootDevicesTest-247660076 tempest-TaggedBootDevicesTest-247660076-project-member] Task 'cinder.volume.flows.api.create_volume.QuotaCommitTask;volume:create' (3b683335-7351-410c-a75a-c2a7d77945a9) transitioned into state 'RUNNING' from state 'PENDING' {{(pid=82570) _task_receiver /opt/stack/data/venv/lib/python3.10/site-packages/taskflow/listeners/logging.py:194}}
Jan 30 11:13:57 devstack devstack@c-api.service[82570]: DEBUG cinder.volume.api [None req-35c2d5e2-a454-4c64-8149-62a98e7f487e tempest-TaggedBootDevicesTest-247660076 tempest-TaggedBootDevicesTest-247660076-project-member] Task 'cinder.volume.flows.api.create_volume.QuotaCommitTask;volume:create' (3b683335-7351-410c-a75a-c2a7d77945a9) transitioned into state 'SUCCESS' from state 'RUNNING' with result '{'volume_properties': VolumeProperties(attach_status='detached',availability_zone='nova',cgsnapshot_id=None,consistencygroup_id=None,display_description=None,display_name='tempest-TaggedBootDevicesTest-volume-2051323384',encryption_key_id=None,group_id=None,group_type_id=,metadata={},multiattach=False,project_id='5ead73ec85214be0afdcd6af6c755444',qos_specs=None,replication_status=,reservations=['4155cb11-0bf0-4d97-a0ed-92073176185e','da6176ec-3898-4900-92b5-3ef7af97dab4','b492df81-a684-41af-b323-b2e4a0ee8d8d','d6b3bb18-c126-4394-9bf8-28db0bc8c59d'],size=1,snapshot_id=None,source_replicaid=,source_volid=None,status='creating',user_id='606be54ed5b64f4c8ac9ea8f2d09c2f3',volume_type_id=29eacf58-a27b-4f6f-99a7-8ace75add943)}' {{(pid=82570) _task_receiver /opt/stack/data/venv/lib/python3.10/site-packages/taskflow/listeners/logging.py:182}}
Jan 30 11:13:57 devstack devstack@c-api.service[82570]: DEBUG cinder.volume.api [None req-35c2d5e2-a454-4c64-8149-62a98e7f487e tempest-TaggedBootDevicesTest-247660076 tempest-TaggedBootDevicesTest-247660076-project-member] Task 'cinder.volume.flows.api.create_volume.VolumeCastTask;volume:create' (a126304b-0761-4d69-bab9-62bab1ff2668) transitioned into state 'RUNNING' from state 'PENDING' {{(pid=82570) _task_receiver /opt/stack/data/venv/lib/python3.10/site-packages/taskflow/listeners/logging.py:194}}
Jan 30 11:13:57 devstack devstack@c-api.service[82570]: DEBUG cinder.volume.api [None req-35c2d5e2-a454-4c64-8149-62a98e7f487e tempest-TaggedBootDevicesTest-247660076 tempest-TaggedBootDevicesTest-247660076-project-member] Task 'cinder.volume.flows.api.create_volume.VolumeCastTask;volume:create' (a126304b-0761-4d69-bab9-62bab1ff2668) transitioned into state 'SUCCESS' from state 'RUNNING' with result 'None' {{(pid=82570) _task_receiver /opt/stack/data/venv/lib/python3.10/site-packages/taskflow/listeners/logging.py:182}}
Jan 30 11:13:57 devstack devstack@c-api.service[82570]: DEBUG cinder.volume.api [None req-35c2d5e2-a454-4c64-8149-62a98e7f487e tempest-TaggedBootDevicesTest-247660076 tempest-TaggedBootDevicesTest-247660076-project-member] Flow 'volume_create_api' (85e4ed6c-07f4-40c6-bf61-ed69a80925a6) transitioned into state 'SUCCESS' from state 'RUNNING' {{(pid=82570) _flow_receiver /opt/stack/data/venv/lib/python3.10/site-packages/taskflow/listeners/logging.py:145}}
Jan 30 11:13:57 devstack devstack@c-api.service[82570]: INFO cinder.volume.api [None req-35c2d5e2-a454-4c64-8149-62a98e7f487e tempest-TaggedBootDevicesTest-247660076 tempest-TaggedBootDevicesTest-247660076-project-member] Create volume request issued successfully.
Jan 30 11:13:57 devstack devstack@c-api.service[82570]: INFO cinder.api.openstack.wsgi [None req-35c2d5e2-a454-4c64-8149-62a98e7f487e tempest-TaggedBootDevicesTest-247660076 tempest-TaggedBootDevicesTest-247660076-project-member] http://192.168.122.217/volume/v3/volumes returned with HTTP 202
Jan 30 11:13:57 devstack devstack@c-api.service[82570]: [pid: 82570|app: 0|req: 156/332] 192.168.122.217 () {64 vars in 1242 bytes} [Fri Jan 30 11:13:57 2026] POST /volume/v3/volumes => generated 761 bytes in 712 msecs (HTTP/1.1 202) 7 headers in 291 bytes (1 switches on core 0)
Jan 30 11:13:57 devstack devstack@c-api.service[82569]: DEBUG cinder.api.middleware.request_id [None req-b3dc2b6c-beab-4cfa-a359-1b8b4209dd49 None None] RequestId filter calling following filter/app {{(pid=82569) _context_setter /opt/stack/cinder/cinder/api/middleware/request_id.py:62}}
Jan 30 11:13:57 devstack devstack@c-api.service[82569]: INFO cinder.api.openstack.wsgi [None req-b3dc2b6c-beab-4cfa-a359-1b8b4209dd49 tempest-TaggedBootDevicesTest-247660076 tempest-TaggedBootDevicesTest-247660076-project-member] GET http://192.168.122.217/volume/v3/volumes/746f4c38-8536-4ed9-bd22-0cee24aec412
Jan 30 11:13:57 devstack devstack@c-api.service[82569]: DEBUG cinder.api.openstack.wsgi [None req-b3dc2b6c-beab-4cfa-a359-1b8b4209dd49 tempest-TaggedBootDevicesTest-247660076 tempest-TaggedBootDevicesTest-247660076-project-member] Empty body provided in request {{(pid=82569) get_body /opt/stack/cinder/cinder/api/openstack/wsgi.py:725}}
Jan 30 11:13:57 devstack devstack@c-api.service[82569]: DEBUG cinder.api.openstack.wsgi [None req-b3dc2b6c-beab-4cfa-a359-1b8b4209dd49 tempest-TaggedBootDevicesTest-247660076 tempest-TaggedBootDevicesTest-247660076-project-member] Calling method 'show' {{(pid=82569) _process_stack /opt/stack/cinder/cinder/api/openstack/wsgi.py:878}}
Jan 30 11:13:57 devstack devstack@c-api.service[82569]: /opt/stack/data/venv/lib/python3.10/site-packages/oslo_context/context.py:101: DeprecationWarning: Policy enforcement is depending on the value of is_admin. This key is deprecated. Please update your policy file to use the standard policy values.
Jan 30 11:13:57 devstack devstack@c-api.service[82569]: warnings.warn(
Jan 30 11:13:57 devstack devstack@c-api.service[82569]: INFO cinder.volume.api [None req-b3dc2b6c-beab-4cfa-a359-1b8b4209dd49 tempest-TaggedBootDevicesTest-247660076 tempest-TaggedBootDevicesTest-247660076-project-member] Volume info retrieved successfully.
Jan 30 11:13:57 devstack devstack@c-api.service[82569]: INFO cinder.api.openstack.wsgi [None req-b3dc2b6c-beab-4cfa-a359-1b8b4209dd49 tempest-TaggedBootDevicesTest-247660076 tempest-TaggedBootDevicesTest-247660076-project-member] http://192.168.122.217/volume/v3/volumes/746f4c38-8536-4ed9-bd22-0cee24aec412 returned with HTTP 200
Jan 30 11:13:57 devstack devstack@c-api.service[82569]: [pid: 82569|app: 0|req: 177/333] 192.168.122.217 () {62 vars in 1331 bytes} [Fri Jan 30 11:13:57 2026] GET /volume/v3/volumes/746f4c38-8536-4ed9-bd22-0cee24aec412 => generated 829 bytes in 33 msecs (HTTP/1.1 200) 7 headers in 285 bytes (1 switches on core 0)
Jan 30 11:13:57 devstack devstack@c-api.service[82570]: DEBUG cinder.api.middleware.request_id [None req-cc8cb938-aa83-4b81-9239-6364a285a0ec None None] RequestId filter calling following filter/app {{(pid=82570) _context_setter /opt/stack/cinder/cinder/api/middleware/request_id.py:62}}
