Jun 11 18:00:10 devstack devstack@n-api.service[66441]: DEBUG oslo_concurrency.lockutils [None req-764351da-20f3-4d82-84ab-705a9a3dc5c1 tempest-ServersNegativeTestJSON-1400663105 tempest-ServersNegativeTestJSON-1400663105-project-member] Lock "3f0765de-dc01-42a2-a64f-80fa97a300d7" acquired by "nova.context.set_target_cell..get_or_set_cached_cell_and_set_connections" :: waited 0.001s {{(pid=66441) inner /opt/stack/data/venv/lib/python3.12/site-packages/oslo_concurrency/lockutils.py:519}}
Jun 11 18:00:10 devstack devstack@n-api.service[66441]: DEBUG oslo_concurrency.lockutils [None req-764351da-20f3-4d82-84ab-705a9a3dc5c1 tempest-ServersNegativeTestJSON-1400663105 tempest-ServersNegativeTestJSON-1400663105-project-member] Lock "3f0765de-dc01-42a2-a64f-80fa97a300d7" "released" by "nova.context.set_target_cell..get_or_set_cached_cell_and_set_connections" :: held 0.001s {{(pid=66441) inner /opt/stack/data/venv/lib/python3.12/site-packages/oslo_concurrency/lockutils.py:538}}
Jun 11 18:00:10 devstack devstack@n-api.service[66441]: DEBUG oslo_concurrency.lockutils [None req-764351da-20f3-4d82-84ab-705a9a3dc5c1 tempest-ServersNegativeTestJSON-1400663105 tempest-ServersNegativeTestJSON-1400663105-project-member] Acquiring lock "3f0765de-dc01-42a2-a64f-80fa97a300d7" by "nova.context.set_target_cell..get_or_set_cached_cell_and_set_connections" {{(pid=66441) inner /opt/stack/data/venv/lib/python3.12/site-packages/oslo_concurrency/lockutils.py:506}}
Jun 11 18:00:10 devstack devstack@n-api.service[66441]: DEBUG oslo_concurrency.lockutils [None req-764351da-20f3-4d82-84ab-705a9a3dc5c1 tempest-ServersNegativeTestJSON-1400663105 tempest-ServersNegativeTestJSON-1400663105-project-member] Lock "3f0765de-dc01-42a2-a64f-80fa97a300d7" acquired by "nova.context.set_target_cell..get_or_set_cached_cell_and_set_connections" :: waited 0.001s {{(pid=66441) inner /opt/stack/data/venv/lib/python3.12/site-packages/oslo_concurrency/lockutils.py:519}}
Jun 11 18:00:10 devstack devstack@n-api.service[66441]: DEBUG oslo_concurrency.lockutils [None req-764351da-20f3-4d82-84ab-705a9a3dc5c1 tempest-ServersNegativeTestJSON-1400663105 tempest-ServersNegativeTestJSON-1400663105-project-member] Lock "3f0765de-dc01-42a2-a64f-80fa97a300d7" "released" by "nova.context.set_target_cell..get_or_set_cached_cell_and_set_connections" :: held 0.001s {{(pid=66441) inner /opt/stack/data/venv/lib/python3.12/site-packages/oslo_concurrency/lockutils.py:538}}
Jun 11 18:00:10 devstack devstack@n-api.service[66441]: WARNING neutronclient.v2_0.client [None req-764351da-20f3-4d82-84ab-705a9a3dc5c1 tempest-ServersNegativeTestJSON-1400663105 tempest-ServersNegativeTestJSON-1400663105-project-member] The python binding code in neutronclient is deprecated in favor of OpenstackSDK, please use that as this will be removed in a future release.
Jun 11 18:00:11 devstack devstack@n-api.service[66442]: DEBUG nova.api.openstack.wsgi [None req-ace40f1e-e14e-4c67-a216-8fa23840c087 tempest-VolumesSnapshotsTestJSON-680772715 tempest-VolumesSnapshotsTestJSON-680772715-project-member] Calling method '>' {{(pid=66442) _process_stack /opt/stack/nova/nova/api/openstack/wsgi.py:551}}
Jun 11 18:00:11 devstack devstack@n-api.service[66442]: INFO nova.api.openstack.requestlog [None req-ace40f1e-e14e-4c67-a216-8fa23840c087 tempest-VolumesSnapshotsTestJSON-680772715 tempest-VolumesSnapshotsTestJSON-680772715-project-member] 192.168.122.112 "GET /compute/v2.1/os-volumes/044fe484-e9f9-45bb-9adc-ee57de2e5eee" status: 200 len: 343 microversion: 2.1 time: 0.082377
Jun 11 18:00:11 devstack devstack@n-api.service[66442]: [pid: 66442|app: 0|req: 49/87] 192.168.122.112 () {58 vars in 1247 bytes} [Thu Jun 11 18:00:11 2026] GET /compute/v2.1/os-volumes/044fe484-e9f9-45bb-9adc-ee57de2e5eee => generated 343 bytes in 85 msecs (HTTP/1.1 200) 9 headers in 357 bytes (1 switches on core 0)
Jun 11 18:00:12 devstack devstack@n-api.service[66442]: DEBUG nova.api.openstack.wsgi [None req-eefd7c7d-0717-4f3c-98d5-386b49195da9 tempest-VolumesSnapshotsTestJSON-680772715 tempest-VolumesSnapshotsTestJSON-680772715-project-member] Calling method '>' {{(pid=66442) _process_stack /opt/stack/nova/nova/api/openstack/wsgi.py:551}}
Jun 11 18:00:12 devstack devstack@n-api.service[66442]: INFO nova.api.openstack.requestlog [None req-eefd7c7d-0717-4f3c-98d5-386b49195da9 tempest-VolumesSnapshotsTestJSON-680772715 tempest-VolumesSnapshotsTestJSON-680772715-project-member] 192.168.122.112 "GET /compute/v2.1/os-volumes/044fe484-e9f9-45bb-9adc-ee57de2e5eee" status: 200 len: 343 microversion: 2.1 time: 0.071649
Jun 11 18:00:12 devstack devstack@n-api.service[66442]: [pid: 66442|app: 0|req: 50/88] 192.168.122.112 () {58 vars in 1247 bytes} [Thu Jun 11 18:00:12 2026] GET /compute/v2.1/os-volumes/044fe484-e9f9-45bb-9adc-ee57de2e5eee => generated 343 bytes in 74 msecs (HTTP/1.1 200) 9 headers in 357 bytes (1 switches on core 0)
Jun 11 18:00:13 devstack devstack@n-api.service[66442]: DEBUG nova.api.openstack.wsgi [None req-5a4f4f82-a374-4c93-ab85-b7dea8fa5113 tempest-VolumesSnapshotsTestJSON-680772715 tempest-VolumesSnapshotsTestJSON-680772715-project-member] Calling method '>' {{(pid=66442) _process_stack /opt/stack/nova/nova/api/openstack/wsgi.py:551}}
Jun 11 18:00:13 devstack devstack@n-api.service[66442]: INFO nova.api.openstack.requestlog [None req-5a4f4f82-a374-4c93-ab85-b7dea8fa5113 tempest-VolumesSnapshotsTestJSON-680772715 tempest-VolumesSnapshotsTestJSON-680772715-project-member] 192.168.122.112 "GET /compute/v2.1/os-volumes/044fe484-e9f9-45bb-9adc-ee57de2e5eee" status: 200 len: 343 microversion: 2.1 time: 0.078285
Jun 11 18:00:13 devstack devstack@n-api.service[66442]: [pid: 66442|app: 0|req: 51/89] 192.168.122.112 () {58 vars in 1247 bytes} [Thu Jun 11 18:00:13 2026] GET /compute/v2.1/os-volumes/044fe484-e9f9-45bb-9adc-ee57de2e5eee => generated 343 bytes in 79 msecs (HTTP/1.1 200) 9 headers in 357 bytes (1 switches on core 0)
Jun 11 18:00:13 devstack devstack@n-api.service[66441]: DEBUG nova.policy [None req-764351da-20f3-4d82-84ab-705a9a3dc5c1 tempest-ServersNegativeTestJSON-1400663105 tempest-ServersNegativeTestJSON-1400663105-project-member] Policy check for os_compute_api:os-extended-server-attributes failed with credentials {'is_admin': False, 'user_id': 'd755d8366abe4018ad2bba6c3687c01d', 'user_domain_id': 'default', 'system_scope': None, 'domain_id': None, 'project_id': '3073d92eb44e46cabfa9712be1b9867b', 'project_domain_id': 'default', 'roles': ['member', 'reader'], 'is_admin_project': True, 'service_user_id': None, 'service_user_domain_id': None, 'service_project_id': None, 'service_project_domain_id': None, 'service_roles': []} {{(pid=66441) authorize /opt/stack/nova/nova/policy.py:192}}
Jun 11 18:00:13 devstack devstack@n-api.service[66441]: INFO nova.api.openstack.requestlog [None req-764351da-20f3-4d82-84ab-705a9a3dc5c1 tempest-ServersNegativeTestJSON-1400663105 tempest-ServersNegativeTestJSON-1400663105-project-member] 192.168.122.112 "GET /compute/v2.1/servers/ddc59bb1-4be3-4080-a3af-c3c949266e88" status: 200 len: 1330 microversion: 2.1 time: 2.751227
Jun 11 18:00:13 devstack devstack@n-api.service[66441]: [pid: 66441|app: 0|req: 39/90] 192.168.122.112 () {58 vars in 1238 bytes} [Thu Jun 11 18:00:10 2026] GET /compute/v2.1/servers/ddc59bb1-4be3-4080-a3af-c3c949266e88 => generated 1330 bytes in 2753 msecs (HTTP/1.1 200) 9 headers in 358 bytes (1 switches on core 0)
Jun 11 18:00:14 devstack devstack@n-api.service[66442]: DEBUG nova.api.openstack.wsgi [None req-a6c55196-47a1-4ce5-ad13-e5f91822157a tempest-VolumesSnapshotsTestJSON-680772715 tempest-VolumesSnapshotsTestJSON-680772715-project-member] Calling method '>' {{(pid=66442) _process_stack /opt/stack/nova/nova/api/openstack/wsgi.py:551}}
Jun 11 18:00:14 devstack devstack@n-api.service[66441]: DEBUG nova.api.openstack.wsgi [None req-0877008f-974b-4fff-b2e6-fee283d6674b tempest-ServersNegativeTestJSON-1400663105 tempest-ServersNegativeTestJSON-1400663105-project-member] Calling method '>' {{(pid=66441) _process_stack /opt/stack/nova/nova/api/openstack/wsgi.py:551}}
Jun 11 18:00:14 devstack devstack@n-api.service[66441]: DEBUG nova.compute.api [None req-0877008f-974b-4fff-b2e6-fee283d6674b tempest-ServersNegativeTestJSON-1400663105 tempest-ServersNegativeTestJSON-1400663105-project-member] [instance: ddc59bb1-4be3-4080-a3af-c3c949266e88] Fetching instance by UUID {{(pid=66441) get /opt/stack/nova/nova/compute/api.py:3047}}
Jun 11 18:00:14 devstack devstack@n-api.service[66442]: INFO nova.api.openstack.requestlog [None req-a6c55196-47a1-4ce5-ad13-e5f91822157a tempest-VolumesSnapshotsTestJSON-680772715 tempest-VolumesSnapshotsTestJSON-680772715-project-member] 192.168.122.112 "GET /compute/v2.1/os-volumes/044fe484-e9f9-45bb-9adc-ee57de2e5eee" status: 200 len: 343 microversion: 2.1 time: 0.086183
Jun 11 18:00:14 devstack devstack@n-api.service[66442]: [pid: 66442|app: 0|req: 52/91] 192.168.122.112 () {58 vars in 1247 bytes} [Thu Jun 11 18:00:14 2026] GET /compute/v2.1/os-volumes/044fe484-e9f9-45bb-9adc-ee57de2e5eee => generated 343 bytes in 88 msecs (HTTP/1.1 200) 9 headers in 357 bytes (1 switches on core 0)
Jun 11 18:00:14 devstack devstack@n-api.service[66441]: DEBUG oslo_concurrency.lockutils [None req-0877008f-974b-4fff-b2e6-fee283d6674b tempest-ServersNegativeTestJSON-1400663105 tempest-ServersNegativeTestJSON-1400663105-project-member] Acquiring lock "3f0765de-dc01-42a2-a64f-80fa97a300d7" by "nova.context.set_target_cell..get_or_set_cached_cell_and_set_connections" {{(pid=66441) inner /opt/stack/data/venv/lib/python3.12/site-packages/oslo_concurrency/lockutils.py:506}}
Jun 11 18:00:14 devstack devstack@n-api.service[66441]: DEBUG oslo_concurrency.lockutils [None req-0877008f-974b-4fff-b2e6-fee283d6674b tempest-ServersNegativeTestJSON-1400663105 tempest-ServersNegativeTestJSON-1400663105-project-member] Lock "3f0765de-dc01-42a2-a64f-80fa97a300d7" acquired by "nova.context.set_target_cell..get_or_set_cached_cell_and_set_connections" :: waited 0.001s {{(pid=66441) inner /opt/stack/data/venv/lib/python3.12/site-packages/oslo_concurrency/lockutils.py:519}}
Jun 11 18:00:14 devstack devstack@n-api.service[66441]: DEBUG oslo_concurrency.lockutils [None req-0877008f-974b-4fff-b2e6-fee283d6674b tempest-ServersNegativeTestJSON-1400663105 tempest-ServersNegativeTestJSON-1400663105-project-member] Lock "3f0765de-dc01-42a2-a64f-80fa97a300d7" "released" by "nova.context.set_target_cell..get_or_set_cached_cell_and_set_connections" :: held 0.001s {{(pid=66441) inner /opt/stack/data/venv/lib/python3.12/site-packages/oslo_concurrency/lockutils.py:538}}
Jun 11 18:00:14 devstack devstack@n-api.service[66441]: DEBUG oslo_concurrency.lockutils [None req-0877008f-974b-4fff-b2e6-fee283d6674b tempest-ServersNegativeTestJSON-1400663105 tempest-ServersNegativeTestJSON-1400663105-project-member] Acquiring lock "3f0765de-dc01-42a2-a64f-80fa97a300d7" by "nova.context.set_target_cell..get_or_set_cached_cell_and_set_connections" {{(pid=66441) inner /opt/stack/data/venv/lib/python3.12/site-packages/oslo_concurrency/lockutils.py:506}}
Jun 11 18:00:14 devstack devstack@n-api.service[66441]: DEBUG oslo_concurrency.lockutils [None req-0877008f-974b-4fff-b2e6-fee283d6674b tempest-ServersNegativeTestJSON-1400663105 tempest-ServersNegativeTestJSON-1400663105-project-member] Lock "3f0765de-dc01-42a2-a64f-80fa97a300d7" acquired by "nova.context.set_target_cell..get_or_set_cached_cell_and_set_connections" :: waited 0.001s {{(pid=66441) inner /opt/stack/data/venv/lib/python3.12/site-packages/oslo_concurrency/lockutils.py:519}}
Jun 11 18:00:14 devstack devstack@n-api.service[66441]: DEBUG oslo_concurrency.lockutils [None req-0877008f-974b-4fff-b2e6-fee283d6674b tempest-ServersNegativeTestJSON-1400663105 tempest-ServersNegativeTestJSON-1400663105-project-member] Lock "3f0765de-dc01-42a2-a64f-80fa97a300d7" "released" by "nova.context.set_target_cell..get_or_set_cached_cell_and_set_connections" :: held 0.001s {{(pid=66441) inner /opt/stack/data/venv/lib/python3.12/site-packages/oslo_concurrency/lockutils.py:538}}
Jun 11 18:00:14 devstack devstack@n-api.service[66441]: WARNING neutronclient.v2_0.client [None req-0877008f-974b-4fff-b2e6-fee283d6674b tempest-ServersNegativeTestJSON-1400663105 tempest-ServersNegativeTestJSON-1400663105-project-member] The python binding code in neutronclient is deprecated in favor of OpenstackSDK, please use that as this will be removed in a future release.
Jun 11 18:00:15 devstack devstack@n-api.service[66442]: DEBUG nova.api.openstack.wsgi [req-665ae2af-bd94-4abc-bd1b-f2ed1a6b28a2 req-2b826b1b-a370-4b11-9c40-a8b1fec80705 service nova] Action: 'create', calling method: >, body: {"events": [{"server_uuid": "ddc59bb1-4be3-4080-a3af-c3c949266e88", "name": "network-vif-unplugged", "status": "completed", "tag": "b8ea72ba-28db-4124-bd76-97c69c14b128"}]} {{(pid=66442) _process_stack /opt/stack/nova/nova/api/openstack/wsgi.py:549}}
Jun 11 18:00:15 devstack devstack@n-api.service[66442]: DEBUG oslo_concurrency.lockutils [req-665ae2af-bd94-4abc-bd1b-f2ed1a6b28a2 req-2b826b1b-a370-4b11-9c40-a8b1fec80705 service nova] Acquiring lock "3f0765de-dc01-42a2-a64f-80fa97a300d7" by "nova.context.set_target_cell..get_or_set_cached_cell_and_set_connections" {{(pid=66442) inner /opt/stack/data/venv/lib/python3.12/site-packages/oslo_concurrency/lockutils.py:506}}
Jun 11 18:00:15 devstack devstack@n-api.service[66442]: DEBUG oslo_concurrency.lockutils [req-665ae2af-bd94-4abc-bd1b-f2ed1a6b28a2 req-2b826b1b-a370-4b11-9c40-a8b1fec80705 service nova] Lock "3f0765de-dc01-42a2-a64f-80fa97a300d7" acquired by "nova.context.set_target_cell..get_or_set_cached_cell_and_set_connections" :: waited 0.001s {{(pid=66442) inner /opt/stack/data/venv/lib/python3.12/site-packages/oslo_concurrency/lockutils.py:519}}
Jun 11 18:00:15 devstack devstack@n-api.service[66442]: DEBUG oslo_concurrency.lockutils [req-665ae2af-bd94-4abc-bd1b-f2ed1a6b28a2 req-2b826b1b-a370-4b11-9c40-a8b1fec80705 service nova] Lock "3f0765de-dc01-42a2-a64f-80fa97a300d7" "released" by "nova.context.set_target_cell..get_or_set_cached_cell_and_set_connections" :: held 0.001s {{(pid=66442) inner /opt/stack/data/venv/lib/python3.12/site-packages/oslo_concurrency/lockutils.py:538}}
Jun 11 18:00:15 devstack devstack@n-api.service[66442]: INFO nova.api.openstack.compute.server_external_events [req-665ae2af-bd94-4abc-bd1b-f2ed1a6b28a2 req-2b826b1b-a370-4b11-9c40-a8b1fec80705 service nova] Creating event network-vif-unplugged:b8ea72ba-28db-4124-bd76-97c69c14b128 for instance ddc59bb1-4be3-4080-a3af-c3c949266e88 on devstack
Jun 11 18:00:15 devstack devstack@n-api.service[66442]: DEBUG nova.compute.rpcapi [req-665ae2af-bd94-4abc-bd1b-f2ed1a6b28a2 req-2b826b1b-a370-4b11-9c40-a8b1fec80705 service nova] RPC: Sending the message to topic: compute-alt {{(pid=66442) prepare_for_alt_rpcserver /opt/stack/nova/nova/compute/rpcapi.py:595}}
Jun 11 18:00:15 devstack devstack@n-api.service[66442]: INFO nova.api.openstack.requestlog [req-665ae2af-bd94-4abc-bd1b-f2ed1a6b28a2 req-2b826b1b-a370-4b11-9c40-a8b1fec80705 service nova] 192.168.122.112 "POST /compute/v2.1/os-server-external-events" status: 200 len: 185 microversion: 2.1 time: 0.124067
Jun 11 18:00:15 devstack devstack@n-api.service[66442]: [pid: 66442|app: 0|req: 53/92] 192.168.122.112 () {64 vars in 1321 bytes} [Thu Jun 11 18:00:15 2026] POST /compute/v2.1/os-server-external-events => generated 185 bytes in 126 msecs (HTTP/1.1 200) 9 headers in 357 bytes (1 switches on core 0)
Jun 11 18:00:15 devstack devstack@n-api.service[66442]: DEBUG nova.api.openstack.wsgi [None req-cb8e44bb-2a07-4467-9111-bb794ca4119a tempest-VolumesSnapshotsTestJSON-680772715 tempest-VolumesSnapshotsTestJSON-680772715-project-member] Calling method '>' {{(pid=66442) _process_stack /opt/stack/nova/nova/api/openstack/wsgi.py:551}}
Jun 11 18:00:15 devstack devstack@n-api.service[66442]: INFO nova.api.openstack.requestlog [None req-cb8e44bb-2a07-4467-9111-bb794ca4119a tempest-VolumesSnapshotsTestJSON-680772715 tempest-VolumesSnapshotsTestJSON-680772715-project-member] 192.168.122.112 "GET /compute/v2.1/os-volumes/044fe484-e9f9-45bb-9adc-ee57de2e5eee" status: 200 len: 343 microversion: 2.1 time: 0.101124
Jun 11 18:00:15 devstack devstack@n-api.service[66442]: [pid: 66442|app: 0|req: 54/93] 192.168.122.112 () {58 vars in 1247 bytes} [Thu Jun 11 18:00:15 2026] GET /compute/v2.1/os-volumes/044fe484-e9f9-45bb-9adc-ee57de2e5eee => generated 343 bytes in 104 msecs (HTTP/1.1 200) 9 headers in 357 bytes (1 switches on core 0)
Jun 11 18:00:16 devstack devstack@n-api.service[66442]: DEBUG nova.api.openstack.wsgi [None req-bb178c3d-1cc3-498d-9567-44de0a05dbf3 tempest-VolumesSnapshotsTestJSON-680772715 tempest-VolumesSnapshotsTestJSON-680772715-project-member] Calling method '>' {{(pid=66442) _process_stack /opt/stack/nova/nova/api/openstack/wsgi.py:551}}
Jun 11 18:00:16 devstack devstack@n-api.service[66442]: INFO nova.api.openstack.requestlog [None req-bb178c3d-1cc3-498d-9567-44de0a05dbf3 tempest-VolumesSnapshotsTestJSON-680772715 tempest-VolumesSnapshotsTestJSON-680772715-project-member] 192.168.122.112 "GET /compute/v2.1/os-volumes/044fe484-e9f9-45bb-9adc-ee57de2e5eee" status: 200 len: 343 microversion: 2.1 time: 0.069576
Jun 11 18:00:16 devstack devstack@n-api.service[66442]: [pid: 66442|app: 0|req: 55/94] 192.168.122.112 () {58 vars in 1247 bytes} [Thu Jun 11 18:00:16 2026] GET /compute/v2.1/os-volumes/044fe484-e9f9-45bb-9adc-ee57de2e5eee => generated 343 bytes in 72 msecs (HTTP/1.1 200) 9 headers in 357 bytes (1 switches on core 0)
Jun 11 18:00:17 devstack devstack@n-api.service[66442]: DEBUG nova.api.openstack.wsgi [None req-26bacef9-12ce-45af-b9f0-0a041a952fb4 tempest-VolumesSnapshotsTestJSON-680772715 tempest-VolumesSnapshotsTestJSON-680772715-project-member] Calling method '>' {{(pid=66442) _process_stack /opt/stack/nova/nova/api/openstack/wsgi.py:551}}
Jun 11 18:00:17 devstack devstack@n-api.service[66442]: INFO nova.api.openstack.requestlog [None req-26bacef9-12ce-45af-b9f0-0a041a952fb4 tempest-VolumesSnapshotsTestJSON-680772715 tempest-VolumesSnapshotsTestJSON-680772715-project-member] 192.168.122.112 "GET /compute/v2.1/os-volumes/044fe484-e9f9-45bb-9adc-ee57de2e5eee" status: 200 len: 343 microversion: 2.1 time: 0.097381
Jun 11 18:00:17 devstack devstack@n-api.service[66442]: [pid: 66442|app: 0|req: 56/95] 192.168.122.112 () {58 vars in 1247 bytes} [Thu Jun 11 18:00:17 2026] GET /compute/v2.1/os-volumes/044fe484-e9f9-45bb-9adc-ee57de2e5eee => generated 343 bytes in 100 msecs (HTTP/1.1 200) 9 headers in 357 bytes (1 switches on core 0)
Jun 11 18:00:19 devstack devstack@n-api.service[66442]: DEBUG nova.api.openstack.wsgi [None req-7be844d2-89df-4942-9a27-1d7c26f7271d tempest-VolumesSnapshotsTestJSON-680772715 tempest-VolumesSnapshotsTestJSON-680772715-project-member] Calling method '>' {{(pid=66442) _process_stack /opt/stack/nova/nova/api/openstack/wsgi.py:551}}
Jun 11 18:00:19 devstack devstack@n-api.service[66442]: INFO nova.api.openstack.requestlog [None req-7be844d2-89df-4942-9a27-1d7c26f7271d tempest-VolumesSnapshotsTestJSON-680772715 tempest-VolumesSnapshotsTestJSON-680772715-project-member] 192.168.122.112 "GET /compute/v2.1/os-volumes/044fe484-e9f9-45bb-9adc-ee57de2e5eee" status: 200 len: 343 microversion: 2.1 time: 0.084152
Jun 11 18:00:19 devstack devstack@n-api.service[66442]: [pid: 66442|app: 0|req: 57/96] 192.168.122.112 () {58 vars in 1247 bytes} [Thu Jun 11 18:00:18 2026] GET /compute/v2.1/os-volumes/044fe484-e9f9-45bb-9adc-ee57de2e5eee => generated 343 bytes in 89 msecs (HTTP/1.1 200) 9 headers in 357 bytes (1 switches on core 0)
Jun 11 18:00:19 devstack devstack@n-api.service[66442]: DEBUG dbcounter [-] [66442] Writing DB stats nova_cell0:SELECT=1 {{(pid=66442) stat_writer /opt/stack/data/venv/lib/python3.12/site-packages/dbcounter.py:115}}
Jun 11 18:00:19 devstack devstack@n-api.service[66441]: DEBUG nova.policy [None req-0877008f-974b-4fff-b2e6-fee283d6674b tempest-ServersNegativeTestJSON-1400663105 tempest-ServersNegativeTestJSON-1400663105-project-member] Policy check for os_compute_api:os-extended-server-attributes failed with credentials {'is_admin': False, 'user_id': 'd755d8366abe4018ad2bba6c3687c01d', 'user_domain_id': 'default', 'system_scope': None, 'domain_id': None, 'project_id': '3073d92eb44e46cabfa9712be1b9867b', 'project_domain_id': 'default', 'roles': ['member', 'reader'], 'is_admin_project': True, 'service_user_id': None, 'service_user_domain_id': None, 'service_project_id': None, 'service_project_domain_id': None, 'service_roles': []} {{(pid=66441) authorize /opt/stack/nova/nova/policy.py:192}}
Jun 11 18:00:19 devstack devstack@n-api.service[66441]: INFO nova.api.openstack.requestlog [None req-0877008f-974b-4fff-b2e6-fee283d6674b tempest-ServersNegativeTestJSON-1400663105 tempest-ServersNegativeTestJSON-1400663105-project-member] 192.168.122.112 "GET /compute/v2.1/servers/ddc59bb1-4be3-4080-a3af-c3c949266e88" status: 200 len: 1330 microversion: 2.1 time: 4.754110
Jun 11 18:00:19 devstack devstack@n-api.service[66441]: [pid: 66441|app: 0|req: 40/97] 192.168.122.112 () {58 vars in 1238 bytes} [Thu Jun 11 18:00:14 2026] GET /compute/v2.1/servers/ddc59bb1-4be3-4080-a3af-c3c949266e88 => generated 1330 bytes in 4756 msecs (HTTP/1.1 200) 9 headers in 358 bytes (1 switches on core 0)
Jun 11 18:00:20 devstack devstack@n-api.service[66442]: DEBUG nova.api.openstack.wsgi [None req-ca695b3d-dee6-4913-bff0-3b954efcc921 tempest-VolumesSnapshotsTestJSON-680772715 tempest-VolumesSnapshotsTestJSON-680772715-project-member] Calling method '>' {{(pid=66442) _process_stack /opt/stack/nova/nova/api/openstack/wsgi.py:551}}
Jun 11 18:00:20 devstack devstack@n-api.service[66442]: INFO nova.api.openstack.requestlog [None req-ca695b3d-dee6-4913-bff0-3b954efcc921 tempest-VolumesSnapshotsTestJSON-680772715 tempest-VolumesSnapshotsTestJSON-680772715-project-member] 192.168.122.112 "GET /compute/v2.1/os-volumes/044fe484-e9f9-45bb-9adc-ee57de2e5eee" status: 200 len: 343 microversion: 2.1 time: 0.087673
Jun 11 18:00:20 devstack devstack@n-api.service[66442]: [pid: 66442|app: 0|req: 58/98] 192.168.122.112 () {58 vars in 1247 bytes} [Thu Jun 11 18:00:20 2026] GET /compute/v2.1/os-volumes/044fe484-e9f9-45bb-9adc-ee57de2e5eee => generated 343 bytes in 92 msecs (HTTP/1.1 200) 9 headers in 357 bytes (1 switches on core 0)
Jun 11 18:00:20 devstack devstack@n-api.service[66441]: DEBUG nova.api.openstack.wsgi [None req-f1b69e64-a5d5-4b53-8f1c-a40a952a9518 tempest-VolumesAdminNegativeTest-1708621418 tempest-VolumesAdminNegativeTest-1708621418-project-member] Action: 'create', calling method: >, body: {"server": {"name": "tempest-VolumesAdminNegativeTest-server-997735418", "imageRef": "54823554-6abc-4641-abfa-0b1535cf363b", "flavorRef": "42", "networks": [{"uuid": "25b33856-a418-439d-9b4e-6219327d54bb"}]}} {{(pid=66441) _process_stack /opt/stack/nova/nova/api/openstack/wsgi.py:549}}
Jun 11 18:00:20 devstack devstack@n-api.service[66442]: DEBUG nova.api.openstack.wsgi [None req-2902cf54-6f96-4bed-a93f-c157fa43d2ba tempest-ServersNegativeTestJSON-1400663105 tempest-ServersNegativeTestJSON-1400663105-project-member] Calling method '>' {{(pid=66442) _process_stack /opt/stack/nova/nova/api/openstack/wsgi.py:551}}
Jun 11 18:00:20 devstack devstack@n-api.service[66442]: DEBUG nova.compute.api [None req-2902cf54-6f96-4bed-a93f-c157fa43d2ba tempest-ServersNegativeTestJSON-1400663105 tempest-ServersNegativeTestJSON-1400663105-project-member] [instance: ddc59bb1-4be3-4080-a3af-c3c949266e88] Fetching instance by UUID {{(pid=66442) get /opt/stack/nova/nova/compute/api.py:3047}}
Jun 11 18:00:20 devstack devstack@n-api.service[66442]: DEBUG oslo_concurrency.lockutils [None req-2902cf54-6f96-4bed-a93f-c157fa43d2ba tempest-ServersNegativeTestJSON-1400663105 tempest-ServersNegativeTestJSON-1400663105-project-member] Acquiring lock "3f0765de-dc01-42a2-a64f-80fa97a300d7" by "nova.context.set_target_cell..get_or_set_cached_cell_and_set_connections" {{(pid=66442) inner /opt/stack/data/venv/lib/python3.12/site-packages/oslo_concurrency/lockutils.py:506}}
Jun 11 18:00:20 devstack devstack@n-api.service[66442]: DEBUG oslo_concurrency.lockutils [None req-2902cf54-6f96-4bed-a93f-c157fa43d2ba tempest-ServersNegativeTestJSON-1400663105 tempest-ServersNegativeTestJSON-1400663105-project-member] Lock "3f0765de-dc01-42a2-a64f-80fa97a300d7" acquired by "nova.context.set_target_cell..get_or_set_cached_cell_and_set_connections" :: waited 0.001s {{(pid=66442) inner /opt/stack/data/venv/lib/python3.12/site-packages/oslo_concurrency/lockutils.py:519}}
Jun 11 18:00:20 devstack devstack@n-api.service[66442]: DEBUG oslo_concurrency.lockutils [None req-2902cf54-6f96-4bed-a93f-c157fa43d2ba tempest-ServersNegativeTestJSON-1400663105 tempest-ServersNegativeTestJSON-1400663105-project-member] Lock "3f0765de-dc01-42a2-a64f-80fa97a300d7" "released" by "nova.context.set_target_cell..get_or_set_cached_cell_and_set_connections" :: held 0.001s {{(pid=66442) inner /opt/stack/data/venv/lib/python3.12/site-packages/oslo_concurrency/lockutils.py:538}}
Jun 11 18:00:20 devstack devstack@n-api.service[66442]: DEBUG oslo_concurrency.lockutils [None req-2902cf54-6f96-4bed-a93f-c157fa43d2ba tempest-ServersNegativeTestJSON-1400663105 tempest-ServersNegativeTestJSON-1400663105-project-member] Acquiring lock "3f0765de-dc01-42a2-a64f-80fa97a300d7" by "nova.context.set_target_cell..get_or_set_cached_cell_and_set_connections" {{(pid=66442) inner /opt/stack/data/venv/lib/python3.12/site-packages/oslo_concurrency/lockutils.py:506}}
Jun 11 18:00:20 devstack devstack@n-api.service[66442]: DEBUG oslo_concurrency.lockutils [None req-2902cf54-6f96-4bed-a93f-c157fa43d2ba tempest-ServersNegativeTestJSON-1400663105 tempest-ServersNegativeTestJSON-1400663105-project-member] Lock "3f0765de-dc01-42a2-a64f-80fa97a300d7" acquired by "nova.context.set_target_cell..get_or_set_cached_cell_and_set_connections" :: waited 0.001s {{(pid=66442) inner /opt/stack/data/venv/lib/python3.12/site-packages/oslo_concurrency/lockutils.py:519}}
Jun 11 18:00:20 devstack devstack@n-api.service[66442]: DEBUG oslo_concurrency.lockutils [None req-2902cf54-6f96-4bed-a93f-c157fa43d2ba tempest-ServersNegativeTestJSON-1400663105 tempest-ServersNegativeTestJSON-1400663105-project-member] Lock "3f0765de-dc01-42a2-a64f-80fa97a300d7" "released" by "nova.context.set_target_cell..get_or_set_cached_cell_and_set_connections" :: held 0.001s {{(pid=66442) inner /opt/stack/data/venv/lib/python3.12/site-packages/oslo_concurrency/lockutils.py:538}}
Jun 11 18:00:20 devstack devstack@n-api.service[66441]: DEBUG oslo_concurrency.lockutils [None req-f1b69e64-a5d5-4b53-8f1c-a40a952a9518 tempest-VolumesAdminNegativeTest-1708621418 tempest-VolumesAdminNegativeTest-1708621418-project-member] Acquiring lock "00000000-0000-0000-0000-000000000000" by "nova.context.set_target_cell..get_or_set_cached_cell_and_set_connections" {{(pid=66441) inner /opt/stack/data/venv/lib/python3.12/site-packages/oslo_concurrency/lockutils.py:506}}
Jun 11 18:00:20 devstack devstack@n-api.service[66441]: DEBUG oslo_concurrency.lockutils [None req-f1b69e64-a5d5-4b53-8f1c-a40a952a9518 tempest-VolumesAdminNegativeTest-1708621418 tempest-VolumesAdminNegativeTest-1708621418-project-member] Lock "00000000-0000-0000-0000-000000000000" acquired by "nova.context.set_target_cell..get_or_set_cached_cell_and_set_connections" :: waited 0.001s {{(pid=66441) inner /opt/stack/data/venv/lib/python3.12/site-packages/oslo_concurrency/lockutils.py:519}}
Jun 11 18:00:20 devstack devstack@n-api.service[66441]: DEBUG oslo_concurrency.lockutils [None req-f1b69e64-a5d5-4b53-8f1c-a40a952a9518 tempest-VolumesAdminNegativeTest-1708621418 tempest-VolumesAdminNegativeTest-1708621418-project-member] Lock "00000000-0000-0000-0000-000000000000" "released" by "nova.context.set_target_cell..get_or_set_cached_cell_and_set_connections" :: held 0.001s {{(pid=66441) inner /opt/stack/data/venv/lib/python3.12/site-packages/oslo_concurrency/lockutils.py:538}}
Jun 11 18:00:20 devstack devstack@n-api.service[66441]: DEBUG oslo_concurrency.lockutils [None req-f1b69e64-a5d5-4b53-8f1c-a40a952a9518 tempest-VolumesAdminNegativeTest-1708621418 tempest-VolumesAdminNegativeTest-1708621418-project-member] Acquiring lock "3f0765de-dc01-42a2-a64f-80fa97a300d7" by "nova.context.set_target_cell..get_or_set_cached_cell_and_set_connections" {{(pid=66441) inner /opt/stack/data/venv/lib/python3.12/site-packages/oslo_concurrency/lockutils.py:506}}
Jun 11 18:00:20 devstack devstack@n-api.service[66441]: DEBUG oslo_concurrency.lockutils [None req-f1b69e64-a5d5-4b53-8f1c-a40a952a9518 tempest-VolumesAdminNegativeTest-1708621418 tempest-VolumesAdminNegativeTest-1708621418-project-member] Lock "3f0765de-dc01-42a2-a64f-80fa97a300d7" acquired by "nova.context.set_target_cell..get_or_set_cached_cell_and_set_connections" :: waited 0.001s {{(pid=66441) inner /opt/stack/data/venv/lib/python3.12/site-packages/oslo_concurrency/lockutils.py:519}}
Jun 11 18:00:20 devstack devstack@n-api.service[66441]: DEBUG oslo_concurrency.lockutils [None req-f1b69e64-a5d5-4b53-8f1c-a40a952a9518 tempest-VolumesAdminNegativeTest-1708621418 tempest-VolumesAdminNegativeTest-1708621418-project-member] Lock "3f0765de-dc01-42a2-a64f-80fa97a300d7" "released" by "nova.context.set_target_cell..get_or_set_cached_cell_and_set_connections" :: held 0.001s {{(pid=66441) inner /opt/stack/data/venv/lib/python3.12/site-packages/oslo_concurrency/lockutils.py:538}}
Jun 11 18:00:20 devstack devstack@n-api.service[66441]: DEBUG nova.network.neutron [None req-f1b69e64-a5d5-4b53-8f1c-a40a952a9518 tempest-VolumesAdminNegativeTest-1708621418 tempest-VolumesAdminNegativeTest-1708621418-project-member] validate_networks() for [('25b33856-a418-439d-9b4e-6219327d54bb', None, None, None, None, None)] {{(pid=66441) validate_networks /opt/stack/nova/nova/network/neutron.py:2685}}
Jun 11 18:00:20 devstack devstack@n-api.service[66441]: WARNING neutronclient.v2_0.client [None req-f1b69e64-a5d5-4b53-8f1c-a40a952a9518 tempest-VolumesAdminNegativeTest-1708621418 tempest-VolumesAdminNegativeTest-1708621418-project-member] The python binding code in neutronclient is deprecated in favor of OpenstackSDK, please use that as this will be removed in a future release.
Jun 11 18:00:20 devstack devstack@n-api.service[66442]: WARNING neutronclient.v2_0.client [None req-2902cf54-6f96-4bed-a93f-c157fa43d2ba tempest-ServersNegativeTestJSON-1400663105 tempest-ServersNegativeTestJSON-1400663105-project-member] The python binding code in neutronclient is deprecated in favor of OpenstackSDK, please use that as this will be removed in a future release.
Jun 11 18:00:21 devstack devstack@n-api.service[66442]: DEBUG nova.policy [None req-2902cf54-6f96-4bed-a93f-c157fa43d2ba tempest-ServersNegativeTestJSON-1400663105 tempest-ServersNegativeTestJSON-1400663105-project-member] Policy check for os_compute_api:os-extended-server-attributes failed with credentials {'is_admin': False, 'user_id': 'd755d8366abe4018ad2bba6c3687c01d', 'user_domain_id': 'default', 'system_scope': None, 'domain_id': None, 'project_id': '3073d92eb44e46cabfa9712be1b9867b', 'project_domain_id': 'default', 'roles': ['member', 'reader'], 'is_admin_project': True, 'service_user_id': None, 'service_user_domain_id': None, 'service_project_id': None, 'service_project_domain_id': None, 'service_roles': []} {{(pid=66442) authorize /opt/stack/nova/nova/policy.py:192}}
Jun 11 18:00:21 devstack devstack@n-api.service[66442]: INFO nova.api.openstack.requestlog [None req-2902cf54-6f96-4bed-a93f-c157fa43d2ba tempest-ServersNegativeTestJSON-1400663105 tempest-ServersNegativeTestJSON-1400663105-project-member] 192.168.122.112 "GET /compute/v2.1/servers/ddc59bb1-4be3-4080-a3af-c3c949266e88" status: 200 len: 1330 microversion: 2.1 time: 1.542607
Jun 11 18:00:21 devstack devstack@n-api.service[66442]: [pid: 66442|app: 0|req: 59/99] 192.168.122.112 () {58 vars in 1238 bytes} [Thu Jun 11 18:00:20 2026] GET /compute/v2.1/servers/ddc59bb1-4be3-4080-a3af-c3c949266e88 => generated 1330 bytes in 1545 msecs (HTTP/1.1 200) 9 headers in 358 bytes (1 switches on core 0)
Jun 11 18:00:21 devstack devstack@n-api.service[66442]: DEBUG nova.api.openstack.wsgi [None req-970cff8d-9fce-408e-8823-cda607b10dd6 tempest-VolumesSnapshotsTestJSON-680772715 tempest-VolumesSnapshotsTestJSON-680772715-project-member] Calling method '>' {{(pid=66442) _process_stack /opt/stack/nova/nova/api/openstack/wsgi.py:551}}
Jun 11 18:00:22 devstack devstack@n-api.service[66442]: INFO nova.api.openstack.requestlog [None req-970cff8d-9fce-408e-8823-cda607b10dd6 tempest-VolumesSnapshotsTestJSON-680772715 tempest-VolumesSnapshotsTestJSON-680772715-project-member] 192.168.122.112 "GET /compute/v2.1/os-volumes/044fe484-e9f9-45bb-9adc-ee57de2e5eee" status: 200 len: 343 microversion: 2.1 time: 0.102663
Jun 11 18:00:22 devstack devstack@n-api.service[66442]: [pid: 66442|app: 0|req: 60/100] 192.168.122.112 () {58 vars in 1247 bytes} [Thu Jun 11 18:00:21 2026] GET /compute/v2.1/os-volumes/044fe484-e9f9-45bb-9adc-ee57de2e5eee => generated 343 bytes in 105 msecs (HTTP/1.1 200) 9 headers in 357 bytes (1 switches on core 0)
Jun 11 18:00:22 devstack devstack@n-api.service[66441]: WARNING neutronclient.v2_0.client [None req-f1b69e64-a5d5-4b53-8f1c-a40a952a9518 tempest-VolumesAdminNegativeTest-1708621418 tempest-VolumesAdminNegativeTest-1708621418-project-member] The python binding code in neutronclient is deprecated in favor of OpenstackSDK, please use that as this will be removed in a future release.
Jun 11 18:00:23 devstack devstack@n-api.service[66442]: DEBUG nova.api.openstack.wsgi [None req-11a1a76d-c1b2-438f-ad6b-bf10e6d2fc3f tempest-ServersNegativeTestJSON-1400663105 tempest-ServersNegativeTestJSON-1400663105-project-member] Calling method '>' {{(pid=66442) _process_stack /opt/stack/nova/nova/api/openstack/wsgi.py:551}}
Jun 11 18:00:23 devstack devstack@n-api.service[66442]: DEBUG nova.compute.api [None req-11a1a76d-c1b2-438f-ad6b-bf10e6d2fc3f tempest-ServersNegativeTestJSON-1400663105 tempest-ServersNegativeTestJSON-1400663105-project-member] [instance: ddc59bb1-4be3-4080-a3af-c3c949266e88] Fetching instance by UUID {{(pid=66442) get /opt/stack/nova/nova/compute/api.py:3047}}
Jun 11 18:00:23 devstack devstack@n-api.service[66442]: DEBUG oslo_concurrency.lockutils [None req-11a1a76d-c1b2-438f-ad6b-bf10e6d2fc3f tempest-ServersNegativeTestJSON-1400663105 tempest-ServersNegativeTestJSON-1400663105-project-member] Acquiring lock "3f0765de-dc01-42a2-a64f-80fa97a300d7" by "nova.context.set_target_cell..get_or_set_cached_cell_and_set_connections" {{(pid=66442) inner /opt/stack/data/venv/lib/python3.12/site-packages/oslo_concurrency/lockutils.py:506}}
Jun 11 18:00:23 devstack devstack@n-api.service[66442]: DEBUG oslo_concurrency.lockutils [None req-11a1a76d-c1b2-438f-ad6b-bf10e6d2fc3f tempest-ServersNegativeTestJSON-1400663105 tempest-ServersNegativeTestJSON-1400663105-project-member] Lock "3f0765de-dc01-42a2-a64f-80fa97a300d7" acquired by "nova.context.set_target_cell..get_or_set_cached_cell_and_set_connections" :: waited 0.002s {{(pid=66442) inner /opt/stack/data/venv/lib/python3.12/site-packages/oslo_concurrency/lockutils.py:519}}
Jun 11 18:00:23 devstack devstack@n-api.service[66442]: DEBUG oslo_concurrency.lockutils [None req-11a1a76d-c1b2-438f-ad6b-bf10e6d2fc3f tempest-ServersNegativeTestJSON-1400663105 tempest-ServersNegativeTestJSON-1400663105-project-member] Lock "3f0765de-dc01-42a2-a64f-80fa97a300d7" "released" by "nova.context.set_target_cell..get_or_set_cached_cell_and_set_connections" :: held 0.004s {{(pid=66442) inner /opt/stack/data/venv/lib/python3.12/site-packages/oslo_concurrency/lockutils.py:538}}
Jun 11 18:00:23 devstack devstack@n-api.service[66442]: DEBUG oslo_concurrency.lockutils [None req-11a1a76d-c1b2-438f-ad6b-bf10e6d2fc3f tempest-ServersNegativeTestJSON-1400663105 tempest-ServersNegativeTestJSON-1400663105-project-member] Acquiring lock "3f0765de-dc01-42a2-a64f-80fa97a300d7" by "nova.context.set_target_cell..get_or_set_cached_cell_and_set_connections" {{(pid=66442) inner /opt/stack/data/venv/lib/python3.12/site-packages/oslo_concurrency/lockutils.py:506}}
Jun 11 18:00:23 devstack devstack@n-api.service[66442]: DEBUG oslo_concurrency.lockutils [None req-11a1a76d-c1b2-438f-ad6b-bf10e6d2fc3f tempest-ServersNegativeTestJSON-1400663105 tempest-ServersNegativeTestJSON-1400663105-project-member] Lock "3f0765de-dc01-42a2-a64f-80fa97a300d7" acquired by "nova.context.set_target_cell..get_or_set_cached_cell_and_set_connections" :: waited 0.002s {{(pid=66442) inner /opt/stack/data/venv/lib/python3.12/site-packages/oslo_concurrency/lockutils.py:519}}
Jun 11 18:00:23 devstack devstack@n-api.service[66442]: DEBUG oslo_concurrency.lockutils [None req-11a1a76d-c1b2-438f-ad6b-bf10e6d2fc3f tempest-ServersNegativeTestJSON-1400663105 tempest-ServersNegativeTestJSON-1400663105-project-member] Lock "3f0765de-dc01-42a2-a64f-80fa97a300d7" "released" by "nova.context.set_target_cell..get_or_set_cached_cell_and_set_connections" :: held 0.002s {{(pid=66442) inner /opt/stack/data/venv/lib/python3.12/site-packages/oslo_concurrency/lockutils.py:538}}
Jun 11 18:00:23 devstack devstack@n-api.service[66442]: WARNING neutronclient.v2_0.client [None req-11a1a76d-c1b2-438f-ad6b-bf10e6d2fc3f tempest-ServersNegativeTestJSON-1400663105 tempest-ServersNegativeTestJSON-1400663105-project-member] The python binding code in neutronclient is deprecated in favor of OpenstackSDK, please use that as this will be removed in a future release.
Jun 11 18:00:23 devstack devstack@n-api.service[66441]: DEBUG nova.virt.hardware [None req-f1b69e64-a5d5-4b53-8f1c-a40a952a9518 tempest-VolumesAdminNegativeTest-1708621418 tempest-VolumesAdminNegativeTest-1708621418-project-member] Flavor limits 0:0:0 {{(pid=66441) get_cpu_topology_constraints /opt/stack/nova/nova/virt/hardware.py:356}}
Jun 11 18:00:23 devstack devstack@n-api.service[66441]: DEBUG nova.virt.hardware [None req-f1b69e64-a5d5-4b53-8f1c-a40a952a9518 tempest-VolumesAdminNegativeTest-1708621418 tempest-VolumesAdminNegativeTest-1708621418-project-member] Image limits 0:0:0 {{(pid=66441) get_cpu_topology_constraints /opt/stack/nova/nova/virt/hardware.py:360}}
Jun 11 18:00:23 devstack devstack@n-api.service[66441]: DEBUG nova.virt.hardware [None req-f1b69e64-a5d5-4b53-8f1c-a40a952a9518 tempest-VolumesAdminNegativeTest-1708621418 tempest-VolumesAdminNegativeTest-1708621418-project-member] Flavor pref 0:0:0 {{(pid=66441) get_cpu_topology_constraints /opt/stack/nova/nova/virt/hardware.py:396}}
Jun 11 18:00:23 devstack devstack@n-api.service[66441]: DEBUG nova.virt.hardware [None req-f1b69e64-a5d5-4b53-8f1c-a40a952a9518 tempest-VolumesAdminNegativeTest-1708621418 tempest-VolumesAdminNegativeTest-1708621418-project-member] Image pref 0:0:0 {{(pid=66441) get_cpu_topology_constraints /opt/stack/nova/nova/virt/hardware.py:400}}
Jun 11 18:00:23 devstack devstack@n-api.service[66441]: DEBUG nova.virt.hardware [None req-f1b69e64-a5d5-4b53-8f1c-a40a952a9518 tempest-VolumesAdminNegativeTest-1708621418 tempest-VolumesAdminNegativeTest-1708621418-project-member] Chose sockets=0, cores=0, threads=0; limits were sockets=65536, cores=65536, threads=65536 {{(pid=66441) get_cpu_topology_constraints /opt/stack/nova/nova/virt/hardware.py:438}}
Jun 11 18:00:23 devstack devstack@n-api.service[66441]: DEBUG oslo_concurrency.lockutils [None req-f1b69e64-a5d5-4b53-8f1c-a40a952a9518 tempest-VolumesAdminNegativeTest-1708621418 tempest-VolumesAdminNegativeTest-1708621418-project-member] Acquiring lock "00000000-0000-0000-0000-000000000000" by "nova.context.set_target_cell..get_or_set_cached_cell_and_set_connections" {{(pid=66441) inner /opt/stack/data/venv/lib/python3.12/site-packages/oslo_concurrency/lockutils.py:506}}
Jun 11 18:00:23 devstack devstack@n-api.service[66441]: DEBUG oslo_concurrency.lockutils [None req-f1b69e64-a5d5-4b53-8f1c-a40a952a9518 tempest-VolumesAdminNegativeTest-1708621418 tempest-VolumesAdminNegativeTest-1708621418-project-member] Lock "00000000-0000-0000-0000-000000000000" acquired by "nova.context.set_target_cell..get_or_set_cached_cell_and_set_connections" :: waited 0.001s {{(pid=66441) inner /opt/stack/data/venv/lib/python3.12/site-packages/oslo_concurrency/lockutils.py:519}}
Jun 11 18:00:23 devstack devstack@n-api.service[66441]: DEBUG oslo_concurrency.lockutils [None req-f1b69e64-a5d5-4b53-8f1c-a40a952a9518 tempest-VolumesAdminNegativeTest-1708621418 tempest-VolumesAdminNegativeTest-1708621418-project-member] Lock "00000000-0000-0000-0000-000000000000" "released" by "nova.context.set_target_cell..get_or_set_cached_cell_and_set_connections" :: held 0.000s {{(pid=66441) inner /opt/stack/data/venv/lib/python3.12/site-packages/oslo_concurrency/lockutils.py:538}}
Jun 11 18:00:23 devstack devstack@n-api.service[66441]: DEBUG oslo_concurrency.lockutils [None req-f1b69e64-a5d5-4b53-8f1c-a40a952a9518 tempest-VolumesAdminNegativeTest-1708621418 tempest-VolumesAdminNegativeTest-1708621418-project-member] Acquiring lock "3f0765de-dc01-42a2-a64f-80fa97a300d7" by "nova.context.set_target_cell..get_or_set_cached_cell_and_set_connections" {{(pid=66441) inner /opt/stack/data/venv/lib/python3.12/site-packages/oslo_concurrency/lockutils.py:506}}
Jun 11 18:00:23 devstack devstack@n-api.service[66441]: DEBUG oslo_concurrency.lockutils [None req-f1b69e64-a5d5-4b53-8f1c-a40a952a9518 tempest-VolumesAdminNegativeTest-1708621418 tempest-VolumesAdminNegativeTest-1708621418-project-member] Lock "3f0765de-dc01-42a2-a64f-80fa97a300d7" acquired by "nova.context.set_target_cell..get_or_set_cached_cell_and_set_connections" :: waited 0.000s {{(pid=66441) inner /opt/stack/data/venv/lib/python3.12/site-packages/oslo_concurrency/lockutils.py:519}}
Jun 11 18:00:23 devstack devstack@n-api.service[66441]: DEBUG oslo_concurrency.lockutils [None req-f1b69e64-a5d5-4b53-8f1c-a40a952a9518 tempest-VolumesAdminNegativeTest-1708621418 tempest-VolumesAdminNegativeTest-1708621418-project-member] Lock "3f0765de-dc01-42a2-a64f-80fa97a300d7" "released" by "nova.context.set_target_cell..get_or_set_cached_cell_and_set_connections" :: held 0.000s {{(pid=66441) inner /opt/stack/data/venv/lib/python3.12/site-packages/oslo_concurrency/lockutils.py:538}}
Jun 11 18:00:24 devstack devstack@n-api.service[66441]: DEBUG nova.quota [None req-f1b69e64-a5d5-4b53-8f1c-a40a952a9518 tempest-VolumesAdminNegativeTest-1708621418 tempest-VolumesAdminNegativeTest-1708621418-project-member] Getting quotas for project ddd19a6a3258492fbeb04a164d9bff4f. Resources: {'ram', 'cores', 'instances'} {{(pid=66441) _get_quotas /opt/stack/nova/nova/quota.py:392}}
Jun 11 18:00:24 devstack devstack@n-api.service[66441]: DEBUG nova.quota [None req-f1b69e64-a5d5-4b53-8f1c-a40a952a9518 tempest-VolumesAdminNegativeTest-1708621418 tempest-VolumesAdminNegativeTest-1708621418-project-member] Getting quotas for user 99259fb1c0b3437b9f5e325d4348dfad and project ddd19a6a3258492fbeb04a164d9bff4f. Resources: {'ram', 'cores', 'instances'} {{(pid=66441) _get_quotas /opt/stack/nova/nova/quota.py:382}}
Jun 11 18:00:24 devstack devstack@n-api.service[66441]: DEBUG nova.compute.api [None req-f1b69e64-a5d5-4b53-8f1c-a40a952a9518 tempest-VolumesAdminNegativeTest-1708621418 tempest-VolumesAdminNegativeTest-1708621418-project-member] Going to run 1 instances... {{(pid=66441) _provision_instances /opt/stack/nova/nova/compute/api.py:1466}}
Jun 11 18:00:24 devstack devstack@n-api.service[66442]: DEBUG nova.policy [None req-11a1a76d-c1b2-438f-ad6b-bf10e6d2fc3f tempest-ServersNegativeTestJSON-1400663105 tempest-ServersNegativeTestJSON-1400663105-project-member] Policy check for os_compute_api:os-extended-server-attributes failed with credentials {'is_admin': False, 'user_id': 'd755d8366abe4018ad2bba6c3687c01d', 'user_domain_id': 'default', 'system_scope': None, 'domain_id': None, 'project_id': '3073d92eb44e46cabfa9712be1b9867b', 'project_domain_id': 'default', 'roles': ['member', 'reader'], 'is_admin_project': True, 'service_user_id': None, 'service_user_domain_id': None, 'service_project_id': None, 'service_project_domain_id': None, 'service_roles': []} {{(pid=66442) authorize /opt/stack/nova/nova/policy.py:192}}
Jun 11 18:00:24 devstack devstack@n-api.service[66441]: DEBUG nova.compute.api [None req-f1b69e64-a5d5-4b53-8f1c-a40a952a9518 tempest-VolumesAdminNegativeTest-1708621418 tempest-VolumesAdminNegativeTest-1708621418-project-member] [instance: e7f38e65-65b4-4359-8c21-2ecc4649fb97] block_device_mapping [BlockDeviceMapping(attachment_id=,boot_index=0,connection_info=None,created_at=,delete_on_termination=True,deleted=,deleted_at=,destination_type='local',device_name=None,device_type='disk',disk_bus=None,encrypted=False,encryption_format=None,encryption_options=None,encryption_secret_uuid=None,guest_format=None,id=,image_id='54823554-6abc-4641-abfa-0b1535cf363b',instance=,instance_uuid=,no_device=False,snapshot_id=None,source_type='image',tag=None,updated_at=,uuid=,volume_id=None,volume_size=None,volume_type=None)] {{(pid=66441) _bdm_validate_set_size_and_instance /opt/stack/nova/nova/compute/api.py:1934}}
Jun 11 18:00:24 devstack devstack@n-api.service[66442]: INFO nova.api.openstack.requestlog [None req-11a1a76d-c1b2-438f-ad6b-bf10e6d2fc3f tempest-ServersNegativeTestJSON-1400663105 tempest-ServersNegativeTestJSON-1400663105-project-member] 192.168.122.112 "GET /compute/v2.1/servers/ddc59bb1-4be3-4080-a3af-c3c949266e88" status: 200 len: 1330 microversion: 2.1 time: 1.131880
Jun 11 18:00:24 devstack devstack@n-api.service[66442]: [pid: 66442|app: 0|req: 61/101] 192.168.122.112 () {58 vars in 1238 bytes} [Thu Jun 11 18:00:22 2026] GET /compute/v2.1/servers/ddc59bb1-4be3-4080-a3af-c3c949266e88 => generated 1330 bytes in 1133 msecs (HTTP/1.1 200) 9 headers in 358 bytes (1 switches on core 0)
Jun 11 18:00:24 devstack devstack@n-api.service[66442]: DEBUG nova.api.openstack.wsgi [None req-b2fdc055-9254-403f-a8a8-1da2ddb10da8 tempest-VolumesSnapshotsTestJSON-680772715 tempest-VolumesSnapshotsTestJSON-680772715-project-member] Calling method '>' {{(pid=66442) _process_stack /opt/stack/nova/nova/api/openstack/wsgi.py:551}}
Jun 11 18:00:24 devstack devstack@n-api.service[66441]: INFO nova.api.openstack.requestlog [None req-f1b69e64-a5d5-4b53-8f1c-a40a952a9518 tempest-VolumesAdminNegativeTest-1708621418 tempest-VolumesAdminNegativeTest-1708621418-project-member] 192.168.122.112 "POST /compute/v2.1/servers" status: 202 len: 388 microversion: 2.1 time: 3.898550
Jun 11 18:00:24 devstack devstack@n-api.service[66441]: [pid: 66441|app: 0|req: 41/102] 192.168.122.112 () {60 vars in 1149 bytes} [Thu Jun 11 18:00:20 2026] POST /compute/v2.1/servers => generated 388 bytes in 3903 msecs (HTTP/1.1 202) 10 headers in 455 bytes (1 switches on core 0)
Jun 11 18:00:24 devstack devstack@n-api.service[66442]: INFO nova.api.openstack.requestlog [None req-b2fdc055-9254-403f-a8a8-1da2ddb10da8 tempest-VolumesSnapshotsTestJSON-680772715 tempest-VolumesSnapshotsTestJSON-680772715-project-member] 192.168.122.112 "GET /compute/v2.1/os-volumes/044fe484-e9f9-45bb-9adc-ee57de2e5eee" status: 200 len: 344 microversion: 2.1 time: 0.084036
Jun 11 18:00:24 devstack devstack@n-api.service[66442]: [pid: 66442|app: 0|req: 62/103] 192.168.122.112 () {58 vars in 1247 bytes} [Thu Jun 11 18:00:24 2026] GET /compute/v2.1/os-volumes/044fe484-e9f9-45bb-9adc-ee57de2e5eee => generated 344 bytes in 89 msecs (HTTP/1.1 200) 9 headers in 357 bytes (1 switches on core 0)
Jun 11 18:00:24 devstack devstack@n-api.service[66441]: DEBUG nova.api.openstack.wsgi [None req-a6352581-c41b-4b35-800b-a2a6ec012973 tempest-VolumesAdminNegativeTest-1708621418 tempest-VolumesAdminNegativeTest-1708621418-project-member] Calling method '>' {{(pid=66441) _process_stack /opt/stack/nova/nova/api/openstack/wsgi.py:551}}
Jun 11 18:00:24 devstack devstack@n-api.service[66442]: DEBUG nova.api.openstack.wsgi [None req-092e900b-38d5-4ff4-833b-51e17a85f28a tempest-VolumesSnapshotsTestJSON-680772715 tempest-VolumesSnapshotsTestJSON-680772715-project-member] Action: 'create', calling method: >, body: {"snapshot": {"volume_id": "044fe484-e9f9-45bb-9adc-ee57de2e5eee", "display_name": "tempest-VolumesSnapshotsTestJSON-Snapshot-773640144"}} {{(pid=66442) _process_stack /opt/stack/nova/nova/api/openstack/wsgi.py:549}}
Jun 11 18:00:24 devstack devstack@n-api.service[66441]: DEBUG nova.compute.api [None req-a6352581-c41b-4b35-800b-a2a6ec012973 tempest-VolumesAdminNegativeTest-1708621418 tempest-VolumesAdminNegativeTest-1708621418-project-member] [instance: e7f38e65-65b4-4359-8c21-2ecc4649fb97] Fetching instance by UUID {{(pid=66441) get /opt/stack/nova/nova/compute/api.py:3047}}
Jun 11 18:00:24 devstack devstack@n-api.service[66441]: WARNING neutronclient.v2_0.client [None req-a6352581-c41b-4b35-800b-a2a6ec012973 tempest-VolumesAdminNegativeTest-1708621418 tempest-VolumesAdminNegativeTest-1708621418-project-member] The python binding code in neutronclient is deprecated in favor of OpenstackSDK, please use that as this will be removed in a future release.
Jun 11 18:00:24 devstack devstack@n-api.service[66441]: DEBUG nova.policy [None req-a6352581-c41b-4b35-800b-a2a6ec012973 tempest-VolumesAdminNegativeTest-1708621418 tempest-VolumesAdminNegativeTest-1708621418-project-member] Policy check for os_compute_api:os-extended-server-attributes failed with credentials {'is_admin': False, 'user_id': '99259fb1c0b3437b9f5e325d4348dfad', 'user_domain_id': 'default', 'system_scope': None, 'domain_id': None, 'project_id': 'ddd19a6a3258492fbeb04a164d9bff4f', 'project_domain_id': 'default', 'roles': ['member', 'reader'], 'is_admin_project': True, 'service_user_id': None, 'service_user_domain_id': None, 'service_project_id': None, 'service_project_domain_id': None, 'service_roles': []} {{(pid=66441) authorize /opt/stack/nova/nova/policy.py:192}}
