Jul 22 01:54:55 devstack devstack@c-api.service[87367]: DEBUG cinder.api.openstack.wsgi [req-df2e45af-abd7-4f28-b441-a19f7c2e6644 req-140736a3-4c56-4b1a-a09d-3473c3a95d41 tempest-AttachVolumeTestJSON-341495569 tempest-AttachVolumeTestJSON-341495569-project-member] Calling method 'show' {{(pid=87367) _process_stack /opt/stack/cinder/cinder/api/openstack/wsgi.py:878}}
Jul 22 01:54:55 devstack devstack@c-api.service[87367]: /opt/stack/data/venv/lib/python3.12/site-packages/oslo_context/context.py:102: DeprecationWarning: Policy enforcement is depending on the value of is_admin. This key is deprecated. Please update your policy file to use the standard policy values.
Jul 22 01:54:55 devstack devstack@c-api.service[87367]: warnings.warn(
Jul 22 01:54:55 devstack devstack@c-api.service[87367]: INFO cinder.volume.api [req-df2e45af-abd7-4f28-b441-a19f7c2e6644 req-140736a3-4c56-4b1a-a09d-3473c3a95d41 tempest-AttachVolumeTestJSON-341495569 tempest-AttachVolumeTestJSON-341495569-project-member] Volume info retrieved successfully.
Jul 22 01:54:55 devstack devstack@c-api.service[87367]: INFO cinder.api.openstack.wsgi [req-df2e45af-abd7-4f28-b441-a19f7c2e6644 req-140736a3-4c56-4b1a-a09d-3473c3a95d41 tempest-AttachVolumeTestJSON-341495569 tempest-AttachVolumeTestJSON-341495569-project-member] http://192.168.122.21/volume/v3/volumes/f0f4a415-4b53-4139-ab00-59673694df8f returned with HTTP 200
Jul 22 01:54:55 devstack devstack@c-api.service[87367]: [pid: 87367|app: 0|req: 122/247] 192.168.122.21 () {62 vars in 1523 bytes} [Wed Jul 22 01:54:54 2026] GET /volume/v3/volumes/f0f4a415-4b53-4139-ab00-59673694df8f => generated 1031 bytes in 71 msecs (HTTP/1.1 200) 7 headers in 287 bytes (1 switches on core 0)
Jul 22 01:54:55 devstack devstack@c-api.service[87366]: DEBUG cinder.api.middleware.request_id [req-df2e45af-abd7-4f28-b441-a19f7c2e6644 req-980c46a5-b19a-4b7f-b3ce-1a113480e4c1 None None] RequestId filter calling following filter/app {{(pid=87366) _context_setter /opt/stack/cinder/cinder/api/middleware/request_id.py:62}}
Jul 22 01:54:55 devstack devstack@c-api.service[87366]: INFO cinder.api.openstack.wsgi [req-df2e45af-abd7-4f28-b441-a19f7c2e6644 req-980c46a5-b19a-4b7f-b3ce-1a113480e4c1 tempest-AttachVolumeTestJSON-341495569 tempest-AttachVolumeTestJSON-341495569-project-member] PUT http://192.168.122.21/volume/v3/attachments/87cd8241-80e5-4a3c-9530-9e59f452217c
Jul 22 01:54:55 devstack devstack@c-api.service[87366]: DEBUG cinder.api.openstack.wsgi [req-df2e45af-abd7-4f28-b441-a19f7c2e6644 req-980c46a5-b19a-4b7f-b3ce-1a113480e4c1 tempest-AttachVolumeTestJSON-341495569 tempest-AttachVolumeTestJSON-341495569-project-member] Action: 'update', calling method: version_select, body: {"attachment": {"connector": {"platform": "x86_64", "os_type": "linux", "ip": "192.168.122.21", "host": "devstack", "multipath": false, "enforce_multipath": true, "initiator": "iqn.2016-04.com.open-iscsi:3a16bcdea372", "do_local_attach": false, "uuid": "064c80c2-a85f-4aa5-8b10-e46983c87a65", "system uuid": "9ef73d8f-7faf-47f2-bb9b-745eef41d031", "nvme_native_multipath": false, "mountpoint": "/dev/vdb"}}} {{(pid=87366) _process_stack /opt/stack/cinder/cinder/api/openstack/wsgi.py:876}}
Jul 22 01:54:55 devstack devstack@c-api.service[87366]: DEBUG cinder.coordination [req-df2e45af-abd7-4f28-b441-a19f7c2e6644 req-980c46a5-b19a-4b7f-b3ce-1a113480e4c1 tempest-AttachVolumeTestJSON-341495569 tempest-AttachVolumeTestJSON-341495569-project-member] Acquiring lock "cinder-attachment_update-f0f4a415-4b53-4139-ab00-59673694df8f-devstack" by "attachment_update" {{(pid=87366) __acquire /opt/stack/cinder/cinder/coordination.py:138}}
Jul 22 01:54:55 devstack devstack@c-api.service[87366]: DEBUG cinder.coordination [req-df2e45af-abd7-4f28-b441-a19f7c2e6644 req-980c46a5-b19a-4b7f-b3ce-1a113480e4c1 tempest-AttachVolumeTestJSON-341495569 tempest-AttachVolumeTestJSON-341495569-project-member] Lock "cinder-attachment_update-f0f4a415-4b53-4139-ab00-59673694df8f-devstack" acquired by "attachment_update" :: waited 0.030s {{(pid=87366) __acquire /opt/stack/cinder/cinder/coordination.py:141}}
Jul 22 01:54:55 devstack devstack@c-api.service[87366]: /opt/stack/data/venv/lib/python3.12/site-packages/oslo_context/context.py:102: DeprecationWarning: Policy enforcement is depending on the value of is_admin. This key is deprecated. Please update your policy file to use the standard policy values.
Jul 22 01:54:55 devstack devstack@c-api.service[87366]: warnings.warn(
Jul 22 01:54:55 devstack devstack@c-api.service[87366]: DEBUG cinder.coordination [req-df2e45af-abd7-4f28-b441-a19f7c2e6644 req-980c46a5-b19a-4b7f-b3ce-1a113480e4c1 tempest-AttachVolumeTestJSON-341495569 tempest-AttachVolumeTestJSON-341495569-project-member] Lock "cinder-attachment_update-f0f4a415-4b53-4139-ab00-59673694df8f-devstack" released by "attachment_update" :: held 0.255s {{(pid=87366) __release /opt/stack/cinder/cinder/coordination.py:152}}
Jul 22 01:54:55 devstack devstack@c-api.service[87367]: DEBUG cinder.api.middleware.request_id [req-a1e85861-f5f0-4220-9bd9-ae48c231d703 req-ba18a212-0fe5-45ad-b434-b5d3d33ccfbc None None] RequestId filter calling following filter/app {{(pid=87367) _context_setter /opt/stack/cinder/cinder/api/middleware/request_id.py:62}}
Jul 22 01:54:55 devstack devstack@c-api.service[87366]: INFO cinder.api.openstack.wsgi [req-df2e45af-abd7-4f28-b441-a19f7c2e6644 req-980c46a5-b19a-4b7f-b3ce-1a113480e4c1 tempest-AttachVolumeTestJSON-341495569 tempest-AttachVolumeTestJSON-341495569-project-member] http://192.168.122.21/volume/v3/attachments/87cd8241-80e5-4a3c-9530-9e59f452217c returned with HTTP 200
Jul 22 01:54:55 devstack devstack@c-api.service[87366]: [pid: 87366|app: 0|req: 126/248] 192.168.122.21 () {66 vars in 1588 bytes} [Wed Jul 22 01:54:55 2026] PUT /volume/v3/attachments/87cd8241-80e5-4a3c-9530-9e59f452217c => generated 694 bytes in 340 msecs (HTTP/1.1 200) 7 headers in 286 bytes (1 switches on core 0)
Jul 22 01:54:55 devstack devstack@c-api.service[87367]: INFO cinder.api.openstack.wsgi [req-a1e85861-f5f0-4220-9bd9-ae48c231d703 req-ba18a212-0fe5-45ad-b434-b5d3d33ccfbc tempest-AttachVolumeShelveTestJSON-1740254602 tempest-AttachVolumeShelveTestJSON-1740254602-project-member] GET http://192.168.122.21/volume/v3/volumes/282a9b02-2263-45ea-b563-edc2ce8e0867
Jul 22 01:54:55 devstack devstack@c-api.service[87367]: DEBUG cinder.api.openstack.wsgi [req-a1e85861-f5f0-4220-9bd9-ae48c231d703 req-ba18a212-0fe5-45ad-b434-b5d3d33ccfbc tempest-AttachVolumeShelveTestJSON-1740254602 tempest-AttachVolumeShelveTestJSON-1740254602-project-member] Empty body provided in request {{(pid=87367) get_body /opt/stack/cinder/cinder/api/openstack/wsgi.py:725}}
Jul 22 01:54:55 devstack devstack@c-api.service[87367]: DEBUG cinder.api.openstack.wsgi [req-a1e85861-f5f0-4220-9bd9-ae48c231d703 req-ba18a212-0fe5-45ad-b434-b5d3d33ccfbc tempest-AttachVolumeShelveTestJSON-1740254602 tempest-AttachVolumeShelveTestJSON-1740254602-project-member] Calling method 'show' {{(pid=87367) _process_stack /opt/stack/cinder/cinder/api/openstack/wsgi.py:878}}
Jul 22 01:54:55 devstack devstack@c-api.service[87367]: /opt/stack/data/venv/lib/python3.12/site-packages/oslo_context/context.py:102: DeprecationWarning: Policy enforcement is depending on the value of is_admin. This key is deprecated. Please update your policy file to use the standard policy values.
Jul 22 01:54:55 devstack devstack@c-api.service[87367]: warnings.warn(
Jul 22 01:54:55 devstack devstack@c-api.service[87367]: INFO cinder.volume.api [req-a1e85861-f5f0-4220-9bd9-ae48c231d703 req-ba18a212-0fe5-45ad-b434-b5d3d33ccfbc tempest-AttachVolumeShelveTestJSON-1740254602 tempest-AttachVolumeShelveTestJSON-1740254602-project-member] Volume info retrieved successfully.
Jul 22 01:54:55 devstack devstack@c-api.service[87367]: INFO cinder.api.openstack.wsgi [req-a1e85861-f5f0-4220-9bd9-ae48c231d703 req-ba18a212-0fe5-45ad-b434-b5d3d33ccfbc tempest-AttachVolumeShelveTestJSON-1740254602 tempest-AttachVolumeShelveTestJSON-1740254602-project-member] http://192.168.122.21/volume/v3/volumes/282a9b02-2263-45ea-b563-edc2ce8e0867 returned with HTTP 200
Jul 22 01:54:55 devstack devstack@c-api.service[87367]: [pid: 87367|app: 0|req: 123/249] 192.168.122.21 () {60 vars in 1482 bytes} [Wed Jul 22 01:54:55 2026] GET /volume/v3/volumes/282a9b02-2263-45ea-b563-edc2ce8e0867 => generated 857 bytes in 72 msecs (HTTP/1.1 200) 7 headers in 285 bytes (1 switches on core 0)
Jul 22 01:54:55 devstack devstack@c-api.service[87366]: DEBUG cinder.api.middleware.request_id [None req-ac1df55a-db21-46e3-bcde-d4a3cadf4e5f None None] RequestId filter calling following filter/app {{(pid=87366) _context_setter /opt/stack/cinder/cinder/api/middleware/request_id.py:62}}
Jul 22 01:54:55 devstack devstack@c-api.service[87366]: INFO cinder.api.openstack.wsgi [None req-ac1df55a-db21-46e3-bcde-d4a3cadf4e5f None None] GET http://192.168.122.21/volume//
Jul 22 01:54:55 devstack devstack@c-api.service[87366]: DEBUG cinder.api.openstack.wsgi [None req-ac1df55a-db21-46e3-bcde-d4a3cadf4e5f None None] Empty body provided in request {{(pid=87366) get_body /opt/stack/cinder/cinder/api/openstack/wsgi.py:725}}
Jul 22 01:54:55 devstack devstack@c-api.service[87366]: DEBUG cinder.api.openstack.wsgi [None req-ac1df55a-db21-46e3-bcde-d4a3cadf4e5f None None] Calling method 'all' {{(pid=87366) _process_stack /opt/stack/cinder/cinder/api/openstack/wsgi.py:878}}
Jul 22 01:54:55 devstack devstack@c-api.service[87366]: INFO cinder.api.openstack.wsgi [None req-ac1df55a-db21-46e3-bcde-d4a3cadf4e5f None None] http://192.168.122.21/volume// returned with HTTP 300
Jul 22 01:54:55 devstack devstack@c-api.service[87366]: [pid: 87366|app: 0|req: 127/250] 192.168.122.21 () {58 vars in 1303 bytes} [Wed Jul 22 01:54:55 2026] GET /volume/ => generated 389 bytes in 6 msecs (HTTP/1.1 300) 7 headers in 299 bytes (1 switches on core 0)
Jul 22 01:54:55 devstack devstack@c-api.service[87367]: DEBUG cinder.api.middleware.request_id [req-a1e85861-f5f0-4220-9bd9-ae48c231d703 req-05fc032e-50a3-48b0-a799-457141ac4ad0 None None] RequestId filter calling following filter/app {{(pid=87367) _context_setter /opt/stack/cinder/cinder/api/middleware/request_id.py:62}}
Jul 22 01:54:55 devstack devstack@c-api.service[87367]: INFO cinder.api.openstack.wsgi [req-a1e85861-f5f0-4220-9bd9-ae48c231d703 req-05fc032e-50a3-48b0-a799-457141ac4ad0 tempest-AttachVolumeShelveTestJSON-1740254602 tempest-AttachVolumeShelveTestJSON-1740254602-project-member] POST http://192.168.122.21/volume/v3/attachments
Jul 22 01:54:55 devstack devstack@c-api.service[87367]: DEBUG cinder.api.openstack.wsgi [req-a1e85861-f5f0-4220-9bd9-ae48c231d703 req-05fc032e-50a3-48b0-a799-457141ac4ad0 tempest-AttachVolumeShelveTestJSON-1740254602 tempest-AttachVolumeShelveTestJSON-1740254602-project-member] Action: 'create', calling method: version_select, body: {"attachment": {"volume_uuid": "282a9b02-2263-45ea-b563-edc2ce8e0867", "connector": null, "instance_uuid": "142bb85c-27e8-4157-92ba-371fed965b3f"}} {{(pid=87367) _process_stack /opt/stack/cinder/cinder/api/openstack/wsgi.py:876}}
Jul 22 01:54:55 devstack devstack@c-api.service[87367]: /opt/stack/data/venv/lib/python3.12/site-packages/oslo_context/context.py:102: DeprecationWarning: Policy enforcement is depending on the value of is_admin. This key is deprecated. Please update your policy file to use the standard policy values.
Jul 22 01:54:55 devstack devstack@c-api.service[87367]: warnings.warn(
Jul 22 01:54:55 devstack devstack@c-api.service[87367]: INFO cinder.api.openstack.wsgi [req-a1e85861-f5f0-4220-9bd9-ae48c231d703 req-05fc032e-50a3-48b0-a799-457141ac4ad0 tempest-AttachVolumeShelveTestJSON-1740254602 tempest-AttachVolumeShelveTestJSON-1740254602-project-member] http://192.168.122.21/volume/v3/attachments returned with HTTP 200
Jul 22 01:54:55 devstack devstack@c-api.service[87367]: [pid: 87367|app: 0|req: 124/251] 192.168.122.21 () {66 vars in 1478 bytes} [Wed Jul 22 01:54:55 2026] POST /volume/v3/attachments => generated 273 bytes in 117 msecs (HTTP/1.1 200) 7 headers in 286 bytes (1 switches on core 0)
Jul 22 01:54:56 devstack devstack@c-api.service[87367]: DEBUG cinder.api.middleware.request_id [None req-a87c4ab2-aa59-4700-a472-881a8c00ff26 None None] RequestId filter calling following filter/app {{(pid=87367) _context_setter /opt/stack/cinder/cinder/api/middleware/request_id.py:62}}
Jul 22 01:54:56 devstack devstack@c-api.service[87366]: DEBUG cinder.api.middleware.request_id [req-a1e85861-f5f0-4220-9bd9-ae48c231d703 req-0fbf0cb2-5417-4c25-bbbe-2f942078f1f5 None None] RequestId filter calling following filter/app {{(pid=87366) _context_setter /opt/stack/cinder/cinder/api/middleware/request_id.py:62}}
Jul 22 01:54:56 devstack devstack@c-api.service[87367]: INFO cinder.api.openstack.wsgi [None req-a87c4ab2-aa59-4700-a472-881a8c00ff26 tempest-AttachVolumeTestJSON-341495569 tempest-AttachVolumeTestJSON-341495569-project-member] GET http://192.168.122.21/volume/v3/volumes/f0f4a415-4b53-4139-ab00-59673694df8f
Jul 22 01:54:56 devstack devstack@c-api.service[87367]: DEBUG cinder.api.openstack.wsgi [None req-a87c4ab2-aa59-4700-a472-881a8c00ff26 tempest-AttachVolumeTestJSON-341495569 tempest-AttachVolumeTestJSON-341495569-project-member] Empty body provided in request {{(pid=87367) get_body /opt/stack/cinder/cinder/api/openstack/wsgi.py:725}}
Jul 22 01:54:56 devstack devstack@c-api.service[87367]: DEBUG cinder.api.openstack.wsgi [None req-a87c4ab2-aa59-4700-a472-881a8c00ff26 tempest-AttachVolumeTestJSON-341495569 tempest-AttachVolumeTestJSON-341495569-project-member] Calling method 'show' {{(pid=87367) _process_stack /opt/stack/cinder/cinder/api/openstack/wsgi.py:878}}
Jul 22 01:54:56 devstack devstack@c-api.service[87366]: INFO cinder.api.openstack.wsgi [req-a1e85861-f5f0-4220-9bd9-ae48c231d703 req-0fbf0cb2-5417-4c25-bbbe-2f942078f1f5 tempest-AttachVolumeShelveTestJSON-1740254602 tempest-AttachVolumeShelveTestJSON-1740254602-project-member] POST http://192.168.122.21/volume/v3/attachments/16fa080d-c485-4a88-ba49-e8ee4d5d4915/action
Jul 22 01:54:56 devstack devstack@c-api.service[87366]: DEBUG cinder.api.openstack.wsgi [req-a1e85861-f5f0-4220-9bd9-ae48c231d703 req-0fbf0cb2-5417-4c25-bbbe-2f942078f1f5 tempest-AttachVolumeShelveTestJSON-1740254602 tempest-AttachVolumeShelveTestJSON-1740254602-project-member] Action body: b'{"os-complete": null}' {{(pid=87366) get_method /opt/stack/cinder/cinder/api/openstack/wsgi.py:993}}
Jul 22 01:54:56 devstack devstack@c-api.service[87366]: DEBUG cinder.api.openstack.wsgi [req-a1e85861-f5f0-4220-9bd9-ae48c231d703 req-0fbf0cb2-5417-4c25-bbbe-2f942078f1f5 tempest-AttachVolumeShelveTestJSON-1740254602 tempest-AttachVolumeShelveTestJSON-1740254602-project-member] Action: 'action', calling method: complete, body: {"os-complete": null} {{(pid=87366) _process_stack /opt/stack/cinder/cinder/api/openstack/wsgi.py:876}}
Jul 22 01:54:56 devstack devstack@c-api.service[87367]: /opt/stack/data/venv/lib/python3.12/site-packages/oslo_context/context.py:102: DeprecationWarning: Policy enforcement is depending on the value of is_admin. This key is deprecated. Please update your policy file to use the standard policy values.
Jul 22 01:54:56 devstack devstack@c-api.service[87367]: warnings.warn(
Jul 22 01:54:56 devstack devstack@c-api.service[87367]: INFO cinder.volume.api [None req-a87c4ab2-aa59-4700-a472-881a8c00ff26 tempest-AttachVolumeTestJSON-341495569 tempest-AttachVolumeTestJSON-341495569-project-member] Volume info retrieved successfully.
Jul 22 01:54:56 devstack devstack@c-api.service[87367]: INFO cinder.api.openstack.wsgi [None req-a87c4ab2-aa59-4700-a472-881a8c00ff26 tempest-AttachVolumeTestJSON-341495569 tempest-AttachVolumeTestJSON-341495569-project-member] http://192.168.122.21/volume/v3/volumes/f0f4a415-4b53-4139-ab00-59673694df8f returned with HTTP 200
Jul 22 01:54:56 devstack devstack@c-api.service[87367]: [pid: 87367|app: 0|req: 125/252] 192.168.122.21 () {58 vars in 1227 bytes} [Wed Jul 22 01:54:56 2026] GET /volume/v3/volumes/f0f4a415-4b53-4139-ab00-59673694df8f => generated 851 bytes in 110 msecs (HTTP/1.1 200) 7 headers in 285 bytes (1 switches on core 0)
Jul 22 01:54:56 devstack devstack@c-api.service[87366]: /opt/stack/data/venv/lib/python3.12/site-packages/oslo_context/context.py:102: DeprecationWarning: Policy enforcement is depending on the value of is_admin. This key is deprecated. Please update your policy file to use the standard policy values.
Jul 22 01:54:56 devstack devstack@c-api.service[87366]: warnings.warn(
Jul 22 01:54:56 devstack devstack@c-api.service[87366]: INFO cinder.api.openstack.wsgi [req-a1e85861-f5f0-4220-9bd9-ae48c231d703 req-0fbf0cb2-5417-4c25-bbbe-2f942078f1f5 tempest-AttachVolumeShelveTestJSON-1740254602 tempest-AttachVolumeShelveTestJSON-1740254602-project-member] http://192.168.122.21/volume/v3/attachments/16fa080d-c485-4a88-ba49-e8ee4d5d4915/action returned with HTTP 204
Jul 22 01:54:56 devstack devstack@c-api.service[87366]: [pid: 87366|app: 0|req: 128/253] 192.168.122.21 () {66 vars in 1609 bytes} [Wed Jul 22 01:54:56 2026] POST /volume/v3/attachments/16fa080d-c485-4a88-ba49-e8ee4d5d4915/action => generated 0 bytes in 162 msecs (HTTP/1.1 204) 7 headers in 292 bytes (1 switches on core 0)
Jul 22 01:54:56 devstack devstack@c-api.service[87367]: DEBUG cinder.api.middleware.request_id [None req-afece7ac-57ae-438e-ab38-4f7b91608109 None None] RequestId filter calling following filter/app {{(pid=87367) _context_setter /opt/stack/cinder/cinder/api/middleware/request_id.py:62}}
Jul 22 01:54:56 devstack devstack@c-api.service[87367]: INFO cinder.api.openstack.wsgi [None req-afece7ac-57ae-438e-ab38-4f7b91608109 tempest-AttachVolumeShelveTestJSON-1740254602 tempest-AttachVolumeShelveTestJSON-1740254602-project-member] GET http://192.168.122.21/volume/v3/volumes/282a9b02-2263-45ea-b563-edc2ce8e0867
Jul 22 01:54:56 devstack devstack@c-api.service[87367]: DEBUG cinder.api.openstack.wsgi [None req-afece7ac-57ae-438e-ab38-4f7b91608109 tempest-AttachVolumeShelveTestJSON-1740254602 tempest-AttachVolumeShelveTestJSON-1740254602-project-member] Empty body provided in request {{(pid=87367) get_body /opt/stack/cinder/cinder/api/openstack/wsgi.py:725}}
Jul 22 01:54:56 devstack devstack@c-api.service[87367]: DEBUG cinder.api.openstack.wsgi [None req-afece7ac-57ae-438e-ab38-4f7b91608109 tempest-AttachVolumeShelveTestJSON-1740254602 tempest-AttachVolumeShelveTestJSON-1740254602-project-member] Calling method 'show' {{(pid=87367) _process_stack /opt/stack/cinder/cinder/api/openstack/wsgi.py:878}}
Jul 22 01:54:56 devstack devstack@c-api.service[87366]: DEBUG cinder.api.middleware.request_id [req-df2e45af-abd7-4f28-b441-a19f7c2e6644 req-f8cab381-1a43-4974-8ef1-55837fbdac1a None None] RequestId filter calling following filter/app {{(pid=87366) _context_setter /opt/stack/cinder/cinder/api/middleware/request_id.py:62}}
Jul 22 01:54:56 devstack devstack@c-api.service[87366]: INFO cinder.api.openstack.wsgi [req-df2e45af-abd7-4f28-b441-a19f7c2e6644 req-f8cab381-1a43-4974-8ef1-55837fbdac1a tempest-AttachVolumeTestJSON-341495569 tempest-AttachVolumeTestJSON-341495569-project-member] POST http://192.168.122.21/volume/v3/attachments/87cd8241-80e5-4a3c-9530-9e59f452217c/action
Jul 22 01:54:56 devstack devstack@c-api.service[87366]: DEBUG cinder.api.openstack.wsgi [req-df2e45af-abd7-4f28-b441-a19f7c2e6644 req-f8cab381-1a43-4974-8ef1-55837fbdac1a tempest-AttachVolumeTestJSON-341495569 tempest-AttachVolumeTestJSON-341495569-project-member] Action body: b'{"os-complete": null}' {{(pid=87366) get_method /opt/stack/cinder/cinder/api/openstack/wsgi.py:993}}
Jul 22 01:54:56 devstack devstack@c-api.service[87366]: DEBUG cinder.api.openstack.wsgi [req-df2e45af-abd7-4f28-b441-a19f7c2e6644 req-f8cab381-1a43-4974-8ef1-55837fbdac1a tempest-AttachVolumeTestJSON-341495569 tempest-AttachVolumeTestJSON-341495569-project-member] Action: 'action', calling method: complete, body: {"os-complete": null} {{(pid=87366) _process_stack /opt/stack/cinder/cinder/api/openstack/wsgi.py:876}}
Jul 22 01:54:56 devstack devstack@c-api.service[87367]: /opt/stack/data/venv/lib/python3.12/site-packages/oslo_context/context.py:102: DeprecationWarning: Policy enforcement is depending on the value of is_admin. This key is deprecated. Please update your policy file to use the standard policy values.
Jul 22 01:54:56 devstack devstack@c-api.service[87367]: warnings.warn(
Jul 22 01:54:56 devstack devstack@c-api.service[87367]: INFO cinder.volume.api [None req-afece7ac-57ae-438e-ab38-4f7b91608109 tempest-AttachVolumeShelveTestJSON-1740254602 tempest-AttachVolumeShelveTestJSON-1740254602-project-member] Volume info retrieved successfully.
Jul 22 01:54:56 devstack devstack@c-api.service[87367]: INFO cinder.api.openstack.wsgi [None req-afece7ac-57ae-438e-ab38-4f7b91608109 tempest-AttachVolumeShelveTestJSON-1740254602 tempest-AttachVolumeShelveTestJSON-1740254602-project-member] http://192.168.122.21/volume/v3/volumes/282a9b02-2263-45ea-b563-edc2ce8e0867 returned with HTTP 200
Jul 22 01:54:56 devstack devstack@c-api.service[87367]: [pid: 87367|app: 0|req: 126/254] 192.168.122.21 () {58 vars in 1227 bytes} [Wed Jul 22 01:54:56 2026] GET /volume/v3/volumes/282a9b02-2263-45ea-b563-edc2ce8e0867 => generated 1119 bytes in 61 msecs (HTTP/1.1 200) 7 headers in 286 bytes (1 switches on core 0)
Jul 22 01:54:56 devstack devstack@c-api.service[87366]: /opt/stack/data/venv/lib/python3.12/site-packages/oslo_context/context.py:102: DeprecationWarning: Policy enforcement is depending on the value of is_admin. This key is deprecated. Please update your policy file to use the standard policy values.
Jul 22 01:54:56 devstack devstack@c-api.service[87366]: warnings.warn(
Jul 22 01:54:56 devstack devstack@c-api.service[87367]: DEBUG cinder.api.middleware.request_id [None req-d86b6181-fb8d-40fa-b8f3-e3f21753f7f6 None None] RequestId filter calling following filter/app {{(pid=87367) _context_setter /opt/stack/cinder/cinder/api/middleware/request_id.py:62}}
Jul 22 01:54:56 devstack devstack@c-api.service[87367]: INFO cinder.api.openstack.wsgi [None req-d86b6181-fb8d-40fa-b8f3-e3f21753f7f6 tempest-AttachVolumeShelveTestJSON-1740254602 tempest-AttachVolumeShelveTestJSON-1740254602-project-member] GET http://192.168.122.21/volume/v3/volumes/282a9b02-2263-45ea-b563-edc2ce8e0867
Jul 22 01:54:56 devstack devstack@c-api.service[87367]: DEBUG cinder.api.openstack.wsgi [None req-d86b6181-fb8d-40fa-b8f3-e3f21753f7f6 tempest-AttachVolumeShelveTestJSON-1740254602 tempest-AttachVolumeShelveTestJSON-1740254602-project-member] Empty body provided in request {{(pid=87367) get_body /opt/stack/cinder/cinder/api/openstack/wsgi.py:725}}
Jul 22 01:54:56 devstack devstack@c-api.service[87367]: DEBUG cinder.api.openstack.wsgi [None req-d86b6181-fb8d-40fa-b8f3-e3f21753f7f6 tempest-AttachVolumeShelveTestJSON-1740254602 tempest-AttachVolumeShelveTestJSON-1740254602-project-member] Calling method 'show' {{(pid=87367) _process_stack /opt/stack/cinder/cinder/api/openstack/wsgi.py:878}}
Jul 22 01:54:56 devstack devstack@c-api.service[87366]: INFO cinder.api.openstack.wsgi [req-df2e45af-abd7-4f28-b441-a19f7c2e6644 req-f8cab381-1a43-4974-8ef1-55837fbdac1a tempest-AttachVolumeTestJSON-341495569 tempest-AttachVolumeTestJSON-341495569-project-member] http://192.168.122.21/volume/v3/attachments/87cd8241-80e5-4a3c-9530-9e59f452217c/action returned with HTTP 204
Jul 22 01:54:56 devstack devstack@c-api.service[87366]: [pid: 87366|app: 0|req: 129/255] 192.168.122.21 () {66 vars in 1609 bytes} [Wed Jul 22 01:54:56 2026] POST /volume/v3/attachments/87cd8241-80e5-4a3c-9530-9e59f452217c/action => generated 0 bytes in 78 msecs (HTTP/1.1 204) 7 headers in 292 bytes (1 switches on core 0)
Jul 22 01:54:56 devstack devstack@c-api.service[87367]: /opt/stack/data/venv/lib/python3.12/site-packages/oslo_context/context.py:102: DeprecationWarning: Policy enforcement is depending on the value of is_admin. This key is deprecated. Please update your policy file to use the standard policy values.
Jul 22 01:54:56 devstack devstack@c-api.service[87367]: warnings.warn(
Jul 22 01:54:56 devstack devstack@c-api.service[87367]: INFO cinder.volume.api [None req-d86b6181-fb8d-40fa-b8f3-e3f21753f7f6 tempest-AttachVolumeShelveTestJSON-1740254602 tempest-AttachVolumeShelveTestJSON-1740254602-project-member] Volume info retrieved successfully.
Jul 22 01:54:56 devstack devstack@c-api.service[87367]: INFO cinder.api.openstack.wsgi [None req-d86b6181-fb8d-40fa-b8f3-e3f21753f7f6 tempest-AttachVolumeShelveTestJSON-1740254602 tempest-AttachVolumeShelveTestJSON-1740254602-project-member] http://192.168.122.21/volume/v3/volumes/282a9b02-2263-45ea-b563-edc2ce8e0867 returned with HTTP 200
Jul 22 01:54:56 devstack devstack@c-api.service[87367]: [pid: 87367|app: 0|req: 127/256] 192.168.122.21 () {58 vars in 1227 bytes} [Wed Jul 22 01:54:56 2026] GET /volume/v3/volumes/282a9b02-2263-45ea-b563-edc2ce8e0867 => generated 1119 bytes in 46 msecs (HTTP/1.1 200) 7 headers in 286 bytes (1 switches on core 0)
Jul 22 01:54:56 devstack devstack@c-api.service[87366]: DEBUG cinder.api.middleware.request_id [req-43e62219-c4ec-42ed-b99d-a6c7a5dfc7ed req-0596608a-2d6c-4d66-822d-490dee222d3b None None] RequestId filter calling following filter/app {{(pid=87366) _context_setter /opt/stack/cinder/cinder/api/middleware/request_id.py:62}}
Jul 22 01:54:56 devstack devstack@c-api.service[87366]: INFO cinder.api.openstack.wsgi [req-43e62219-c4ec-42ed-b99d-a6c7a5dfc7ed req-0596608a-2d6c-4d66-822d-490dee222d3b tempest-AttachVolumeShelveTestJSON-1740254602 tempest-AttachVolumeShelveTestJSON-1740254602-project-member] GET http://192.168.122.21/volume/v3/volumes/282a9b02-2263-45ea-b563-edc2ce8e0867
Jul 22 01:54:56 devstack devstack@c-api.service[87366]: DEBUG cinder.api.openstack.wsgi [req-43e62219-c4ec-42ed-b99d-a6c7a5dfc7ed req-0596608a-2d6c-4d66-822d-490dee222d3b tempest-AttachVolumeShelveTestJSON-1740254602 tempest-AttachVolumeShelveTestJSON-1740254602-project-member] Empty body provided in request {{(pid=87366) get_body /opt/stack/cinder/cinder/api/openstack/wsgi.py:725}}
Jul 22 01:54:56 devstack devstack@c-api.service[87366]: DEBUG cinder.api.openstack.wsgi [req-43e62219-c4ec-42ed-b99d-a6c7a5dfc7ed req-0596608a-2d6c-4d66-822d-490dee222d3b tempest-AttachVolumeShelveTestJSON-1740254602 tempest-AttachVolumeShelveTestJSON-1740254602-project-member] Calling method 'show' {{(pid=87366) _process_stack /opt/stack/cinder/cinder/api/openstack/wsgi.py:878}}
Jul 22 01:54:56 devstack devstack@c-api.service[87366]: /opt/stack/data/venv/lib/python3.12/site-packages/oslo_context/context.py:102: DeprecationWarning: Policy enforcement is depending on the value of is_admin. This key is deprecated. Please update your policy file to use the standard policy values.
Jul 22 01:54:56 devstack devstack@c-api.service[87366]: warnings.warn(
Jul 22 01:54:56 devstack devstack@c-api.service[87366]: INFO cinder.volume.api [req-43e62219-c4ec-42ed-b99d-a6c7a5dfc7ed req-0596608a-2d6c-4d66-822d-490dee222d3b tempest-AttachVolumeShelveTestJSON-1740254602 tempest-AttachVolumeShelveTestJSON-1740254602-project-member] Volume info retrieved successfully.
Jul 22 01:54:56 devstack devstack@c-api.service[87366]: INFO cinder.api.openstack.wsgi [req-43e62219-c4ec-42ed-b99d-a6c7a5dfc7ed req-0596608a-2d6c-4d66-822d-490dee222d3b tempest-AttachVolumeShelveTestJSON-1740254602 tempest-AttachVolumeShelveTestJSON-1740254602-project-member] http://192.168.122.21/volume/v3/volumes/282a9b02-2263-45ea-b563-edc2ce8e0867 returned with HTTP 200
Jul 22 01:54:56 devstack devstack@c-api.service[87366]: [pid: 87366|app: 0|req: 130/257] 192.168.122.21 () {60 vars in 1482 bytes} [Wed Jul 22 01:54:56 2026] GET /volume/v3/volumes/282a9b02-2263-45ea-b563-edc2ce8e0867 => generated 1119 bytes in 44 msecs (HTTP/1.1 200) 7 headers in 286 bytes (1 switches on core 0)
Jul 22 01:54:56 devstack devstack@c-api.service[87367]: DEBUG cinder.api.middleware.request_id [req-43e62219-c4ec-42ed-b99d-a6c7a5dfc7ed req-cdf726ce-b63a-4665-b24c-02ca45941387 None None] RequestId filter calling following filter/app {{(pid=87367) _context_setter /opt/stack/cinder/cinder/api/middleware/request_id.py:62}}
Jul 22 01:54:56 devstack devstack@c-api.service[87367]: INFO cinder.api.openstack.wsgi [req-43e62219-c4ec-42ed-b99d-a6c7a5dfc7ed req-cdf726ce-b63a-4665-b24c-02ca45941387 tempest-AttachVolumeShelveTestJSON-1740254602 tempest-AttachVolumeShelveTestJSON-1740254602-project-member] DELETE http://192.168.122.21/volume/v3/attachments/16fa080d-c485-4a88-ba49-e8ee4d5d4915
Jul 22 01:54:56 devstack devstack@c-api.service[87367]: DEBUG cinder.api.openstack.wsgi [req-43e62219-c4ec-42ed-b99d-a6c7a5dfc7ed req-cdf726ce-b63a-4665-b24c-02ca45941387 tempest-AttachVolumeShelveTestJSON-1740254602 tempest-AttachVolumeShelveTestJSON-1740254602-project-member] Empty body provided in request {{(pid=87367) get_body /opt/stack/cinder/cinder/api/openstack/wsgi.py:725}}
Jul 22 01:54:56 devstack devstack@c-api.service[87367]: DEBUG cinder.api.openstack.wsgi [req-43e62219-c4ec-42ed-b99d-a6c7a5dfc7ed req-cdf726ce-b63a-4665-b24c-02ca45941387 tempest-AttachVolumeShelveTestJSON-1740254602 tempest-AttachVolumeShelveTestJSON-1740254602-project-member] Calling method 'version_select' {{(pid=87367) _process_stack /opt/stack/cinder/cinder/api/openstack/wsgi.py:878}}
Jul 22 01:54:56 devstack devstack@c-api.service[87366]: DEBUG cinder.api.middleware.request_id [None req-c66e8207-7a8b-48b4-aaf4-7f68784757c4 None None] RequestId filter calling following filter/app {{(pid=87366) _context_setter /opt/stack/cinder/cinder/api/middleware/request_id.py:62}}
Jul 22 01:54:56 devstack devstack@c-api.service[87366]: INFO cinder.api.openstack.wsgi [None req-c66e8207-7a8b-48b4-aaf4-7f68784757c4 tempest-VolumesActionsTest-1194267562 tempest-VolumesActionsTest-1194267562-project-member] POST http://192.168.122.21/volume/v3/volumes
Jul 22 01:54:56 devstack devstack@c-api.service[87366]: DEBUG cinder.api.openstack.wsgi [None req-c66e8207-7a8b-48b4-aaf4-7f68784757c4 tempest-VolumesActionsTest-1194267562 tempest-VolumesActionsTest-1194267562-project-member] Action: 'create', calling method: create, body: {"volume": {"size": 1, "name": "tempest-VolumesActionsTest-Volume-1839275438"}} {{(pid=87366) _process_stack /opt/stack/cinder/cinder/api/openstack/wsgi.py:876}}
Jul 22 01:54:56 devstack devstack@c-api.service[87366]: DEBUG cinder.api.v3.volumes [None req-c66e8207-7a8b-48b4-aaf4-7f68784757c4 tempest-VolumesActionsTest-1194267562 tempest-VolumesActionsTest-1194267562-project-member] Create volume request body: {'volume': {'size': 1, 'name': 'tempest-VolumesActionsTest-Volume-1839275438'}} {{(pid=87366) create /opt/stack/cinder/cinder/api/v3/volumes.py:368}}
Jul 22 01:54:56 devstack devstack@c-api.service[87366]: INFO cinder.api.v3.volumes [None req-c66e8207-7a8b-48b4-aaf4-7f68784757c4 tempest-VolumesActionsTest-1194267562 tempest-VolumesActionsTest-1194267562-project-member] Create volume of 1 GB
Jul 22 01:54:56 devstack devstack@c-api.service[87367]: /opt/stack/data/venv/lib/python3.12/site-packages/oslo_context/context.py:102: DeprecationWarning: Policy enforcement is depending on the value of is_admin. This key is deprecated. Please update your policy file to use the standard policy values.
Jul 22 01:54:56 devstack devstack@c-api.service[87367]: warnings.warn(
Jul 22 01:54:56 devstack devstack@c-api.service[87366]: INFO cinder.volume.api [None req-c66e8207-7a8b-48b4-aaf4-7f68784757c4 tempest-VolumesActionsTest-1194267562 tempest-VolumesActionsTest-1194267562-project-member] Availability Zones retrieved successfully.
Jul 22 01:54:56 devstack devstack@c-api.service[87366]: DEBUG cinder.volume.api [None req-c66e8207-7a8b-48b4-aaf4-7f68784757c4 tempest-VolumesActionsTest-1194267562 tempest-VolumesActionsTest-1194267562-project-member] Flow 'volume_create_api' (dc2a34b3-6479-4636-ae75-e03086cdfa29) transitioned into state 'RUNNING' from state 'PENDING' {{(pid=87366) _flow_receiver /opt/stack/data/venv/lib/python3.12/site-packages/taskflow/listeners/logging.py:160}}
Jul 22 01:54:56 devstack devstack@c-api.service[87366]: DEBUG cinder.volume.api [None req-c66e8207-7a8b-48b4-aaf4-7f68784757c4 tempest-VolumesActionsTest-1194267562 tempest-VolumesActionsTest-1194267562-project-member] Task 'cinder.volume.flows.api.create_volume.ExtractVolumeRequestTask;volume:create' (36968b7c-7980-443a-b232-c41cad46c215) transitioned into state 'RUNNING' from state 'PENDING' {{(pid=87366) _task_receiver /opt/stack/data/venv/lib/python3.12/site-packages/taskflow/listeners/logging.py:242}}
Jul 22 01:54:56 devstack devstack@c-api.service[87366]: DEBUG cinder.volume.flows.api.create_volume [None req-c66e8207-7a8b-48b4-aaf4-7f68784757c4 tempest-VolumesActionsTest-1194267562 tempest-VolumesActionsTest-1194267562-project-member] Validating volume size '1' using validate_int {{(pid=87366) _extract_size /opt/stack/cinder/cinder/volume/flows/api/create_volume.py:226}}
Jul 22 01:54:56 devstack devstack@c-api.service[87366]: DEBUG cinder.volume.api [None req-c66e8207-7a8b-48b4-aaf4-7f68784757c4 tempest-VolumesActionsTest-1194267562 tempest-VolumesActionsTest-1194267562-project-member] Task 'cinder.volume.flows.api.create_volume.ExtractVolumeRequestTask;volume:create' (36968b7c-7980-443a-b232-c41cad46c215) transitioned into state 'SUCCESS' from state 'RUNNING' with result '{'size': 1, 'snapshot_id': None, 'source_volid': None, 'volume_type': VolumeType(created_at=2026-07-21T23:46:47Z,deleted=False,deleted_at=None,description=None,extra_specs={},id=3fd0c033-de85-41b5-9aa2-3ab1ab5a0885,is_public=True,name='QuobyteHD',projects=[],qos_specs=,qos_specs_id=None,updated_at=None), 'volume_type_id': '3fd0c033-de85-41b5-9aa2-3ab1ab5a0885', 'encryption_key_id': None, 'qos_specs': None, 'consistencygroup_id': None, 'cgsnapshot_id': None, 'group_id': None, 'replication_status': 'disabled', 'refresh_az': False, 'backup_id': None, 'multiattach': False, 'availability_zones': ['nova']}' {{(pid=87366) _task_receiver /opt/stack/data/venv/lib/python3.12/site-packages/taskflow/listeners/logging.py:218}}
Jul 22 01:54:56 devstack devstack@c-api.service[87366]: DEBUG cinder.volume.api [None req-c66e8207-7a8b-48b4-aaf4-7f68784757c4 tempest-VolumesActionsTest-1194267562 tempest-VolumesActionsTest-1194267562-project-member] Task 'cinder.volume.flows.api.create_volume.QuotaReserveTask;volume:create' (2f36d29b-068a-4b88-bff2-7d092837ff6f) transitioned into state 'RUNNING' from state 'PENDING' {{(pid=87366) _task_receiver /opt/stack/data/venv/lib/python3.12/site-packages/taskflow/listeners/logging.py:242}}
Jul 22 01:54:56 devstack devstack@c-api.service[87367]: INFO cinder.api.openstack.wsgi [req-43e62219-c4ec-42ed-b99d-a6c7a5dfc7ed req-cdf726ce-b63a-4665-b24c-02ca45941387 tempest-AttachVolumeShelveTestJSON-1740254602 tempest-AttachVolumeShelveTestJSON-1740254602-project-member] http://192.168.122.21/volume/v3/attachments/16fa080d-c485-4a88-ba49-e8ee4d5d4915 returned with HTTP 200
Jul 22 01:54:56 devstack devstack@c-api.service[87367]: [pid: 87367|app: 0|req: 128/258] 192.168.122.21 () {64 vars in 1557 bytes} [Wed Jul 22 01:54:56 2026] DELETE /volume/v3/attachments/16fa080d-c485-4a88-ba49-e8ee4d5d4915 => generated 19 bytes in 134 msecs (HTTP/1.1 200) 7 headers in 285 bytes (1 switches on core 0)
Jul 22 01:54:56 devstack devstack@c-api.service[87367]: DEBUG cinder.api.middleware.request_id [None req-7a078177-1120-4b74-882e-cb89cb2b5f05 None None] RequestId filter calling following filter/app {{(pid=87367) _context_setter /opt/stack/cinder/cinder/api/middleware/request_id.py:62}}
Jul 22 01:54:56 devstack devstack@c-api.service[87367]: INFO cinder.api.openstack.wsgi [None req-7a078177-1120-4b74-882e-cb89cb2b5f05 tempest-AttachVolumeShelveTestJSON-1740254602 tempest-AttachVolumeShelveTestJSON-1740254602-project-member] GET http://192.168.122.21/volume/v3/volumes/282a9b02-2263-45ea-b563-edc2ce8e0867
Jul 22 01:54:56 devstack devstack@c-api.service[87367]: DEBUG cinder.api.openstack.wsgi [None req-7a078177-1120-4b74-882e-cb89cb2b5f05 tempest-AttachVolumeShelveTestJSON-1740254602 tempest-AttachVolumeShelveTestJSON-1740254602-project-member] Empty body provided in request {{(pid=87367) get_body /opt/stack/cinder/cinder/api/openstack/wsgi.py:725}}
Jul 22 01:54:56 devstack devstack@c-api.service[87367]: DEBUG cinder.api.openstack.wsgi [None req-7a078177-1120-4b74-882e-cb89cb2b5f05 tempest-AttachVolumeShelveTestJSON-1740254602 tempest-AttachVolumeShelveTestJSON-1740254602-project-member] Calling method 'show' {{(pid=87367) _process_stack /opt/stack/cinder/cinder/api/openstack/wsgi.py:878}}
Jul 22 01:54:56 devstack devstack@c-api.service[87367]: /opt/stack/data/venv/lib/python3.12/site-packages/oslo_context/context.py:102: DeprecationWarning: Policy enforcement is depending on the value of is_admin. This key is deprecated. Please update your policy file to use the standard policy values.
Jul 22 01:54:56 devstack devstack@c-api.service[87367]: warnings.warn(
Jul 22 01:54:56 devstack devstack@c-api.service[87367]: INFO cinder.volume.api [None req-7a078177-1120-4b74-882e-cb89cb2b5f05 tempest-AttachVolumeShelveTestJSON-1740254602 tempest-AttachVolumeShelveTestJSON-1740254602-project-member] Volume info retrieved successfully.
Jul 22 01:54:56 devstack devstack@c-api.service[87366]: DEBUG cinder.quota [None req-c66e8207-7a8b-48b4-aaf4-7f68784757c4 tempest-VolumesActionsTest-1194267562 tempest-VolumesActionsTest-1194267562-project-member] Created reservations ['6025fb63-ab1b-4a9e-9a83-cb3da0393114', '1aeafea1-0d07-429b-b403-8ba758afd9dc', '8a4b4bc0-97dd-45d5-9b2f-6bbd308c95c5', 'ce6590d0-700b-4e17-bb08-d58d61c30348'] {{(pid=87366) reserve /opt/stack/cinder/cinder/quota.py:752}}
Jul 22 01:54:56 devstack devstack@c-api.service[87367]: INFO cinder.api.openstack.wsgi [None req-7a078177-1120-4b74-882e-cb89cb2b5f05 tempest-AttachVolumeShelveTestJSON-1740254602 tempest-AttachVolumeShelveTestJSON-1740254602-project-member] http://192.168.122.21/volume/v3/volumes/282a9b02-2263-45ea-b563-edc2ce8e0867 returned with HTTP 200
Jul 22 01:54:56 devstack devstack@c-api.service[87366]: DEBUG cinder.volume.api [None req-c66e8207-7a8b-48b4-aaf4-7f68784757c4 tempest-VolumesActionsTest-1194267562 tempest-VolumesActionsTest-1194267562-project-member] Task 'cinder.volume.flows.api.create_volume.QuotaReserveTask;volume:create' (2f36d29b-068a-4b88-bff2-7d092837ff6f) transitioned into state 'SUCCESS' from state 'RUNNING' with result '{'reservations': ['6025fb63-ab1b-4a9e-9a83-cb3da0393114', '1aeafea1-0d07-429b-b403-8ba758afd9dc', '8a4b4bc0-97dd-45d5-9b2f-6bbd308c95c5', 'ce6590d0-700b-4e17-bb08-d58d61c30348']}' {{(pid=87366) _task_receiver /opt/stack/data/venv/lib/python3.12/site-packages/taskflow/listeners/logging.py:218}}
Jul 22 01:54:56 devstack devstack@c-api.service[87367]: [pid: 87367|app: 0|req: 129/259] 192.168.122.21 () {58 vars in 1227 bytes} [Wed Jul 22 01:54:56 2026] GET /volume/v3/volumes/282a9b02-2263-45ea-b563-edc2ce8e0867 => generated 857 bytes in 55 msecs (HTTP/1.1 200) 7 headers in 285 bytes (1 switches on core 0)
Jul 22 01:54:56 devstack devstack@c-api.service[87366]: DEBUG cinder.volume.api [None req-c66e8207-7a8b-48b4-aaf4-7f68784757c4 tempest-VolumesActionsTest-1194267562 tempest-VolumesActionsTest-1194267562-project-member] Task 'cinder.volume.flows.api.create_volume.EntryCreateTask;volume:create' (f7c67bd7-5b1c-48e1-98de-68a314e61648) transitioned into state 'RUNNING' from state 'PENDING' {{(pid=87366) _task_receiver /opt/stack/data/venv/lib/python3.12/site-packages/taskflow/listeners/logging.py:242}}
Jul 22 01:54:56 devstack devstack@c-api.service[87366]: DEBUG cinder.volume.api [None req-c66e8207-7a8b-48b4-aaf4-7f68784757c4 tempest-VolumesActionsTest-1194267562 tempest-VolumesActionsTest-1194267562-project-member] Task 'cinder.volume.flows.api.create_volume.EntryCreateTask;volume:create' (f7c67bd7-5b1c-48e1-98de-68a314e61648) transitioned into state 'SUCCESS' from state 'RUNNING' with result '{'volume_id': '4cbade0b-ef49-4774-aec6-6c4016b81d9b', 'volume_properties': VolumeProperties(attach_status='detached',availability_zone='nova',cgsnapshot_id=None,consistencygroup_id=None,display_description=None,display_name='tempest-VolumesActionsTest-Volume-1839275438',encryption_key_id=None,group_id=None,group_type_id=,metadata={},multiattach=False,project_id='d61fe43872a943cd94b400d7ae77dd80',qos_specs=None,replication_status=,reservations=['6025fb63-ab1b-4a9e-9a83-cb3da0393114','1aeafea1-0d07-429b-b403-8ba758afd9dc','8a4b4bc0-97dd-45d5-9b2f-6bbd308c95c5','ce6590d0-700b-4e17-bb08-d58d61c30348'],size=1,snapshot_id=None,source_replicaid=,source_volid=None,status='creating',user_id='0c6c2892bc3e46e697568c59b9b82ab6',volume_type_id=3fd0c033-de85-41b5-9aa2-3ab1ab5a0885), 'volume': Volume(_name_id=None,admin_metadata=,attach_status='detached',availability_zone='nova',bootable=False,cluster=,cluster_name=None,consistencygroup=,consistencygroup_id=None,created_at=2026-07-21T23:54:56Z,deleted=False,deleted_at=None,display_description=None,display_name='tempest-VolumesActionsTest-Volume-1839275438',ec2_id=None,encryption_key_id=None,glance_metadata=,group=,group_id=None,host=None,id=4cbade0b-ef49-4774-aec6-6c4016b81d9b,launched_at=None,metadata={},migration_status=None,multiattach=False,previous_status=None,project_id='d61fe43872a943cd94b400d7ae77dd80',provider_auth=None,provider_geometry=None,provider_id=None,provider_location=None,replication_driver_data=None,replication_extended_status=None,replication_status=None,scheduled_at=None,service_uuid=None,shared_targets=True,size=1,snapshot_id=None,snapshots=,source_volid=None,status='creating',terminated_at=None,updated_at=None,use_quota=True,user_id='0c6c2892bc3e46e697568c59b9b82ab6',volume_attachment=VolumeAttachmentList,volume_type=VolumeType(3fd0c033-de85-41b5-9aa2-3ab1ab5a0885),volume_type_id=3fd0c033-de85-41b5-9aa2-3ab1ab5a0885)}' {{(pid=87366) _task_receiver /opt/stack/data/venv/lib/python3.12/site-packages/taskflow/listeners/logging.py:218}}
Jul 22 01:54:56 devstack devstack@c-api.service[87366]: DEBUG cinder.volume.api [None req-c66e8207-7a8b-48b4-aaf4-7f68784757c4 tempest-VolumesActionsTest-1194267562 tempest-VolumesActionsTest-1194267562-project-member] Task 'cinder.volume.flows.api.create_volume.QuotaCommitTask;volume:create' (5e664d53-3022-4dcf-a39d-58bf1e84f168) transitioned into state 'RUNNING' from state 'PENDING' {{(pid=87366) _task_receiver /opt/stack/data/venv/lib/python3.12/site-packages/taskflow/listeners/logging.py:242}}
Jul 22 01:54:56 devstack devstack@c-api.service[87366]: DEBUG cinder.volume.api [None req-c66e8207-7a8b-48b4-aaf4-7f68784757c4 tempest-VolumesActionsTest-1194267562 tempest-VolumesActionsTest-1194267562-project-member] Task 'cinder.volume.flows.api.create_volume.QuotaCommitTask;volume:create' (5e664d53-3022-4dcf-a39d-58bf1e84f168) transitioned into state 'SUCCESS' from state 'RUNNING' with result '{'volume_properties': VolumeProperties(attach_status='detached',availability_zone='nova',cgsnapshot_id=None,consistencygroup_id=None,display_description=None,display_name='tempest-VolumesActionsTest-Volume-1839275438',encryption_key_id=None,group_id=None,group_type_id=,metadata={},multiattach=False,project_id='d61fe43872a943cd94b400d7ae77dd80',qos_specs=None,replication_status=,reservations=['6025fb63-ab1b-4a9e-9a83-cb3da0393114','1aeafea1-0d07-429b-b403-8ba758afd9dc','8a4b4bc0-97dd-45d5-9b2f-6bbd308c95c5','ce6590d0-700b-4e17-bb08-d58d61c30348'],size=1,snapshot_id=None,source_replicaid=,source_volid=None,status='creating',user_id='0c6c2892bc3e46e697568c59b9b82ab6',volume_type_id=3fd0c033-de85-41b5-9aa2-3ab1ab5a0885)}' {{(pid=87366) _task_receiver /opt/stack/data/venv/lib/python3.12/site-packages/taskflow/listeners/logging.py:218}}
Jul 22 01:54:56 devstack devstack@c-api.service[87366]: DEBUG cinder.volume.api [None req-c66e8207-7a8b-48b4-aaf4-7f68784757c4 tempest-VolumesActionsTest-1194267562 tempest-VolumesActionsTest-1194267562-project-member] Task 'cinder.volume.flows.api.create_volume.VolumeCastTask;volume:create' (af7b8f15-fea1-4973-ad20-3902199e3b91) transitioned into state 'RUNNING' from state 'PENDING' {{(pid=87366) _task_receiver /opt/stack/data/venv/lib/python3.12/site-packages/taskflow/listeners/logging.py:242}}
Jul 22 01:54:56 devstack devstack@c-api.service[87366]: DEBUG cinder.volume.api [None req-c66e8207-7a8b-48b4-aaf4-7f68784757c4 tempest-VolumesActionsTest-1194267562 tempest-VolumesActionsTest-1194267562-project-member] Task 'cinder.volume.flows.api.create_volume.VolumeCastTask;volume:create' (af7b8f15-fea1-4973-ad20-3902199e3b91) transitioned into state 'SUCCESS' from state 'RUNNING' with result 'None' {{(pid=87366) _task_receiver /opt/stack/data/venv/lib/python3.12/site-packages/taskflow/listeners/logging.py:218}}
Jul 22 01:54:56 devstack devstack@c-api.service[87366]: DEBUG cinder.volume.api [None req-c66e8207-7a8b-48b4-aaf4-7f68784757c4 tempest-VolumesActionsTest-1194267562 tempest-VolumesActionsTest-1194267562-project-member] Flow 'volume_create_api' (dc2a34b3-6479-4636-ae75-e03086cdfa29) transitioned into state 'SUCCESS' from state 'RUNNING' {{(pid=87366) _flow_receiver /opt/stack/data/venv/lib/python3.12/site-packages/taskflow/listeners/logging.py:160}}
Jul 22 01:54:56 devstack devstack@c-api.service[87366]: INFO cinder.volume.api [None req-c66e8207-7a8b-48b4-aaf4-7f68784757c4 tempest-VolumesActionsTest-1194267562 tempest-VolumesActionsTest-1194267562-project-member] Create volume request issued successfully.
Jul 22 01:54:56 devstack devstack@c-api.service[87366]: INFO cinder.api.openstack.wsgi [None req-c66e8207-7a8b-48b4-aaf4-7f68784757c4 tempest-VolumesActionsTest-1194267562 tempest-VolumesActionsTest-1194267562-project-member] http://192.168.122.21/volume/v3/volumes returned with HTTP 202
Jul 22 01:54:56 devstack devstack@c-api.service[87366]: [pid: 87366|app: 0|req: 131/260] 192.168.122.21 () {60 vars in 1137 bytes} [Wed Jul 22 01:54:56 2026] POST /volume/v3/volumes => generated 756 bytes in 364 msecs (HTTP/1.1 202) 7 headers in 291 bytes (1 switches on core 0)
Jul 22 01:54:56 devstack devstack@c-api.service[87367]: DEBUG cinder.api.middleware.request_id [None req-b5c16500-0e2f-4452-bbc4-886da899f47d None None] RequestId filter calling following filter/app {{(pid=87367) _context_setter /opt/stack/cinder/cinder/api/middleware/request_id.py:62}}
Jul 22 01:54:56 devstack devstack@c-api.service[87367]: INFO cinder.api.openstack.wsgi [None req-b5c16500-0e2f-4452-bbc4-886da899f47d tempest-VolumesActionsTest-1194267562 tempest-VolumesActionsTest-1194267562-project-member] GET http://192.168.122.21/volume/v3/volumes/4cbade0b-ef49-4774-aec6-6c4016b81d9b
Jul 22 01:54:56 devstack devstack@c-api.service[87367]: DEBUG cinder.api.openstack.wsgi [None req-b5c16500-0e2f-4452-bbc4-886da899f47d tempest-VolumesActionsTest-1194267562 tempest-VolumesActionsTest-1194267562-project-member] Empty body provided in request {{(pid=87367) get_body /opt/stack/cinder/cinder/api/openstack/wsgi.py:725}}
Jul 22 01:54:56 devstack devstack@c-api.service[87367]: DEBUG cinder.api.openstack.wsgi [None req-b5c16500-0e2f-4452-bbc4-886da899f47d tempest-VolumesActionsTest-1194267562 tempest-VolumesActionsTest-1194267562-project-member] Calling method 'show' {{(pid=87367) _process_stack /opt/stack/cinder/cinder/api/openstack/wsgi.py:878}}
Jul 22 01:54:56 devstack devstack@c-api.service[87367]: /opt/stack/data/venv/lib/python3.12/site-packages/oslo_context/context.py:102: DeprecationWarning: Policy enforcement is depending on the value of is_admin. This key is deprecated. Please update your policy file to use the standard policy values.
Jul 22 01:54:56 devstack devstack@c-api.service[87367]: warnings.warn(
Jul 22 01:54:56 devstack devstack@c-api.service[87367]: INFO cinder.volume.api [None req-b5c16500-0e2f-4452-bbc4-886da899f47d tempest-VolumesActionsTest-1194267562 tempest-VolumesActionsTest-1194267562-project-member] Volume info retrieved successfully.
Jul 22 01:54:56 devstack devstack@c-api.service[87367]: INFO cinder.api.openstack.wsgi [None req-b5c16500-0e2f-4452-bbc4-886da899f47d tempest-VolumesActionsTest-1194267562 tempest-VolumesActionsTest-1194267562-project-member] http://192.168.122.21/volume/v3/volumes/4cbade0b-ef49-4774-aec6-6c4016b81d9b returned with HTTP 200
Jul 22 01:54:56 devstack devstack@c-api.service[87367]: [pid: 87367|app: 0|req: 130/261] 192.168.122.21 () {58 vars in 1227 bytes} [Wed Jul 22 01:54:56 2026] GET /volume/v3/volumes/4cbade0b-ef49-4774-aec6-6c4016b81d9b => generated 824 bytes in 51 msecs (HTTP/1.1 200) 7 headers in 285 bytes (1 switches on core 0)
Jul 22 01:54:57 devstack devstack@c-api.service[87366]: DEBUG cinder.api.middleware.request_id [None req-9a91dd63-7a57-4bfa-a1be-46a9be4b4f60 None None] RequestId filter calling following filter/app {{(pid=87366) _context_setter /opt/stack/cinder/cinder/api/middleware/request_id.py:62}}
Jul 22 01:54:57 devstack devstack@c-api.service[87366]: INFO cinder.api.openstack.wsgi [None req-9a91dd63-7a57-4bfa-a1be-46a9be4b4f60 tempest-AttachVolumeTestJSON-341495569 tempest-AttachVolumeTestJSON-341495569-project-member] GET http://192.168.122.21/volume/v3/volumes/f0f4a415-4b53-4139-ab00-59673694df8f
Jul 22 01:54:57 devstack devstack@c-api.service[87366]: DEBUG cinder.api.openstack.wsgi [None req-9a91dd63-7a57-4bfa-a1be-46a9be4b4f60 tempest-AttachVolumeTestJSON-341495569 tempest-AttachVolumeTestJSON-341495569-project-member] Empty body provided in request {{(pid=87366) get_body /opt/stack/cinder/cinder/api/openstack/wsgi.py:725}}
Jul 22 01:54:57 devstack devstack@c-api.service[87366]: DEBUG cinder.api.openstack.wsgi [None req-9a91dd63-7a57-4bfa-a1be-46a9be4b4f60 tempest-AttachVolumeTestJSON-341495569 tempest-AttachVolumeTestJSON-341495569-project-member] Calling method 'show' {{(pid=87366) _process_stack /opt/stack/cinder/cinder/api/openstack/wsgi.py:878}}
