Apr 16 02:36:38 devstack cinder-volume[83205]: DEBUG oslo_concurrency.processutils [None req-10c752f9-1ac8-4b88-ab68-d7d0f17242a7 tempest-GroupsV314Test-121767304 None] CMD "sudo cinder-rootwrap /etc/cinder/rootwrap.conf chmod ugo+rw /opt/stack/data/cinder/mnt/cdde768132024dc95b932dbd4d24c229/volume-b1fd8d25-93d6-47ef-8840-74a8cc67e0e0" returned: 0 in 0.553s {{(pid=83205) execute /opt/stack/data/venv/lib/python3.10/site-packages/oslo_concurrency/processutils.py:468}}
Apr 16 02:36:38 devstack cinder-volume[83205]: DEBUG cinder.volume.drivers.quobyte [None req-10c752f9-1ac8-4b88-ab68-d7d0f17242a7 tempest-GroupsV314Test-121767304 None] <== create_volume: return (1238ms) {'provider_location': 'osci02.corp.quobyte.com/cinder-vol-c938db44-a0df-4687-abed-b637e76e64f5'} {{(pid=83205) trace_logging_wrapper /opt/stack/cinder/cinder/volume/volume_utils.py:1523}}
Apr 16 02:36:38 devstack cinder-volume[83205]: DEBUG oslo_concurrency.lockutils [None req-10c752f9-1ac8-4b88-ab68-d7d0f17242a7 tempest-GroupsV314Test-121767304 None] Lock "quobyte" "released" by "cinder.volume.drivers.quobyte.QuobyteDriver.create_volume" :: held 1.240s {{(pid=83205) inner /opt/stack/data/venv/lib/python3.10/site-packages/oslo_concurrency/lockutils.py:538}}
Apr 16 02:36:38 devstack cinder-volume[83205]: DEBUG cinder.volume.manager [None req-10c752f9-1ac8-4b88-ab68-d7d0f17242a7 tempest-GroupsV314Test-121767304 None] Task 'cinder.volume.flows.manager.create_volume.CreateVolumeFromSpecTask;volume:create' (0f35d507-a236-4d3f-9d7c-1f7d428ebbd0) transitioned into state 'SUCCESS' from state 'RUNNING' with result '{'status': 'creating', 'volume_name': 'volume-b1fd8d25-93d6-47ef-8840-74a8cc67e0e0', 'volume_size': 1}' {{(pid=83205) _task_receiver /opt/stack/data/venv/lib/python3.10/site-packages/taskflow/listeners/logging.py:182}}
Apr 16 02:36:38 devstack cinder-volume[83205]: DEBUG cinder.volume.manager [None req-10c752f9-1ac8-4b88-ab68-d7d0f17242a7 tempest-GroupsV314Test-121767304 None] Task 'cinder.volume.flows.manager.create_volume.CreateVolumeOnFinishTask;volume:create, create.end' (d5fe5dfd-0b7c-4c08-8ca5-3d196728be10) transitioned into state 'RUNNING' from state 'PENDING' {{(pid=83205) _task_receiver /opt/stack/data/venv/lib/python3.10/site-packages/taskflow/listeners/logging.py:194}}
Apr 16 02:36:38 devstack cinder-volume[83205]: INFO cinder.volume.flows.manager.create_volume [None req-10c752f9-1ac8-4b88-ab68-d7d0f17242a7 tempest-GroupsV314Test-121767304 None] Volume volume-b1fd8d25-93d6-47ef-8840-74a8cc67e0e0 (b1fd8d25-93d6-47ef-8840-74a8cc67e0e0): created successfully
Apr 16 02:36:38 devstack cinder-volume[83205]: DEBUG cinder.volume.manager [None req-10c752f9-1ac8-4b88-ab68-d7d0f17242a7 tempest-GroupsV314Test-121767304 None] Task 'cinder.volume.flows.manager.create_volume.CreateVolumeOnFinishTask;volume:create, create.end' (d5fe5dfd-0b7c-4c08-8ca5-3d196728be10) transitioned into state 'SUCCESS' from state 'RUNNING' with result 'None' {{(pid=83205) _task_receiver /opt/stack/data/venv/lib/python3.10/site-packages/taskflow/listeners/logging.py:182}}
Apr 16 02:36:38 devstack cinder-volume[83205]: DEBUG cinder.volume.manager [None req-10c752f9-1ac8-4b88-ab68-d7d0f17242a7 tempest-GroupsV314Test-121767304 None] Flow 'volume_create_manager' (86d0ad0a-f032-4268-a54a-613179be154d) transitioned into state 'SUCCESS' from state 'RUNNING' {{(pid=83205) _flow_receiver /opt/stack/data/venv/lib/python3.10/site-packages/taskflow/listeners/logging.py:145}}
Apr 16 02:36:38 devstack cinder-volume[83205]: INFO cinder.volume.manager [None req-10c752f9-1ac8-4b88-ab68-d7d0f17242a7 tempest-GroupsV314Test-121767304 None] Created volume successfully.
Apr 16 02:36:39 devstack cinder-volume[83205]: INFO cinder.volume.manager [None req-ad4543c3-1731-4c0d-be79-9e12de40e7bf tempest-GroupSnapshotsTest-1816305183 None] GroupSnapshot 55993c6c-b9c9-40ad-9746-5e97d79ed079: creating.
Apr 16 02:36:39 devstack cinder-volume[83205]: DEBUG cinder.volume.manager [None req-ad4543c3-1731-4c0d-be79-9e12de40e7bf tempest-GroupSnapshotsTest-1816305183 None] Group snapshot 55993c6c-b9c9-40ad-9746-5e97d79ed079: creating. {{(pid=83205) create_group_snapshot /opt/stack/cinder/cinder/volume/manager.py:4175}}
Apr 16 02:36:39 devstack cinder-volume[83205]: DEBUG oslo_concurrency.lockutils [None req-ad4543c3-1731-4c0d-be79-9e12de40e7bf tempest-GroupSnapshotsTest-1816305183 None] Acquiring lock "quobyte" by "cinder.volume.drivers.quobyte.QuobyteDriver.create_snapshot" {{(pid=83205) inner /opt/stack/data/venv/lib/python3.10/site-packages/oslo_concurrency/lockutils.py:506}}
Apr 16 02:36:39 devstack cinder-volume[83205]: DEBUG oslo_concurrency.lockutils [None req-ad4543c3-1731-4c0d-be79-9e12de40e7bf tempest-GroupSnapshotsTest-1816305183 None] Lock "quobyte" acquired by "cinder.volume.drivers.quobyte.QuobyteDriver.create_snapshot" :: waited 0.001s {{(pid=83205) inner /opt/stack/data/venv/lib/python3.10/site-packages/oslo_concurrency/lockutils.py:519}}
Apr 16 02:36:39 devstack cinder-volume[83205]: DEBUG cinder.volume.drivers.remotefs [None req-ad4543c3-1731-4c0d-be79-9e12de40e7bf tempest-GroupSnapshotsTest-1816305183 None] Creating offline snapshot b8749f57-37a0-47ad-a678-d45fbecef7e6 of volume 1a014a76-0512-41c9-8c29-f9661b1acf01 {{(pid=83205) _create_snapshot /opt/stack/cinder/cinder/volume/drivers/remotefs.py:1816}}
Apr 16 02:36:39 devstack cinder-volume[83205]: DEBUG oslo.privsep.daemon [-] privsep: reply[26edeedd-9ba9-40f8-a8db-c9a460ef2392]: (4, 'qcow2') {{(pid=84115) _call_back /opt/stack/data/venv/lib/python3.10/site-packages/oslo_privsep/daemon.py:573}}
Apr 16 02:36:39 devstack cinder-volume[83205]: DEBUG oslo_concurrency.processutils [None req-ad4543c3-1731-4c0d-be79-9e12de40e7bf tempest-GroupSnapshotsTest-1816305183 None] Running cmd (subprocess): /opt/stack/data/venv/bin/python3.10 -m oslo_concurrency.prlimit --as=1073741824 --cpu=60 -- sudo cinder-rootwrap /etc/cinder/rootwrap.conf env LC_ALL=C qemu-img info -f qcow2 --output=json --force-share /opt/stack/data/cinder/mnt/cdde768132024dc95b932dbd4d24c229/volume-1a014a76-0512-41c9-8c29-f9661b1acf01 {{(pid=83205) execute /opt/stack/data/venv/lib/python3.10/site-packages/oslo_concurrency/processutils.py:440}}
Apr 16 02:36:39 devstack sudo[84712]: quobyte : PWD=/ ; USER=root ; COMMAND=/opt/stack/data/venv/bin/cinder-rootwrap /etc/cinder/rootwrap.conf env LC_ALL=C qemu-img info -f qcow2 --output=json --force-share /opt/stack/data/cinder/mnt/cdde768132024dc95b932dbd4d24c229/volume-1a014a76-0512-41c9-8c29-f9661b1acf01
Apr 16 02:36:39 devstack sudo[84712]: pam_unix(sudo:session): session opened for user root(uid=0) by (uid=1000)
Apr 16 02:36:39 devstack sudo[84712]: pam_unix(sudo:session): session closed for user root
Apr 16 02:36:39 devstack cinder-volume[83205]: DEBUG oslo_concurrency.processutils [None req-ad4543c3-1731-4c0d-be79-9e12de40e7bf tempest-GroupSnapshotsTest-1816305183 None] CMD "/opt/stack/data/venv/bin/python3.10 -m oslo_concurrency.prlimit --as=1073741824 --cpu=60 -- sudo cinder-rootwrap /etc/cinder/rootwrap.conf env LC_ALL=C qemu-img info -f qcow2 --output=json --force-share /opt/stack/data/cinder/mnt/cdde768132024dc95b932dbd4d24c229/volume-1a014a76-0512-41c9-8c29-f9661b1acf01" returned: 0 in 0.630s {{(pid=83205) execute /opt/stack/data/venv/lib/python3.10/site-packages/oslo_concurrency/processutils.py:468}}
Apr 16 02:36:39 devstack cinder-volume[83205]: DEBUG oslo_concurrency.processutils [None req-ad4543c3-1731-4c0d-be79-9e12de40e7bf tempest-GroupSnapshotsTest-1816305183 None] Running cmd (subprocess): sudo cinder-rootwrap /etc/cinder/rootwrap.conf qemu-img create -f qcow2 -o backing_file=/opt/stack/data/cinder/mnt/cdde768132024dc95b932dbd4d24c229/volume-1a014a76-0512-41c9-8c29-f9661b1acf01,backing_fmt=qcow2 /opt/stack/data/cinder/mnt/cdde768132024dc95b932dbd4d24c229/volume-1a014a76-0512-41c9-8c29-f9661b1acf01.b8749f57-37a0-47ad-a678-d45fbecef7e6 1G {{(pid=83205) execute /opt/stack/data/venv/lib/python3.10/site-packages/oslo_concurrency/processutils.py:440}}
Apr 16 02:36:39 devstack sudo[84736]: quobyte : PWD=/ ; USER=root ; COMMAND=/opt/stack/data/venv/bin/cinder-rootwrap /etc/cinder/rootwrap.conf qemu-img create -f qcow2 -o backing_file=/opt/stack/data/cinder/mnt/cdde768132024dc95b932dbd4d24c229/volume-1a014a76-0512-41c9-8c29-f9661b1acf01,backing_fmt=qcow2 /opt/stack/data/cinder/mnt/cdde768132024dc95b932dbd4d24c229/volume-1a014a76-0512-41c9-8c29-f9661b1acf01.b8749f57-37a0-47ad-a678-d45fbecef7e6 1G
Apr 16 02:36:39 devstack sudo[84736]: pam_unix(sudo:session): session opened for user root(uid=0) by (uid=1000)
Apr 16 02:36:40 devstack cinder-volume[83205]: DEBUG oslo_concurrency.lockutils [None req-607cf02d-9918-48b7-b5eb-44b5c049b4ef tempest-GroupsV314Test-121767304 None] Acquiring lock "quobyte" by "cinder.volume.drivers.quobyte.QuobyteDriver.create_cloned_volume" {{(pid=83205) inner /opt/stack/data/venv/lib/python3.10/site-packages/oslo_concurrency/lockutils.py:506}}
Apr 16 02:36:40 devstack sudo[84736]: pam_unix(sudo:session): session closed for user root
Apr 16 02:36:40 devstack cinder-volume[83205]: DEBUG oslo_concurrency.processutils [None req-ad4543c3-1731-4c0d-be79-9e12de40e7bf tempest-GroupSnapshotsTest-1816305183 None] CMD "sudo cinder-rootwrap /etc/cinder/rootwrap.conf qemu-img create -f qcow2 -o backing_file=/opt/stack/data/cinder/mnt/cdde768132024dc95b932dbd4d24c229/volume-1a014a76-0512-41c9-8c29-f9661b1acf01,backing_fmt=qcow2 /opt/stack/data/cinder/mnt/cdde768132024dc95b932dbd4d24c229/volume-1a014a76-0512-41c9-8c29-f9661b1acf01.b8749f57-37a0-47ad-a678-d45fbecef7e6 1G" returned: 0 in 0.684s {{(pid=83205) execute /opt/stack/data/venv/lib/python3.10/site-packages/oslo_concurrency/processutils.py:468}}
Apr 16 02:36:40 devstack cinder-volume[83205]: DEBUG oslo_concurrency.processutils [None req-ad4543c3-1731-4c0d-be79-9e12de40e7bf tempest-GroupSnapshotsTest-1816305183 None] Running cmd (subprocess): sudo cinder-rootwrap /etc/cinder/rootwrap.conf qemu-img rebase -u -b volume-1a014a76-0512-41c9-8c29-f9661b1acf01 -F qcow2 /opt/stack/data/cinder/mnt/cdde768132024dc95b932dbd4d24c229/volume-1a014a76-0512-41c9-8c29-f9661b1acf01.b8749f57-37a0-47ad-a678-d45fbecef7e6 {{(pid=83205) execute /opt/stack/data/venv/lib/python3.10/site-packages/oslo_concurrency/processutils.py:440}}
Apr 16 02:36:40 devstack sudo[84742]: quobyte : PWD=/ ; USER=root ; COMMAND=/opt/stack/data/venv/bin/cinder-rootwrap /etc/cinder/rootwrap.conf qemu-img rebase -u -b volume-1a014a76-0512-41c9-8c29-f9661b1acf01 -F qcow2 /opt/stack/data/cinder/mnt/cdde768132024dc95b932dbd4d24c229/volume-1a014a76-0512-41c9-8c29-f9661b1acf01.b8749f57-37a0-47ad-a678-d45fbecef7e6
Apr 16 02:36:40 devstack sudo[84742]: pam_unix(sudo:session): session opened for user root(uid=0) by (uid=1000)
Apr 16 02:36:41 devstack sudo[84742]: pam_unix(sudo:session): session closed for user root
Apr 16 02:36:41 devstack cinder-volume[83205]: DEBUG oslo_concurrency.processutils [None req-ad4543c3-1731-4c0d-be79-9e12de40e7bf tempest-GroupSnapshotsTest-1816305183 None] CMD "sudo cinder-rootwrap /etc/cinder/rootwrap.conf qemu-img rebase -u -b volume-1a014a76-0512-41c9-8c29-f9661b1acf01 -F qcow2 /opt/stack/data/cinder/mnt/cdde768132024dc95b932dbd4d24c229/volume-1a014a76-0512-41c9-8c29-f9661b1acf01.b8749f57-37a0-47ad-a678-d45fbecef7e6" returned: 0 in 0.563s {{(pid=83205) execute /opt/stack/data/venv/lib/python3.10/site-packages/oslo_concurrency/processutils.py:468}}
Apr 16 02:36:41 devstack cinder-volume[83205]: WARNING cinder.volume.drivers.remotefs [None req-ad4543c3-1731-4c0d-be79-9e12de40e7bf tempest-GroupSnapshotsTest-1816305183 None] /opt/stack/data/cinder/mnt/cdde768132024dc95b932dbd4d24c229/volume-1a014a76-0512-41c9-8c29-f9661b1acf01.b8749f57-37a0-47ad-a678-d45fbecef7e6 is being set with open permissions: ugo+rw: NotImplementedError
Apr 16 02:36:41 devstack cinder-volume[83205]: DEBUG oslo_concurrency.processutils [None req-ad4543c3-1731-4c0d-be79-9e12de40e7bf tempest-GroupSnapshotsTest-1816305183 None] Running cmd (subprocess): sudo cinder-rootwrap /etc/cinder/rootwrap.conf chmod ugo+rw /opt/stack/data/cinder/mnt/cdde768132024dc95b932dbd4d24c229/volume-1a014a76-0512-41c9-8c29-f9661b1acf01.b8749f57-37a0-47ad-a678-d45fbecef7e6 {{(pid=83205) execute /opt/stack/data/venv/lib/python3.10/site-packages/oslo_concurrency/processutils.py:440}}
Apr 16 02:36:41 devstack sudo[84749]: quobyte : PWD=/ ; USER=root ; COMMAND=/opt/stack/data/venv/bin/cinder-rootwrap /etc/cinder/rootwrap.conf chmod ugo+rw /opt/stack/data/cinder/mnt/cdde768132024dc95b932dbd4d24c229/volume-1a014a76-0512-41c9-8c29-f9661b1acf01.b8749f57-37a0-47ad-a678-d45fbecef7e6
Apr 16 02:36:41 devstack sudo[84749]: pam_unix(sudo:session): session opened for user root(uid=0) by (uid=1000)
Apr 16 02:36:41 devstack sudo[84749]: pam_unix(sudo:session): session closed for user root
Apr 16 02:36:41 devstack cinder-volume[83205]: DEBUG oslo_concurrency.processutils [None req-ad4543c3-1731-4c0d-be79-9e12de40e7bf tempest-GroupSnapshotsTest-1816305183 None] CMD "sudo cinder-rootwrap /etc/cinder/rootwrap.conf chmod ugo+rw /opt/stack/data/cinder/mnt/cdde768132024dc95b932dbd4d24c229/volume-1a014a76-0512-41c9-8c29-f9661b1acf01.b8749f57-37a0-47ad-a678-d45fbecef7e6" returned: 0 in 0.483s {{(pid=83205) execute /opt/stack/data/venv/lib/python3.10/site-packages/oslo_concurrency/processutils.py:468}}
Apr 16 02:36:41 devstack cinder-volume[83205]: DEBUG oslo_concurrency.processutils [None req-ad4543c3-1731-4c0d-be79-9e12de40e7bf tempest-GroupSnapshotsTest-1816305183 None] Running cmd (subprocess): sudo cinder-rootwrap /etc/cinder/rootwrap.conf truncate -s0 /opt/stack/data/cinder/mnt/cdde768132024dc95b932dbd4d24c229/volume-1a014a76-0512-41c9-8c29-f9661b1acf01.info {{(pid=83205) execute /opt/stack/data/venv/lib/python3.10/site-packages/oslo_concurrency/processutils.py:440}}
Apr 16 02:36:41 devstack sudo[84753]: quobyte : PWD=/ ; USER=root ; COMMAND=/opt/stack/data/venv/bin/cinder-rootwrap /etc/cinder/rootwrap.conf truncate -s0 /opt/stack/data/cinder/mnt/cdde768132024dc95b932dbd4d24c229/volume-1a014a76-0512-41c9-8c29-f9661b1acf01.info
Apr 16 02:36:41 devstack sudo[84753]: pam_unix(sudo:session): session opened for user root(uid=0) by (uid=1000)
Apr 16 02:36:42 devstack sudo[84753]: pam_unix(sudo:session): session closed for user root
Apr 16 02:36:42 devstack cinder-volume[83205]: DEBUG oslo_concurrency.processutils [None req-ad4543c3-1731-4c0d-be79-9e12de40e7bf tempest-GroupSnapshotsTest-1816305183 None] CMD "sudo cinder-rootwrap /etc/cinder/rootwrap.conf truncate -s0 /opt/stack/data/cinder/mnt/cdde768132024dc95b932dbd4d24c229/volume-1a014a76-0512-41c9-8c29-f9661b1acf01.info" returned: 0 in 0.624s {{(pid=83205) execute /opt/stack/data/venv/lib/python3.10/site-packages/oslo_concurrency/processutils.py:468}}
Apr 16 02:36:42 devstack cinder-volume[83205]: WARNING cinder.volume.drivers.remotefs [None req-ad4543c3-1731-4c0d-be79-9e12de40e7bf tempest-GroupSnapshotsTest-1816305183 None] /opt/stack/data/cinder/mnt/cdde768132024dc95b932dbd4d24c229/volume-1a014a76-0512-41c9-8c29-f9661b1acf01.info is being set with open permissions: ugo+rw: NotImplementedError
Apr 16 02:36:42 devstack cinder-volume[83205]: DEBUG oslo_concurrency.processutils [None req-ad4543c3-1731-4c0d-be79-9e12de40e7bf tempest-GroupSnapshotsTest-1816305183 None] Running cmd (subprocess): sudo cinder-rootwrap /etc/cinder/rootwrap.conf chmod ugo+rw /opt/stack/data/cinder/mnt/cdde768132024dc95b932dbd4d24c229/volume-1a014a76-0512-41c9-8c29-f9661b1acf01.info {{(pid=83205) execute /opt/stack/data/venv/lib/python3.10/site-packages/oslo_concurrency/processutils.py:440}}
Apr 16 02:36:42 devstack sudo[84756]: quobyte : PWD=/ ; USER=root ; COMMAND=/opt/stack/data/venv/bin/cinder-rootwrap /etc/cinder/rootwrap.conf chmod ugo+rw /opt/stack/data/cinder/mnt/cdde768132024dc95b932dbd4d24c229/volume-1a014a76-0512-41c9-8c29-f9661b1acf01.info
Apr 16 02:36:42 devstack sudo[84756]: pam_unix(sudo:session): session opened for user root(uid=0) by (uid=1000)
Apr 16 02:36:42 devstack sudo[84756]: pam_unix(sudo:session): session closed for user root
Apr 16 02:36:42 devstack cinder-volume[83205]: DEBUG oslo_concurrency.processutils [None req-ad4543c3-1731-4c0d-be79-9e12de40e7bf tempest-GroupSnapshotsTest-1816305183 None] CMD "sudo cinder-rootwrap /etc/cinder/rootwrap.conf chmod ugo+rw /opt/stack/data/cinder/mnt/cdde768132024dc95b932dbd4d24c229/volume-1a014a76-0512-41c9-8c29-f9661b1acf01.info" returned: 0 in 0.527s {{(pid=83205) execute /opt/stack/data/venv/lib/python3.10/site-packages/oslo_concurrency/processutils.py:468}}
Apr 16 02:36:42 devstack cinder-volume[83205]: DEBUG oslo_concurrency.lockutils [None req-ad4543c3-1731-4c0d-be79-9e12de40e7bf tempest-GroupSnapshotsTest-1816305183 None] Lock "quobyte" "released" by "cinder.volume.drivers.quobyte.QuobyteDriver.create_snapshot" :: held 3.568s {{(pid=83205) inner /opt/stack/data/venv/lib/python3.10/site-packages/oslo_concurrency/lockutils.py:538}}
Apr 16 02:36:42 devstack cinder-volume[83205]: DEBUG oslo_concurrency.lockutils [None req-ad4543c3-1731-4c0d-be79-9e12de40e7bf tempest-GroupSnapshotsTest-1816305183 None] Acquiring lock "quobyte" by "cinder.volume.drivers.quobyte.QuobyteDriver.create_snapshot" {{(pid=83205) inner /opt/stack/data/venv/lib/python3.10/site-packages/oslo_concurrency/lockutils.py:506}}
Apr 16 02:36:42 devstack cinder-volume[83205]: DEBUG oslo_concurrency.lockutils [None req-ad4543c3-1731-4c0d-be79-9e12de40e7bf tempest-GroupSnapshotsTest-1816305183 None] Lock "quobyte" acquired by "cinder.volume.drivers.quobyte.QuobyteDriver.create_snapshot" :: waited 0.000s {{(pid=83205) inner /opt/stack/data/venv/lib/python3.10/site-packages/oslo_concurrency/lockutils.py:519}}
Apr 16 02:36:42 devstack cinder-volume[83205]: DEBUG cinder.volume.drivers.remotefs [None req-ad4543c3-1731-4c0d-be79-9e12de40e7bf tempest-GroupSnapshotsTest-1816305183 None] Creating offline snapshot f9a9ccb7-86aa-41ca-90be-1971e190f67e of volume a4ae12d1-4645-4939-8cb5-52e621448f87 {{(pid=83205) _create_snapshot /opt/stack/cinder/cinder/volume/drivers/remotefs.py:1816}}
Apr 16 02:36:42 devstack cinder-volume[83205]: DEBUG oslo.privsep.daemon [-] privsep: reply[cd9fe01d-3578-499d-986d-ed2d54e6d436]: (4, 'qcow2') {{(pid=84115) _call_back /opt/stack/data/venv/lib/python3.10/site-packages/oslo_privsep/daemon.py:573}}
Apr 16 02:36:42 devstack cinder-volume[83205]: DEBUG oslo_concurrency.processutils [None req-ad4543c3-1731-4c0d-be79-9e12de40e7bf tempest-GroupSnapshotsTest-1816305183 None] Running cmd (subprocess): /opt/stack/data/venv/bin/python3.10 -m oslo_concurrency.prlimit --as=1073741824 --cpu=60 -- sudo cinder-rootwrap /etc/cinder/rootwrap.conf env LC_ALL=C qemu-img info -f qcow2 --output=json --force-share /opt/stack/data/cinder/mnt/cdde768132024dc95b932dbd4d24c229/volume-a4ae12d1-4645-4939-8cb5-52e621448f87 {{(pid=83205) execute /opt/stack/data/venv/lib/python3.10/site-packages/oslo_concurrency/processutils.py:440}}
Apr 16 02:36:42 devstack sudo[84759]: quobyte : PWD=/ ; USER=root ; COMMAND=/opt/stack/data/venv/bin/cinder-rootwrap /etc/cinder/rootwrap.conf env LC_ALL=C qemu-img info -f qcow2 --output=json --force-share /opt/stack/data/cinder/mnt/cdde768132024dc95b932dbd4d24c229/volume-a4ae12d1-4645-4939-8cb5-52e621448f87
Apr 16 02:36:42 devstack sudo[84759]: pam_unix(sudo:session): session opened for user root(uid=0) by (uid=1000)
Apr 16 02:36:43 devstack sudo[84759]: pam_unix(sudo:session): session closed for user root
Apr 16 02:36:43 devstack cinder-volume[83205]: DEBUG oslo_concurrency.processutils [None req-ad4543c3-1731-4c0d-be79-9e12de40e7bf tempest-GroupSnapshotsTest-1816305183 None] CMD "/opt/stack/data/venv/bin/python3.10 -m oslo_concurrency.prlimit --as=1073741824 --cpu=60 -- sudo cinder-rootwrap /etc/cinder/rootwrap.conf env LC_ALL=C qemu-img info -f qcow2 --output=json --force-share /opt/stack/data/cinder/mnt/cdde768132024dc95b932dbd4d24c229/volume-a4ae12d1-4645-4939-8cb5-52e621448f87" returned: 0 in 0.556s {{(pid=83205) execute /opt/stack/data/venv/lib/python3.10/site-packages/oslo_concurrency/processutils.py:468}}
Apr 16 02:36:43 devstack cinder-volume[83205]: DEBUG oslo_concurrency.processutils [None req-ad4543c3-1731-4c0d-be79-9e12de40e7bf tempest-GroupSnapshotsTest-1816305183 None] Running cmd (subprocess): sudo cinder-rootwrap /etc/cinder/rootwrap.conf qemu-img create -f qcow2 -o backing_file=/opt/stack/data/cinder/mnt/cdde768132024dc95b932dbd4d24c229/volume-a4ae12d1-4645-4939-8cb5-52e621448f87,backing_fmt=qcow2 /opt/stack/data/cinder/mnt/cdde768132024dc95b932dbd4d24c229/volume-a4ae12d1-4645-4939-8cb5-52e621448f87.f9a9ccb7-86aa-41ca-90be-1971e190f67e 1G {{(pid=83205) execute /opt/stack/data/venv/lib/python3.10/site-packages/oslo_concurrency/processutils.py:440}}
Apr 16 02:36:43 devstack sudo[84765]: quobyte : PWD=/ ; USER=root ; COMMAND=/opt/stack/data/venv/bin/cinder-rootwrap /etc/cinder/rootwrap.conf qemu-img create -f qcow2 -o backing_file=/opt/stack/data/cinder/mnt/cdde768132024dc95b932dbd4d24c229/volume-a4ae12d1-4645-4939-8cb5-52e621448f87,backing_fmt=qcow2 /opt/stack/data/cinder/mnt/cdde768132024dc95b932dbd4d24c229/volume-a4ae12d1-4645-4939-8cb5-52e621448f87.f9a9ccb7-86aa-41ca-90be-1971e190f67e 1G
Apr 16 02:36:43 devstack sudo[84765]: pam_unix(sudo:session): session opened for user root(uid=0) by (uid=1000)
Apr 16 02:36:44 devstack sudo[84765]: pam_unix(sudo:session): session closed for user root
Apr 16 02:36:44 devstack cinder-volume[83205]: DEBUG oslo_concurrency.processutils [None req-ad4543c3-1731-4c0d-be79-9e12de40e7bf tempest-GroupSnapshotsTest-1816305183 None] CMD "sudo cinder-rootwrap /etc/cinder/rootwrap.conf qemu-img create -f qcow2 -o backing_file=/opt/stack/data/cinder/mnt/cdde768132024dc95b932dbd4d24c229/volume-a4ae12d1-4645-4939-8cb5-52e621448f87,backing_fmt=qcow2 /opt/stack/data/cinder/mnt/cdde768132024dc95b932dbd4d24c229/volume-a4ae12d1-4645-4939-8cb5-52e621448f87.f9a9ccb7-86aa-41ca-90be-1971e190f67e 1G" returned: 0 in 0.601s {{(pid=83205) execute /opt/stack/data/venv/lib/python3.10/site-packages/oslo_concurrency/processutils.py:468}}
Apr 16 02:36:44 devstack cinder-volume[83205]: DEBUG oslo_concurrency.processutils [None req-ad4543c3-1731-4c0d-be79-9e12de40e7bf tempest-GroupSnapshotsTest-1816305183 None] Running cmd (subprocess): sudo cinder-rootwrap /etc/cinder/rootwrap.conf qemu-img rebase -u -b volume-a4ae12d1-4645-4939-8cb5-52e621448f87 -F qcow2 /opt/stack/data/cinder/mnt/cdde768132024dc95b932dbd4d24c229/volume-a4ae12d1-4645-4939-8cb5-52e621448f87.f9a9ccb7-86aa-41ca-90be-1971e190f67e {{(pid=83205) execute /opt/stack/data/venv/lib/python3.10/site-packages/oslo_concurrency/processutils.py:440}}
Apr 16 02:36:44 devstack sudo[84770]: quobyte : PWD=/ ; USER=root ; COMMAND=/opt/stack/data/venv/bin/cinder-rootwrap /etc/cinder/rootwrap.conf qemu-img rebase -u -b volume-a4ae12d1-4645-4939-8cb5-52e621448f87 -F qcow2 /opt/stack/data/cinder/mnt/cdde768132024dc95b932dbd4d24c229/volume-a4ae12d1-4645-4939-8cb5-52e621448f87.f9a9ccb7-86aa-41ca-90be-1971e190f67e
Apr 16 02:36:44 devstack sudo[84770]: pam_unix(sudo:session): session opened for user root(uid=0) by (uid=1000)
Apr 16 02:36:44 devstack sudo[84770]: pam_unix(sudo:session): session closed for user root
Apr 16 02:36:44 devstack cinder-volume[83205]: DEBUG oslo_concurrency.processutils [None req-ad4543c3-1731-4c0d-be79-9e12de40e7bf tempest-GroupSnapshotsTest-1816305183 None] CMD "sudo cinder-rootwrap /etc/cinder/rootwrap.conf qemu-img rebase -u -b volume-a4ae12d1-4645-4939-8cb5-52e621448f87 -F qcow2 /opt/stack/data/cinder/mnt/cdde768132024dc95b932dbd4d24c229/volume-a4ae12d1-4645-4939-8cb5-52e621448f87.f9a9ccb7-86aa-41ca-90be-1971e190f67e" returned: 0 in 0.596s {{(pid=83205) execute /opt/stack/data/venv/lib/python3.10/site-packages/oslo_concurrency/processutils.py:468}}
Apr 16 02:36:44 devstack cinder-volume[83205]: WARNING cinder.volume.drivers.remotefs [None req-ad4543c3-1731-4c0d-be79-9e12de40e7bf tempest-GroupSnapshotsTest-1816305183 None] /opt/stack/data/cinder/mnt/cdde768132024dc95b932dbd4d24c229/volume-a4ae12d1-4645-4939-8cb5-52e621448f87.f9a9ccb7-86aa-41ca-90be-1971e190f67e is being set with open permissions: ugo+rw: NotImplementedError
Apr 16 02:36:44 devstack cinder-volume[83205]: DEBUG oslo_concurrency.processutils [None req-ad4543c3-1731-4c0d-be79-9e12de40e7bf tempest-GroupSnapshotsTest-1816305183 None] Running cmd (subprocess): sudo cinder-rootwrap /etc/cinder/rootwrap.conf chmod ugo+rw /opt/stack/data/cinder/mnt/cdde768132024dc95b932dbd4d24c229/volume-a4ae12d1-4645-4939-8cb5-52e621448f87.f9a9ccb7-86aa-41ca-90be-1971e190f67e {{(pid=83205) execute /opt/stack/data/venv/lib/python3.10/site-packages/oslo_concurrency/processutils.py:440}}
Apr 16 02:36:44 devstack sudo[84776]: quobyte : PWD=/ ; USER=root ; COMMAND=/opt/stack/data/venv/bin/cinder-rootwrap /etc/cinder/rootwrap.conf chmod ugo+rw /opt/stack/data/cinder/mnt/cdde768132024dc95b932dbd4d24c229/volume-a4ae12d1-4645-4939-8cb5-52e621448f87.f9a9ccb7-86aa-41ca-90be-1971e190f67e
Apr 16 02:36:44 devstack sudo[84776]: pam_unix(sudo:session): session opened for user root(uid=0) by (uid=1000)
Apr 16 02:36:45 devstack sudo[84776]: pam_unix(sudo:session): session closed for user root
Apr 16 02:36:45 devstack cinder-volume[83205]: DEBUG oslo_concurrency.processutils [None req-ad4543c3-1731-4c0d-be79-9e12de40e7bf tempest-GroupSnapshotsTest-1816305183 None] CMD "sudo cinder-rootwrap /etc/cinder/rootwrap.conf chmod ugo+rw /opt/stack/data/cinder/mnt/cdde768132024dc95b932dbd4d24c229/volume-a4ae12d1-4645-4939-8cb5-52e621448f87.f9a9ccb7-86aa-41ca-90be-1971e190f67e" returned: 0 in 0.524s {{(pid=83205) execute /opt/stack/data/venv/lib/python3.10/site-packages/oslo_concurrency/processutils.py:468}}
Apr 16 02:36:45 devstack cinder-volume[83205]: DEBUG dbcounter [-] [83205] Writing DB stats cinder:UPDATE=128,cinder:SELECT=123,cinder:DELETE=6,cinder:INSERT=23 {{(pid=83205) stat_writer /opt/stack/data/venv/lib/python3.10/site-packages/dbcounter.py:115}}
Apr 16 02:36:45 devstack cinder-volume[83205]: DEBUG dbcounter [-] [83205] Writing DB stats cinder:SELECT=96,cinder:UPDATE=85,cinder:INSERT=23,cinder:DELETE=5 {{(pid=83205) stat_writer /opt/stack/data/venv/lib/python3.10/site-packages/dbcounter.py:115}}
Apr 16 02:36:45 devstack cinder-volume[83205]: DEBUG oslo_concurrency.processutils [None req-ad4543c3-1731-4c0d-be79-9e12de40e7bf tempest-GroupSnapshotsTest-1816305183 None] Running cmd (subprocess): sudo cinder-rootwrap /etc/cinder/rootwrap.conf truncate -s0 /opt/stack/data/cinder/mnt/cdde768132024dc95b932dbd4d24c229/volume-a4ae12d1-4645-4939-8cb5-52e621448f87.info {{(pid=83205) execute /opt/stack/data/venv/lib/python3.10/site-packages/oslo_concurrency/processutils.py:440}}
Apr 16 02:36:45 devstack sudo[84780]: quobyte : PWD=/ ; USER=root ; COMMAND=/opt/stack/data/venv/bin/cinder-rootwrap /etc/cinder/rootwrap.conf truncate -s0 /opt/stack/data/cinder/mnt/cdde768132024dc95b932dbd4d24c229/volume-a4ae12d1-4645-4939-8cb5-52e621448f87.info
Apr 16 02:36:45 devstack sudo[84780]: pam_unix(sudo:session): session opened for user root(uid=0) by (uid=1000)
Apr 16 02:36:45 devstack sudo[84780]: pam_unix(sudo:session): session closed for user root
Apr 16 02:36:45 devstack cinder-volume[83205]: DEBUG oslo_concurrency.processutils [None req-ad4543c3-1731-4c0d-be79-9e12de40e7bf tempest-GroupSnapshotsTest-1816305183 None] CMD "sudo cinder-rootwrap /etc/cinder/rootwrap.conf truncate -s0 /opt/stack/data/cinder/mnt/cdde768132024dc95b932dbd4d24c229/volume-a4ae12d1-4645-4939-8cb5-52e621448f87.info" returned: 0 in 0.548s {{(pid=83205) execute /opt/stack/data/venv/lib/python3.10/site-packages/oslo_concurrency/processutils.py:468}}
Apr 16 02:36:45 devstack cinder-volume[83205]: WARNING cinder.volume.drivers.remotefs [None req-ad4543c3-1731-4c0d-be79-9e12de40e7bf tempest-GroupSnapshotsTest-1816305183 None] /opt/stack/data/cinder/mnt/cdde768132024dc95b932dbd4d24c229/volume-a4ae12d1-4645-4939-8cb5-52e621448f87.info is being set with open permissions: ugo+rw: NotImplementedError
Apr 16 02:36:45 devstack cinder-volume[83205]: DEBUG oslo_concurrency.processutils [None req-ad4543c3-1731-4c0d-be79-9e12de40e7bf tempest-GroupSnapshotsTest-1816305183 None] Running cmd (subprocess): sudo cinder-rootwrap /etc/cinder/rootwrap.conf chmod ugo+rw /opt/stack/data/cinder/mnt/cdde768132024dc95b932dbd4d24c229/volume-a4ae12d1-4645-4939-8cb5-52e621448f87.info {{(pid=83205) execute /opt/stack/data/venv/lib/python3.10/site-packages/oslo_concurrency/processutils.py:440}}
Apr 16 02:36:45 devstack sudo[84784]: quobyte : PWD=/ ; USER=root ; COMMAND=/opt/stack/data/venv/bin/cinder-rootwrap /etc/cinder/rootwrap.conf chmod ugo+rw /opt/stack/data/cinder/mnt/cdde768132024dc95b932dbd4d24c229/volume-a4ae12d1-4645-4939-8cb5-52e621448f87.info
Apr 16 02:36:45 devstack sudo[84784]: pam_unix(sudo:session): session opened for user root(uid=0) by (uid=1000)
Apr 16 02:36:46 devstack sudo[84784]: pam_unix(sudo:session): session closed for user root
Apr 16 02:36:46 devstack cinder-volume[83205]: DEBUG oslo_concurrency.processutils [None req-ad4543c3-1731-4c0d-be79-9e12de40e7bf tempest-GroupSnapshotsTest-1816305183 None] CMD "sudo cinder-rootwrap /etc/cinder/rootwrap.conf chmod ugo+rw /opt/stack/data/cinder/mnt/cdde768132024dc95b932dbd4d24c229/volume-a4ae12d1-4645-4939-8cb5-52e621448f87.info" returned: 0 in 0.476s {{(pid=83205) execute /opt/stack/data/venv/lib/python3.10/site-packages/oslo_concurrency/processutils.py:468}}
Apr 16 02:36:46 devstack cinder-volume[83205]: DEBUG oslo_concurrency.lockutils [None req-ad4543c3-1731-4c0d-be79-9e12de40e7bf tempest-GroupSnapshotsTest-1816305183 None] Lock "quobyte" "released" by "cinder.volume.drivers.quobyte.QuobyteDriver.create_snapshot" :: held 3.383s {{(pid=83205) inner /opt/stack/data/venv/lib/python3.10/site-packages/oslo_concurrency/lockutils.py:538}}
Apr 16 02:36:46 devstack cinder-volume[83205]: DEBUG oslo_concurrency.lockutils [None req-607cf02d-9918-48b7-b5eb-44b5c049b4ef tempest-GroupsV314Test-121767304 None] Lock "quobyte" acquired by "cinder.volume.drivers.quobyte.QuobyteDriver.create_cloned_volume" :: waited 6.139s {{(pid=83205) inner /opt/stack/data/venv/lib/python3.10/site-packages/oslo_concurrency/lockutils.py:519}}
Apr 16 02:36:46 devstack cinder-volume[83205]: INFO cinder.volume.drivers.remotefs [None req-607cf02d-9918-48b7-b5eb-44b5c049b4ef tempest-GroupsV314Test-121767304 None] Cloning volume b1fd8d25-93d6-47ef-8840-74a8cc67e0e0 to volume cb2f8cde-aad8-49d5-8b41-81019e1e7551
Apr 16 02:36:46 devstack cinder-volume[83205]: DEBUG cinder.volume.drivers.remotefs [None req-607cf02d-9918-48b7-b5eb-44b5c049b4ef tempest-GroupsV314Test-121767304 None] Creating offline snapshot b4f679b5-c2d7-4c54-afd3-ce77cd40a868 of volume b1fd8d25-93d6-47ef-8840-74a8cc67e0e0 {{(pid=83205) _create_snapshot /opt/stack/cinder/cinder/volume/drivers/remotefs.py:1816}}
Apr 16 02:36:46 devstack cinder-volume[83205]: DEBUG oslo.privsep.daemon [-] privsep: reply[6b748ab0-2dc0-46c5-922d-e6626bfd143c]: (4, 'qcow2') {{(pid=84115) _call_back /opt/stack/data/venv/lib/python3.10/site-packages/oslo_privsep/daemon.py:573}}
Apr 16 02:36:46 devstack cinder-volume[83205]: DEBUG oslo_concurrency.processutils [None req-607cf02d-9918-48b7-b5eb-44b5c049b4ef tempest-GroupsV314Test-121767304 None] Running cmd (subprocess): /opt/stack/data/venv/bin/python3.10 -m oslo_concurrency.prlimit --as=1073741824 --cpu=60 -- sudo cinder-rootwrap /etc/cinder/rootwrap.conf env LC_ALL=C qemu-img info -f qcow2 --output=json --force-share /opt/stack/data/cinder/mnt/cdde768132024dc95b932dbd4d24c229/volume-b1fd8d25-93d6-47ef-8840-74a8cc67e0e0 {{(pid=83205) execute /opt/stack/data/venv/lib/python3.10/site-packages/oslo_concurrency/processutils.py:440}}
Apr 16 02:36:46 devstack cinder-volume[83205]: INFO cinder.volume.manager [None req-ad4543c3-1731-4c0d-be79-9e12de40e7bf tempest-GroupSnapshotsTest-1816305183 None] group_snapshot 55993c6c-b9c9-40ad-9746-5e97d79ed079: created successfully
Apr 16 02:36:46 devstack sudo[84787]: quobyte : PWD=/ ; USER=root ; COMMAND=/opt/stack/data/venv/bin/cinder-rootwrap /etc/cinder/rootwrap.conf env LC_ALL=C qemu-img info -f qcow2 --output=json --force-share /opt/stack/data/cinder/mnt/cdde768132024dc95b932dbd4d24c229/volume-b1fd8d25-93d6-47ef-8840-74a8cc67e0e0
Apr 16 02:36:46 devstack sudo[84787]: pam_unix(sudo:session): session opened for user root(uid=0) by (uid=1000)
Apr 16 02:36:46 devstack cinder-volume[83205]: INFO cinder.volume.manager [None req-594d5fb1-37cb-42e6-8baf-6bb2107707c5 tempest-GroupSnapshotsTest-1816305183 None] group_snapshot 55993c6c-b9c9-40ad-9746-5e97d79ed079: deleting
Apr 16 02:36:46 devstack cinder-volume[83205]: DEBUG cinder.volume.manager [None req-594d5fb1-37cb-42e6-8baf-6bb2107707c5 tempest-GroupSnapshotsTest-1816305183 None] group_snapshot 55993c6c-b9c9-40ad-9746-5e97d79ed079: deleting {{(pid=83205) delete_group_snapshot /opt/stack/cinder/cinder/volume/manager.py:4350}}
Apr 16 02:36:46 devstack cinder-volume[83205]: DEBUG cinder.coordination [None req-594d5fb1-37cb-42e6-8baf-6bb2107707c5 tempest-GroupSnapshotsTest-1816305183 None] Acquiring lock "cinder-quobyte-1a014a76-0512-41c9-8c29-f9661b1acf01" by "delete_snapshot" {{(pid=83205) __acquire /opt/stack/cinder/cinder/coordination.py:138}}
Apr 16 02:36:46 devstack cinder-volume[83205]: DEBUG cinder.coordination [None req-594d5fb1-37cb-42e6-8baf-6bb2107707c5 tempest-GroupSnapshotsTest-1816305183 None] Lock "cinder-quobyte-1a014a76-0512-41c9-8c29-f9661b1acf01" acquired by "delete_snapshot" :: waited 0.010s {{(pid=83205) __acquire /opt/stack/cinder/cinder/coordination.py:141}}
Apr 16 02:36:46 devstack cinder-volume[83205]: DEBUG cinder.coordination [None req-594d5fb1-37cb-42e6-8baf-6bb2107707c5 tempest-GroupSnapshotsTest-1816305183 None] Acquiring lock "cinder-quobyte-b8749f57-37a0-47ad-a678-d45fbecef7e6" by "_delete_snapshot" {{(pid=83205) __acquire /opt/stack/cinder/cinder/coordination.py:138}}
Apr 16 02:36:46 devstack cinder-volume[83205]: DEBUG cinder.coordination [None req-594d5fb1-37cb-42e6-8baf-6bb2107707c5 tempest-GroupSnapshotsTest-1816305183 None] Lock "cinder-quobyte-b8749f57-37a0-47ad-a678-d45fbecef7e6" acquired by "_delete_snapshot" :: waited 0.009s {{(pid=83205) __acquire /opt/stack/cinder/cinder/coordination.py:141}}
Apr 16 02:36:46 devstack cinder-volume[83205]: DEBUG cinder.volume.drivers.remotefs [None req-594d5fb1-37cb-42e6-8baf-6bb2107707c5 tempest-GroupSnapshotsTest-1816305183 None] Deleting offline snapshot b8749f57-37a0-47ad-a678-d45fbecef7e6 of volume 1a014a76-0512-41c9-8c29-f9661b1acf01 {{(pid=83205) _delete_snapshot /opt/stack/cinder/cinder/volume/drivers/remotefs.py:1288}}
Apr 16 02:36:46 devstack cinder-volume[83205]: DEBUG cinder.volume.drivers.remotefs [None req-594d5fb1-37cb-42e6-8baf-6bb2107707c5 tempest-GroupSnapshotsTest-1816305183 None] snapshot_file for this snap is: volume-1a014a76-0512-41c9-8c29-f9661b1acf01.b8749f57-37a0-47ad-a678-d45fbecef7e6 {{(pid=83205) _delete_snapshot /opt/stack/cinder/cinder/volume/drivers/remotefs.py:1317}}
Apr 16 02:36:46 devstack cinder-volume[83205]: DEBUG oslo.privsep.daemon [-] privsep: reply[6a1c4b14-f417-4883-a93e-13302f692fda]: (4, 'qcow2') {{(pid=84115) _call_back /opt/stack/data/venv/lib/python3.10/site-packages/oslo_privsep/daemon.py:573}}
Apr 16 02:36:46 devstack cinder-volume[83205]: DEBUG oslo_concurrency.processutils [None req-594d5fb1-37cb-42e6-8baf-6bb2107707c5 tempest-GroupSnapshotsTest-1816305183 None] Running cmd (subprocess): /opt/stack/data/venv/bin/python3.10 -m oslo_concurrency.prlimit --as=1073741824 --cpu=60 -- sudo cinder-rootwrap /etc/cinder/rootwrap.conf env LC_ALL=C qemu-img info -f qcow2 --output=json --force-share /opt/stack/data/cinder/mnt/cdde768132024dc95b932dbd4d24c229/volume-1a014a76-0512-41c9-8c29-f9661b1acf01.b8749f57-37a0-47ad-a678-d45fbecef7e6 {{(pid=83205) execute /opt/stack/data/venv/lib/python3.10/site-packages/oslo_concurrency/processutils.py:440}}
Apr 16 02:36:46 devstack sudo[84787]: pam_unix(sudo:session): session closed for user root
Apr 16 02:36:46 devstack cinder-volume[83205]: DEBUG oslo_concurrency.processutils [None req-607cf02d-9918-48b7-b5eb-44b5c049b4ef tempest-GroupsV314Test-121767304 None] CMD "/opt/stack/data/venv/bin/python3.10 -m oslo_concurrency.prlimit --as=1073741824 --cpu=60 -- sudo cinder-rootwrap /etc/cinder/rootwrap.conf env LC_ALL=C qemu-img info -f qcow2 --output=json --force-share /opt/stack/data/cinder/mnt/cdde768132024dc95b932dbd4d24c229/volume-b1fd8d25-93d6-47ef-8840-74a8cc67e0e0" returned: 0 in 0.611s {{(pid=83205) execute /opt/stack/data/venv/lib/python3.10/site-packages/oslo_concurrency/processutils.py:468}}
Apr 16 02:36:46 devstack cinder-volume[83205]: DEBUG oslo_concurrency.processutils [None req-607cf02d-9918-48b7-b5eb-44b5c049b4ef tempest-GroupsV314Test-121767304 None] Running cmd (subprocess): sudo cinder-rootwrap /etc/cinder/rootwrap.conf qemu-img create -f qcow2 -o backing_file=/opt/stack/data/cinder/mnt/cdde768132024dc95b932dbd4d24c229/volume-b1fd8d25-93d6-47ef-8840-74a8cc67e0e0,backing_fmt=qcow2 /opt/stack/data/cinder/mnt/cdde768132024dc95b932dbd4d24c229/volume-b1fd8d25-93d6-47ef-8840-74a8cc67e0e0.b4f679b5-c2d7-4c54-afd3-ce77cd40a868 1G {{(pid=83205) execute /opt/stack/data/venv/lib/python3.10/site-packages/oslo_concurrency/processutils.py:440}}
Apr 16 02:36:46 devstack sudo[84793]: quobyte : PWD=/ ; USER=root ; COMMAND=/opt/stack/data/venv/bin/cinder-rootwrap /etc/cinder/rootwrap.conf qemu-img create -f qcow2 -o backing_file=/opt/stack/data/cinder/mnt/cdde768132024dc95b932dbd4d24c229/volume-b1fd8d25-93d6-47ef-8840-74a8cc67e0e0,backing_fmt=qcow2 /opt/stack/data/cinder/mnt/cdde768132024dc95b932dbd4d24c229/volume-b1fd8d25-93d6-47ef-8840-74a8cc67e0e0.b4f679b5-c2d7-4c54-afd3-ce77cd40a868 1G
Apr 16 02:36:46 devstack sudo[84792]: quobyte : PWD=/ ; USER=root ; COMMAND=/opt/stack/data/venv/bin/cinder-rootwrap /etc/cinder/rootwrap.conf env LC_ALL=C qemu-img info -f qcow2 --output=json --force-share /opt/stack/data/cinder/mnt/cdde768132024dc95b932dbd4d24c229/volume-1a014a76-0512-41c9-8c29-f9661b1acf01.b8749f57-37a0-47ad-a678-d45fbecef7e6
Apr 16 02:36:46 devstack sudo[84792]: pam_unix(sudo:session): session opened for user root(uid=0) by (uid=1000)
Apr 16 02:36:46 devstack sudo[84793]: pam_unix(sudo:session): session opened for user root(uid=0) by (uid=1000)
Apr 16 02:36:47 devstack sudo[84792]: pam_unix(sudo:session): session closed for user root
Apr 16 02:36:47 devstack cinder-volume[83205]: DEBUG oslo_concurrency.processutils [None req-594d5fb1-37cb-42e6-8baf-6bb2107707c5 tempest-GroupSnapshotsTest-1816305183 None] CMD "/opt/stack/data/venv/bin/python3.10 -m oslo_concurrency.prlimit --as=1073741824 --cpu=60 -- sudo cinder-rootwrap /etc/cinder/rootwrap.conf env LC_ALL=C qemu-img info -f qcow2 --output=json --force-share /opt/stack/data/cinder/mnt/cdde768132024dc95b932dbd4d24c229/volume-1a014a76-0512-41c9-8c29-f9661b1acf01.b8749f57-37a0-47ad-a678-d45fbecef7e6" returned: 0 in 0.694s {{(pid=83205) execute /opt/stack/data/venv/lib/python3.10/site-packages/oslo_concurrency/processutils.py:468}}
Apr 16 02:36:47 devstack cinder-volume[83205]: DEBUG cinder.volume.drivers.remotefs [None req-594d5fb1-37cb-42e6-8baf-6bb2107707c5 tempest-GroupSnapshotsTest-1816305183 None] Fetching qemu-img info with special backing_file_template: (/opt/stack/data/cinder/mnt/[0-9a-f]+/)?(volume-1a014a76-0512-41c9-8c29-f9661b1acf01(.(tmp-snap-)?[0-9a-f-]+)?|volume_from_snapshot_cache/(tmp-snap-)?[0-9a-f-]+(.(child-|parent-)[0-9a-f-]+)?)$ {{(pid=83205) _qemu_img_info_base /opt/stack/cinder/cinder/volume/drivers/remotefs.py:896}}
Apr 16 02:36:47 devstack sudo[84793]: pam_unix(sudo:session): session closed for user root
Apr 16 02:36:47 devstack cinder-volume[83205]: DEBUG oslo_concurrency.processutils [None req-607cf02d-9918-48b7-b5eb-44b5c049b4ef tempest-GroupsV314Test-121767304 None] CMD "sudo cinder-rootwrap /etc/cinder/rootwrap.conf qemu-img create -f qcow2 -o backing_file=/opt/stack/data/cinder/mnt/cdde768132024dc95b932dbd4d24c229/volume-b1fd8d25-93d6-47ef-8840-74a8cc67e0e0,backing_fmt=qcow2 /opt/stack/data/cinder/mnt/cdde768132024dc95b932dbd4d24c229/volume-b1fd8d25-93d6-47ef-8840-74a8cc67e0e0.b4f679b5-c2d7-4c54-afd3-ce77cd40a868 1G" returned: 0 in 0.625s {{(pid=83205) execute /opt/stack/data/venv/lib/python3.10/site-packages/oslo_concurrency/processutils.py:468}}
Apr 16 02:36:47 devstack cinder-volume[83205]: DEBUG oslo_concurrency.processutils [None req-607cf02d-9918-48b7-b5eb-44b5c049b4ef tempest-GroupsV314Test-121767304 None] Running cmd (subprocess): sudo cinder-rootwrap /etc/cinder/rootwrap.conf qemu-img rebase -u -b volume-b1fd8d25-93d6-47ef-8840-74a8cc67e0e0 -F qcow2 /opt/stack/data/cinder/mnt/cdde768132024dc95b932dbd4d24c229/volume-b1fd8d25-93d6-47ef-8840-74a8cc67e0e0.b4f679b5-c2d7-4c54-afd3-ce77cd40a868 {{(pid=83205) execute /opt/stack/data/venv/lib/python3.10/site-packages/oslo_concurrency/processutils.py:440}}
Apr 16 02:36:47 devstack cinder-volume[83205]: DEBUG oslo.privsep.daemon [-] privsep: reply[34bbd8d7-32b0-4a21-b61c-55bbb52503b3]: (4, 'qcow2') {{(pid=84115) _call_back /opt/stack/data/venv/lib/python3.10/site-packages/oslo_privsep/daemon.py:573}}
Apr 16 02:36:47 devstack cinder-volume[83205]: DEBUG oslo_concurrency.processutils [None req-594d5fb1-37cb-42e6-8baf-6bb2107707c5 tempest-GroupSnapshotsTest-1816305183 None] Running cmd (subprocess): /opt/stack/data/venv/bin/python3.10 -m oslo_concurrency.prlimit --as=1073741824 --cpu=60 -- sudo cinder-rootwrap /etc/cinder/rootwrap.conf env LC_ALL=C qemu-img info -f qcow2 --output=json --force-share /opt/stack/data/cinder/mnt/cdde768132024dc95b932dbd4d24c229/volume-1a014a76-0512-41c9-8c29-f9661b1acf01 {{(pid=83205) execute /opt/stack/data/venv/lib/python3.10/site-packages/oslo_concurrency/processutils.py:440}}
Apr 16 02:36:47 devstack sudo[84802]: quobyte : PWD=/ ; USER=root ; COMMAND=/opt/stack/data/venv/bin/cinder-rootwrap /etc/cinder/rootwrap.conf qemu-img rebase -u -b volume-b1fd8d25-93d6-47ef-8840-74a8cc67e0e0 -F qcow2 /opt/stack/data/cinder/mnt/cdde768132024dc95b932dbd4d24c229/volume-b1fd8d25-93d6-47ef-8840-74a8cc67e0e0.b4f679b5-c2d7-4c54-afd3-ce77cd40a868
Apr 16 02:36:47 devstack sudo[84802]: pam_unix(sudo:session): session opened for user root(uid=0) by (uid=1000)
Apr 16 02:36:47 devstack sudo[84803]: quobyte : PWD=/ ; USER=root ; COMMAND=/opt/stack/data/venv/bin/cinder-rootwrap /etc/cinder/rootwrap.conf env LC_ALL=C qemu-img info -f qcow2 --output=json --force-share /opt/stack/data/cinder/mnt/cdde768132024dc95b932dbd4d24c229/volume-1a014a76-0512-41c9-8c29-f9661b1acf01
Apr 16 02:36:47 devstack sudo[84803]: pam_unix(sudo:session): session opened for user root(uid=0) by (uid=1000)
Apr 16 02:36:48 devstack sudo[84802]: pam_unix(sudo:session): session closed for user root
Apr 16 02:36:48 devstack cinder-volume[83205]: DEBUG oslo_concurrency.processutils [None req-607cf02d-9918-48b7-b5eb-44b5c049b4ef tempest-GroupsV314Test-121767304 None] CMD "sudo cinder-rootwrap /etc/cinder/rootwrap.conf qemu-img rebase -u -b volume-b1fd8d25-93d6-47ef-8840-74a8cc67e0e0 -F qcow2 /opt/stack/data/cinder/mnt/cdde768132024dc95b932dbd4d24c229/volume-b1fd8d25-93d6-47ef-8840-74a8cc67e0e0.b4f679b5-c2d7-4c54-afd3-ce77cd40a868" returned: 0 in 0.520s {{(pid=83205) execute /opt/stack/data/venv/lib/python3.10/site-packages/oslo_concurrency/processutils.py:468}}
Apr 16 02:36:48 devstack cinder-volume[83205]: WARNING cinder.volume.drivers.remotefs [None req-607cf02d-9918-48b7-b5eb-44b5c049b4ef tempest-GroupsV314Test-121767304 None] /opt/stack/data/cinder/mnt/cdde768132024dc95b932dbd4d24c229/volume-b1fd8d25-93d6-47ef-8840-74a8cc67e0e0.b4f679b5-c2d7-4c54-afd3-ce77cd40a868 is being set with open permissions: ugo+rw: NotImplementedError
Apr 16 02:36:48 devstack cinder-volume[83205]: DEBUG oslo_concurrency.processutils [None req-607cf02d-9918-48b7-b5eb-44b5c049b4ef tempest-GroupsV314Test-121767304 None] Running cmd (subprocess): sudo cinder-rootwrap /etc/cinder/rootwrap.conf chmod ugo+rw /opt/stack/data/cinder/mnt/cdde768132024dc95b932dbd4d24c229/volume-b1fd8d25-93d6-47ef-8840-74a8cc67e0e0.b4f679b5-c2d7-4c54-afd3-ce77cd40a868 {{(pid=83205) execute /opt/stack/data/venv/lib/python3.10/site-packages/oslo_concurrency/processutils.py:440}}
Apr 16 02:36:48 devstack sudo[84813]: quobyte : PWD=/ ; USER=root ; COMMAND=/opt/stack/data/venv/bin/cinder-rootwrap /etc/cinder/rootwrap.conf chmod ugo+rw /opt/stack/data/cinder/mnt/cdde768132024dc95b932dbd4d24c229/volume-b1fd8d25-93d6-47ef-8840-74a8cc67e0e0.b4f679b5-c2d7-4c54-afd3-ce77cd40a868
Apr 16 02:36:48 devstack sudo[84813]: pam_unix(sudo:session): session opened for user root(uid=0) by (uid=1000)
Apr 16 02:36:48 devstack sudo[84803]: pam_unix(sudo:session): session closed for user root
Apr 16 02:36:48 devstack cinder-volume[83205]: DEBUG oslo_concurrency.processutils [None req-594d5fb1-37cb-42e6-8baf-6bb2107707c5 tempest-GroupSnapshotsTest-1816305183 None] CMD "/opt/stack/data/venv/bin/python3.10 -m oslo_concurrency.prlimit --as=1073741824 --cpu=60 -- sudo cinder-rootwrap /etc/cinder/rootwrap.conf env LC_ALL=C qemu-img info -f qcow2 --output=json --force-share /opt/stack/data/cinder/mnt/cdde768132024dc95b932dbd4d24c229/volume-1a014a76-0512-41c9-8c29-f9661b1acf01" returned: 0 in 0.683s {{(pid=83205) execute /opt/stack/data/venv/lib/python3.10/site-packages/oslo_concurrency/processutils.py:468}}
Apr 16 02:36:48 devstack cinder-volume[83205]: DEBUG oslo_concurrency.processutils [None req-594d5fb1-37cb-42e6-8baf-6bb2107707c5 tempest-GroupSnapshotsTest-1816305183 None] Running cmd (subprocess): sudo cinder-rootwrap /etc/cinder/rootwrap.conf qemu-img commit -d /opt/stack/data/cinder/mnt/cdde768132024dc95b932dbd4d24c229/volume-1a014a76-0512-41c9-8c29-f9661b1acf01.b8749f57-37a0-47ad-a678-d45fbecef7e6 {{(pid=83205) execute /opt/stack/data/venv/lib/python3.10/site-packages/oslo_concurrency/processutils.py:440}}
Apr 16 02:36:48 devstack sudo[84819]: quobyte : PWD=/ ; USER=root ; COMMAND=/opt/stack/data/venv/bin/cinder-rootwrap /etc/cinder/rootwrap.conf qemu-img commit -d /opt/stack/data/cinder/mnt/cdde768132024dc95b932dbd4d24c229/volume-1a014a76-0512-41c9-8c29-f9661b1acf01.b8749f57-37a0-47ad-a678-d45fbecef7e6
Apr 16 02:36:48 devstack sudo[84819]: pam_unix(sudo:session): session opened for user root(uid=0) by (uid=1000)
Apr 16 02:36:48 devstack sudo[84813]: pam_unix(sudo:session): session closed for user root
Apr 16 02:36:48 devstack cinder-volume[83205]: DEBUG oslo_concurrency.processutils [None req-607cf02d-9918-48b7-b5eb-44b5c049b4ef tempest-GroupsV314Test-121767304 None] CMD "sudo cinder-rootwrap /etc/cinder/rootwrap.conf chmod ugo+rw /opt/stack/data/cinder/mnt/cdde768132024dc95b932dbd4d24c229/volume-b1fd8d25-93d6-47ef-8840-74a8cc67e0e0.b4f679b5-c2d7-4c54-afd3-ce77cd40a868" returned: 0 in 0.528s {{(pid=83205) execute /opt/stack/data/venv/lib/python3.10/site-packages/oslo_concurrency/processutils.py:468}}
Apr 16 02:36:48 devstack cinder-volume[83205]: DEBUG oslo_concurrency.processutils [None req-607cf02d-9918-48b7-b5eb-44b5c049b4ef tempest-GroupsV314Test-121767304 None] Running cmd (subprocess): sudo cinder-rootwrap /etc/cinder/rootwrap.conf truncate -s0 /opt/stack/data/cinder/mnt/cdde768132024dc95b932dbd4d24c229/volume-b1fd8d25-93d6-47ef-8840-74a8cc67e0e0.info {{(pid=83205) execute /opt/stack/data/venv/lib/python3.10/site-packages/oslo_concurrency/processutils.py:440}}
Apr 16 02:36:48 devstack sudo[84825]: quobyte : PWD=/ ; USER=root ; COMMAND=/opt/stack/data/venv/bin/cinder-rootwrap /etc/cinder/rootwrap.conf truncate -s0 /opt/stack/data/cinder/mnt/cdde768132024dc95b932dbd4d24c229/volume-b1fd8d25-93d6-47ef-8840-74a8cc67e0e0.info
Apr 16 02:36:48 devstack sudo[84825]: pam_unix(sudo:session): session opened for user root(uid=0) by (uid=1000)
Apr 16 02:36:48 devstack sudo[84819]: pam_unix(sudo:session): session closed for user root
Apr 16 02:36:48 devstack cinder-volume[83205]: DEBUG oslo_concurrency.processutils [None req-594d5fb1-37cb-42e6-8baf-6bb2107707c5 tempest-GroupSnapshotsTest-1816305183 None] CMD "sudo cinder-rootwrap /etc/cinder/rootwrap.conf qemu-img commit -d /opt/stack/data/cinder/mnt/cdde768132024dc95b932dbd4d24c229/volume-1a014a76-0512-41c9-8c29-f9661b1acf01.b8749f57-37a0-47ad-a678-d45fbecef7e6" returned: 0 in 0.586s {{(pid=83205) execute /opt/stack/data/venv/lib/python3.10/site-packages/oslo_concurrency/processutils.py:468}}
Apr 16 02:36:48 devstack cinder-volume[83205]: DEBUG oslo_concurrency.processutils [None req-594d5fb1-37cb-42e6-8baf-6bb2107707c5 tempest-GroupSnapshotsTest-1816305183 None] Running cmd (subprocess): sudo cinder-rootwrap /etc/cinder/rootwrap.conf rm -f /opt/stack/data/cinder/mnt/cdde768132024dc95b932dbd4d24c229/volume-1a014a76-0512-41c9-8c29-f9661b1acf01.b8749f57-37a0-47ad-a678-d45fbecef7e6 {{(pid=83205) execute /opt/stack/data/venv/lib/python3.10/site-packages/oslo_concurrency/processutils.py:440}}
Apr 16 02:36:48 devstack sudo[84830]: quobyte : PWD=/ ; USER=root ; COMMAND=/opt/stack/data/venv/bin/cinder-rootwrap /etc/cinder/rootwrap.conf rm -f /opt/stack/data/cinder/mnt/cdde768132024dc95b932dbd4d24c229/volume-1a014a76-0512-41c9-8c29-f9661b1acf01.b8749f57-37a0-47ad-a678-d45fbecef7e6
Apr 16 02:36:48 devstack sudo[84830]: pam_unix(sudo:session): session opened for user root(uid=0) by (uid=1000)
Apr 16 02:36:49 devstack sudo[84825]: pam_unix(sudo:session): session closed for user root
Apr 16 02:36:49 devstack cinder-volume[83205]: DEBUG oslo_concurrency.processutils [None req-607cf02d-9918-48b7-b5eb-44b5c049b4ef tempest-GroupsV314Test-121767304 None] CMD "sudo cinder-rootwrap /etc/cinder/rootwrap.conf truncate -s0 /opt/stack/data/cinder/mnt/cdde768132024dc95b932dbd4d24c229/volume-b1fd8d25-93d6-47ef-8840-74a8cc67e0e0.info" returned: 0 in 0.444s {{(pid=83205) execute /opt/stack/data/venv/lib/python3.10/site-packages/oslo_concurrency/processutils.py:468}}
