Apr 16 02:37:17 devstack cinder-volume[83205]: DEBUG oslo_concurrency.processutils [None req-7d5e1d0f-1201-480c-bba0-09e4c2127878 tempest-SnapshotsActionsTest-389848923 None] Running cmd (subprocess): /opt/stack/data/venv/bin/python3.10 -m oslo_concurrency.prlimit --as=1073741824 --cpu=60 -- sudo cinder-rootwrap /etc/cinder/rootwrap.conf env LC_ALL=C qemu-img info -f qcow2 --output=json --force-share /opt/stack/data/cinder/mnt/cdde768132024dc95b932dbd4d24c229/volume-23245e7d-28ac-4b4f-a73f-4d34f3c719cd {{(pid=83205) execute /opt/stack/data/venv/lib/python3.10/site-packages/oslo_concurrency/processutils.py:440}}
Apr 16 02:37:17 devstack sudo[85180]: quobyte : PWD=/ ; USER=root ; COMMAND=/opt/stack/data/venv/bin/cinder-rootwrap /etc/cinder/rootwrap.conf env LC_ALL=C qemu-img info -f qcow2 --output=json --force-share /opt/stack/data/cinder/mnt/cdde768132024dc95b932dbd4d24c229/volume-23245e7d-28ac-4b4f-a73f-4d34f3c719cd
Apr 16 02:37:17 devstack sudo[85180]: pam_unix(sudo:session): session opened for user root(uid=0) by (uid=1000)
Apr 16 02:37:18 devstack sudo[85180]: pam_unix(sudo:session): session closed for user root
Apr 16 02:37:18 devstack cinder-volume[83205]: DEBUG oslo_concurrency.processutils [None req-7d5e1d0f-1201-480c-bba0-09e4c2127878 tempest-SnapshotsActionsTest-389848923 None] CMD "/opt/stack/data/venv/bin/python3.10 -m oslo_concurrency.prlimit --as=1073741824 --cpu=60 -- sudo cinder-rootwrap /etc/cinder/rootwrap.conf env LC_ALL=C qemu-img info -f qcow2 --output=json --force-share /opt/stack/data/cinder/mnt/cdde768132024dc95b932dbd4d24c229/volume-23245e7d-28ac-4b4f-a73f-4d34f3c719cd" returned: 0 in 0.661s {{(pid=83205) execute /opt/stack/data/venv/lib/python3.10/site-packages/oslo_concurrency/processutils.py:468}}
Apr 16 02:37:18 devstack cinder-volume[83205]: DEBUG oslo_concurrency.processutils [None req-7d5e1d0f-1201-480c-bba0-09e4c2127878 tempest-SnapshotsActionsTest-389848923 None] Running cmd (subprocess): sudo cinder-rootwrap /etc/cinder/rootwrap.conf qemu-img create -f qcow2 -o backing_file=/opt/stack/data/cinder/mnt/cdde768132024dc95b932dbd4d24c229/volume-23245e7d-28ac-4b4f-a73f-4d34f3c719cd,backing_fmt=qcow2 /opt/stack/data/cinder/mnt/cdde768132024dc95b932dbd4d24c229/volume-23245e7d-28ac-4b4f-a73f-4d34f3c719cd.123ceb5b-dc2f-426e-8c09-66bc808ca33f 1G {{(pid=83205) execute /opt/stack/data/venv/lib/python3.10/site-packages/oslo_concurrency/processutils.py:440}}
Apr 16 02:37:18 devstack sudo[85185]: quobyte : PWD=/ ; USER=root ; COMMAND=/opt/stack/data/venv/bin/cinder-rootwrap /etc/cinder/rootwrap.conf qemu-img create -f qcow2 -o backing_file=/opt/stack/data/cinder/mnt/cdde768132024dc95b932dbd4d24c229/volume-23245e7d-28ac-4b4f-a73f-4d34f3c719cd,backing_fmt=qcow2 /opt/stack/data/cinder/mnt/cdde768132024dc95b932dbd4d24c229/volume-23245e7d-28ac-4b4f-a73f-4d34f3c719cd.123ceb5b-dc2f-426e-8c09-66bc808ca33f 1G
Apr 16 02:37:18 devstack sudo[85185]: pam_unix(sudo:session): session opened for user root(uid=0) by (uid=1000)
Apr 16 02:37:18 devstack sudo[85185]: pam_unix(sudo:session): session closed for user root
Apr 16 02:37:18 devstack cinder-volume[83205]: DEBUG oslo_concurrency.processutils [None req-7d5e1d0f-1201-480c-bba0-09e4c2127878 tempest-SnapshotsActionsTest-389848923 None] CMD "sudo cinder-rootwrap /etc/cinder/rootwrap.conf qemu-img create -f qcow2 -o backing_file=/opt/stack/data/cinder/mnt/cdde768132024dc95b932dbd4d24c229/volume-23245e7d-28ac-4b4f-a73f-4d34f3c719cd,backing_fmt=qcow2 /opt/stack/data/cinder/mnt/cdde768132024dc95b932dbd4d24c229/volume-23245e7d-28ac-4b4f-a73f-4d34f3c719cd.123ceb5b-dc2f-426e-8c09-66bc808ca33f 1G" returned: 0 in 0.682s {{(pid=83205) execute /opt/stack/data/venv/lib/python3.10/site-packages/oslo_concurrency/processutils.py:468}}
Apr 16 02:37:18 devstack cinder-volume[83205]: DEBUG oslo_concurrency.processutils [None req-7d5e1d0f-1201-480c-bba0-09e4c2127878 tempest-SnapshotsActionsTest-389848923 None] Running cmd (subprocess): sudo cinder-rootwrap /etc/cinder/rootwrap.conf qemu-img rebase -u -b volume-23245e7d-28ac-4b4f-a73f-4d34f3c719cd -F qcow2 /opt/stack/data/cinder/mnt/cdde768132024dc95b932dbd4d24c229/volume-23245e7d-28ac-4b4f-a73f-4d34f3c719cd.123ceb5b-dc2f-426e-8c09-66bc808ca33f {{(pid=83205) execute /opt/stack/data/venv/lib/python3.10/site-packages/oslo_concurrency/processutils.py:440}}
Apr 16 02:37:18 devstack sudo[85190]: quobyte : PWD=/ ; USER=root ; COMMAND=/opt/stack/data/venv/bin/cinder-rootwrap /etc/cinder/rootwrap.conf qemu-img rebase -u -b volume-23245e7d-28ac-4b4f-a73f-4d34f3c719cd -F qcow2 /opt/stack/data/cinder/mnt/cdde768132024dc95b932dbd4d24c229/volume-23245e7d-28ac-4b4f-a73f-4d34f3c719cd.123ceb5b-dc2f-426e-8c09-66bc808ca33f
Apr 16 02:37:18 devstack sudo[85190]: pam_unix(sudo:session): session opened for user root(uid=0) by (uid=1000)
Apr 16 02:37:19 devstack sudo[85190]: pam_unix(sudo:session): session closed for user root
Apr 16 02:37:19 devstack cinder-volume[83205]: DEBUG oslo_concurrency.processutils [None req-7d5e1d0f-1201-480c-bba0-09e4c2127878 tempest-SnapshotsActionsTest-389848923 None] CMD "sudo cinder-rootwrap /etc/cinder/rootwrap.conf qemu-img rebase -u -b volume-23245e7d-28ac-4b4f-a73f-4d34f3c719cd -F qcow2 /opt/stack/data/cinder/mnt/cdde768132024dc95b932dbd4d24c229/volume-23245e7d-28ac-4b4f-a73f-4d34f3c719cd.123ceb5b-dc2f-426e-8c09-66bc808ca33f" returned: 0 in 0.681s {{(pid=83205) execute /opt/stack/data/venv/lib/python3.10/site-packages/oslo_concurrency/processutils.py:468}}
Apr 16 02:37:19 devstack cinder-volume[83205]: WARNING cinder.volume.drivers.remotefs [None req-7d5e1d0f-1201-480c-bba0-09e4c2127878 tempest-SnapshotsActionsTest-389848923 None] /opt/stack/data/cinder/mnt/cdde768132024dc95b932dbd4d24c229/volume-23245e7d-28ac-4b4f-a73f-4d34f3c719cd.123ceb5b-dc2f-426e-8c09-66bc808ca33f is being set with open permissions: ugo+rw
Apr 16 02:37:19 devstack cinder-volume[83205]: DEBUG oslo_concurrency.processutils [None req-7d5e1d0f-1201-480c-bba0-09e4c2127878 tempest-SnapshotsActionsTest-389848923 None] Running cmd (subprocess): sudo cinder-rootwrap /etc/cinder/rootwrap.conf chmod ugo+rw /opt/stack/data/cinder/mnt/cdde768132024dc95b932dbd4d24c229/volume-23245e7d-28ac-4b4f-a73f-4d34f3c719cd.123ceb5b-dc2f-426e-8c09-66bc808ca33f {{(pid=83205) execute /opt/stack/data/venv/lib/python3.10/site-packages/oslo_concurrency/processutils.py:440}}
Apr 16 02:37:19 devstack sudo[85199]: quobyte : PWD=/ ; USER=root ; COMMAND=/opt/stack/data/venv/bin/cinder-rootwrap /etc/cinder/rootwrap.conf chmod ugo+rw /opt/stack/data/cinder/mnt/cdde768132024dc95b932dbd4d24c229/volume-23245e7d-28ac-4b4f-a73f-4d34f3c719cd.123ceb5b-dc2f-426e-8c09-66bc808ca33f
Apr 16 02:37:19 devstack sudo[85199]: pam_unix(sudo:session): session opened for user root(uid=0) by (uid=1000)
Apr 16 02:37:20 devstack sudo[85199]: pam_unix(sudo:session): session closed for user root
Apr 16 02:37:20 devstack cinder-volume[83205]: DEBUG oslo_concurrency.processutils [None req-7d5e1d0f-1201-480c-bba0-09e4c2127878 tempest-SnapshotsActionsTest-389848923 None] CMD "sudo cinder-rootwrap /etc/cinder/rootwrap.conf chmod ugo+rw /opt/stack/data/cinder/mnt/cdde768132024dc95b932dbd4d24c229/volume-23245e7d-28ac-4b4f-a73f-4d34f3c719cd.123ceb5b-dc2f-426e-8c09-66bc808ca33f" returned: 0 in 0.978s {{(pid=83205) execute /opt/stack/data/venv/lib/python3.10/site-packages/oslo_concurrency/processutils.py:468}}
Apr 16 02:37:20 devstack cinder-volume[83205]: DEBUG oslo_concurrency.processutils [None req-7d5e1d0f-1201-480c-bba0-09e4c2127878 tempest-SnapshotsActionsTest-389848923 None] Running cmd (subprocess): sudo cinder-rootwrap /etc/cinder/rootwrap.conf truncate -s0 /opt/stack/data/cinder/mnt/cdde768132024dc95b932dbd4d24c229/volume-23245e7d-28ac-4b4f-a73f-4d34f3c719cd.info {{(pid=83205) execute /opt/stack/data/venv/lib/python3.10/site-packages/oslo_concurrency/processutils.py:440}}
Apr 16 02:37:20 devstack sudo[85204]: quobyte : PWD=/ ; USER=root ; COMMAND=/opt/stack/data/venv/bin/cinder-rootwrap /etc/cinder/rootwrap.conf truncate -s0 /opt/stack/data/cinder/mnt/cdde768132024dc95b932dbd4d24c229/volume-23245e7d-28ac-4b4f-a73f-4d34f3c719cd.info
Apr 16 02:37:20 devstack sudo[85204]: pam_unix(sudo:session): session opened for user root(uid=0) by (uid=1000)
Apr 16 02:37:21 devstack cinder-volume[83205]: INFO cinder.volume.manager [None req-500e0b72-734b-4357-80fd-7c0d6b4a6bec tempest-GroupsV320Test-1120676624 None] Group tempest-GroupsV320Test-Group-265018582: creating
Apr 16 02:37:21 devstack sudo[85204]: pam_unix(sudo:session): session closed for user root
Apr 16 02:37:21 devstack cinder-volume[83205]: DEBUG oslo_concurrency.processutils [None req-7d5e1d0f-1201-480c-bba0-09e4c2127878 tempest-SnapshotsActionsTest-389848923 None] CMD "sudo cinder-rootwrap /etc/cinder/rootwrap.conf truncate -s0 /opt/stack/data/cinder/mnt/cdde768132024dc95b932dbd4d24c229/volume-23245e7d-28ac-4b4f-a73f-4d34f3c719cd.info" returned: 0 in 1.024s {{(pid=83205) execute /opt/stack/data/venv/lib/python3.10/site-packages/oslo_concurrency/processutils.py:468}}
Apr 16 02:37:21 devstack cinder-volume[83205]: WARNING cinder.volume.drivers.remotefs [None req-7d5e1d0f-1201-480c-bba0-09e4c2127878 tempest-SnapshotsActionsTest-389848923 None] /opt/stack/data/cinder/mnt/cdde768132024dc95b932dbd4d24c229/volume-23245e7d-28ac-4b4f-a73f-4d34f3c719cd.info is being set with open permissions: ugo+rw
Apr 16 02:37:21 devstack cinder-volume[83205]: DEBUG oslo_concurrency.processutils [None req-7d5e1d0f-1201-480c-bba0-09e4c2127878 tempest-SnapshotsActionsTest-389848923 None] Running cmd (subprocess): sudo cinder-rootwrap /etc/cinder/rootwrap.conf chmod ugo+rw /opt/stack/data/cinder/mnt/cdde768132024dc95b932dbd4d24c229/volume-23245e7d-28ac-4b4f-a73f-4d34f3c719cd.info {{(pid=83205) execute /opt/stack/data/venv/lib/python3.10/site-packages/oslo_concurrency/processutils.py:440}}
Apr 16 02:37:21 devstack cinder-volume[83205]: INFO cinder.volume.manager [None req-500e0b72-734b-4357-80fd-7c0d6b4a6bec tempest-GroupsV320Test-1120676624 None] Group tempest-GroupsV320Test-Group-265018582: created successfully
Apr 16 02:37:21 devstack sudo[85208]: quobyte : PWD=/ ; USER=root ; COMMAND=/opt/stack/data/venv/bin/cinder-rootwrap /etc/cinder/rootwrap.conf chmod ugo+rw /opt/stack/data/cinder/mnt/cdde768132024dc95b932dbd4d24c229/volume-23245e7d-28ac-4b4f-a73f-4d34f3c719cd.info
Apr 16 02:37:21 devstack sudo[85208]: pam_unix(sudo:session): session opened for user root(uid=0) by (uid=1000)
Apr 16 02:37:21 devstack cinder-volume[83205]: INFO cinder.volume.manager [None req-500e0b72-734b-4357-80fd-7c0d6b4a6bec tempest-GroupsV320Test-1120676624 None] Create group completed successfully.
Apr 16 02:37:22 devstack sudo[85208]: pam_unix(sudo:session): session closed for user root
Apr 16 02:37:22 devstack cinder-volume[83205]: DEBUG oslo_concurrency.processutils [None req-7d5e1d0f-1201-480c-bba0-09e4c2127878 tempest-SnapshotsActionsTest-389848923 None] CMD "sudo cinder-rootwrap /etc/cinder/rootwrap.conf chmod ugo+rw /opt/stack/data/cinder/mnt/cdde768132024dc95b932dbd4d24c229/volume-23245e7d-28ac-4b4f-a73f-4d34f3c719cd.info" returned: 0 in 0.916s {{(pid=83205) execute /opt/stack/data/venv/lib/python3.10/site-packages/oslo_concurrency/processutils.py:468}}
Apr 16 02:37:22 devstack cinder-volume[83205]: DEBUG oslo_concurrency.lockutils [None req-7d5e1d0f-1201-480c-bba0-09e4c2127878 tempest-SnapshotsActionsTest-389848923 None] Lock "quobyte" "released" by "cinder.volume.drivers.quobyte.QuobyteDriver.create_snapshot" :: held 5.035s {{(pid=83205) inner /opt/stack/data/venv/lib/python3.10/site-packages/oslo_concurrency/lockutils.py:538}}
Apr 16 02:37:22 devstack cinder-volume[83205]: INFO cinder.volume.manager [None req-7d5e1d0f-1201-480c-bba0-09e4c2127878 tempest-SnapshotsActionsTest-389848923 None] Create snapshot completed successfully
Apr 16 02:37:23 devstack cinder-volume[83205]: DEBUG oslo_concurrency.lockutils [None req-7302aefa-b267-4dec-8a85-c77a85b2675c tempest-SnapshotsActionsTest-389848923 None] Acquiring lock "quobyte" by "cinder.volume.drivers.quobyte.QuobyteDriver.create_snapshot" {{(pid=83205) inner /opt/stack/data/venv/lib/python3.10/site-packages/oslo_concurrency/lockutils.py:506}}
Apr 16 02:37:23 devstack cinder-volume[83205]: DEBUG oslo_concurrency.lockutils [None req-7302aefa-b267-4dec-8a85-c77a85b2675c tempest-SnapshotsActionsTest-389848923 None] Lock "quobyte" acquired by "cinder.volume.drivers.quobyte.QuobyteDriver.create_snapshot" :: waited 0.001s {{(pid=83205) inner /opt/stack/data/venv/lib/python3.10/site-packages/oslo_concurrency/lockutils.py:519}}
Apr 16 02:37:23 devstack cinder-volume[83205]: DEBUG cinder.volume.drivers.remotefs [None req-7302aefa-b267-4dec-8a85-c77a85b2675c tempest-SnapshotsActionsTest-389848923 None] Creating offline snapshot 26df9720-d0f0-4615-861a-2e03ab2a1f84 of volume 23245e7d-28ac-4b4f-a73f-4d34f3c719cd {{(pid=83205) _create_snapshot /opt/stack/cinder/cinder/volume/drivers/remotefs.py:1816}}
Apr 16 02:37:23 devstack cinder-volume[83205]: DEBUG oslo.privsep.daemon [-] privsep: reply[8ada4867-3351-4fce-a7cd-f0ed36803c4f]: (4, 'qcow2') {{(pid=84115) _call_back /opt/stack/data/venv/lib/python3.10/site-packages/oslo_privsep/daemon.py:573}}
Apr 16 02:37:23 devstack cinder-volume[83205]: DEBUG oslo_concurrency.processutils [None req-7302aefa-b267-4dec-8a85-c77a85b2675c tempest-SnapshotsActionsTest-389848923 None] Running cmd (subprocess): /opt/stack/data/venv/bin/python3.10 -m oslo_concurrency.prlimit --as=1073741824 --cpu=60 -- sudo cinder-rootwrap /etc/cinder/rootwrap.conf env LC_ALL=C qemu-img info -f qcow2 --output=json --force-share /opt/stack/data/cinder/mnt/cdde768132024dc95b932dbd4d24c229/volume-23245e7d-28ac-4b4f-a73f-4d34f3c719cd.123ceb5b-dc2f-426e-8c09-66bc808ca33f {{(pid=83205) execute /opt/stack/data/venv/lib/python3.10/site-packages/oslo_concurrency/processutils.py:440}}
Apr 16 02:37:23 devstack sudo[85252]: quobyte : PWD=/ ; USER=root ; COMMAND=/opt/stack/data/venv/bin/cinder-rootwrap /etc/cinder/rootwrap.conf env LC_ALL=C qemu-img info -f qcow2 --output=json --force-share /opt/stack/data/cinder/mnt/cdde768132024dc95b932dbd4d24c229/volume-23245e7d-28ac-4b4f-a73f-4d34f3c719cd.123ceb5b-dc2f-426e-8c09-66bc808ca33f
Apr 16 02:37:23 devstack sudo[85252]: pam_unix(sudo:session): session opened for user root(uid=0) by (uid=1000)
Apr 16 02:37:23 devstack cinder-volume[83205]: DEBUG cinder.quota [None req-8dcf963e-250b-4150-a9cd-e14497cc2d68 tempest-GroupsV320Test-1120676624 None] Created reservations ['91f819a8-84f0-4edd-af5d-3776d4fa0cd5'] {{(pid=83205) reserve /opt/stack/cinder/cinder/quota.py:752}}
Apr 16 02:37:23 devstack cinder-volume[83205]: DEBUG oslo_concurrency.lockutils [None req-8dcf963e-250b-4150-a9cd-e14497cc2d68 tempest-GroupsV320Test-1120676624 None] Acquiring lock "quobyte_ensure" by "cinder.volume.drivers.quobyte.QuobyteDriver._ensure_shares_mounted" {{(pid=83205) inner /opt/stack/data/venv/lib/python3.10/site-packages/oslo_concurrency/lockutils.py:506}}
Apr 16 02:37:23 devstack cinder-volume[83205]: DEBUG oslo_concurrency.lockutils [None req-8dcf963e-250b-4150-a9cd-e14497cc2d68 tempest-GroupsV320Test-1120676624 None] Lock "quobyte_ensure" acquired by "cinder.volume.drivers.quobyte.QuobyteDriver._ensure_shares_mounted" :: waited 0.002s {{(pid=83205) inner /opt/stack/data/venv/lib/python3.10/site-packages/oslo_concurrency/lockutils.py:519}}
Apr 16 02:37:23 devstack cinder-volume[83205]: DEBUG cinder.volume.drivers.quobyte [None req-8dcf963e-250b-4150-a9cd-e14497cc2d68 tempest-GroupsV320Test-1120676624 None] Quobyte Volume URL set to: {'osci02.corp.quobyte.com/cinder-vol-c938db44-a0df-4687-abed-b637e76e64f5': None} {{(pid=83205) _load_shares_config /opt/stack/cinder/cinder/volume/drivers/quobyte.py:617}}
Apr 16 02:37:23 devstack cinder-volume[83205]: DEBUG cinder.volume.drivers.quobyte [None req-8dcf963e-250b-4150-a9cd-e14497cc2d68 tempest-GroupsV320Test-1120676624 None] Available shares ['osci02.corp.quobyte.com/cinder-vol-c938db44-a0df-4687-abed-b637e76e64f5'] {{(pid=83205) _ensure_shares_mounted /opt/stack/cinder/cinder/volume/drivers/quobyte.py:647}}
Apr 16 02:37:23 devstack cinder-volume[83205]: DEBUG oslo_concurrency.lockutils [None req-8dcf963e-250b-4150-a9cd-e14497cc2d68 tempest-GroupsV320Test-1120676624 None] Lock "quobyte_ensure" "released" by "cinder.volume.drivers.quobyte.QuobyteDriver._ensure_shares_mounted" :: held 0.008s {{(pid=83205) inner /opt/stack/data/venv/lib/python3.10/site-packages/oslo_concurrency/lockutils.py:538}}
Apr 16 02:37:23 devstack cinder-volume[83205]: DEBUG oslo_concurrency.processutils [None req-8dcf963e-250b-4150-a9cd-e14497cc2d68 tempest-GroupsV320Test-1120676624 None] Running cmd (subprocess): sudo cinder-rootwrap /etc/cinder/rootwrap.conf df --portability --block-size 1 /opt/stack/data/cinder/mnt/cdde768132024dc95b932dbd4d24c229 {{(pid=83205) execute /opt/stack/data/venv/lib/python3.10/site-packages/oslo_concurrency/processutils.py:440}}
Apr 16 02:37:23 devstack sudo[85258]: quobyte : PWD=/ ; USER=root ; COMMAND=/opt/stack/data/venv/bin/cinder-rootwrap /etc/cinder/rootwrap.conf df --portability --block-size 1 /opt/stack/data/cinder/mnt/cdde768132024dc95b932dbd4d24c229
Apr 16 02:37:23 devstack sudo[85258]: pam_unix(sudo:session): session opened for user root(uid=0) by (uid=1000)
Apr 16 02:37:24 devstack sudo[85252]: pam_unix(sudo:session): session closed for user root
Apr 16 02:37:24 devstack cinder-volume[83205]: DEBUG oslo_concurrency.processutils [None req-7302aefa-b267-4dec-8a85-c77a85b2675c tempest-SnapshotsActionsTest-389848923 None] CMD "/opt/stack/data/venv/bin/python3.10 -m oslo_concurrency.prlimit --as=1073741824 --cpu=60 -- sudo cinder-rootwrap /etc/cinder/rootwrap.conf env LC_ALL=C qemu-img info -f qcow2 --output=json --force-share /opt/stack/data/cinder/mnt/cdde768132024dc95b932dbd4d24c229/volume-23245e7d-28ac-4b4f-a73f-4d34f3c719cd.123ceb5b-dc2f-426e-8c09-66bc808ca33f" returned: 0 in 0.671s {{(pid=83205) execute /opt/stack/data/venv/lib/python3.10/site-packages/oslo_concurrency/processutils.py:468}}
Apr 16 02:37:24 devstack cinder-volume[83205]: DEBUG cinder.volume.drivers.remotefs [None req-7302aefa-b267-4dec-8a85-c77a85b2675c tempest-SnapshotsActionsTest-389848923 None] Fetching qemu-img info with special backing_file_template: (/opt/stack/data/cinder/mnt/[0-9a-f]+/)?(volume-23245e7d-28ac-4b4f-a73f-4d34f3c719cd(.(tmp-snap-)?[0-9a-f-]+)?|volume_from_snapshot_cache/(tmp-snap-)?[0-9a-f-]+(.(child-|parent-)[0-9a-f-]+)?)$ {{(pid=83205) _qemu_img_info_base /opt/stack/cinder/cinder/volume/drivers/remotefs.py:896}}
Apr 16 02:37:24 devstack cinder-volume[83205]: DEBUG oslo_concurrency.processutils [None req-7302aefa-b267-4dec-8a85-c77a85b2675c tempest-SnapshotsActionsTest-389848923 None] Running cmd (subprocess): sudo cinder-rootwrap /etc/cinder/rootwrap.conf qemu-img create -f qcow2 -o backing_file=/opt/stack/data/cinder/mnt/cdde768132024dc95b932dbd4d24c229/volume-23245e7d-28ac-4b4f-a73f-4d34f3c719cd.123ceb5b-dc2f-426e-8c09-66bc808ca33f,backing_fmt=qcow2 /opt/stack/data/cinder/mnt/cdde768132024dc95b932dbd4d24c229/volume-23245e7d-28ac-4b4f-a73f-4d34f3c719cd.26df9720-d0f0-4615-861a-2e03ab2a1f84 1G {{(pid=83205) execute /opt/stack/data/venv/lib/python3.10/site-packages/oslo_concurrency/processutils.py:440}}
Apr 16 02:37:24 devstack sudo[85266]: quobyte : PWD=/ ; USER=root ; COMMAND=/opt/stack/data/venv/bin/cinder-rootwrap /etc/cinder/rootwrap.conf qemu-img create -f qcow2 -o backing_file=/opt/stack/data/cinder/mnt/cdde768132024dc95b932dbd4d24c229/volume-23245e7d-28ac-4b4f-a73f-4d34f3c719cd.123ceb5b-dc2f-426e-8c09-66bc808ca33f,backing_fmt=qcow2 /opt/stack/data/cinder/mnt/cdde768132024dc95b932dbd4d24c229/volume-23245e7d-28ac-4b4f-a73f-4d34f3c719cd.26df9720-d0f0-4615-861a-2e03ab2a1f84 1G
Apr 16 02:37:24 devstack sudo[85266]: pam_unix(sudo:session): session opened for user root(uid=0) by (uid=1000)
Apr 16 02:37:24 devstack sudo[85258]: pam_unix(sudo:session): session closed for user root
Apr 16 02:37:24 devstack cinder-volume[83205]: DEBUG oslo_concurrency.processutils [None req-8dcf963e-250b-4150-a9cd-e14497cc2d68 tempest-GroupsV320Test-1120676624 None] CMD "sudo cinder-rootwrap /etc/cinder/rootwrap.conf df --portability --block-size 1 /opt/stack/data/cinder/mnt/cdde768132024dc95b932dbd4d24c229" returned: 0 in 0.624s {{(pid=83205) execute /opt/stack/data/venv/lib/python3.10/site-packages/oslo_concurrency/processutils.py:468}}
Apr 16 02:37:24 devstack cinder-volume[83205]: DEBUG cinder.manager [None req-8dcf963e-250b-4150-a9cd-e14497cc2d68 tempest-GroupsV320Test-1120676624 None] Notifying Schedulers of capabilities ... {{(pid=83205) _publish_service_capabilities /opt/stack/cinder/cinder/manager.py:202}}
Apr 16 02:37:24 devstack cinder-volume[83205]: INFO cinder.volume.manager [None req-8dcf963e-250b-4150-a9cd-e14497cc2d68 tempest-GroupsV320Test-1120676624 None] Delete group completed successfully.
Apr 16 02:37:24 devstack sudo[85266]: pam_unix(sudo:session): session closed for user root
Apr 16 02:37:24 devstack cinder-volume[83205]: DEBUG oslo_concurrency.processutils [None req-7302aefa-b267-4dec-8a85-c77a85b2675c tempest-SnapshotsActionsTest-389848923 None] CMD "sudo cinder-rootwrap /etc/cinder/rootwrap.conf qemu-img create -f qcow2 -o backing_file=/opt/stack/data/cinder/mnt/cdde768132024dc95b932dbd4d24c229/volume-23245e7d-28ac-4b4f-a73f-4d34f3c719cd.123ceb5b-dc2f-426e-8c09-66bc808ca33f,backing_fmt=qcow2 /opt/stack/data/cinder/mnt/cdde768132024dc95b932dbd4d24c229/volume-23245e7d-28ac-4b4f-a73f-4d34f3c719cd.26df9720-d0f0-4615-861a-2e03ab2a1f84 1G" returned: 0 in 0.678s {{(pid=83205) execute /opt/stack/data/venv/lib/python3.10/site-packages/oslo_concurrency/processutils.py:468}}
Apr 16 02:37:24 devstack cinder-volume[83205]: DEBUG oslo_concurrency.processutils [None req-7302aefa-b267-4dec-8a85-c77a85b2675c tempest-SnapshotsActionsTest-389848923 None] Running cmd (subprocess): sudo cinder-rootwrap /etc/cinder/rootwrap.conf qemu-img rebase -u -b volume-23245e7d-28ac-4b4f-a73f-4d34f3c719cd.123ceb5b-dc2f-426e-8c09-66bc808ca33f -F qcow2 /opt/stack/data/cinder/mnt/cdde768132024dc95b932dbd4d24c229/volume-23245e7d-28ac-4b4f-a73f-4d34f3c719cd.26df9720-d0f0-4615-861a-2e03ab2a1f84 {{(pid=83205) execute /opt/stack/data/venv/lib/python3.10/site-packages/oslo_concurrency/processutils.py:440}}
Apr 16 02:37:24 devstack sudo[85274]: quobyte : PWD=/ ; USER=root ; COMMAND=/opt/stack/data/venv/bin/cinder-rootwrap /etc/cinder/rootwrap.conf qemu-img rebase -u -b volume-23245e7d-28ac-4b4f-a73f-4d34f3c719cd.123ceb5b-dc2f-426e-8c09-66bc808ca33f -F qcow2 /opt/stack/data/cinder/mnt/cdde768132024dc95b932dbd4d24c229/volume-23245e7d-28ac-4b4f-a73f-4d34f3c719cd.26df9720-d0f0-4615-861a-2e03ab2a1f84
Apr 16 02:37:24 devstack sudo[85274]: pam_unix(sudo:session): session opened for user root(uid=0) by (uid=1000)
Apr 16 02:37:25 devstack sudo[85274]: pam_unix(sudo:session): session closed for user root
Apr 16 02:37:25 devstack cinder-volume[83205]: DEBUG oslo_concurrency.processutils [None req-7302aefa-b267-4dec-8a85-c77a85b2675c tempest-SnapshotsActionsTest-389848923 None] CMD "sudo cinder-rootwrap /etc/cinder/rootwrap.conf qemu-img rebase -u -b volume-23245e7d-28ac-4b4f-a73f-4d34f3c719cd.123ceb5b-dc2f-426e-8c09-66bc808ca33f -F qcow2 /opt/stack/data/cinder/mnt/cdde768132024dc95b932dbd4d24c229/volume-23245e7d-28ac-4b4f-a73f-4d34f3c719cd.26df9720-d0f0-4615-861a-2e03ab2a1f84" returned: 0 in 0.660s {{(pid=83205) execute /opt/stack/data/venv/lib/python3.10/site-packages/oslo_concurrency/processutils.py:468}}
Apr 16 02:37:25 devstack cinder-volume[83205]: WARNING cinder.volume.drivers.remotefs [None req-7302aefa-b267-4dec-8a85-c77a85b2675c tempest-SnapshotsActionsTest-389848923 None] /opt/stack/data/cinder/mnt/cdde768132024dc95b932dbd4d24c229/volume-23245e7d-28ac-4b4f-a73f-4d34f3c719cd.26df9720-d0f0-4615-861a-2e03ab2a1f84 is being set with open permissions: ugo+rw
Apr 16 02:37:25 devstack cinder-volume[83205]: DEBUG oslo_concurrency.processutils [None req-7302aefa-b267-4dec-8a85-c77a85b2675c tempest-SnapshotsActionsTest-389848923 None] Running cmd (subprocess): sudo cinder-rootwrap /etc/cinder/rootwrap.conf chmod ugo+rw /opt/stack/data/cinder/mnt/cdde768132024dc95b932dbd4d24c229/volume-23245e7d-28ac-4b4f-a73f-4d34f3c719cd.26df9720-d0f0-4615-861a-2e03ab2a1f84 {{(pid=83205) execute /opt/stack/data/venv/lib/python3.10/site-packages/oslo_concurrency/processutils.py:440}}
Apr 16 02:37:25 devstack sudo[85287]: quobyte : PWD=/ ; USER=root ; COMMAND=/opt/stack/data/venv/bin/cinder-rootwrap /etc/cinder/rootwrap.conf chmod ugo+rw /opt/stack/data/cinder/mnt/cdde768132024dc95b932dbd4d24c229/volume-23245e7d-28ac-4b4f-a73f-4d34f3c719cd.26df9720-d0f0-4615-861a-2e03ab2a1f84
Apr 16 02:37:25 devstack sudo[85287]: pam_unix(sudo:session): session opened for user root(uid=0) by (uid=1000)
Apr 16 02:37:26 devstack sudo[85287]: pam_unix(sudo:session): session closed for user root
Apr 16 02:37:26 devstack cinder-volume[83205]: DEBUG oslo_concurrency.processutils [None req-7302aefa-b267-4dec-8a85-c77a85b2675c tempest-SnapshotsActionsTest-389848923 None] CMD "sudo cinder-rootwrap /etc/cinder/rootwrap.conf chmod ugo+rw /opt/stack/data/cinder/mnt/cdde768132024dc95b932dbd4d24c229/volume-23245e7d-28ac-4b4f-a73f-4d34f3c719cd.26df9720-d0f0-4615-861a-2e03ab2a1f84" returned: 0 in 0.677s {{(pid=83205) execute /opt/stack/data/venv/lib/python3.10/site-packages/oslo_concurrency/processutils.py:468}}
Apr 16 02:37:26 devstack cinder-volume[83205]: DEBUG oslo_concurrency.lockutils [None req-7302aefa-b267-4dec-8a85-c77a85b2675c tempest-SnapshotsActionsTest-389848923 None] Lock "quobyte" "released" by "cinder.volume.drivers.quobyte.QuobyteDriver.create_snapshot" :: held 2.799s {{(pid=83205) inner /opt/stack/data/venv/lib/python3.10/site-packages/oslo_concurrency/lockutils.py:538}}
Apr 16 02:37:26 devstack cinder-volume[83205]: INFO cinder.volume.manager [None req-7302aefa-b267-4dec-8a85-c77a85b2675c tempest-SnapshotsActionsTest-389848923 None] Create snapshot completed successfully
Apr 16 02:37:26 devstack cinder-volume[83205]: DEBUG cinder.coordination [None req-a84ea6a1-ea06-4966-8d37-30b763985333 tempest-SnapshotsActionsTest-403963739 None] Acquiring lock "cinder-26df9720-d0f0-4615-861a-2e03ab2a1f84-delete_snapshot" by "delete_snapshot" {{(pid=83205) __acquire /opt/stack/cinder/cinder/coordination.py:138}}
Apr 16 02:37:26 devstack cinder-volume[83205]: DEBUG cinder.coordination [None req-a84ea6a1-ea06-4966-8d37-30b763985333 tempest-SnapshotsActionsTest-403963739 None] Lock "cinder-26df9720-d0f0-4615-861a-2e03ab2a1f84-delete_snapshot" acquired by "delete_snapshot" :: waited 0.022s {{(pid=83205) __acquire /opt/stack/cinder/cinder/coordination.py:141}}
Apr 16 02:37:26 devstack cinder-volume[83205]: DEBUG cinder.coordination [None req-a84ea6a1-ea06-4966-8d37-30b763985333 tempest-SnapshotsActionsTest-403963739 None] Acquiring lock "cinder-quobyte-23245e7d-28ac-4b4f-a73f-4d34f3c719cd" by "delete_snapshot" {{(pid=83205) __acquire /opt/stack/cinder/cinder/coordination.py:138}}
Apr 16 02:37:26 devstack cinder-volume[83205]: DEBUG cinder.coordination [None req-a84ea6a1-ea06-4966-8d37-30b763985333 tempest-SnapshotsActionsTest-403963739 None] Lock "cinder-quobyte-23245e7d-28ac-4b4f-a73f-4d34f3c719cd" acquired by "delete_snapshot" :: waited 0.011s {{(pid=83205) __acquire /opt/stack/cinder/cinder/coordination.py:141}}
Apr 16 02:37:26 devstack cinder-volume[83205]: DEBUG cinder.coordination [None req-a84ea6a1-ea06-4966-8d37-30b763985333 tempest-SnapshotsActionsTest-403963739 None] Acquiring lock "cinder-quobyte-26df9720-d0f0-4615-861a-2e03ab2a1f84" by "_delete_snapshot" {{(pid=83205) __acquire /opt/stack/cinder/cinder/coordination.py:138}}
Apr 16 02:37:26 devstack cinder-volume[83205]: DEBUG cinder.coordination [None req-a84ea6a1-ea06-4966-8d37-30b763985333 tempest-SnapshotsActionsTest-403963739 None] Lock "cinder-quobyte-26df9720-d0f0-4615-861a-2e03ab2a1f84" acquired by "_delete_snapshot" :: waited 0.016s {{(pid=83205) __acquire /opt/stack/cinder/cinder/coordination.py:141}}
Apr 16 02:37:26 devstack cinder-volume[83205]: DEBUG cinder.volume.drivers.remotefs [None req-a84ea6a1-ea06-4966-8d37-30b763985333 tempest-SnapshotsActionsTest-403963739 None] Deleting offline snapshot 26df9720-d0f0-4615-861a-2e03ab2a1f84 of volume 23245e7d-28ac-4b4f-a73f-4d34f3c719cd {{(pid=83205) _delete_snapshot /opt/stack/cinder/cinder/volume/drivers/remotefs.py:1288}}
Apr 16 02:37:26 devstack cinder-volume[83205]: DEBUG cinder.volume.drivers.remotefs [None req-a84ea6a1-ea06-4966-8d37-30b763985333 tempest-SnapshotsActionsTest-403963739 None] snapshot_file for this snap is: volume-23245e7d-28ac-4b4f-a73f-4d34f3c719cd.26df9720-d0f0-4615-861a-2e03ab2a1f84 {{(pid=83205) _delete_snapshot /opt/stack/cinder/cinder/volume/drivers/remotefs.py:1317}}
Apr 16 02:37:26 devstack cinder-volume[83205]: DEBUG oslo.privsep.daemon [-] privsep: reply[5d5d46a2-a25c-4563-94cf-89ed507435ea]: (4, 'qcow2') {{(pid=84115) _call_back /opt/stack/data/venv/lib/python3.10/site-packages/oslo_privsep/daemon.py:573}}
Apr 16 02:37:26 devstack cinder-volume[83205]: DEBUG oslo_concurrency.processutils [None req-a84ea6a1-ea06-4966-8d37-30b763985333 tempest-SnapshotsActionsTest-403963739 None] Running cmd (subprocess): /opt/stack/data/venv/bin/python3.10 -m oslo_concurrency.prlimit --as=1073741824 --cpu=60 -- sudo cinder-rootwrap /etc/cinder/rootwrap.conf env LC_ALL=C qemu-img info -f qcow2 --output=json --force-share /opt/stack/data/cinder/mnt/cdde768132024dc95b932dbd4d24c229/volume-23245e7d-28ac-4b4f-a73f-4d34f3c719cd.26df9720-d0f0-4615-861a-2e03ab2a1f84 {{(pid=83205) execute /opt/stack/data/venv/lib/python3.10/site-packages/oslo_concurrency/processutils.py:440}}
Apr 16 02:37:26 devstack sudo[85291]: quobyte : PWD=/ ; USER=root ; COMMAND=/opt/stack/data/venv/bin/cinder-rootwrap /etc/cinder/rootwrap.conf env LC_ALL=C qemu-img info -f qcow2 --output=json --force-share /opt/stack/data/cinder/mnt/cdde768132024dc95b932dbd4d24c229/volume-23245e7d-28ac-4b4f-a73f-4d34f3c719cd.26df9720-d0f0-4615-861a-2e03ab2a1f84
Apr 16 02:37:26 devstack sudo[85291]: pam_unix(sudo:session): session opened for user root(uid=0) by (uid=1000)
Apr 16 02:37:27 devstack sudo[85291]: pam_unix(sudo:session): session closed for user root
Apr 16 02:37:27 devstack cinder-volume[83205]: DEBUG oslo_concurrency.processutils [None req-a84ea6a1-ea06-4966-8d37-30b763985333 tempest-SnapshotsActionsTest-403963739 None] CMD "/opt/stack/data/venv/bin/python3.10 -m oslo_concurrency.prlimit --as=1073741824 --cpu=60 -- sudo cinder-rootwrap /etc/cinder/rootwrap.conf env LC_ALL=C qemu-img info -f qcow2 --output=json --force-share /opt/stack/data/cinder/mnt/cdde768132024dc95b932dbd4d24c229/volume-23245e7d-28ac-4b4f-a73f-4d34f3c719cd.26df9720-d0f0-4615-861a-2e03ab2a1f84" returned: 0 in 0.766s {{(pid=83205) execute /opt/stack/data/venv/lib/python3.10/site-packages/oslo_concurrency/processutils.py:468}}
Apr 16 02:37:27 devstack cinder-volume[83205]: DEBUG cinder.volume.drivers.remotefs [None req-a84ea6a1-ea06-4966-8d37-30b763985333 tempest-SnapshotsActionsTest-403963739 None] Fetching qemu-img info with special backing_file_template: (/opt/stack/data/cinder/mnt/[0-9a-f]+/)?(volume-23245e7d-28ac-4b4f-a73f-4d34f3c719cd(.(tmp-snap-)?[0-9a-f-]+)?|volume_from_snapshot_cache/(tmp-snap-)?[0-9a-f-]+(.(child-|parent-)[0-9a-f-]+)?)$ {{(pid=83205) _qemu_img_info_base /opt/stack/cinder/cinder/volume/drivers/remotefs.py:896}}
Apr 16 02:37:27 devstack cinder-volume[83205]: DEBUG oslo.privsep.daemon [-] privsep: reply[1ff34ac8-1b6d-4b38-83c4-a594deae8d54]: (4, 'qcow2') {{(pid=84115) _call_back /opt/stack/data/venv/lib/python3.10/site-packages/oslo_privsep/daemon.py:573}}
Apr 16 02:37:27 devstack cinder-volume[83205]: DEBUG oslo_concurrency.processutils [None req-a84ea6a1-ea06-4966-8d37-30b763985333 tempest-SnapshotsActionsTest-403963739 None] Running cmd (subprocess): /opt/stack/data/venv/bin/python3.10 -m oslo_concurrency.prlimit --as=1073741824 --cpu=60 -- sudo cinder-rootwrap /etc/cinder/rootwrap.conf env LC_ALL=C qemu-img info -f qcow2 --output=json --force-share /opt/stack/data/cinder/mnt/cdde768132024dc95b932dbd4d24c229/volume-23245e7d-28ac-4b4f-a73f-4d34f3c719cd.123ceb5b-dc2f-426e-8c09-66bc808ca33f {{(pid=83205) execute /opt/stack/data/venv/lib/python3.10/site-packages/oslo_concurrency/processutils.py:440}}
Apr 16 02:37:27 devstack sudo[85299]: quobyte : PWD=/ ; USER=root ; COMMAND=/opt/stack/data/venv/bin/cinder-rootwrap /etc/cinder/rootwrap.conf env LC_ALL=C qemu-img info -f qcow2 --output=json --force-share /opt/stack/data/cinder/mnt/cdde768132024dc95b932dbd4d24c229/volume-23245e7d-28ac-4b4f-a73f-4d34f3c719cd.123ceb5b-dc2f-426e-8c09-66bc808ca33f
Apr 16 02:37:27 devstack sudo[85299]: pam_unix(sudo:session): session opened for user root(uid=0) by (uid=1000)
Apr 16 02:37:28 devstack sudo[85299]: pam_unix(sudo:session): session closed for user root
Apr 16 02:37:28 devstack cinder-volume[83205]: DEBUG oslo_concurrency.processutils [None req-a84ea6a1-ea06-4966-8d37-30b763985333 tempest-SnapshotsActionsTest-403963739 None] CMD "/opt/stack/data/venv/bin/python3.10 -m oslo_concurrency.prlimit --as=1073741824 --cpu=60 -- sudo cinder-rootwrap /etc/cinder/rootwrap.conf env LC_ALL=C qemu-img info -f qcow2 --output=json --force-share /opt/stack/data/cinder/mnt/cdde768132024dc95b932dbd4d24c229/volume-23245e7d-28ac-4b4f-a73f-4d34f3c719cd.123ceb5b-dc2f-426e-8c09-66bc808ca33f" returned: 0 in 0.709s {{(pid=83205) execute /opt/stack/data/venv/lib/python3.10/site-packages/oslo_concurrency/processutils.py:468}}
Apr 16 02:37:28 devstack cinder-volume[83205]: DEBUG cinder.volume.drivers.remotefs [None req-a84ea6a1-ea06-4966-8d37-30b763985333 tempest-SnapshotsActionsTest-403963739 None] Fetching qemu-img info with special backing_file_template: (/opt/stack/data/cinder/mnt/[0-9a-f]+/)?(volume-23245e7d-28ac-4b4f-a73f-4d34f3c719cd(.(tmp-snap-)?[0-9a-f-]+)?|volume_from_snapshot_cache/(tmp-snap-)?[0-9a-f-]+(.(child-|parent-)[0-9a-f-]+)?)$ {{(pid=83205) _qemu_img_info_base /opt/stack/cinder/cinder/volume/drivers/remotefs.py:896}}
Apr 16 02:37:28 devstack cinder-volume[83205]: DEBUG oslo_concurrency.processutils [None req-a84ea6a1-ea06-4966-8d37-30b763985333 tempest-SnapshotsActionsTest-403963739 None] Running cmd (subprocess): sudo cinder-rootwrap /etc/cinder/rootwrap.conf qemu-img commit -d /opt/stack/data/cinder/mnt/cdde768132024dc95b932dbd4d24c229/volume-23245e7d-28ac-4b4f-a73f-4d34f3c719cd.26df9720-d0f0-4615-861a-2e03ab2a1f84 {{(pid=83205) execute /opt/stack/data/venv/lib/python3.10/site-packages/oslo_concurrency/processutils.py:440}}
Apr 16 02:37:28 devstack sudo[85304]: quobyte : PWD=/ ; USER=root ; COMMAND=/opt/stack/data/venv/bin/cinder-rootwrap /etc/cinder/rootwrap.conf qemu-img commit -d /opt/stack/data/cinder/mnt/cdde768132024dc95b932dbd4d24c229/volume-23245e7d-28ac-4b4f-a73f-4d34f3c719cd.26df9720-d0f0-4615-861a-2e03ab2a1f84
Apr 16 02:37:28 devstack sudo[85304]: pam_unix(sudo:session): session opened for user root(uid=0) by (uid=1000)
Apr 16 02:37:29 devstack sudo[85304]: pam_unix(sudo:session): session closed for user root
Apr 16 02:37:29 devstack cinder-volume[83205]: DEBUG oslo_concurrency.processutils [None req-a84ea6a1-ea06-4966-8d37-30b763985333 tempest-SnapshotsActionsTest-403963739 None] CMD "sudo cinder-rootwrap /etc/cinder/rootwrap.conf qemu-img commit -d /opt/stack/data/cinder/mnt/cdde768132024dc95b932dbd4d24c229/volume-23245e7d-28ac-4b4f-a73f-4d34f3c719cd.26df9720-d0f0-4615-861a-2e03ab2a1f84" returned: 0 in 1.053s {{(pid=83205) execute /opt/stack/data/venv/lib/python3.10/site-packages/oslo_concurrency/processutils.py:468}}
Apr 16 02:37:29 devstack cinder-volume[83205]: DEBUG oslo_concurrency.processutils [None req-a84ea6a1-ea06-4966-8d37-30b763985333 tempest-SnapshotsActionsTest-403963739 None] Running cmd (subprocess): sudo cinder-rootwrap /etc/cinder/rootwrap.conf rm -f /opt/stack/data/cinder/mnt/cdde768132024dc95b932dbd4d24c229/volume-23245e7d-28ac-4b4f-a73f-4d34f3c719cd.26df9720-d0f0-4615-861a-2e03ab2a1f84 {{(pid=83205) execute /opt/stack/data/venv/lib/python3.10/site-packages/oslo_concurrency/processutils.py:440}}
Apr 16 02:37:29 devstack sudo[85338]: quobyte : PWD=/ ; USER=root ; COMMAND=/opt/stack/data/venv/bin/cinder-rootwrap /etc/cinder/rootwrap.conf rm -f /opt/stack/data/cinder/mnt/cdde768132024dc95b932dbd4d24c229/volume-23245e7d-28ac-4b4f-a73f-4d34f3c719cd.26df9720-d0f0-4615-861a-2e03ab2a1f84
Apr 16 02:37:29 devstack sudo[85338]: pam_unix(sudo:session): session opened for user root(uid=0) by (uid=1000)
Apr 16 02:37:29 devstack sudo[85338]: pam_unix(sudo:session): session closed for user root
Apr 16 02:37:29 devstack cinder-volume[83205]: DEBUG oslo_concurrency.processutils [None req-a84ea6a1-ea06-4966-8d37-30b763985333 tempest-SnapshotsActionsTest-403963739 None] CMD "sudo cinder-rootwrap /etc/cinder/rootwrap.conf rm -f /opt/stack/data/cinder/mnt/cdde768132024dc95b932dbd4d24c229/volume-23245e7d-28ac-4b4f-a73f-4d34f3c719cd.26df9720-d0f0-4615-861a-2e03ab2a1f84" returned: 0 in 0.605s {{(pid=83205) execute /opt/stack/data/venv/lib/python3.10/site-packages/oslo_concurrency/processutils.py:468}}
Apr 16 02:37:30 devstack cinder-volume[83205]: DEBUG cinder.coordination [None req-a84ea6a1-ea06-4966-8d37-30b763985333 tempest-SnapshotsActionsTest-403963739 None] Lock "cinder-quobyte-26df9720-d0f0-4615-861a-2e03ab2a1f84" released by "_delete_snapshot" :: held 3.214s {{(pid=83205) __release /opt/stack/cinder/cinder/coordination.py:152}}
Apr 16 02:37:30 devstack cinder-volume[83205]: DEBUG cinder.coordination [None req-a84ea6a1-ea06-4966-8d37-30b763985333 tempest-SnapshotsActionsTest-403963739 None] Lock "cinder-quobyte-23245e7d-28ac-4b4f-a73f-4d34f3c719cd" released by "delete_snapshot" :: held 3.235s {{(pid=83205) __release /opt/stack/cinder/cinder/coordination.py:152}}
Apr 16 02:37:30 devstack cinder-volume[83205]: WARNING cinder.quota [None req-a84ea6a1-ea06-4966-8d37-30b763985333 tempest-SnapshotsActionsTest-403963739 None] Deprecated: Default quota for resource: snapshots_QuobyteHD is set by the default quota flag: quota_snapshots_QuobyteHD, it is now deprecated. Please use the default quota class for default quota.
Apr 16 02:37:30 devstack cinder-volume[83205]: DEBUG cinder.quota [None req-a84ea6a1-ea06-4966-8d37-30b763985333 tempest-SnapshotsActionsTest-403963739 None] Created reservations ['1eadd83b-a173-4cdc-b1a2-7843d7a88c87', '9cb5e3a6-3cc9-447d-ac60-b490fde051b5', 'a57122f0-db9b-4356-b481-05c6c3312f8d', 'eeff080c-9ca6-4b49-b354-00e75ab3ce2e'] {{(pid=83205) reserve /opt/stack/cinder/cinder/quota.py:752}}
Apr 16 02:37:30 devstack cinder-volume[83205]: INFO cinder.volume.manager [None req-a84ea6a1-ea06-4966-8d37-30b763985333 tempest-SnapshotsActionsTest-403963739 None] Delete snapshot completed successfully.
Apr 16 02:37:30 devstack cinder-volume[83205]: DEBUG cinder.coordination [None req-a84ea6a1-ea06-4966-8d37-30b763985333 tempest-SnapshotsActionsTest-403963739 None] Lock "cinder-26df9720-d0f0-4615-861a-2e03ab2a1f84-delete_snapshot" released by "delete_snapshot" :: held 3.340s {{(pid=83205) __release /opt/stack/cinder/cinder/coordination.py:152}}
Apr 16 02:37:30 devstack cinder-volume[83205]: DEBUG cinder.volume.flows.manager.create_volume [None req-fe5d9be8-2621-46f6-95ea-e0b25b67f0c8 tempest-ServersNegativeTestJSON-1654549274 None] Volume reschedule parameters: True retry: {'num_attempts': 1, 'backends': ['devstack@QuobyteHD#QuobyteHD'], 'hosts': ['devstack@QuobyteHD#QuobyteHD']} {{(pid=83205) get_flow /opt/stack/cinder/cinder/volume/flows/manager/create_volume.py:1395}}
Apr 16 02:37:30 devstack cinder-volume[83205]: DEBUG cinder.volume.manager [None req-fe5d9be8-2621-46f6-95ea-e0b25b67f0c8 tempest-ServersNegativeTestJSON-1654549274 None] Flow 'volume_create_manager' (14bb439a-67c7-4376-8b5b-35c86e0bd038) transitioned into state 'RUNNING' from state 'PENDING' {{(pid=83205) _flow_receiver /opt/stack/data/venv/lib/python3.10/site-packages/taskflow/listeners/logging.py:145}}
Apr 16 02:37:30 devstack cinder-volume[83205]: DEBUG cinder.volume.manager [None req-fe5d9be8-2621-46f6-95ea-e0b25b67f0c8 tempest-ServersNegativeTestJSON-1654549274 None] Task 'cinder.volume.flows.manager.create_volume.ExtractVolumeRefTask;volume:create' (ff8a1e16-7868-4b7f-af3c-9a674bbf44b1) transitioned into state 'RUNNING' from state 'PENDING' {{(pid=83205) _task_receiver /opt/stack/data/venv/lib/python3.10/site-packages/taskflow/listeners/logging.py:194}}
Apr 16 02:37:30 devstack cinder-volume[83205]: DEBUG cinder.volume.manager [None req-fe5d9be8-2621-46f6-95ea-e0b25b67f0c8 tempest-ServersNegativeTestJSON-1654549274 None] Task 'cinder.volume.flows.manager.create_volume.ExtractVolumeRefTask;volume:create' (ff8a1e16-7868-4b7f-af3c-9a674bbf44b1) transitioned into state 'SUCCESS' from state 'RUNNING' with result 'Volume(_name_id=None,admin_metadata=,attach_status='detached',availability_zone='nova',bootable=False,cluster=,cluster_name=None,consistencygroup=,consistencygroup_id=None,created_at=2026-04-16T00:37:30Z,deleted=False,deleted_at=None,display_description=None,display_name='tempest-ServersNegativeTestJSON-volume-733658565',ec2_id=None,encryption_key_id=None,glance_metadata=,group=,group_id=None,host='devstack@QuobyteHD#QuobyteHD',id=c05d81f1-b1ed-4393-977d-88e4b7419b81,launched_at=None,metadata={},migration_status=None,multiattach=False,previous_status=None,project_id='61e958e6dbf74943b01040a47e738712',provider_auth=None,provider_geometry=None,provider_id=None,provider_location=None,replication_driver_data=None,replication_extended_status=None,replication_status=None,scheduled_at=2026-04-16T00:37:30Z,service_uuid=None,shared_targets=True,size=1,snapshot_id=None,snapshots=,source_volid=None,status='creating',terminated_at=None,updated_at=2026-04-16T00:37:30Z,use_quota=True,user_id='664a89f17b49450f92dce8a75b40d425',volume_attachment=VolumeAttachmentList,volume_type=VolumeType(373ff528-f74e-4007-98e8-818b0dc9be09),volume_type_id=373ff528-f74e-4007-98e8-818b0dc9be09)' {{(pid=83205) _task_receiver /opt/stack/data/venv/lib/python3.10/site-packages/taskflow/listeners/logging.py:182}}
Apr 16 02:37:30 devstack cinder-volume[83205]: DEBUG cinder.volume.manager [None req-fe5d9be8-2621-46f6-95ea-e0b25b67f0c8 tempest-ServersNegativeTestJSON-1654549274 None] Task 'cinder.volume.flows.manager.create_volume.OnFailureRescheduleTask;volume:create' (07c1a707-fe3d-44eb-89fe-62e6f2e4e0ea) transitioned into state 'RUNNING' from state 'PENDING' {{(pid=83205) _task_receiver /opt/stack/data/venv/lib/python3.10/site-packages/taskflow/listeners/logging.py:194}}
Apr 16 02:37:30 devstack cinder-volume[83205]: DEBUG cinder.volume.manager [None req-fe5d9be8-2621-46f6-95ea-e0b25b67f0c8 tempest-ServersNegativeTestJSON-1654549274 None] Task 'cinder.volume.flows.manager.create_volume.OnFailureRescheduleTask;volume:create' (07c1a707-fe3d-44eb-89fe-62e6f2e4e0ea) transitioned into state 'SUCCESS' from state 'RUNNING' with result 'None' {{(pid=83205) _task_receiver /opt/stack/data/venv/lib/python3.10/site-packages/taskflow/listeners/logging.py:182}}
Apr 16 02:37:30 devstack cinder-volume[83205]: DEBUG cinder.volume.manager [None req-fe5d9be8-2621-46f6-95ea-e0b25b67f0c8 tempest-ServersNegativeTestJSON-1654549274 None] Task 'cinder.volume.flows.manager.create_volume.ExtractVolumeSpecTask;volume:create' (cea6810a-2c86-4d2e-9ab4-78dd923b5f56) transitioned into state 'RUNNING' from state 'PENDING' {{(pid=83205) _task_receiver /opt/stack/data/venv/lib/python3.10/site-packages/taskflow/listeners/logging.py:194}}
Apr 16 02:37:30 devstack cinder-volume[83205]: DEBUG cinder.volume.manager [None req-fe5d9be8-2621-46f6-95ea-e0b25b67f0c8 tempest-ServersNegativeTestJSON-1654549274 None] Task 'cinder.volume.flows.manager.create_volume.ExtractVolumeSpecTask;volume:create' (cea6810a-2c86-4d2e-9ab4-78dd923b5f56) transitioned into state 'SUCCESS' from state 'RUNNING' with result '{'status': 'creating', 'type': 'raw', 'volume_id': 'c05d81f1-b1ed-4393-977d-88e4b7419b81', 'volume_name': 'volume-c05d81f1-b1ed-4393-977d-88e4b7419b81', 'volume_size': 1}' {{(pid=83205) _task_receiver /opt/stack/data/venv/lib/python3.10/site-packages/taskflow/listeners/logging.py:182}}
Apr 16 02:37:30 devstack cinder-volume[83205]: DEBUG cinder.volume.manager [None req-fe5d9be8-2621-46f6-95ea-e0b25b67f0c8 tempest-ServersNegativeTestJSON-1654549274 None] Task 'cinder.volume.flows.manager.create_volume.NotifyVolumeActionTask;volume:create, create.start' (e4b778db-76c5-429c-a5b1-0de9740fb96e) transitioned into state 'RUNNING' from state 'PENDING' {{(pid=83205) _task_receiver /opt/stack/data/venv/lib/python3.10/site-packages/taskflow/listeners/logging.py:194}}
Apr 16 02:37:30 devstack cinder-volume[83205]: DEBUG cinder.volume.manager [None req-fe5d9be8-2621-46f6-95ea-e0b25b67f0c8 tempest-ServersNegativeTestJSON-1654549274 None] Task 'cinder.volume.flows.manager.create_volume.NotifyVolumeActionTask;volume:create, create.start' (e4b778db-76c5-429c-a5b1-0de9740fb96e) transitioned into state 'SUCCESS' from state 'RUNNING' with result 'None' {{(pid=83205) _task_receiver /opt/stack/data/venv/lib/python3.10/site-packages/taskflow/listeners/logging.py:182}}
Apr 16 02:37:30 devstack cinder-volume[83205]: DEBUG cinder.volume.manager [None req-fe5d9be8-2621-46f6-95ea-e0b25b67f0c8 tempest-ServersNegativeTestJSON-1654549274 None] Task 'cinder.volume.flows.manager.create_volume.CreateVolumeFromSpecTask;volume:create' (d764b246-b6b4-4133-8a7e-84135feab2a5) transitioned into state 'RUNNING' from state 'PENDING' {{(pid=83205) _task_receiver /opt/stack/data/venv/lib/python3.10/site-packages/taskflow/listeners/logging.py:194}}
Apr 16 02:37:30 devstack cinder-volume[83205]: INFO cinder.volume.flows.manager.create_volume [None req-fe5d9be8-2621-46f6-95ea-e0b25b67f0c8 tempest-ServersNegativeTestJSON-1654549274 None] Volume c05d81f1-b1ed-4393-977d-88e4b7419b81: being created as raw with specification: {'status': 'creating', 'volume_name': 'volume-c05d81f1-b1ed-4393-977d-88e4b7419b81', 'volume_size': 1}
Apr 16 02:37:30 devstack cinder-volume[83205]: DEBUG oslo_concurrency.lockutils [None req-fe5d9be8-2621-46f6-95ea-e0b25b67f0c8 tempest-ServersNegativeTestJSON-1654549274 None] Acquiring lock "quobyte" by "cinder.volume.drivers.quobyte.QuobyteDriver.create_volume" {{(pid=83205) inner /opt/stack/data/venv/lib/python3.10/site-packages/oslo_concurrency/lockutils.py:506}}
Apr 16 02:37:30 devstack cinder-volume[83205]: DEBUG oslo_concurrency.lockutils [None req-fe5d9be8-2621-46f6-95ea-e0b25b67f0c8 tempest-ServersNegativeTestJSON-1654549274 None] Lock "quobyte" acquired by "cinder.volume.drivers.quobyte.QuobyteDriver.create_volume" :: waited 0.000s {{(pid=83205) inner /opt/stack/data/venv/lib/python3.10/site-packages/oslo_concurrency/lockutils.py:519}}
Apr 16 02:37:30 devstack cinder-volume[83205]: DEBUG cinder.volume.drivers.quobyte [None req-fe5d9be8-2621-46f6-95ea-e0b25b67f0c8 tempest-ServersNegativeTestJSON-1654549274 None] ==> create_volume: call "{'self': , 'volume': Volume(_name_id=None,admin_metadata=,attach_status='detached',availability_zone='nova',bootable=False,cluster=,cluster_name=None,consistencygroup=,consistencygroup_id=None,created_at=2026-04-16T00:37:30Z,deleted=False,deleted_at=None,display_description=None,display_name='tempest-ServersNegativeTestJSON-volume-733658565',ec2_id=None,encryption_key_id=None,glance_metadata=,group=,group_id=None,host='devstack@QuobyteHD#QuobyteHD',id=c05d81f1-b1ed-4393-977d-88e4b7419b81,launched_at=None,metadata={},migration_status=None,multiattach=False,previous_status=None,project_id='61e958e6dbf74943b01040a47e738712',provider_auth=None,provider_geometry=None,provider_id=None,provider_location=None,replication_driver_data=None,replication_extended_status=None,replication_status=None,scheduled_at=2026-04-16T00:37:30Z,service_uuid=None,shared_targets=True,size=1,snapshot_id=None,snapshots=,source_volid=None,status='creating',terminated_at=None,updated_at=2026-04-16T00:37:30Z,use_quota=True,user_id='664a89f17b49450f92dce8a75b40d425',volume_attachment=VolumeAttachmentList,volume_type=VolumeType(373ff528-f74e-4007-98e8-818b0dc9be09),volume_type_id=373ff528-f74e-4007-98e8-818b0dc9be09)}" {{(pid=83205) trace_logging_wrapper /opt/stack/cinder/cinder/volume/volume_utils.py:1498}}
Apr 16 02:37:30 devstack cinder-volume[83205]: DEBUG cinder.volume.drivers.remotefs [None req-fe5d9be8-2621-46f6-95ea-e0b25b67f0c8 tempest-ServersNegativeTestJSON-1654549274 None] Creating volume c05d81f1-b1ed-4393-977d-88e4b7419b81 {{(pid=83205) create_volume /opt/stack/cinder/cinder/volume/drivers/remotefs.py:292}}
Apr 16 02:37:30 devstack cinder-volume[83205]: DEBUG oslo_concurrency.lockutils [None req-fe5d9be8-2621-46f6-95ea-e0b25b67f0c8 tempest-ServersNegativeTestJSON-1654549274 None] Acquiring lock "quobyte_ensure" by "cinder.volume.drivers.quobyte.QuobyteDriver._ensure_shares_mounted" {{(pid=83205) inner /opt/stack/data/venv/lib/python3.10/site-packages/oslo_concurrency/lockutils.py:506}}
Apr 16 02:37:30 devstack cinder-volume[83205]: DEBUG oslo_concurrency.lockutils [None req-fe5d9be8-2621-46f6-95ea-e0b25b67f0c8 tempest-ServersNegativeTestJSON-1654549274 None] Lock "quobyte_ensure" acquired by "cinder.volume.drivers.quobyte.QuobyteDriver._ensure_shares_mounted" :: waited 0.000s {{(pid=83205) inner /opt/stack/data/venv/lib/python3.10/site-packages/oslo_concurrency/lockutils.py:519}}
Apr 16 02:37:30 devstack cinder-volume[83205]: DEBUG cinder.volume.drivers.quobyte [None req-fe5d9be8-2621-46f6-95ea-e0b25b67f0c8 tempest-ServersNegativeTestJSON-1654549274 None] Quobyte Volume URL set to: {'osci02.corp.quobyte.com/cinder-vol-c938db44-a0df-4687-abed-b637e76e64f5': None} {{(pid=83205) _load_shares_config /opt/stack/cinder/cinder/volume/drivers/quobyte.py:617}}
Apr 16 02:37:30 devstack cinder-volume[83205]: DEBUG cinder.volume.drivers.quobyte [None req-fe5d9be8-2621-46f6-95ea-e0b25b67f0c8 tempest-ServersNegativeTestJSON-1654549274 None] Available shares ['osci02.corp.quobyte.com/cinder-vol-c938db44-a0df-4687-abed-b637e76e64f5'] {{(pid=83205) _ensure_shares_mounted /opt/stack/cinder/cinder/volume/drivers/quobyte.py:647}}
