Feb 11 22:36:28 devstack devstack@c-api.service[79160]: [pid: 79160|app: 0|req: 183/349] 192.168.122.226 () {58 vars in 1251 bytes} [Wed Feb 11 22:36:28 2026] GET /volume/v3/qos-specs/09ea636f-17a7-4928-96b2-a6058d0aedc9 => generated 100 bytes in 21 msecs (HTTP/1.1 404) 7 headers in 292 bytes (1 switches on core 0)
Feb 11 22:36:28 devstack devstack@c-api.service[79160]: DEBUG cinder.api.middleware.request_id [None req-2ff5db78-7d7e-4dc2-a219-5a583f261287 None None] RequestId filter calling following filter/app {{(pid=79160) _context_setter /opt/stack/cinder/cinder/api/middleware/request_id.py:62}}
Feb 11 22:36:28 devstack devstack@c-api.service[79160]: INFO cinder.api.openstack.wsgi [None req-2ff5db78-7d7e-4dc2-a219-5a583f261287 tempest-QosSpecsTestJSON-685185576 tempest-QosSpecsTestJSON-685185576-project-admin] POST http://192.168.122.226/volume/v3/qos-specs
Feb 11 22:36:28 devstack devstack@c-api.service[79160]: DEBUG cinder.api.openstack.wsgi [None req-2ff5db78-7d7e-4dc2-a219-5a583f261287 tempest-QosSpecsTestJSON-685185576 tempest-QosSpecsTestJSON-685185576-project-admin] Action: 'create', calling method: create, body: {"qos_specs": {"name": "tempest-QosSpecsTestJSON-qos-292275633", "consumer": "front-end"}} {{(pid=79160) _process_stack /opt/stack/cinder/cinder/api/openstack/wsgi.py:876}}
Feb 11 22:36:28 devstack devstack@c-api.service[79160]: DEBUG cinder.volume.qos_specs [None req-2ff5db78-7d7e-4dc2-a219-5a583f261287 tempest-QosSpecsTestJSON-685185576 tempest-QosSpecsTestJSON-685185576-project-admin] Dict for qos_specs: {'name': 'tempest-QosSpecsTestJSON-qos-292275633', 'consumer': 'front-end', 'specs': {}} {{(pid=79160) create /opt/stack/cinder/cinder/volume/qos_specs.py:64}}
Feb 11 22:36:28 devstack devstack@c-api.service[79160]: DEBUG cinder.db.sqlalchemy.api [None req-2ff5db78-7d7e-4dc2-a219-5a583f261287 tempest-QosSpecsTestJSON-685185576 tempest-QosSpecsTestJSON-685185576-project-admin] DB qos_specs_create(): root {'id': '3fd81812-d5b6-451c-9723-40c600830f50', 'key': 'QoS_Specs_Name', 'value': 'tempest-QosSpecsTestJSON-qos-292275633'} {{(pid=79160) qos_specs_create /opt/stack/cinder/cinder/db/sqlalchemy/api.py:5658}}
Feb 11 22:36:28 devstack devstack@c-api.service[79159]: INFO cinder.api.openstack.wsgi [None req-73ef0530-5073-49c5-bec3-ace19c268bfc tempest-VolumeQuotasNegativeTestJSON-682980630 tempest-VolumeQuotasNegativeTestJSON-682980630-project-admin] http://192.168.122.226/volume/v3/os-quota-sets/26676ec2b70f4ab2bb19b422dea8aa3f returned with HTTP 200
Feb 11 22:36:28 devstack devstack@c-api.service[79159]: [pid: 79159|app: 0|req: 167/350] 192.168.122.226 () {60 vars in 1271 bytes} [Wed Feb 11 22:36:28 2026] PUT /volume/v3/os-quota-sets/26676ec2b70f4ab2bb19b422dea8aa3f => generated 591 bytes in 102 msecs (HTTP/1.1 200) 7 headers in 285 bytes (1 switches on core 0)
Feb 11 22:36:28 devstack devstack@c-api.service[79159]: DEBUG cinder.api.middleware.request_id [None req-6ccd6802-6e34-4512-baf0-760a2f7fd80e None None] RequestId filter calling following filter/app {{(pid=79159) _context_setter /opt/stack/cinder/cinder/api/middleware/request_id.py:62}}
Feb 11 22:36:28 devstack devstack@c-api.service[79159]: INFO cinder.api.openstack.wsgi [None req-6ccd6802-6e34-4512-baf0-760a2f7fd80e tempest-VolumeQuotasNegativeTestJSON-1917945251 tempest-VolumeQuotasNegativeTestJSON-1917945251-project-member] POST http://192.168.122.226/volume/v3/volumes
Feb 11 22:36:28 devstack devstack@c-api.service[79160]: INFO cinder.api.openstack.wsgi [None req-2ff5db78-7d7e-4dc2-a219-5a583f261287 tempest-QosSpecsTestJSON-685185576 tempest-QosSpecsTestJSON-685185576-project-admin] http://192.168.122.226/volume/v3/qos-specs returned with HTTP 200
Feb 11 22:36:28 devstack devstack@c-api.service[79159]: DEBUG cinder.api.openstack.wsgi [None req-6ccd6802-6e34-4512-baf0-760a2f7fd80e tempest-VolumeQuotasNegativeTestJSON-1917945251 tempest-VolumeQuotasNegativeTestJSON-1917945251-project-member] Action: 'create', calling method: create, body: {"volume": {"size": 2}} {{(pid=79159) _process_stack /opt/stack/cinder/cinder/api/openstack/wsgi.py:876}}
Feb 11 22:36:28 devstack devstack@c-api.service[79160]: [pid: 79160|app: 0|req: 184/351] 192.168.122.226 () {60 vars in 1161 bytes} [Wed Feb 11 22:36:28 2026] POST /volume/v3/qos-specs => generated 377 bytes in 29 msecs (HTTP/1.1 200) 7 headers in 285 bytes (1 switches on core 0)
Feb 11 22:36:28 devstack devstack@c-api.service[79159]: DEBUG cinder.api.v3.volumes [None req-6ccd6802-6e34-4512-baf0-760a2f7fd80e tempest-VolumeQuotasNegativeTestJSON-1917945251 tempest-VolumeQuotasNegativeTestJSON-1917945251-project-member] Create volume request body: {'volume': {'size': 2}} {{(pid=79159) create /opt/stack/cinder/cinder/api/v3/volumes.py:368}}
Feb 11 22:36:28 devstack devstack@c-api.service[79160]: DEBUG cinder.api.middleware.request_id [None req-f91f6b0f-414a-4ace-bdc4-c005741f928a None None] RequestId filter calling following filter/app {{(pid=79160) _context_setter /opt/stack/cinder/cinder/api/middleware/request_id.py:62}}
Feb 11 22:36:28 devstack devstack@c-api.service[79159]: INFO cinder.api.v3.volumes [None req-6ccd6802-6e34-4512-baf0-760a2f7fd80e tempest-VolumeQuotasNegativeTestJSON-1917945251 tempest-VolumeQuotasNegativeTestJSON-1917945251-project-member] Create volume of 2 GB
Feb 11 22:36:28 devstack devstack@c-api.service[79160]: INFO cinder.api.openstack.wsgi [None req-f91f6b0f-414a-4ace-bdc4-c005741f928a tempest-QosSpecsTestJSON-685185576 tempest-QosSpecsTestJSON-685185576-project-admin] DELETE http://192.168.122.226/volume/v3/qos-specs/3fd81812-d5b6-451c-9723-40c600830f50?force=False
Feb 11 22:36:28 devstack devstack@c-api.service[79160]: DEBUG cinder.api.openstack.wsgi [None req-f91f6b0f-414a-4ace-bdc4-c005741f928a tempest-QosSpecsTestJSON-685185576 tempest-QosSpecsTestJSON-685185576-project-admin] Empty body provided in request {{(pid=79160) get_body /opt/stack/cinder/cinder/api/openstack/wsgi.py:725}}
Feb 11 22:36:28 devstack devstack@c-api.service[79160]: DEBUG cinder.api.openstack.wsgi [None req-f91f6b0f-414a-4ace-bdc4-c005741f928a tempest-QosSpecsTestJSON-685185576 tempest-QosSpecsTestJSON-685185576-project-admin] Calling method 'delete' {{(pid=79160) _process_stack /opt/stack/cinder/cinder/api/openstack/wsgi.py:878}}
Feb 11 22:36:28 devstack devstack@c-api.service[79160]: /opt/stack/data/venv/lib/python3.10/site-packages/oslo_context/context.py:101: DeprecationWarning: Policy enforcement is depending on the value of is_admin. This key is deprecated. Please update your policy file to use the standard policy values.
Feb 11 22:36:28 devstack devstack@c-api.service[79160]: warnings.warn(
Feb 11 22:36:28 devstack devstack@c-api.service[79160]: DEBUG cinder.api.contrib.qos_specs_manage [None req-f91f6b0f-414a-4ace-bdc4-c005741f928a tempest-QosSpecsTestJSON-685185576 tempest-QosSpecsTestJSON-685185576-project-admin] Delete qos_spec: 3fd81812-d5b6-451c-9723-40c600830f50, force: False {{(pid=79160) delete /opt/stack/cinder/cinder/api/contrib/qos_specs_manage.py:169}}
Feb 11 22:36:28 devstack devstack@c-api.service[79159]: INFO cinder.volume.api [None req-6ccd6802-6e34-4512-baf0-760a2f7fd80e tempest-VolumeQuotasNegativeTestJSON-1917945251 tempest-VolumeQuotasNegativeTestJSON-1917945251-project-member] Availability Zones retrieved successfully.
Feb 11 22:36:28 devstack devstack@c-api.service[79159]: DEBUG cinder.volume.api [None req-6ccd6802-6e34-4512-baf0-760a2f7fd80e tempest-VolumeQuotasNegativeTestJSON-1917945251 tempest-VolumeQuotasNegativeTestJSON-1917945251-project-member] Flow 'volume_create_api' (4808625c-51e7-4841-83d3-68a5606a5b6b) transitioned into state 'RUNNING' from state 'PENDING' {{(pid=79159) _flow_receiver /opt/stack/data/venv/lib/python3.10/site-packages/taskflow/listeners/logging.py:145}}
Feb 11 22:36:28 devstack devstack@c-api.service[79159]: DEBUG cinder.volume.api [None req-6ccd6802-6e34-4512-baf0-760a2f7fd80e tempest-VolumeQuotasNegativeTestJSON-1917945251 tempest-VolumeQuotasNegativeTestJSON-1917945251-project-member] Task 'cinder.volume.flows.api.create_volume.ExtractVolumeRequestTask;volume:create' (4d95fb44-d319-48bc-b446-d2b02146b11b) transitioned into state 'RUNNING' from state 'PENDING' {{(pid=79159) _task_receiver /opt/stack/data/venv/lib/python3.10/site-packages/taskflow/listeners/logging.py:194}}
Feb 11 22:36:28 devstack devstack@c-api.service[79159]: DEBUG cinder.volume.flows.api.create_volume [None req-6ccd6802-6e34-4512-baf0-760a2f7fd80e tempest-VolumeQuotasNegativeTestJSON-1917945251 tempest-VolumeQuotasNegativeTestJSON-1917945251-project-member] Validating volume size '2' using validate_int {{(pid=79159) _extract_size /opt/stack/cinder/cinder/volume/flows/api/create_volume.py:226}}
Feb 11 22:36:28 devstack devstack@c-api.service[79160]: INFO cinder.api.openstack.wsgi [None req-f91f6b0f-414a-4ace-bdc4-c005741f928a tempest-QosSpecsTestJSON-685185576 tempest-QosSpecsTestJSON-685185576-project-admin] http://192.168.122.226/volume/v3/qos-specs/3fd81812-d5b6-451c-9723-40c600830f50?force=False returned with HTTP 202
Feb 11 22:36:28 devstack devstack@c-api.service[79160]: [pid: 79160|app: 0|req: 185/352] 192.168.122.226 () {58 vars in 1277 bytes} [Wed Feb 11 22:36:28 2026] DELETE /volume/v3/qos-specs/3fd81812-d5b6-451c-9723-40c600830f50?force=False => generated 0 bytes in 32 msecs (HTTP/1.1 202) 6 headers in 233 bytes (1 switches on core 0)
Feb 11 22:36:28 devstack devstack@c-api.service[79160]: DEBUG cinder.api.middleware.request_id [None req-22ed06bd-bb7b-4f2a-b346-e3d14b28ac76 None None] RequestId filter calling following filter/app {{(pid=79160) _context_setter /opt/stack/cinder/cinder/api/middleware/request_id.py:62}}
Feb 11 22:36:28 devstack devstack@c-api.service[79160]: INFO cinder.api.openstack.wsgi [None req-22ed06bd-bb7b-4f2a-b346-e3d14b28ac76 tempest-QosSpecsTestJSON-685185576 tempest-QosSpecsTestJSON-685185576-project-admin] GET http://192.168.122.226/volume/v3/qos-specs/3fd81812-d5b6-451c-9723-40c600830f50
Feb 11 22:36:28 devstack devstack@c-api.service[79160]: DEBUG cinder.api.openstack.wsgi [None req-22ed06bd-bb7b-4f2a-b346-e3d14b28ac76 tempest-QosSpecsTestJSON-685185576 tempest-QosSpecsTestJSON-685185576-project-admin] Empty body provided in request {{(pid=79160) get_body /opt/stack/cinder/cinder/api/openstack/wsgi.py:725}}
Feb 11 22:36:28 devstack devstack@c-api.service[79160]: DEBUG cinder.api.openstack.wsgi [None req-22ed06bd-bb7b-4f2a-b346-e3d14b28ac76 tempest-QosSpecsTestJSON-685185576 tempest-QosSpecsTestJSON-685185576-project-admin] Calling method 'show' {{(pid=79160) _process_stack /opt/stack/cinder/cinder/api/openstack/wsgi.py:878}}
Feb 11 22:36:28 devstack devstack@c-api.service[79160]: /opt/stack/data/venv/lib/python3.10/site-packages/oslo_context/context.py:101: DeprecationWarning: Policy enforcement is depending on the value of is_admin. This key is deprecated. Please update your policy file to use the standard policy values.
Feb 11 22:36:28 devstack devstack@c-api.service[79160]: warnings.warn(
Feb 11 22:36:28 devstack devstack@c-api.service[79160]: INFO cinder.api.openstack.wsgi [None req-22ed06bd-bb7b-4f2a-b346-e3d14b28ac76 tempest-QosSpecsTestJSON-685185576 tempest-QosSpecsTestJSON-685185576-project-admin] http://192.168.122.226/volume/v3/qos-specs/3fd81812-d5b6-451c-9723-40c600830f50 returned with HTTP 404
Feb 11 22:36:28 devstack devstack@c-api.service[79160]: [pid: 79160|app: 0|req: 186/353] 192.168.122.226 () {58 vars in 1251 bytes} [Wed Feb 11 22:36:28 2026] GET /volume/v3/qos-specs/3fd81812-d5b6-451c-9723-40c600830f50 => generated 100 bytes in 17 msecs (HTTP/1.1 404) 7 headers in 292 bytes (1 switches on core 0)
Feb 11 22:36:28 devstack devstack@c-api.service[79160]: DEBUG cinder.api.middleware.request_id [None req-f21f8584-e90a-464f-8422-37c850ec591f None None] RequestId filter calling following filter/app {{(pid=79160) _context_setter /opt/stack/cinder/cinder/api/middleware/request_id.py:62}}
Feb 11 22:36:28 devstack devstack@c-api.service[79160]: INFO cinder.api.openstack.wsgi [None req-f21f8584-e90a-464f-8422-37c850ec591f tempest-QosSpecsTestJSON-685185576 tempest-QosSpecsTestJSON-685185576-project-admin] GET http://192.168.122.226/volume/v3/qos-specs
Feb 11 22:36:28 devstack devstack@c-api.service[79160]: DEBUG cinder.api.openstack.wsgi [None req-f21f8584-e90a-464f-8422-37c850ec591f tempest-QosSpecsTestJSON-685185576 tempest-QosSpecsTestJSON-685185576-project-admin] Empty body provided in request {{(pid=79160) get_body /opt/stack/cinder/cinder/api/openstack/wsgi.py:725}}
Feb 11 22:36:28 devstack devstack@c-api.service[79160]: DEBUG cinder.api.openstack.wsgi [None req-f21f8584-e90a-464f-8422-37c850ec591f tempest-QosSpecsTestJSON-685185576 tempest-QosSpecsTestJSON-685185576-project-admin] Calling method 'index' {{(pid=79160) _process_stack /opt/stack/cinder/cinder/api/openstack/wsgi.py:878}}
Feb 11 22:36:28 devstack devstack@c-api.service[79159]: DEBUG cinder.volume.api [None req-6ccd6802-6e34-4512-baf0-760a2f7fd80e tempest-VolumeQuotasNegativeTestJSON-1917945251 tempest-VolumeQuotasNegativeTestJSON-1917945251-project-member] Task 'cinder.volume.flows.api.create_volume.ExtractVolumeRequestTask;volume:create' (4d95fb44-d319-48bc-b446-d2b02146b11b) transitioned into state 'SUCCESS' from state 'RUNNING' with result '{'size': 2, 'snapshot_id': None, 'source_volid': None, 'volume_type': VolumeType(created_at=2026-02-11T21:34:01Z,deleted=False,deleted_at=None,description=None,extra_specs={},id=5381f40f-205c-4424-b95d-b84e7ba5f0dd,is_public=True,name='QuobyteHD',projects=[],qos_specs=,qos_specs_id=None,updated_at=None), 'volume_type_id': '5381f40f-205c-4424-b95d-b84e7ba5f0dd', 'encryption_key_id': None, 'qos_specs': None, 'consistencygroup_id': None, 'cgsnapshot_id': None, 'group_id': None, 'replication_status': 'disabled', 'refresh_az': False, 'backup_id': None, 'multiattach': False, 'availability_zones': ['nova']}' {{(pid=79159) _task_receiver /opt/stack/data/venv/lib/python3.10/site-packages/taskflow/listeners/logging.py:182}}
Feb 11 22:36:28 devstack devstack@c-api.service[79159]: DEBUG cinder.volume.api [None req-6ccd6802-6e34-4512-baf0-760a2f7fd80e tempest-VolumeQuotasNegativeTestJSON-1917945251 tempest-VolumeQuotasNegativeTestJSON-1917945251-project-member] Task 'cinder.volume.flows.api.create_volume.QuotaReserveTask;volume:create' (17db6b8f-290e-499c-832c-dd8c5da3df3e) transitioned into state 'RUNNING' from state 'PENDING' {{(pid=79159) _task_receiver /opt/stack/data/venv/lib/python3.10/site-packages/taskflow/listeners/logging.py:194}}
Feb 11 22:36:28 devstack devstack@c-api.service[79160]: INFO cinder.api.openstack.wsgi [None req-f21f8584-e90a-464f-8422-37c850ec591f tempest-QosSpecsTestJSON-685185576 tempest-QosSpecsTestJSON-685185576-project-admin] http://192.168.122.226/volume/v3/qos-specs returned with HTTP 200
Feb 11 22:36:28 devstack devstack@c-api.service[79160]: [pid: 79160|app: 0|req: 187/354] 192.168.122.226 () {58 vars in 1140 bytes} [Wed Feb 11 22:36:28 2026] GET /volume/v3/qos-specs => generated 175 bytes in 13 msecs (HTTP/1.1 200) 7 headers in 285 bytes (1 switches on core 0)
Feb 11 22:36:28 devstack devstack@c-api.service[79160]: DEBUG cinder.api.middleware.request_id [None req-e44026ad-8d37-4638-846a-d16478387dbc None None] RequestId filter calling following filter/app {{(pid=79160) _context_setter /opt/stack/cinder/cinder/api/middleware/request_id.py:62}}
Feb 11 22:36:28 devstack devstack@c-api.service[79160]: INFO cinder.api.openstack.wsgi [None req-e44026ad-8d37-4638-846a-d16478387dbc tempest-QosSpecsTestJSON-685185576 tempest-QosSpecsTestJSON-685185576-project-admin] DELETE http://192.168.122.226/volume/v3/qos-specs/3fd81812-d5b6-451c-9723-40c600830f50?force=False
Feb 11 22:36:28 devstack devstack@c-api.service[79160]: DEBUG cinder.api.openstack.wsgi [None req-e44026ad-8d37-4638-846a-d16478387dbc tempest-QosSpecsTestJSON-685185576 tempest-QosSpecsTestJSON-685185576-project-admin] Empty body provided in request {{(pid=79160) get_body /opt/stack/cinder/cinder/api/openstack/wsgi.py:725}}
Feb 11 22:36:28 devstack devstack@c-api.service[79160]: DEBUG cinder.api.openstack.wsgi [None req-e44026ad-8d37-4638-846a-d16478387dbc tempest-QosSpecsTestJSON-685185576 tempest-QosSpecsTestJSON-685185576-project-admin] Calling method 'delete' {{(pid=79160) _process_stack /opt/stack/cinder/cinder/api/openstack/wsgi.py:878}}
Feb 11 22:36:28 devstack devstack@c-api.service[79160]: /opt/stack/data/venv/lib/python3.10/site-packages/oslo_context/context.py:101: DeprecationWarning: Policy enforcement is depending on the value of is_admin. This key is deprecated. Please update your policy file to use the standard policy values.
Feb 11 22:36:28 devstack devstack@c-api.service[79160]: warnings.warn(
Feb 11 22:36:28 devstack devstack@c-api.service[79160]: DEBUG cinder.api.contrib.qos_specs_manage [None req-e44026ad-8d37-4638-846a-d16478387dbc tempest-QosSpecsTestJSON-685185576 tempest-QosSpecsTestJSON-685185576-project-admin] Delete qos_spec: 3fd81812-d5b6-451c-9723-40c600830f50, force: False {{(pid=79160) delete /opt/stack/cinder/cinder/api/contrib/qos_specs_manage.py:169}}
Feb 11 22:36:28 devstack devstack@c-api.service[79160]: INFO cinder.api.openstack.wsgi [None req-e44026ad-8d37-4638-846a-d16478387dbc tempest-QosSpecsTestJSON-685185576 tempest-QosSpecsTestJSON-685185576-project-admin] http://192.168.122.226/volume/v3/qos-specs/3fd81812-d5b6-451c-9723-40c600830f50?force=False returned with HTTP 404
Feb 11 22:36:28 devstack devstack@c-api.service[79160]: [pid: 79160|app: 0|req: 188/355] 192.168.122.226 () {58 vars in 1277 bytes} [Wed Feb 11 22:36:28 2026] DELETE /volume/v3/qos-specs/3fd81812-d5b6-451c-9723-40c600830f50?force=False => generated 100 bytes in 12 msecs (HTTP/1.1 404) 7 headers in 292 bytes (1 switches on core 0)
Feb 11 22:36:28 devstack devstack@c-api.service[79160]: DEBUG cinder.api.middleware.request_id [None req-56e0ba22-a91e-4c3d-b4c4-20a19c239411 None None] RequestId filter calling following filter/app {{(pid=79160) _context_setter /opt/stack/cinder/cinder/api/middleware/request_id.py:62}}
Feb 11 22:36:28 devstack devstack@c-api.service[79160]: INFO cinder.api.openstack.wsgi [None req-56e0ba22-a91e-4c3d-b4c4-20a19c239411 tempest-QosSpecsTestJSON-685185576 tempest-QosSpecsTestJSON-685185576-project-admin] GET http://192.168.122.226/volume/v3/qos-specs/3fd81812-d5b6-451c-9723-40c600830f50
Feb 11 22:36:28 devstack devstack@c-api.service[79160]: DEBUG cinder.api.openstack.wsgi [None req-56e0ba22-a91e-4c3d-b4c4-20a19c239411 tempest-QosSpecsTestJSON-685185576 tempest-QosSpecsTestJSON-685185576-project-admin] Empty body provided in request {{(pid=79160) get_body /opt/stack/cinder/cinder/api/openstack/wsgi.py:725}}
Feb 11 22:36:28 devstack devstack@c-api.service[79160]: DEBUG cinder.api.openstack.wsgi [None req-56e0ba22-a91e-4c3d-b4c4-20a19c239411 tempest-QosSpecsTestJSON-685185576 tempest-QosSpecsTestJSON-685185576-project-admin] Calling method 'show' {{(pid=79160) _process_stack /opt/stack/cinder/cinder/api/openstack/wsgi.py:878}}
Feb 11 22:36:28 devstack devstack@c-api.service[79159]: WARNING cinder.quota_utils [None req-6ccd6802-6e34-4512-baf0-760a2f7fd80e tempest-VolumeQuotasNegativeTestJSON-1917945251 tempest-VolumeQuotasNegativeTestJSON-1917945251-project-member] Quota exceeded for 26676ec2b70f4ab2bb19b422dea8aa3f, tried to create 2G volume (1G of 1G already consumed).: cinder.exception.OverQuota: Quota exceeded for resources: ['gigabytes']
Feb 11 22:36:28 devstack devstack@c-api.service[79160]: INFO cinder.api.openstack.wsgi [None req-56e0ba22-a91e-4c3d-b4c4-20a19c239411 tempest-QosSpecsTestJSON-685185576 tempest-QosSpecsTestJSON-685185576-project-admin] http://192.168.122.226/volume/v3/qos-specs/3fd81812-d5b6-451c-9723-40c600830f50 returned with HTTP 404
Feb 11 22:36:28 devstack devstack@c-api.service[79160]: [pid: 79160|app: 0|req: 189/356] 192.168.122.226 () {58 vars in 1251 bytes} [Wed Feb 11 22:36:28 2026] GET /volume/v3/qos-specs/3fd81812-d5b6-451c-9723-40c600830f50 => generated 100 bytes in 12 msecs (HTTP/1.1 404) 7 headers in 292 bytes (1 switches on core 0)
Feb 11 22:36:28 devstack devstack@c-api.service[79159]: WARNING cinder.volume.api [None req-6ccd6802-6e34-4512-baf0-760a2f7fd80e tempest-VolumeQuotasNegativeTestJSON-1917945251 tempest-VolumeQuotasNegativeTestJSON-1917945251-project-member] Task 'cinder.volume.flows.api.create_volume.QuotaReserveTask;volume:create' (17db6b8f-290e-499c-832c-dd8c5da3df3e) transitioned into state 'FAILURE' from state 'RUNNING'
Feb 11 22:36:28 devstack devstack@c-api.service[79159]: Failure: cinder.exception.VolumeSizeExceedsAvailableQuota: Requested volume or snapshot exceeds allowed gigabytes quota. Requested 2G, quota is 1G and 1G has been consumed.
Feb 11 22:36:28 devstack devstack@c-api.service[79159]: DEBUG cinder.volume.api [None req-6ccd6802-6e34-4512-baf0-760a2f7fd80e tempest-VolumeQuotasNegativeTestJSON-1917945251 tempest-VolumeQuotasNegativeTestJSON-1917945251-project-member] Task 'cinder.volume.flows.api.create_volume.QuotaReserveTask;volume:create' (17db6b8f-290e-499c-832c-dd8c5da3df3e) transitioned into state 'REVERTING' from state 'FAILURE' {{(pid=79159) _task_receiver /opt/stack/data/venv/lib/python3.10/site-packages/taskflow/listeners/logging.py:194}}
Feb 11 22:36:28 devstack devstack@c-api.service[79160]: DEBUG cinder.api.middleware.request_id [None req-7107e651-bb8e-4028-9548-2e5ab092cc78 None None] RequestId filter calling following filter/app {{(pid=79160) _context_setter /opt/stack/cinder/cinder/api/middleware/request_id.py:62}}
Feb 11 22:36:28 devstack devstack@c-api.service[79159]: WARNING cinder.volume.api [None req-6ccd6802-6e34-4512-baf0-760a2f7fd80e tempest-VolumeQuotasNegativeTestJSON-1917945251 tempest-VolumeQuotasNegativeTestJSON-1917945251-project-member] Task 'cinder.volume.flows.api.create_volume.QuotaReserveTask;volume:create' (17db6b8f-290e-499c-832c-dd8c5da3df3e) transitioned into state 'REVERTED' from state 'REVERTING' with result 'None'
Feb 11 22:36:28 devstack devstack@c-api.service[79160]: INFO cinder.api.openstack.wsgi [None req-7107e651-bb8e-4028-9548-2e5ab092cc78 tempest-QosSpecsTestJSON-685185576 tempest-QosSpecsTestJSON-685185576-project-admin] GET http://192.168.122.226/volume/v3/qos-specs/4d2fd517-e9c5-49e8-9e06-8ab48252433d
Feb 11 22:36:28 devstack devstack@c-api.service[79159]: DEBUG cinder.volume.api [None req-6ccd6802-6e34-4512-baf0-760a2f7fd80e tempest-VolumeQuotasNegativeTestJSON-1917945251 tempest-VolumeQuotasNegativeTestJSON-1917945251-project-member] Task 'cinder.volume.flows.api.create_volume.ExtractVolumeRequestTask;volume:create' (4d95fb44-d319-48bc-b446-d2b02146b11b) transitioned into state 'REVERTING' from state 'SUCCESS' {{(pid=79159) _task_receiver /opt/stack/data/venv/lib/python3.10/site-packages/taskflow/listeners/logging.py:194}}
Feb 11 22:36:28 devstack devstack@c-api.service[79160]: DEBUG cinder.api.openstack.wsgi [None req-7107e651-bb8e-4028-9548-2e5ab092cc78 tempest-QosSpecsTestJSON-685185576 tempest-QosSpecsTestJSON-685185576-project-admin] Empty body provided in request {{(pid=79160) get_body /opt/stack/cinder/cinder/api/openstack/wsgi.py:725}}
Feb 11 22:36:28 devstack devstack@c-api.service[79160]: DEBUG cinder.api.openstack.wsgi [None req-7107e651-bb8e-4028-9548-2e5ab092cc78 tempest-QosSpecsTestJSON-685185576 tempest-QosSpecsTestJSON-685185576-project-admin] Calling method 'show' {{(pid=79160) _process_stack /opt/stack/cinder/cinder/api/openstack/wsgi.py:878}}
Feb 11 22:36:28 devstack devstack@c-api.service[79159]: WARNING cinder.volume.api [None req-6ccd6802-6e34-4512-baf0-760a2f7fd80e tempest-VolumeQuotasNegativeTestJSON-1917945251 tempest-VolumeQuotasNegativeTestJSON-1917945251-project-member] Task 'cinder.volume.flows.api.create_volume.ExtractVolumeRequestTask;volume:create' (4d95fb44-d319-48bc-b446-d2b02146b11b) transitioned into state 'REVERTED' from state 'REVERTING' with result 'None'
Feb 11 22:36:28 devstack devstack@c-api.service[79159]: WARNING cinder.volume.api [None req-6ccd6802-6e34-4512-baf0-760a2f7fd80e tempest-VolumeQuotasNegativeTestJSON-1917945251 tempest-VolumeQuotasNegativeTestJSON-1917945251-project-member] Flow 'volume_create_api' (4808625c-51e7-4841-83d3-68a5606a5b6b) transitioned into state 'REVERTED' from state 'RUNNING'
Feb 11 22:36:28 devstack devstack@c-api.service[79159]: INFO cinder.api.middleware.fault [None req-6ccd6802-6e34-4512-baf0-760a2f7fd80e tempest-VolumeQuotasNegativeTestJSON-1917945251 tempest-VolumeQuotasNegativeTestJSON-1917945251-project-member] http://192.168.122.226/volume/v3/volumes returned with HTTP 413
Feb 11 22:36:28 devstack devstack@c-api.service[79159]: [pid: 79159|app: 0|req: 168/357] 192.168.122.226 () {60 vars in 1155 bytes} [Wed Feb 11 22:36:28 2026] POST /volume/v3/volumes => generated 208 bytes in 129 msecs (HTTP/1.1 413) 8 headers in 323 bytes (1 switches on core 0)
Feb 11 22:36:28 devstack devstack@c-api.service[79159]: DEBUG cinder.api.middleware.request_id [None req-046b344f-2b15-4fe8-a879-2bad6eda62da None None] RequestId filter calling following filter/app {{(pid=79159) _context_setter /opt/stack/cinder/cinder/api/middleware/request_id.py:62}}
Feb 11 22:36:28 devstack devstack@c-api.service[79160]: INFO cinder.api.openstack.wsgi [None req-7107e651-bb8e-4028-9548-2e5ab092cc78 tempest-QosSpecsTestJSON-685185576 tempest-QosSpecsTestJSON-685185576-project-admin] http://192.168.122.226/volume/v3/qos-specs/4d2fd517-e9c5-49e8-9e06-8ab48252433d returned with HTTP 200
Feb 11 22:36:28 devstack devstack@c-api.service[79160]: [pid: 79160|app: 0|req: 190/358] 192.168.122.226 () {58 vars in 1251 bytes} [Wed Feb 11 22:36:28 2026] GET /volume/v3/qos-specs/4d2fd517-e9c5-49e8-9e06-8ab48252433d => generated 401 bytes in 19 msecs (HTTP/1.1 200) 7 headers in 285 bytes (1 switches on core 0)
Feb 11 22:36:28 devstack devstack@c-api.service[79159]: INFO cinder.api.openstack.wsgi [None req-046b344f-2b15-4fe8-a879-2bad6eda62da tempest-VolumeQuotasNegativeTestJSON-682980630 tempest-VolumeQuotasNegativeTestJSON-682980630-project-admin] PUT http://192.168.122.226/volume/v3/os-quota-sets/26676ec2b70f4ab2bb19b422dea8aa3f
Feb 11 22:36:28 devstack devstack@c-api.service[79159]: DEBUG cinder.api.openstack.wsgi [None req-046b344f-2b15-4fe8-a879-2bad6eda62da tempest-VolumeQuotasNegativeTestJSON-682980630 tempest-VolumeQuotasNegativeTestJSON-682980630-project-admin] Action: 'update', calling method: update, body: {"quota_set": {"volumes": 1, "gigabytes": -1}} {{(pid=79159) _process_stack /opt/stack/cinder/cinder/api/openstack/wsgi.py:876}}
Feb 11 22:36:28 devstack devstack@c-api.service[79160]: DEBUG cinder.api.middleware.request_id [None req-50ba1032-4f5b-49e0-855e-e40615c1cac7 None None] RequestId filter calling following filter/app {{(pid=79160) _context_setter /opt/stack/cinder/cinder/api/middleware/request_id.py:62}}
Feb 11 22:36:28 devstack devstack@c-api.service[79160]: INFO cinder.api.openstack.wsgi [None req-50ba1032-4f5b-49e0-855e-e40615c1cac7 tempest-QosSpecsTestJSON-685185576 tempest-QosSpecsTestJSON-685185576-project-admin] GET http://192.168.122.226/volume/v3/qos-specs
Feb 11 22:36:28 devstack devstack@c-api.service[79160]: DEBUG cinder.api.openstack.wsgi [None req-50ba1032-4f5b-49e0-855e-e40615c1cac7 tempest-QosSpecsTestJSON-685185576 tempest-QosSpecsTestJSON-685185576-project-admin] Empty body provided in request {{(pid=79160) get_body /opt/stack/cinder/cinder/api/openstack/wsgi.py:725}}
Feb 11 22:36:28 devstack devstack@c-api.service[79160]: DEBUG cinder.api.openstack.wsgi [None req-50ba1032-4f5b-49e0-855e-e40615c1cac7 tempest-QosSpecsTestJSON-685185576 tempest-QosSpecsTestJSON-685185576-project-admin] Calling method 'index' {{(pid=79160) _process_stack /opt/stack/cinder/cinder/api/openstack/wsgi.py:878}}
Feb 11 22:36:28 devstack devstack@c-api.service[79160]: /opt/stack/data/venv/lib/python3.10/site-packages/oslo_context/context.py:101: DeprecationWarning: Policy enforcement is depending on the value of is_admin. This key is deprecated. Please update your policy file to use the standard policy values.
Feb 11 22:36:28 devstack devstack@c-api.service[79160]: warnings.warn(
Feb 11 22:36:28 devstack devstack@c-api.service[79159]: /opt/stack/data/venv/lib/python3.10/site-packages/oslo_context/context.py:101: DeprecationWarning: Policy enforcement is depending on the value of is_admin. This key is deprecated. Please update your policy file to use the standard policy values.
Feb 11 22:36:28 devstack devstack@c-api.service[79159]: warnings.warn(
Feb 11 22:36:28 devstack devstack@c-api.service[79160]: INFO cinder.api.openstack.wsgi [None req-50ba1032-4f5b-49e0-855e-e40615c1cac7 tempest-QosSpecsTestJSON-685185576 tempest-QosSpecsTestJSON-685185576-project-admin] http://192.168.122.226/volume/v3/qos-specs returned with HTTP 200
Feb 11 22:36:28 devstack devstack@c-api.service[79160]: [pid: 79160|app: 0|req: 191/359] 192.168.122.226 () {58 vars in 1140 bytes} [Wed Feb 11 22:36:28 2026] GET /volume/v3/qos-specs => generated 175 bytes in 13 msecs (HTTP/1.1 200) 7 headers in 285 bytes (1 switches on core 0)
Feb 11 22:36:28 devstack devstack@c-api.service[79160]: DEBUG cinder.api.middleware.request_id [None req-e2829e78-5567-4c44-84e2-8693b4bfea35 None None] RequestId filter calling following filter/app {{(pid=79160) _context_setter /opt/stack/cinder/cinder/api/middleware/request_id.py:62}}
Feb 11 22:36:28 devstack devstack@c-api.service[79160]: INFO cinder.api.openstack.wsgi [None req-e2829e78-5567-4c44-84e2-8693b4bfea35 tempest-QosSpecsTestJSON-685185576 tempest-QosSpecsTestJSON-685185576-project-admin] PUT http://192.168.122.226/volume/v3/qos-specs/4d2fd517-e9c5-49e8-9e06-8ab48252433d
Feb 11 22:36:28 devstack devstack@c-api.service[79160]: DEBUG cinder.api.openstack.wsgi [None req-e2829e78-5567-4c44-84e2-8693b4bfea35 tempest-QosSpecsTestJSON-685185576 tempest-QosSpecsTestJSON-685185576-project-admin] Action: 'update', calling method: update, body: {"qos_specs": {"iops_bytes": "500"}} {{(pid=79160) _process_stack /opt/stack/cinder/cinder/api/openstack/wsgi.py:876}}
Feb 11 22:36:28 devstack devstack@c-api.service[79160]: /opt/stack/data/venv/lib/python3.10/site-packages/oslo_context/context.py:101: DeprecationWarning: Policy enforcement is depending on the value of is_admin. This key is deprecated. Please update your policy file to use the standard policy values.
Feb 11 22:36:28 devstack devstack@c-api.service[79160]: warnings.warn(
Feb 11 22:36:28 devstack devstack@c-api.service[79160]: DEBUG cinder.volume.qos_specs [None req-e2829e78-5567-4c44-84e2-8693b4bfea35 tempest-QosSpecsTestJSON-685185576 tempest-QosSpecsTestJSON-685185576-project-admin] qos_specs.update(): specs {'iops_bytes': '500'} {{(pid=79160) update /opt/stack/cinder/cinder/volume/qos_specs.py:79}}
Feb 11 22:36:28 devstack devstack@c-api.service[79160]: DEBUG cinder.db.sqlalchemy.api [None req-e2829e78-5567-4c44-84e2-8693b4bfea35 tempest-QosSpecsTestJSON-685185576 tempest-QosSpecsTestJSON-685185576-project-admin] qos_specs_update() value: {'id': '31c1a1e5-4650-4d16-a4a9-14a44b323c24', 'key': 'iops_bytes', 'value': '500', 'specs_id': '4d2fd517-e9c5-49e8-9e06-8ab48252433d', 'deleted': False} {{(pid=79160) qos_specs_update /opt/stack/cinder/cinder/db/sqlalchemy/api.py:6020}}
Feb 11 22:36:28 devstack devstack@c-api.service[79160]: INFO cinder.api.openstack.wsgi [None req-e2829e78-5567-4c44-84e2-8693b4bfea35 tempest-QosSpecsTestJSON-685185576 tempest-QosSpecsTestJSON-685185576-project-admin] http://192.168.122.226/volume/v3/qos-specs/4d2fd517-e9c5-49e8-9e06-8ab48252433d returned with HTTP 200
Feb 11 22:36:28 devstack devstack@c-api.service[79160]: [pid: 79160|app: 0|req: 192/360] 192.168.122.226 () {60 vars in 1271 bytes} [Wed Feb 11 22:36:28 2026] PUT /volume/v3/qos-specs/4d2fd517-e9c5-49e8-9e06-8ab48252433d => generated 36 bytes in 33 msecs (HTTP/1.1 200) 7 headers in 284 bytes (1 switches on core 0)
Feb 11 22:36:28 devstack devstack@c-api.service[79160]: DEBUG cinder.api.middleware.request_id [None req-708950b3-2ec4-4edc-b625-7c9b9808d6bc None None] RequestId filter calling following filter/app {{(pid=79160) _context_setter /opt/stack/cinder/cinder/api/middleware/request_id.py:62}}
Feb 11 22:36:28 devstack devstack@c-api.service[79160]: INFO cinder.api.openstack.wsgi [None req-708950b3-2ec4-4edc-b625-7c9b9808d6bc tempest-QosSpecsTestJSON-685185576 tempest-QosSpecsTestJSON-685185576-project-admin] GET http://192.168.122.226/volume/v3/qos-specs/4d2fd517-e9c5-49e8-9e06-8ab48252433d
Feb 11 22:36:28 devstack devstack@c-api.service[79160]: DEBUG cinder.api.openstack.wsgi [None req-708950b3-2ec4-4edc-b625-7c9b9808d6bc tempest-QosSpecsTestJSON-685185576 tempest-QosSpecsTestJSON-685185576-project-admin] Empty body provided in request {{(pid=79160) get_body /opt/stack/cinder/cinder/api/openstack/wsgi.py:725}}
Feb 11 22:36:28 devstack devstack@c-api.service[79160]: DEBUG cinder.api.openstack.wsgi [None req-708950b3-2ec4-4edc-b625-7c9b9808d6bc tempest-QosSpecsTestJSON-685185576 tempest-QosSpecsTestJSON-685185576-project-admin] Calling method 'show' {{(pid=79160) _process_stack /opt/stack/cinder/cinder/api/openstack/wsgi.py:878}}
Feb 11 22:36:28 devstack devstack@c-api.service[79160]: /opt/stack/data/venv/lib/python3.10/site-packages/oslo_context/context.py:101: DeprecationWarning: Policy enforcement is depending on the value of is_admin. This key is deprecated. Please update your policy file to use the standard policy values.
Feb 11 22:36:28 devstack devstack@c-api.service[79160]: warnings.warn(
Feb 11 22:36:28 devstack devstack@c-api.service[79159]: INFO cinder.api.openstack.wsgi [None req-046b344f-2b15-4fe8-a879-2bad6eda62da tempest-VolumeQuotasNegativeTestJSON-682980630 tempest-VolumeQuotasNegativeTestJSON-682980630-project-admin] http://192.168.122.226/volume/v3/os-quota-sets/26676ec2b70f4ab2bb19b422dea8aa3f returned with HTTP 200
Feb 11 22:36:28 devstack devstack@c-api.service[79159]: [pid: 79159|app: 0|req: 169/361] 192.168.122.226 () {60 vars in 1271 bytes} [Wed Feb 11 22:36:28 2026] PUT /volume/v3/os-quota-sets/26676ec2b70f4ab2bb19b422dea8aa3f => generated 591 bytes in 77 msecs (HTTP/1.1 200) 7 headers in 285 bytes (1 switches on core 0)
Feb 11 22:36:28 devstack devstack@c-api.service[79159]: DEBUG cinder.api.middleware.request_id [None req-050a4262-0c5d-4978-b224-c1db62d2d0bf None None] RequestId filter calling following filter/app {{(pid=79159) _context_setter /opt/stack/cinder/cinder/api/middleware/request_id.py:62}}
Feb 11 22:36:28 devstack devstack@c-api.service[79160]: INFO cinder.api.openstack.wsgi [None req-708950b3-2ec4-4edc-b625-7c9b9808d6bc tempest-QosSpecsTestJSON-685185576 tempest-QosSpecsTestJSON-685185576-project-admin] http://192.168.122.226/volume/v3/qos-specs/4d2fd517-e9c5-49e8-9e06-8ab48252433d returned with HTTP 200
Feb 11 22:36:28 devstack devstack@c-api.service[79160]: [pid: 79160|app: 0|req: 193/362] 192.168.122.226 () {58 vars in 1251 bytes} [Wed Feb 11 22:36:28 2026] GET /volume/v3/qos-specs/4d2fd517-e9c5-49e8-9e06-8ab48252433d => generated 422 bytes in 18 msecs (HTTP/1.1 200) 7 headers in 285 bytes (1 switches on core 0)
Feb 11 22:36:28 devstack devstack@c-api.service[79159]: INFO cinder.api.openstack.wsgi [None req-050a4262-0c5d-4978-b224-c1db62d2d0bf tempest-VolumeQuotasNegativeTestJSON-1917945251 tempest-VolumeQuotasNegativeTestJSON-1917945251-project-member] POST http://192.168.122.226/volume/v3/volumes
Feb 11 22:36:28 devstack devstack@c-api.service[79159]: DEBUG cinder.api.openstack.wsgi [None req-050a4262-0c5d-4978-b224-c1db62d2d0bf tempest-VolumeQuotasNegativeTestJSON-1917945251 tempest-VolumeQuotasNegativeTestJSON-1917945251-project-member] Action: 'create', calling method: create, body: {"volume": {"size": 1}} {{(pid=79159) _process_stack /opt/stack/cinder/cinder/api/openstack/wsgi.py:876}}
Feb 11 22:36:28 devstack devstack@c-api.service[79159]: DEBUG cinder.api.v3.volumes [None req-050a4262-0c5d-4978-b224-c1db62d2d0bf tempest-VolumeQuotasNegativeTestJSON-1917945251 tempest-VolumeQuotasNegativeTestJSON-1917945251-project-member] Create volume request body: {'volume': {'size': 1}} {{(pid=79159) create /opt/stack/cinder/cinder/api/v3/volumes.py:368}}
Feb 11 22:36:28 devstack devstack@c-api.service[79159]: INFO cinder.api.v3.volumes [None req-050a4262-0c5d-4978-b224-c1db62d2d0bf tempest-VolumeQuotasNegativeTestJSON-1917945251 tempest-VolumeQuotasNegativeTestJSON-1917945251-project-member] Create volume of 1 GB
Feb 11 22:36:28 devstack devstack@c-api.service[79160]: DEBUG cinder.api.middleware.request_id [None req-7de08f73-5978-4f2e-92ce-750c4056f988 None None] RequestId filter calling following filter/app {{(pid=79160) _context_setter /opt/stack/cinder/cinder/api/middleware/request_id.py:62}}
Feb 11 22:36:28 devstack devstack@c-api.service[79160]: INFO cinder.api.openstack.wsgi [None req-7de08f73-5978-4f2e-92ce-750c4056f988 tempest-QosSpecsTestJSON-685185576 tempest-QosSpecsTestJSON-685185576-project-admin] PUT http://192.168.122.226/volume/v3/qos-specs/4d2fd517-e9c5-49e8-9e06-8ab48252433d/delete_keys
Feb 11 22:36:28 devstack devstack@c-api.service[79160]: DEBUG cinder.api.openstack.wsgi [None req-7de08f73-5978-4f2e-92ce-750c4056f988 tempest-QosSpecsTestJSON-685185576 tempest-QosSpecsTestJSON-685185576-project-admin] Action: 'delete_keys', calling method: delete_keys, body: {"keys": ["iops_bytes"]} {{(pid=79160) _process_stack /opt/stack/cinder/cinder/api/openstack/wsgi.py:876}}
Feb 11 22:36:28 devstack devstack@c-api.service[79160]: /opt/stack/data/venv/lib/python3.10/site-packages/oslo_context/context.py:101: DeprecationWarning: Policy enforcement is depending on the value of is_admin. This key is deprecated. Please update your policy file to use the standard policy values.
Feb 11 22:36:28 devstack devstack@c-api.service[79160]: warnings.warn(
Feb 11 22:36:28 devstack devstack@c-api.service[79160]: DEBUG cinder.api.contrib.qos_specs_manage [None req-7de08f73-5978-4f2e-92ce-750c4056f988 tempest-QosSpecsTestJSON-685185576 tempest-QosSpecsTestJSON-685185576-project-admin] Delete_key spec: 4d2fd517-e9c5-49e8-9e06-8ab48252433d, keys: ['iops_bytes'] {{(pid=79160) delete_keys /opt/stack/cinder/cinder/api/contrib/qos_specs_manage.py:208}}
Feb 11 22:36:28 devstack devstack@c-api.service[79159]: INFO cinder.volume.api [None req-050a4262-0c5d-4978-b224-c1db62d2d0bf tempest-VolumeQuotasNegativeTestJSON-1917945251 tempest-VolumeQuotasNegativeTestJSON-1917945251-project-member] Availability Zones retrieved successfully.
Feb 11 22:36:28 devstack devstack@c-api.service[79159]: DEBUG cinder.volume.api [None req-050a4262-0c5d-4978-b224-c1db62d2d0bf tempest-VolumeQuotasNegativeTestJSON-1917945251 tempest-VolumeQuotasNegativeTestJSON-1917945251-project-member] Flow 'volume_create_api' (13b7cf4a-6a17-4d23-b1fc-475d8f8bd84c) transitioned into state 'RUNNING' from state 'PENDING' {{(pid=79159) _flow_receiver /opt/stack/data/venv/lib/python3.10/site-packages/taskflow/listeners/logging.py:145}}
Feb 11 22:36:28 devstack devstack@c-api.service[79159]: DEBUG cinder.volume.api [None req-050a4262-0c5d-4978-b224-c1db62d2d0bf tempest-VolumeQuotasNegativeTestJSON-1917945251 tempest-VolumeQuotasNegativeTestJSON-1917945251-project-member] Task 'cinder.volume.flows.api.create_volume.ExtractVolumeRequestTask;volume:create' (73688a9c-dadd-4f64-8850-a98ccf17832f) transitioned into state 'RUNNING' from state 'PENDING' {{(pid=79159) _task_receiver /opt/stack/data/venv/lib/python3.10/site-packages/taskflow/listeners/logging.py:194}}
Feb 11 22:36:28 devstack devstack@c-api.service[79159]: DEBUG cinder.volume.flows.api.create_volume [None req-050a4262-0c5d-4978-b224-c1db62d2d0bf tempest-VolumeQuotasNegativeTestJSON-1917945251 tempest-VolumeQuotasNegativeTestJSON-1917945251-project-member] Validating volume size '1' using validate_int {{(pid=79159) _extract_size /opt/stack/cinder/cinder/volume/flows/api/create_volume.py:226}}
Feb 11 22:36:28 devstack devstack@c-api.service[79160]: INFO cinder.api.openstack.wsgi [None req-7de08f73-5978-4f2e-92ce-750c4056f988 tempest-QosSpecsTestJSON-685185576 tempest-QosSpecsTestJSON-685185576-project-admin] http://192.168.122.226/volume/v3/qos-specs/4d2fd517-e9c5-49e8-9e06-8ab48252433d/delete_keys returned with HTTP 202
Feb 11 22:36:28 devstack devstack@c-api.service[79160]: [pid: 79160|app: 0|req: 194/363] 192.168.122.226 () {60 vars in 1307 bytes} [Wed Feb 11 22:36:28 2026] PUT /volume/v3/qos-specs/4d2fd517-e9c5-49e8-9e06-8ab48252433d/delete_keys => generated 0 bytes in 28 msecs (HTTP/1.1 202) 6 headers in 233 bytes (1 switches on core 0)
Feb 11 22:36:28 devstack devstack@c-api.service[79160]: DEBUG cinder.api.middleware.request_id [None req-32672273-421c-468c-b868-d93dfcf3e924 None None] RequestId filter calling following filter/app {{(pid=79160) _context_setter /opt/stack/cinder/cinder/api/middleware/request_id.py:62}}
Feb 11 22:36:28 devstack devstack@c-api.service[79160]: INFO cinder.api.openstack.wsgi [None req-32672273-421c-468c-b868-d93dfcf3e924 tempest-GroupSnapshotsTest-1243202185 tempest-GroupSnapshotsTest-1243202185-project-member] GET http://192.168.122.226/volume/v3/snapshots/28d65f0a-321b-4660-9860-aa14eefd4d2f
Feb 11 22:36:28 devstack devstack@c-api.service[79160]: DEBUG cinder.api.openstack.wsgi [None req-32672273-421c-468c-b868-d93dfcf3e924 tempest-GroupSnapshotsTest-1243202185 tempest-GroupSnapshotsTest-1243202185-project-member] Empty body provided in request {{(pid=79160) get_body /opt/stack/cinder/cinder/api/openstack/wsgi.py:725}}
Feb 11 22:36:28 devstack devstack@c-api.service[79160]: DEBUG cinder.api.openstack.wsgi [None req-32672273-421c-468c-b868-d93dfcf3e924 tempest-GroupSnapshotsTest-1243202185 tempest-GroupSnapshotsTest-1243202185-project-member] Calling method 'show' {{(pid=79160) _process_stack /opt/stack/cinder/cinder/api/openstack/wsgi.py:878}}
Feb 11 22:36:28 devstack devstack@c-api.service[79160]: /opt/stack/data/venv/lib/python3.10/site-packages/oslo_context/context.py:101: DeprecationWarning: Policy enforcement is depending on the value of is_admin. This key is deprecated. Please update your policy file to use the standard policy values.
Feb 11 22:36:28 devstack devstack@c-api.service[79160]: warnings.warn(
Feb 11 22:36:28 devstack devstack@c-api.service[79160]: INFO cinder.volume.api [None req-32672273-421c-468c-b868-d93dfcf3e924 tempest-GroupSnapshotsTest-1243202185 tempest-GroupSnapshotsTest-1243202185-project-member] Snapshot retrieved successfully.
Feb 11 22:36:28 devstack devstack@c-api.service[79160]: INFO cinder.api.openstack.wsgi [None req-32672273-421c-468c-b868-d93dfcf3e924 tempest-GroupSnapshotsTest-1243202185 tempest-GroupSnapshotsTest-1243202185-project-member] http://192.168.122.226/volume/v3/snapshots/28d65f0a-321b-4660-9860-aa14eefd4d2f returned with HTTP 200
Feb 11 22:36:28 devstack devstack@c-api.service[79160]: [pid: 79160|app: 0|req: 195/364] 192.168.122.226 () {58 vars in 1251 bytes} [Wed Feb 11 22:36:28 2026] GET /volume/v3/snapshots/28d65f0a-321b-4660-9860-aa14eefd4d2f => generated 468 bytes in 17 msecs (HTTP/1.1 200) 7 headers in 285 bytes (1 switches on core 0)
Feb 11 22:36:28 devstack devstack@c-api.service[79160]: DEBUG cinder.api.middleware.request_id [None req-338b4d5e-2fc7-458c-ab2c-2ac081977097 None None] RequestId filter calling following filter/app {{(pid=79160) _context_setter /opt/stack/cinder/cinder/api/middleware/request_id.py:62}}
Feb 11 22:36:28 devstack devstack@c-api.service[79160]: INFO cinder.api.openstack.wsgi [None req-338b4d5e-2fc7-458c-ab2c-2ac081977097 tempest-QosSpecsTestJSON-685185576 tempest-QosSpecsTestJSON-685185576-project-admin] GET http://192.168.122.226/volume/v3/qos-specs/4d2fd517-e9c5-49e8-9e06-8ab48252433d
Feb 11 22:36:28 devstack devstack@c-api.service[79160]: DEBUG cinder.api.openstack.wsgi [None req-338b4d5e-2fc7-458c-ab2c-2ac081977097 tempest-QosSpecsTestJSON-685185576 tempest-QosSpecsTestJSON-685185576-project-admin] Empty body provided in request {{(pid=79160) get_body /opt/stack/cinder/cinder/api/openstack/wsgi.py:725}}
Feb 11 22:36:28 devstack devstack@c-api.service[79160]: DEBUG cinder.api.openstack.wsgi [None req-338b4d5e-2fc7-458c-ab2c-2ac081977097 tempest-QosSpecsTestJSON-685185576 tempest-QosSpecsTestJSON-685185576-project-admin] Calling method 'show' {{(pid=79160) _process_stack /opt/stack/cinder/cinder/api/openstack/wsgi.py:878}}
Feb 11 22:36:28 devstack devstack@c-api.service[79160]: INFO cinder.api.openstack.wsgi [None req-338b4d5e-2fc7-458c-ab2c-2ac081977097 tempest-QosSpecsTestJSON-685185576 tempest-QosSpecsTestJSON-685185576-project-admin] http://192.168.122.226/volume/v3/qos-specs/4d2fd517-e9c5-49e8-9e06-8ab48252433d returned with HTTP 200
Feb 11 22:36:28 devstack devstack@c-api.service[79160]: [pid: 79160|app: 0|req: 196/365] 192.168.122.226 () {58 vars in 1251 bytes} [Wed Feb 11 22:36:28 2026] GET /volume/v3/qos-specs/4d2fd517-e9c5-49e8-9e06-8ab48252433d => generated 401 bytes in 11 msecs (HTTP/1.1 200) 7 headers in 285 bytes (1 switches on core 0)
Feb 11 22:36:28 devstack devstack@c-api.service[79160]: DEBUG cinder.api.middleware.request_id [None req-115555fb-1c4a-4cd7-8054-e4d8a48dd9a2 None None] RequestId filter calling following filter/app {{(pid=79160) _context_setter /opt/stack/cinder/cinder/api/middleware/request_id.py:62}}
Feb 11 22:36:28 devstack devstack@c-api.service[79160]: INFO cinder.api.openstack.wsgi [None req-115555fb-1c4a-4cd7-8054-e4d8a48dd9a2 None None] GET http://192.168.122.226/volume//
Feb 11 22:36:28 devstack devstack@c-api.service[79160]: DEBUG cinder.api.openstack.wsgi [None req-115555fb-1c4a-4cd7-8054-e4d8a48dd9a2 None None] Empty body provided in request {{(pid=79160) get_body /opt/stack/cinder/cinder/api/openstack/wsgi.py:725}}
Feb 11 22:36:28 devstack devstack@c-api.service[79160]: DEBUG cinder.api.openstack.wsgi [None req-115555fb-1c4a-4cd7-8054-e4d8a48dd9a2 None None] Calling method 'all' {{(pid=79160) _process_stack /opt/stack/cinder/cinder/api/openstack/wsgi.py:878}}
Feb 11 22:36:28 devstack devstack@c-api.service[79160]: INFO cinder.api.openstack.wsgi [None req-115555fb-1c4a-4cd7-8054-e4d8a48dd9a2 None None] http://192.168.122.226/volume// returned with HTTP 300
Feb 11 22:36:28 devstack devstack@c-api.service[79160]: [pid: 79160|app: 0|req: 197/366] 192.168.122.226 () {58 vars in 1320 bytes} [Wed Feb 11 22:36:28 2026] GET /volume/ => generated 390 bytes in 3 msecs (HTTP/1.1 300) 7 headers in 299 bytes (1 switches on core 0)
Feb 11 22:36:28 devstack devstack@c-api.service[79160]: DEBUG cinder.api.middleware.request_id [None req-c6d5e311-c4dc-4683-bdf6-bf0a7cb4aec9 None None] RequestId filter calling following filter/app {{(pid=79160) _context_setter /opt/stack/cinder/cinder/api/middleware/request_id.py:62}}
Feb 11 22:36:28 devstack devstack@c-api.service[79160]: INFO cinder.api.openstack.wsgi [None req-c6d5e311-c4dc-4683-bdf6-bf0a7cb4aec9 tempest-QosSpecsTestJSON-685185576 tempest-QosSpecsTestJSON-685185576-project-admin] GET http://192.168.122.226/volume/v3/qos-specs/4d2fd517-e9c5-49e8-9e06-8ab48252433d
Feb 11 22:36:28 devstack devstack@c-api.service[79160]: DEBUG cinder.api.openstack.wsgi [None req-c6d5e311-c4dc-4683-bdf6-bf0a7cb4aec9 tempest-QosSpecsTestJSON-685185576 tempest-QosSpecsTestJSON-685185576-project-admin] Empty body provided in request {{(pid=79160) get_body /opt/stack/cinder/cinder/api/openstack/wsgi.py:725}}
Feb 11 22:36:28 devstack devstack@c-api.service[79160]: DEBUG cinder.api.openstack.wsgi [None req-c6d5e311-c4dc-4683-bdf6-bf0a7cb4aec9 tempest-QosSpecsTestJSON-685185576 tempest-QosSpecsTestJSON-685185576-project-admin] Calling method 'show' {{(pid=79160) _process_stack /opt/stack/cinder/cinder/api/openstack/wsgi.py:878}}
Feb 11 22:36:28 devstack devstack@c-api.service[79160]: /opt/stack/data/venv/lib/python3.10/site-packages/oslo_context/context.py:101: DeprecationWarning: Policy enforcement is depending on the value of is_admin. This key is deprecated. Please update your policy file to use the standard policy values.
Feb 11 22:36:28 devstack devstack@c-api.service[79160]: warnings.warn(
Feb 11 22:36:28 devstack devstack@c-api.service[79160]: INFO cinder.api.openstack.wsgi [None req-c6d5e311-c4dc-4683-bdf6-bf0a7cb4aec9 tempest-QosSpecsTestJSON-685185576 tempest-QosSpecsTestJSON-685185576-project-admin] http://192.168.122.226/volume/v3/qos-specs/4d2fd517-e9c5-49e8-9e06-8ab48252433d returned with HTTP 200
Feb 11 22:36:28 devstack devstack@c-api.service[79160]: [pid: 79160|app: 0|req: 198/367] 192.168.122.226 () {58 vars in 1251 bytes} [Wed Feb 11 22:36:28 2026] GET /volume/v3/qos-specs/4d2fd517-e9c5-49e8-9e06-8ab48252433d => generated 401 bytes in 12 msecs (HTTP/1.1 200) 7 headers in 285 bytes (2 switches on core 0)
Feb 11 22:36:28 devstack devstack@c-api.service[79160]: DEBUG cinder.api.middleware.request_id [req-7e75cbca-c2a5-4d6c-9d31-b019675642f2 req-144f767c-5707-4fe9-a708-d44aea21d5a5 None None] RequestId filter calling following filter/app {{(pid=79160) _context_setter /opt/stack/cinder/cinder/api/middleware/request_id.py:62}}
Feb 11 22:36:28 devstack devstack@c-api.service[79160]: INFO cinder.api.openstack.wsgi [req-7e75cbca-c2a5-4d6c-9d31-b019675642f2 req-144f767c-5707-4fe9-a708-d44aea21d5a5 tempest-DeleteServersTestJSON-1900781064 tempest-DeleteServersTestJSON-1900781064-project-member] POST http://192.168.122.226/volume/v3/attachments
Feb 11 22:36:28 devstack devstack@c-api.service[79160]: DEBUG cinder.api.openstack.wsgi [req-7e75cbca-c2a5-4d6c-9d31-b019675642f2 req-144f767c-5707-4fe9-a708-d44aea21d5a5 tempest-DeleteServersTestJSON-1900781064 tempest-DeleteServersTestJSON-1900781064-project-member] Action: 'create', calling method: version_select, body: {"attachment": {"volume_uuid": "31b0e213-fb5e-4f7b-8080-79fa48ab810c", "connector": null, "instance_uuid": "a75e3bd1-0adb-488a-9fe0-c002f95c336c"}} {{(pid=79160) _process_stack /opt/stack/cinder/cinder/api/openstack/wsgi.py:876}}
