Feb 16 16:57:00 devstack devstack@c-api.service[79237]: warnings.warn(
Feb 16 16:57:00 devstack devstack@c-api.service[79237]: INFO cinder.volume.api [req-2aabbc65-f7e2-4940-8d32-2e410295a2b9 req-878d70e0-90f8-431a-88e6-46fed052a249 tempest-DeleteServersTestJSON-698076011 tempest-DeleteServersTestJSON-698076011-project-member] Volume info retrieved successfully.
Feb 16 16:57:00 devstack devstack@c-api.service[79238]: DEBUG cinder.volume.api [None req-97137388-320c-41f7-8850-ea7f46949e4c tempest-GroupsTest-1261918578 tempest-GroupsTest-1261918578-project-member] Task 'cinder.volume.flows.api.create_volume.ExtractVolumeRequestTask;volume:create' (4da769c1-af7d-44bf-8352-f6f292e028fe) transitioned into state 'SUCCESS' from state 'RUNNING' with result '{'size': 1, 'snapshot_id': None, 'source_volid': None, 'volume_type': VolumeType(created_at=2026-02-16T15:56:07Z,deleted=False,deleted_at=None,description=None,extra_specs={},id=e778a764-ad59-4499-b4c0-61fcffd1cbbb,is_public=True,name='tempest-GroupsTest-volume-type-208249893',projects=[],qos_specs=,qos_specs_id=None,updated_at=None), 'volume_type_id': 'e778a764-ad59-4499-b4c0-61fcffd1cbbb', 'encryption_key_id': None, 'qos_specs': None, 'consistencygroup_id': None, 'cgsnapshot_id': None, 'group_id': '5d303353-c831-4b7e-844b-65906a19285b', 'replication_status': 'disabled', 'refresh_az': False, 'backup_id': None, 'multiattach': False, 'availability_zones': ['nova']}' {{(pid=79238) _task_receiver /opt/stack/data/venv/lib/python3.10/site-packages/taskflow/listeners/logging.py:182}}
Feb 16 16:57:00 devstack devstack@c-api.service[79238]: DEBUG cinder.volume.api [None req-97137388-320c-41f7-8850-ea7f46949e4c tempest-GroupsTest-1261918578 tempest-GroupsTest-1261918578-project-member] Task 'cinder.volume.flows.api.create_volume.QuotaReserveTask;volume:create' (eba4c4c9-a819-4d31-89a6-06805c155249) transitioned into state 'RUNNING' from state 'PENDING' {{(pid=79238) _task_receiver /opt/stack/data/venv/lib/python3.10/site-packages/taskflow/listeners/logging.py:194}}
Feb 16 16:57:00 devstack devstack@c-api.service[79237]: INFO cinder.api.openstack.wsgi [req-2aabbc65-f7e2-4940-8d32-2e410295a2b9 req-878d70e0-90f8-431a-88e6-46fed052a249 tempest-DeleteServersTestJSON-698076011 tempest-DeleteServersTestJSON-698076011-project-member] http://192.168.122.137/volume/v3/volumes/06774e1b-d712-42b5-9e2d-62f68c7a070f returned with HTTP 200
Feb 16 16:57:00 devstack devstack@c-api.service[79237]: [pid: 79237|app: 0|req: 40/77] 192.168.122.137 () {60 vars in 1498 bytes} [Mon Feb 16 16:57:00 2026] GET /volume/v3/volumes/06774e1b-d712-42b5-9e2d-62f68c7a070f => generated 854 bytes in 55 msecs (HTTP/1.1 200) 7 headers in 285 bytes (1 switches on core 0)
Feb 16 16:57:00 devstack devstack@c-api.service[79238]: WARNING cinder.quota [None req-97137388-320c-41f7-8850-ea7f46949e4c tempest-GroupsTest-1261918578 tempest-GroupsTest-1261918578-project-member] Deprecated: Default quota for resource: volumes_tempest-GroupsTest-volume-type-208249893 is set by the default quota flag: quota_volumes_tempest-GroupsTest-volume-type-208249893, it is now deprecated. Please use the default quota class for default quota.
Feb 16 16:57:00 devstack devstack@c-api.service[79238]: WARNING cinder.quota [None req-97137388-320c-41f7-8850-ea7f46949e4c tempest-GroupsTest-1261918578 tempest-GroupsTest-1261918578-project-member] Deprecated: Default quota for resource: gigabytes_tempest-GroupsTest-volume-type-208249893 is set by the default quota flag: quota_gigabytes_tempest-GroupsTest-volume-type-208249893, it is now deprecated. Please use the default quota class for default quota.
Feb 16 16:57:00 devstack devstack@c-api.service[79237]: DEBUG cinder.api.middleware.request_id [None req-edbd1882-524e-4604-885c-b2db8d6a6400 None None] RequestId filter calling following filter/app {{(pid=79237) _context_setter /opt/stack/cinder/cinder/api/middleware/request_id.py:62}}
Feb 16 16:57:00 devstack devstack@c-api.service[79237]: INFO cinder.api.openstack.wsgi [None req-edbd1882-524e-4604-885c-b2db8d6a6400 tempest-VolumesAdminNegativeTest-2117416756 tempest-VolumesAdminNegativeTest-2117416756-project-member] GET http://192.168.122.137/volume/v3/volumes/1a5ca62f-e5b8-4a55-a16c-f26eb11c082f
Feb 16 16:57:00 devstack devstack@c-api.service[79237]: DEBUG cinder.api.openstack.wsgi [None req-edbd1882-524e-4604-885c-b2db8d6a6400 tempest-VolumesAdminNegativeTest-2117416756 tempest-VolumesAdminNegativeTest-2117416756-project-member] Empty body provided in request {{(pid=79237) get_body /opt/stack/cinder/cinder/api/openstack/wsgi.py:725}}
Feb 16 16:57:00 devstack devstack@c-api.service[79237]: DEBUG cinder.api.openstack.wsgi [None req-edbd1882-524e-4604-885c-b2db8d6a6400 tempest-VolumesAdminNegativeTest-2117416756 tempest-VolumesAdminNegativeTest-2117416756-project-member] Calling method 'show' {{(pid=79237) _process_stack /opt/stack/cinder/cinder/api/openstack/wsgi.py:878}}
Feb 16 16:57:00 devstack devstack@c-api.service[79238]: DEBUG cinder.quota [None req-97137388-320c-41f7-8850-ea7f46949e4c tempest-GroupsTest-1261918578 tempest-GroupsTest-1261918578-project-member] Created reservations ['0fea0af4-5a84-4f22-9d54-5d32052e836a', 'c425fc8d-a549-4aa2-a3e8-90d9191bfcb4', 'c5e554d6-7d4b-4cfd-96a3-31aa1584dc58', '9c419725-f8ab-43d6-ad1d-c40bcf74025f'] {{(pid=79238) reserve /opt/stack/cinder/cinder/quota.py:752}}
Feb 16 16:57:00 devstack devstack@c-api.service[79238]: DEBUG cinder.volume.api [None req-97137388-320c-41f7-8850-ea7f46949e4c tempest-GroupsTest-1261918578 tempest-GroupsTest-1261918578-project-member] Task 'cinder.volume.flows.api.create_volume.QuotaReserveTask;volume:create' (eba4c4c9-a819-4d31-89a6-06805c155249) transitioned into state 'SUCCESS' from state 'RUNNING' with result '{'reservations': ['0fea0af4-5a84-4f22-9d54-5d32052e836a', 'c425fc8d-a549-4aa2-a3e8-90d9191bfcb4', 'c5e554d6-7d4b-4cfd-96a3-31aa1584dc58', '9c419725-f8ab-43d6-ad1d-c40bcf74025f']}' {{(pid=79238) _task_receiver /opt/stack/data/venv/lib/python3.10/site-packages/taskflow/listeners/logging.py:182}}
Feb 16 16:57:00 devstack devstack@c-api.service[79238]: DEBUG cinder.volume.api [None req-97137388-320c-41f7-8850-ea7f46949e4c tempest-GroupsTest-1261918578 tempest-GroupsTest-1261918578-project-member] Task 'cinder.volume.flows.api.create_volume.EntryCreateTask;volume:create' (29228294-8ff6-4394-af3c-9f8fe61c7999) transitioned into state 'RUNNING' from state 'PENDING' {{(pid=79238) _task_receiver /opt/stack/data/venv/lib/python3.10/site-packages/taskflow/listeners/logging.py:194}}
Feb 16 16:57:00 devstack devstack@c-api.service[79237]: /opt/stack/data/venv/lib/python3.10/site-packages/oslo_context/context.py:101: DeprecationWarning: Policy enforcement is depending on the value of is_admin. This key is deprecated. Please update your policy file to use the standard policy values.
Feb 16 16:57:00 devstack devstack@c-api.service[79237]: warnings.warn(
Feb 16 16:57:00 devstack devstack@c-api.service[79238]: DEBUG cinder.volume.api [None req-97137388-320c-41f7-8850-ea7f46949e4c tempest-GroupsTest-1261918578 tempest-GroupsTest-1261918578-project-member] Task 'cinder.volume.flows.api.create_volume.EntryCreateTask;volume:create' (29228294-8ff6-4394-af3c-9f8fe61c7999) transitioned into state 'SUCCESS' from state 'RUNNING' with result '{'volume_id': 'bc2827eb-d97c-4619-9e42-c4e7aee7ff2c', 'volume_properties': VolumeProperties(attach_status='detached',availability_zone='nova',cgsnapshot_id=None,consistencygroup_id=None,display_description=None,display_name='tempest-volume-2059667283',encryption_key_id=None,group_id=5d303353-c831-4b7e-844b-65906a19285b,group_type_id=,metadata={},multiattach=False,project_id='3d52e16378794ed1a98c2f49b1f5f926',qos_specs=None,replication_status=,reservations=['0fea0af4-5a84-4f22-9d54-5d32052e836a','c425fc8d-a549-4aa2-a3e8-90d9191bfcb4','c5e554d6-7d4b-4cfd-96a3-31aa1584dc58','9c419725-f8ab-43d6-ad1d-c40bcf74025f'],size=1,snapshot_id=None,source_replicaid=,source_volid=None,status='creating',user_id='6be5b86812ee4b049a38403a2f1751e9',volume_type_id=e778a764-ad59-4499-b4c0-61fcffd1cbbb), 'volume': Volume(_name_id=None,admin_metadata=,attach_status='detached',availability_zone='nova',bootable=False,cluster=,cluster_name=None,consistencygroup=,consistencygroup_id=None,created_at=2026-02-16T15:57:00Z,deleted=False,deleted_at=None,display_description=None,display_name='tempest-volume-2059667283',ec2_id=None,encryption_key_id=None,glance_metadata=,group=,group_id=5d303353-c831-4b7e-844b-65906a19285b,host=None,id=bc2827eb-d97c-4619-9e42-c4e7aee7ff2c,launched_at=None,metadata={},migration_status=None,multiattach=False,previous_status=None,project_id='3d52e16378794ed1a98c2f49b1f5f926',provider_auth=None,provider_geometry=None,provider_id=None,provider_location=None,replication_driver_data=None,replication_extended_status=None,replication_status=None,scheduled_at=None,service_uuid=None,shared_targets=True,size=1,snapshot_id=None,snapshots=,source_volid=None,status='creating',terminated_at=None,updated_at=None,use_quota=True,user_id='6be5b86812ee4b049a38403a2f1751e9',volume_attachment=VolumeAttachmentList,volume_type=VolumeType(e778a764-ad59-4499-b4c0-61fcffd1cbbb),volume_type_id=e778a764-ad59-4499-b4c0-61fcffd1cbbb)}' {{(pid=79238) _task_receiver /opt/stack/data/venv/lib/python3.10/site-packages/taskflow/listeners/logging.py:182}}
Feb 16 16:57:00 devstack devstack@c-api.service[79237]: INFO cinder.volume.api [None req-edbd1882-524e-4604-885c-b2db8d6a6400 tempest-VolumesAdminNegativeTest-2117416756 tempest-VolumesAdminNegativeTest-2117416756-project-member] Volume info retrieved successfully.
Feb 16 16:57:00 devstack devstack@c-api.service[79238]: DEBUG cinder.volume.api [None req-97137388-320c-41f7-8850-ea7f46949e4c tempest-GroupsTest-1261918578 tempest-GroupsTest-1261918578-project-member] Task 'cinder.volume.flows.api.create_volume.QuotaCommitTask;volume:create' (5fa0ce24-241b-4bc1-9c5a-88d3b741c361) transitioned into state 'RUNNING' from state 'PENDING' {{(pid=79238) _task_receiver /opt/stack/data/venv/lib/python3.10/site-packages/taskflow/listeners/logging.py:194}}
Feb 16 16:57:00 devstack devstack@c-api.service[79237]: INFO cinder.api.openstack.wsgi [None req-edbd1882-524e-4604-885c-b2db8d6a6400 tempest-VolumesAdminNegativeTest-2117416756 tempest-VolumesAdminNegativeTest-2117416756-project-member] http://192.168.122.137/volume/v3/volumes/1a5ca62f-e5b8-4a55-a16c-f26eb11c082f returned with HTTP 200
Feb 16 16:57:00 devstack devstack@c-api.service[79237]: [pid: 79237|app: 0|req: 41/78] 192.168.122.137 () {58 vars in 1245 bytes} [Mon Feb 16 16:57:00 2026] GET /volume/v3/volumes/1a5ca62f-e5b8-4a55-a16c-f26eb11c082f => generated 855 bytes in 77 msecs (HTTP/1.1 200) 7 headers in 285 bytes (1 switches on core 0)
Feb 16 16:57:00 devstack devstack@c-api.service[79238]: DEBUG cinder.volume.api [None req-97137388-320c-41f7-8850-ea7f46949e4c tempest-GroupsTest-1261918578 tempest-GroupsTest-1261918578-project-member] Task 'cinder.volume.flows.api.create_volume.QuotaCommitTask;volume:create' (5fa0ce24-241b-4bc1-9c5a-88d3b741c361) transitioned into state 'SUCCESS' from state 'RUNNING' with result '{'volume_properties': VolumeProperties(attach_status='detached',availability_zone='nova',cgsnapshot_id=None,consistencygroup_id=None,display_description=None,display_name='tempest-volume-2059667283',encryption_key_id=None,group_id=5d303353-c831-4b7e-844b-65906a19285b,group_type_id=,metadata={},multiattach=False,project_id='3d52e16378794ed1a98c2f49b1f5f926',qos_specs=None,replication_status=,reservations=['0fea0af4-5a84-4f22-9d54-5d32052e836a','c425fc8d-a549-4aa2-a3e8-90d9191bfcb4','c5e554d6-7d4b-4cfd-96a3-31aa1584dc58','9c419725-f8ab-43d6-ad1d-c40bcf74025f'],size=1,snapshot_id=None,source_replicaid=,source_volid=None,status='creating',user_id='6be5b86812ee4b049a38403a2f1751e9',volume_type_id=e778a764-ad59-4499-b4c0-61fcffd1cbbb)}' {{(pid=79238) _task_receiver /opt/stack/data/venv/lib/python3.10/site-packages/taskflow/listeners/logging.py:182}}
Feb 16 16:57:00 devstack devstack@c-api.service[79238]: DEBUG cinder.volume.api [None req-97137388-320c-41f7-8850-ea7f46949e4c tempest-GroupsTest-1261918578 tempest-GroupsTest-1261918578-project-member] Task 'cinder.volume.flows.api.create_volume.VolumeCastTask;volume:create' (836cabb3-389b-4389-8f40-3beff13e7632) transitioned into state 'RUNNING' from state 'PENDING' {{(pid=79238) _task_receiver /opt/stack/data/venv/lib/python3.10/site-packages/taskflow/listeners/logging.py:194}}
Feb 16 16:57:00 devstack devstack@c-api.service[79238]: DEBUG cinder.volume.api [None req-97137388-320c-41f7-8850-ea7f46949e4c tempest-GroupsTest-1261918578 tempest-GroupsTest-1261918578-project-member] Task 'cinder.volume.flows.api.create_volume.VolumeCastTask;volume:create' (836cabb3-389b-4389-8f40-3beff13e7632) transitioned into state 'SUCCESS' from state 'RUNNING' with result 'None' {{(pid=79238) _task_receiver /opt/stack/data/venv/lib/python3.10/site-packages/taskflow/listeners/logging.py:182}}
Feb 16 16:57:00 devstack devstack@c-api.service[79238]: DEBUG cinder.volume.api [None req-97137388-320c-41f7-8850-ea7f46949e4c tempest-GroupsTest-1261918578 tempest-GroupsTest-1261918578-project-member] Flow 'volume_create_api' (ef3509e5-10fc-4a5f-a44b-62d84b968e74) transitioned into state 'SUCCESS' from state 'RUNNING' {{(pid=79238) _flow_receiver /opt/stack/data/venv/lib/python3.10/site-packages/taskflow/listeners/logging.py:145}}
Feb 16 16:57:00 devstack devstack@c-api.service[79238]: INFO cinder.volume.api [None req-97137388-320c-41f7-8850-ea7f46949e4c tempest-GroupsTest-1261918578 tempest-GroupsTest-1261918578-project-member] Create volume request issued successfully.
Feb 16 16:57:00 devstack devstack@c-api.service[79238]: WARNING stevedore.named [None req-97137388-320c-41f7-8850-ea7f46949e4c tempest-GroupsTest-1261918578 tempest-GroupsTest-1261918578-project-member] Could not load cinder.keymgr.conf_key_mgr.ConfKeyManager
Feb 16 16:57:00 devstack devstack@c-api.service[79238]: WARNING castellan.key_manager [None req-97137388-320c-41f7-8850-ea7f46949e4c tempest-GroupsTest-1261918578 tempest-GroupsTest-1261918578-project-member] Deprecation Warning : cinder.keymgr.conf_key_mgr.ConfKeyManager is not a stevedore based driver, trying to load it as a class: stevedore.exception.NoMatches: No 'castellan.drivers' driver found, looking for 'cinder.keymgr.conf_key_mgr.ConfKeyManager'
Feb 16 16:57:00 devstack devstack@c-api.service[79238]: DEBUG oslo_db.sqlalchemy.engines [None req-97137388-320c-41f7-8850-ea7f46949e4c tempest-GroupsTest-1261918578 tempest-GroupsTest-1261918578-project-member] MySQL server mode set to STRICT_TRANS_TABLES,STRICT_ALL_TABLES,NO_ZERO_IN_DATE,NO_ZERO_DATE,ERROR_FOR_DIVISION_BY_ZERO,TRADITIONAL,NO_ENGINE_SUBSTITUTION {{(pid=79238) _check_effective_sql_mode /opt/stack/data/venv/lib/python3.10/site-packages/oslo_db/sqlalchemy/engines.py:325}}
Feb 16 16:57:00 devstack devstack@c-api.service[79238]: /opt/stack/data/venv/lib/python3.10/site-packages/oslo_context/context.py:101: DeprecationWarning: Policy enforcement is depending on the value of is_admin. This key is deprecated. Please update your policy file to use the standard policy values.
Feb 16 16:57:00 devstack devstack@c-api.service[79238]: warnings.warn(
Feb 16 16:57:00 devstack devstack@c-api.service[79238]: INFO cinder.api.openstack.wsgi [None req-97137388-320c-41f7-8850-ea7f46949e4c tempest-GroupsTest-1261918578 tempest-GroupsTest-1261918578-project-member] http://192.168.122.137/volume/v3/volumes returned with HTTP 202
Feb 16 16:57:00 devstack devstack@c-api.service[79238]: [pid: 79238|app: 0|req: 38/79] 192.168.122.137 () {62 vars in 1197 bytes} [Mon Feb 16 16:56:59 2026] POST /volume/v3/volumes => generated 822 bytes in 346 msecs (HTTP/1.1 202) 7 headers in 292 bytes (1 switches on core 0)
Feb 16 16:57:00 devstack devstack@c-api.service[79237]: DEBUG cinder.api.middleware.request_id [None req-e9526d93-04cd-4cbd-980d-f8b82cc2585f None None] RequestId filter calling following filter/app {{(pid=79237) _context_setter /opt/stack/cinder/cinder/api/middleware/request_id.py:62}}
Feb 16 16:57:00 devstack devstack@c-api.service[79237]: INFO cinder.api.openstack.wsgi [None req-e9526d93-04cd-4cbd-980d-f8b82cc2585f tempest-GroupsTest-1261918578 tempest-GroupsTest-1261918578-project-member] GET http://192.168.122.137/volume/v3/volumes/bc2827eb-d97c-4619-9e42-c4e7aee7ff2c
Feb 16 16:57:00 devstack devstack@c-api.service[79237]: DEBUG cinder.api.openstack.wsgi [None req-e9526d93-04cd-4cbd-980d-f8b82cc2585f tempest-GroupsTest-1261918578 tempest-GroupsTest-1261918578-project-member] Empty body provided in request {{(pid=79237) get_body /opt/stack/cinder/cinder/api/openstack/wsgi.py:725}}
Feb 16 16:57:00 devstack devstack@c-api.service[79237]: DEBUG cinder.api.openstack.wsgi [None req-e9526d93-04cd-4cbd-980d-f8b82cc2585f tempest-GroupsTest-1261918578 tempest-GroupsTest-1261918578-project-member] Calling method 'show' {{(pid=79237) _process_stack /opt/stack/cinder/cinder/api/openstack/wsgi.py:878}}
Feb 16 16:57:00 devstack devstack@c-api.service[79237]: /opt/stack/data/venv/lib/python3.10/site-packages/oslo_context/context.py:101: DeprecationWarning: Policy enforcement is depending on the value of is_admin. This key is deprecated. Please update your policy file to use the standard policy values.
Feb 16 16:57:00 devstack devstack@c-api.service[79237]: warnings.warn(
Feb 16 16:57:00 devstack devstack@c-api.service[79237]: INFO cinder.volume.api [None req-e9526d93-04cd-4cbd-980d-f8b82cc2585f tempest-GroupsTest-1261918578 tempest-GroupsTest-1261918578-project-member] Volume info retrieved successfully.
Feb 16 16:57:00 devstack devstack@c-api.service[79237]: WARNING stevedore.named [None req-e9526d93-04cd-4cbd-980d-f8b82cc2585f tempest-GroupsTest-1261918578 tempest-GroupsTest-1261918578-project-member] Could not load cinder.keymgr.conf_key_mgr.ConfKeyManager
Feb 16 16:57:00 devstack devstack@c-api.service[79237]: WARNING castellan.key_manager [None req-e9526d93-04cd-4cbd-980d-f8b82cc2585f tempest-GroupsTest-1261918578 tempest-GroupsTest-1261918578-project-member] Deprecation Warning : cinder.keymgr.conf_key_mgr.ConfKeyManager is not a stevedore based driver, trying to load it as a class: stevedore.exception.NoMatches: No 'castellan.drivers' driver found, looking for 'cinder.keymgr.conf_key_mgr.ConfKeyManager'
Feb 16 16:57:00 devstack devstack@c-api.service[79237]: DEBUG oslo_db.sqlalchemy.engines [None req-e9526d93-04cd-4cbd-980d-f8b82cc2585f tempest-GroupsTest-1261918578 tempest-GroupsTest-1261918578-project-member] MySQL server mode set to STRICT_TRANS_TABLES,STRICT_ALL_TABLES,NO_ZERO_IN_DATE,NO_ZERO_DATE,ERROR_FOR_DIVISION_BY_ZERO,TRADITIONAL,NO_ENGINE_SUBSTITUTION {{(pid=79237) _check_effective_sql_mode /opt/stack/data/venv/lib/python3.10/site-packages/oslo_db/sqlalchemy/engines.py:325}}
Feb 16 16:57:00 devstack devstack@c-api.service[79237]: /opt/stack/data/venv/lib/python3.10/site-packages/oslo_context/context.py:101: DeprecationWarning: Policy enforcement is depending on the value of is_admin. This key is deprecated. Please update your policy file to use the standard policy values.
Feb 16 16:57:00 devstack devstack@c-api.service[79237]: warnings.warn(
Feb 16 16:57:00 devstack devstack@c-api.service[79237]: INFO cinder.api.openstack.wsgi [None req-e9526d93-04cd-4cbd-980d-f8b82cc2585f tempest-GroupsTest-1261918578 tempest-GroupsTest-1261918578-project-member] http://192.168.122.137/volume/v3/volumes/bc2827eb-d97c-4619-9e42-c4e7aee7ff2c returned with HTTP 200
Feb 16 16:57:00 devstack devstack@c-api.service[79237]: [pid: 79237|app: 0|req: 42/80] 192.168.122.137 () {60 vars in 1286 bytes} [Mon Feb 16 16:57:00 2026] GET /volume/v3/volumes/bc2827eb-d97c-4619-9e42-c4e7aee7ff2c => generated 890 bytes in 72 msecs (HTTP/1.1 200) 7 headers in 286 bytes (1 switches on core 0)
Feb 16 16:57:00 devstack devstack@c-api.service[79238]: DEBUG cinder.api.middleware.request_id [req-4e946284-f375-4be2-b535-da1244e73741 req-0ce73543-133c-4595-9a5e-817e016b679b None None] RequestId filter calling following filter/app {{(pid=79238) _context_setter /opt/stack/cinder/cinder/api/middleware/request_id.py:62}}
Feb 16 16:57:00 devstack devstack@c-api.service[79238]: INFO cinder.api.openstack.wsgi [req-4e946284-f375-4be2-b535-da1244e73741 req-0ce73543-133c-4595-9a5e-817e016b679b tempest-VolumesSnapshotsTestJSON-1817094477 tempest-VolumesSnapshotsTestJSON-1817094477-project-member] GET http://192.168.122.137/volume/v3/volumes/8f0f420e-46b7-4c98-adda-eb39f250a891
Feb 16 16:57:00 devstack devstack@c-api.service[79238]: DEBUG cinder.api.openstack.wsgi [req-4e946284-f375-4be2-b535-da1244e73741 req-0ce73543-133c-4595-9a5e-817e016b679b tempest-VolumesSnapshotsTestJSON-1817094477 tempest-VolumesSnapshotsTestJSON-1817094477-project-member] Empty body provided in request {{(pid=79238) get_body /opt/stack/cinder/cinder/api/openstack/wsgi.py:725}}
Feb 16 16:57:00 devstack devstack@c-api.service[79238]: DEBUG cinder.api.openstack.wsgi [req-4e946284-f375-4be2-b535-da1244e73741 req-0ce73543-133c-4595-9a5e-817e016b679b tempest-VolumesSnapshotsTestJSON-1817094477 tempest-VolumesSnapshotsTestJSON-1817094477-project-member] Calling method 'show' {{(pid=79238) _process_stack /opt/stack/cinder/cinder/api/openstack/wsgi.py:878}}
Feb 16 16:57:00 devstack devstack@c-api.service[79238]: /opt/stack/data/venv/lib/python3.10/site-packages/oslo_context/context.py:101: DeprecationWarning: Policy enforcement is depending on the value of is_admin. This key is deprecated. Please update your policy file to use the standard policy values.
Feb 16 16:57:00 devstack devstack@c-api.service[79238]: warnings.warn(
Feb 16 16:57:00 devstack devstack@c-api.service[79238]: INFO cinder.volume.api [req-4e946284-f375-4be2-b535-da1244e73741 req-0ce73543-133c-4595-9a5e-817e016b679b tempest-VolumesSnapshotsTestJSON-1817094477 tempest-VolumesSnapshotsTestJSON-1817094477-project-member] Volume info retrieved successfully.
Feb 16 16:57:00 devstack devstack@c-api.service[79238]: INFO cinder.api.openstack.wsgi [req-4e946284-f375-4be2-b535-da1244e73741 req-0ce73543-133c-4595-9a5e-817e016b679b tempest-VolumesSnapshotsTestJSON-1817094477 tempest-VolumesSnapshotsTestJSON-1817094477-project-member] http://192.168.122.137/volume/v3/volumes/8f0f420e-46b7-4c98-adda-eb39f250a891 returned with HTTP 200
Feb 16 16:57:00 devstack devstack@c-api.service[79238]: [pid: 79238|app: 0|req: 39/81] 192.168.122.137 () {60 vars in 1498 bytes} [Mon Feb 16 16:57:00 2026] GET /volume/v3/volumes/8f0f420e-46b7-4c98-adda-eb39f250a891 => generated 856 bytes in 59 msecs (HTTP/1.1 200) 7 headers in 285 bytes (1 switches on core 0)
Feb 16 16:57:00 devstack devstack@c-api.service[79237]: DEBUG cinder.api.middleware.request_id [req-effeaf12-69db-4e43-be3f-a192e3ceab84 req-bcae2210-e10e-4c51-b85b-51bcff98240b None None] RequestId filter calling following filter/app {{(pid=79237) _context_setter /opt/stack/cinder/cinder/api/middleware/request_id.py:62}}
Feb 16 16:57:00 devstack devstack@c-api.service[79237]: INFO cinder.api.openstack.wsgi [req-effeaf12-69db-4e43-be3f-a192e3ceab84 req-bcae2210-e10e-4c51-b85b-51bcff98240b tempest-VolumesSnapshotsTestJSON-1817094477 tempest-VolumesSnapshotsTestJSON-1817094477-project-member] POST http://192.168.122.137/volume/v3/snapshots
Feb 16 16:57:00 devstack devstack@c-api.service[79237]: DEBUG cinder.api.openstack.wsgi [req-effeaf12-69db-4e43-be3f-a192e3ceab84 req-bcae2210-e10e-4c51-b85b-51bcff98240b tempest-VolumesSnapshotsTestJSON-1817094477 tempest-VolumesSnapshotsTestJSON-1817094477-project-member] Action: 'create', calling method: create, body: {"snapshot": {"volume_id": "8f0f420e-46b7-4c98-adda-eb39f250a891", "force": false, "name": "tempest-VolumesSnapshotsTestJSON-Snapshot-580383283", "description": null, "metadata": {}}} {{(pid=79237) _process_stack /opt/stack/cinder/cinder/api/openstack/wsgi.py:876}}
Feb 16 16:57:00 devstack devstack@c-api.service[79237]: /opt/stack/data/venv/lib/python3.10/site-packages/oslo_context/context.py:101: DeprecationWarning: Policy enforcement is depending on the value of is_admin. This key is deprecated. Please update your policy file to use the standard policy values.
Feb 16 16:57:00 devstack devstack@c-api.service[79237]: warnings.warn(
Feb 16 16:57:00 devstack devstack@c-api.service[79237]: INFO cinder.volume.api [req-effeaf12-69db-4e43-be3f-a192e3ceab84 req-bcae2210-e10e-4c51-b85b-51bcff98240b tempest-VolumesSnapshotsTestJSON-1817094477 tempest-VolumesSnapshotsTestJSON-1817094477-project-member] Volume info retrieved successfully.
Feb 16 16:57:00 devstack devstack@c-api.service[79237]: INFO cinder.api.v3.snapshots [req-effeaf12-69db-4e43-be3f-a192e3ceab84 req-bcae2210-e10e-4c51-b85b-51bcff98240b tempest-VolumesSnapshotsTestJSON-1817094477 tempest-VolumesSnapshotsTestJSON-1817094477-project-member] Create snapshot from volume 8f0f420e-46b7-4c98-adda-eb39f250a891
Feb 16 16:57:00 devstack devstack@c-api.service[79237]: WARNING cinder.quota [req-effeaf12-69db-4e43-be3f-a192e3ceab84 req-bcae2210-e10e-4c51-b85b-51bcff98240b tempest-VolumesSnapshotsTestJSON-1817094477 tempest-VolumesSnapshotsTestJSON-1817094477-project-member] Deprecated: Default quota for resource: snapshots_QuobyteHD is set by the default quota flag: quota_snapshots_QuobyteHD, it is now deprecated. Please use the default quota class for default quota.
Feb 16 16:57:01 devstack devstack@c-api.service[79237]: DEBUG cinder.quota [req-effeaf12-69db-4e43-be3f-a192e3ceab84 req-bcae2210-e10e-4c51-b85b-51bcff98240b tempest-VolumesSnapshotsTestJSON-1817094477 tempest-VolumesSnapshotsTestJSON-1817094477-project-member] Created reservations ['83294315-7300-4ae9-a347-91ed062abc3d', '4cb155f1-ac3c-40a5-9aca-39d824e80bd2', '692a06fc-4b5d-477d-b598-677f97cc6e63', '78fdfd76-4aad-4c27-b3aa-6e5c00f33d04'] {{(pid=79237) reserve /opt/stack/cinder/cinder/quota.py:752}}
Feb 16 16:57:01 devstack devstack@c-api.service[79237]: INFO cinder.volume.api [req-effeaf12-69db-4e43-be3f-a192e3ceab84 req-bcae2210-e10e-4c51-b85b-51bcff98240b tempest-VolumesSnapshotsTestJSON-1817094477 tempest-VolumesSnapshotsTestJSON-1817094477-project-member] Snapshot create request issued successfully.
Feb 16 16:57:01 devstack devstack@c-api.service[79237]: INFO cinder.api.openstack.wsgi [req-effeaf12-69db-4e43-be3f-a192e3ceab84 req-bcae2210-e10e-4c51-b85b-51bcff98240b tempest-VolumesSnapshotsTestJSON-1817094477 tempest-VolumesSnapshotsTestJSON-1817094477-project-member] http://192.168.122.137/volume/v3/snapshots returned with HTTP 202
Feb 16 16:57:01 devstack devstack@c-api.service[79237]: [pid: 79237|app: 0|req: 43/82] 192.168.122.137 () {64 vars in 1447 bytes} [Mon Feb 16 16:57:00 2026] POST /volume/v3/snapshots => generated 310 bytes in 188 msecs (HTTP/1.1 202) 7 headers in 291 bytes (2 switches on core 0)
Feb 16 16:57:01 devstack devstack@c-api.service[79238]: DEBUG cinder.api.middleware.request_id [req-1086f763-7a2b-4212-afec-412f0bf951d3 req-753af521-b7af-45ec-b19e-cf60b62b3946 None None] RequestId filter calling following filter/app {{(pid=79238) _context_setter /opt/stack/cinder/cinder/api/middleware/request_id.py:62}}
Feb 16 16:57:01 devstack devstack@c-api.service[79238]: INFO cinder.api.openstack.wsgi [req-1086f763-7a2b-4212-afec-412f0bf951d3 req-753af521-b7af-45ec-b19e-cf60b62b3946 tempest-VolumesSnapshotsTestJSON-1817094477 tempest-VolumesSnapshotsTestJSON-1817094477-project-member] GET http://192.168.122.137/volume/v3/snapshots/1f2eb451-9f6d-479b-8647-f2ad300eb2b9
Feb 16 16:57:01 devstack devstack@c-api.service[79238]: DEBUG cinder.api.openstack.wsgi [req-1086f763-7a2b-4212-afec-412f0bf951d3 req-753af521-b7af-45ec-b19e-cf60b62b3946 tempest-VolumesSnapshotsTestJSON-1817094477 tempest-VolumesSnapshotsTestJSON-1817094477-project-member] Empty body provided in request {{(pid=79238) get_body /opt/stack/cinder/cinder/api/openstack/wsgi.py:725}}
Feb 16 16:57:01 devstack devstack@c-api.service[79238]: DEBUG cinder.api.openstack.wsgi [req-1086f763-7a2b-4212-afec-412f0bf951d3 req-753af521-b7af-45ec-b19e-cf60b62b3946 tempest-VolumesSnapshotsTestJSON-1817094477 tempest-VolumesSnapshotsTestJSON-1817094477-project-member] Calling method 'show' {{(pid=79238) _process_stack /opt/stack/cinder/cinder/api/openstack/wsgi.py:878}}
Feb 16 16:57:01 devstack devstack@c-api.service[79238]: /opt/stack/data/venv/lib/python3.10/site-packages/oslo_context/context.py:101: DeprecationWarning: Policy enforcement is depending on the value of is_admin. This key is deprecated. Please update your policy file to use the standard policy values.
Feb 16 16:57:01 devstack devstack@c-api.service[79238]: warnings.warn(
Feb 16 16:57:01 devstack devstack@c-api.service[79238]: INFO cinder.volume.api [req-1086f763-7a2b-4212-afec-412f0bf951d3 req-753af521-b7af-45ec-b19e-cf60b62b3946 tempest-VolumesSnapshotsTestJSON-1817094477 tempest-VolumesSnapshotsTestJSON-1817094477-project-member] Snapshot retrieved successfully.
Feb 16 16:57:01 devstack devstack@c-api.service[79238]: INFO cinder.api.openstack.wsgi [req-1086f763-7a2b-4212-afec-412f0bf951d3 req-753af521-b7af-45ec-b19e-cf60b62b3946 tempest-VolumesSnapshotsTestJSON-1817094477 tempest-VolumesSnapshotsTestJSON-1817094477-project-member] http://192.168.122.137/volume/v3/snapshots/1f2eb451-9f6d-479b-8647-f2ad300eb2b9 returned with HTTP 200
Feb 16 16:57:01 devstack devstack@c-api.service[79238]: [pid: 79238|app: 0|req: 40/83] 192.168.122.137 () {60 vars in 1504 bytes} [Mon Feb 16 16:57:01 2026] GET /volume/v3/snapshots/1f2eb451-9f6d-479b-8647-f2ad300eb2b9 => generated 442 bytes in 75 msecs (HTTP/1.1 200) 7 headers in 285 bytes (1 switches on core 0)
Feb 16 16:57:01 devstack devstack@c-api.service[79237]: DEBUG cinder.api.middleware.request_id [req-e4b49e4b-6a95-48ec-98cd-eca4a3f73e6f req-8aab8f73-b25b-45ca-981c-e55ef7ef39a7 None None] RequestId filter calling following filter/app {{(pid=79237) _context_setter /opt/stack/cinder/cinder/api/middleware/request_id.py:62}}
Feb 16 16:57:01 devstack devstack@c-api.service[79237]: INFO cinder.api.openstack.wsgi [req-e4b49e4b-6a95-48ec-98cd-eca4a3f73e6f req-8aab8f73-b25b-45ca-981c-e55ef7ef39a7 tempest-VolumesSnapshotsTestJSON-1817094477 tempest-VolumesSnapshotsTestJSON-1817094477-project-member] GET http://192.168.122.137/volume/v3/snapshots/detail
Feb 16 16:57:01 devstack devstack@c-api.service[79237]: DEBUG cinder.api.openstack.wsgi [req-e4b49e4b-6a95-48ec-98cd-eca4a3f73e6f req-8aab8f73-b25b-45ca-981c-e55ef7ef39a7 tempest-VolumesSnapshotsTestJSON-1817094477 tempest-VolumesSnapshotsTestJSON-1817094477-project-member] Empty body provided in request {{(pid=79237) get_body /opt/stack/cinder/cinder/api/openstack/wsgi.py:725}}
Feb 16 16:57:01 devstack devstack@c-api.service[79237]: DEBUG cinder.api.openstack.wsgi [req-e4b49e4b-6a95-48ec-98cd-eca4a3f73e6f req-8aab8f73-b25b-45ca-981c-e55ef7ef39a7 tempest-VolumesSnapshotsTestJSON-1817094477 tempest-VolumesSnapshotsTestJSON-1817094477-project-member] Calling method 'detail' {{(pid=79237) _process_stack /opt/stack/cinder/cinder/api/openstack/wsgi.py:878}}
Feb 16 16:57:01 devstack devstack@c-api.service[79237]: DEBUG cinder.api.api_utils [req-e4b49e4b-6a95-48ec-98cd-eca4a3f73e6f req-8aab8f73-b25b-45ca-981c-e55ef7ef39a7 tempest-VolumesSnapshotsTestJSON-1817094477 tempest-VolumesSnapshotsTestJSON-1817094477-project-member] Removing options '' from query. {{(pid=79237) remove_invalid_filter_options /opt/stack/cinder/cinder/api/api_utils.py:81}}
Feb 16 16:57:01 devstack devstack@c-api.service[79237]: /opt/stack/data/venv/lib/python3.10/site-packages/oslo_context/context.py:101: DeprecationWarning: Policy enforcement is depending on the value of is_admin. This key is deprecated. Please update your policy file to use the standard policy values.
Feb 16 16:57:01 devstack devstack@c-api.service[79237]: warnings.warn(
Feb 16 16:57:01 devstack devstack@c-api.service[79237]: DEBUG cinder.db.sqlalchemy.api [req-e4b49e4b-6a95-48ec-98cd-eca4a3f73e6f req-8aab8f73-b25b-45ca-981c-e55ef7ef39a7 tempest-VolumesSnapshotsTestJSON-1817094477 tempest-VolumesSnapshotsTestJSON-1817094477-project-member] Building query based on filter {{(pid=79237) _process_snaps_filters /opt/stack/cinder/cinder/db/sqlalchemy/api.py:3943}}
Feb 16 16:57:01 devstack devstack@c-api.service[79238]: DEBUG cinder.api.middleware.request_id [None req-d1101c17-659e-4ab4-bf57-c9ab2ac94939 None None] RequestId filter calling following filter/app {{(pid=79238) _context_setter /opt/stack/cinder/cinder/api/middleware/request_id.py:62}}
Feb 16 16:57:01 devstack devstack@c-api.service[79238]: INFO cinder.api.openstack.wsgi [None req-d1101c17-659e-4ab4-bf57-c9ab2ac94939 tempest-VolumesAdminNegativeTest-2117416756 tempest-VolumesAdminNegativeTest-2117416756-project-member] GET http://192.168.122.137/volume/v3/volumes/1a5ca62f-e5b8-4a55-a16c-f26eb11c082f
Feb 16 16:57:01 devstack devstack@c-api.service[79238]: DEBUG cinder.api.openstack.wsgi [None req-d1101c17-659e-4ab4-bf57-c9ab2ac94939 tempest-VolumesAdminNegativeTest-2117416756 tempest-VolumesAdminNegativeTest-2117416756-project-member] Empty body provided in request {{(pid=79238) get_body /opt/stack/cinder/cinder/api/openstack/wsgi.py:725}}
Feb 16 16:57:01 devstack devstack@c-api.service[79238]: DEBUG cinder.api.openstack.wsgi [None req-d1101c17-659e-4ab4-bf57-c9ab2ac94939 tempest-VolumesAdminNegativeTest-2117416756 tempest-VolumesAdminNegativeTest-2117416756-project-member] Calling method 'show' {{(pid=79238) _process_stack /opt/stack/cinder/cinder/api/openstack/wsgi.py:878}}
Feb 16 16:57:01 devstack devstack@c-api.service[79237]: INFO cinder.volume.api [req-e4b49e4b-6a95-48ec-98cd-eca4a3f73e6f req-8aab8f73-b25b-45ca-981c-e55ef7ef39a7 tempest-VolumesSnapshotsTestJSON-1817094477 tempest-VolumesSnapshotsTestJSON-1817094477-project-member] Get all snapshots completed successfully.
Feb 16 16:57:01 devstack devstack@c-api.service[79237]: /opt/stack/data/venv/lib/python3.10/site-packages/oslo_context/context.py:101: DeprecationWarning: Policy enforcement is depending on the value of is_admin. This key is deprecated. Please update your policy file to use the standard policy values.
Feb 16 16:57:01 devstack devstack@c-api.service[79237]: warnings.warn(
Feb 16 16:57:01 devstack devstack@c-api.service[79237]: INFO cinder.api.openstack.wsgi [req-e4b49e4b-6a95-48ec-98cd-eca4a3f73e6f req-8aab8f73-b25b-45ca-981c-e55ef7ef39a7 tempest-VolumesSnapshotsTestJSON-1817094477 tempest-VolumesSnapshotsTestJSON-1817094477-project-member] http://192.168.122.137/volume/v3/snapshots/detail returned with HTTP 200
Feb 16 16:57:01 devstack devstack@c-api.service[79237]: [pid: 79237|app: 0|req: 44/84] 192.168.122.137 () {60 vars in 1414 bytes} [Mon Feb 16 16:57:01 2026] GET /volume/v3/snapshots/detail => generated 445 bytes in 48 msecs (HTTP/1.1 200) 7 headers in 285 bytes (1 switches on core 0)
Feb 16 16:57:01 devstack devstack@c-api.service[79238]: /opt/stack/data/venv/lib/python3.10/site-packages/oslo_context/context.py:101: DeprecationWarning: Policy enforcement is depending on the value of is_admin. This key is deprecated. Please update your policy file to use the standard policy values.
Feb 16 16:57:01 devstack devstack@c-api.service[79238]: warnings.warn(
Feb 16 16:57:01 devstack devstack@c-api.service[79237]: DEBUG cinder.api.middleware.request_id [req-0737a718-425b-46eb-a851-dcf48864558e req-3e9eeeb5-01b1-41fd-a4e5-32d418c65ec5 None None] RequestId filter calling following filter/app {{(pid=79237) _context_setter /opt/stack/cinder/cinder/api/middleware/request_id.py:62}}
Feb 16 16:57:01 devstack devstack@c-api.service[79238]: INFO cinder.volume.api [None req-d1101c17-659e-4ab4-bf57-c9ab2ac94939 tempest-VolumesAdminNegativeTest-2117416756 tempest-VolumesAdminNegativeTest-2117416756-project-member] Volume info retrieved successfully.
Feb 16 16:57:01 devstack devstack@c-api.service[79237]: INFO cinder.api.openstack.wsgi [req-0737a718-425b-46eb-a851-dcf48864558e req-3e9eeeb5-01b1-41fd-a4e5-32d418c65ec5 tempest-VolumesSnapshotsTestJSON-1817094477 tempest-VolumesSnapshotsTestJSON-1817094477-project-member] GET http://192.168.122.137/volume/v3/snapshots/1f2eb451-9f6d-479b-8647-f2ad300eb2b9
Feb 16 16:57:01 devstack devstack@c-api.service[79237]: DEBUG cinder.api.openstack.wsgi [req-0737a718-425b-46eb-a851-dcf48864558e req-3e9eeeb5-01b1-41fd-a4e5-32d418c65ec5 tempest-VolumesSnapshotsTestJSON-1817094477 tempest-VolumesSnapshotsTestJSON-1817094477-project-member] Empty body provided in request {{(pid=79237) get_body /opt/stack/cinder/cinder/api/openstack/wsgi.py:725}}
Feb 16 16:57:01 devstack devstack@c-api.service[79237]: DEBUG cinder.api.openstack.wsgi [req-0737a718-425b-46eb-a851-dcf48864558e req-3e9eeeb5-01b1-41fd-a4e5-32d418c65ec5 tempest-VolumesSnapshotsTestJSON-1817094477 tempest-VolumesSnapshotsTestJSON-1817094477-project-member] Calling method 'show' {{(pid=79237) _process_stack /opt/stack/cinder/cinder/api/openstack/wsgi.py:878}}
Feb 16 16:57:01 devstack devstack@c-api.service[79238]: INFO cinder.api.openstack.wsgi [None req-d1101c17-659e-4ab4-bf57-c9ab2ac94939 tempest-VolumesAdminNegativeTest-2117416756 tempest-VolumesAdminNegativeTest-2117416756-project-member] http://192.168.122.137/volume/v3/volumes/1a5ca62f-e5b8-4a55-a16c-f26eb11c082f returned with HTTP 200
Feb 16 16:57:01 devstack devstack@c-api.service[79238]: [pid: 79238|app: 0|req: 41/85] 192.168.122.137 () {58 vars in 1245 bytes} [Mon Feb 16 16:57:01 2026] GET /volume/v3/volumes/1a5ca62f-e5b8-4a55-a16c-f26eb11c082f => generated 855 bytes in 71 msecs (HTTP/1.1 200) 7 headers in 285 bytes (1 switches on core 0)
Feb 16 16:57:01 devstack devstack@c-api.service[79237]: /opt/stack/data/venv/lib/python3.10/site-packages/oslo_context/context.py:101: DeprecationWarning: Policy enforcement is depending on the value of is_admin. This key is deprecated. Please update your policy file to use the standard policy values.
Feb 16 16:57:01 devstack devstack@c-api.service[79237]: warnings.warn(
Feb 16 16:57:01 devstack devstack@c-api.service[79237]: INFO cinder.volume.api [req-0737a718-425b-46eb-a851-dcf48864558e req-3e9eeeb5-01b1-41fd-a4e5-32d418c65ec5 tempest-VolumesSnapshotsTestJSON-1817094477 tempest-VolumesSnapshotsTestJSON-1817094477-project-member] Snapshot retrieved successfully.
Feb 16 16:57:01 devstack devstack@c-api.service[79237]: INFO cinder.api.openstack.wsgi [req-0737a718-425b-46eb-a851-dcf48864558e req-3e9eeeb5-01b1-41fd-a4e5-32d418c65ec5 tempest-VolumesSnapshotsTestJSON-1817094477 tempest-VolumesSnapshotsTestJSON-1817094477-project-member] http://192.168.122.137/volume/v3/snapshots/1f2eb451-9f6d-479b-8647-f2ad300eb2b9 returned with HTTP 200
Feb 16 16:57:01 devstack devstack@c-api.service[79237]: [pid: 79237|app: 0|req: 45/86] 192.168.122.137 () {60 vars in 1504 bytes} [Mon Feb 16 16:57:01 2026] GET /volume/v3/snapshots/1f2eb451-9f6d-479b-8647-f2ad300eb2b9 => generated 442 bytes in 37 msecs (HTTP/1.1 200) 7 headers in 285 bytes (1 switches on core 0)
Feb 16 16:57:01 devstack devstack@c-api.service[79238]: DEBUG cinder.api.middleware.request_id [None req-2c08ee1d-42f2-49a8-9c2f-f9ff30afc31c None None] RequestId filter calling following filter/app {{(pid=79238) _context_setter /opt/stack/cinder/cinder/api/middleware/request_id.py:62}}
Feb 16 16:57:01 devstack devstack@c-api.service[79238]: INFO cinder.api.openstack.wsgi [None req-2c08ee1d-42f2-49a8-9c2f-f9ff30afc31c tempest-GroupsTest-1261918578 tempest-GroupsTest-1261918578-project-member] GET http://192.168.122.137/volume/v3/volumes/bc2827eb-d97c-4619-9e42-c4e7aee7ff2c
Feb 16 16:57:01 devstack devstack@c-api.service[79238]: DEBUG cinder.api.openstack.wsgi [None req-2c08ee1d-42f2-49a8-9c2f-f9ff30afc31c tempest-GroupsTest-1261918578 tempest-GroupsTest-1261918578-project-member] Empty body provided in request {{(pid=79238) get_body /opt/stack/cinder/cinder/api/openstack/wsgi.py:725}}
Feb 16 16:57:01 devstack devstack@c-api.service[79238]: DEBUG cinder.api.openstack.wsgi [None req-2c08ee1d-42f2-49a8-9c2f-f9ff30afc31c tempest-GroupsTest-1261918578 tempest-GroupsTest-1261918578-project-member] Calling method 'show' {{(pid=79238) _process_stack /opt/stack/cinder/cinder/api/openstack/wsgi.py:878}}
Feb 16 16:57:01 devstack devstack@c-api.service[79238]: /opt/stack/data/venv/lib/python3.10/site-packages/oslo_context/context.py:101: DeprecationWarning: Policy enforcement is depending on the value of is_admin. This key is deprecated. Please update your policy file to use the standard policy values.
Feb 16 16:57:01 devstack devstack@c-api.service[79238]: warnings.warn(
Feb 16 16:57:01 devstack devstack@c-api.service[79238]: INFO cinder.volume.api [None req-2c08ee1d-42f2-49a8-9c2f-f9ff30afc31c tempest-GroupsTest-1261918578 tempest-GroupsTest-1261918578-project-member] Volume info retrieved successfully.
Feb 16 16:57:01 devstack devstack@c-api.service[79238]: WARNING stevedore.named [None req-2c08ee1d-42f2-49a8-9c2f-f9ff30afc31c tempest-GroupsTest-1261918578 tempest-GroupsTest-1261918578-project-member] Could not load cinder.keymgr.conf_key_mgr.ConfKeyManager
Feb 16 16:57:01 devstack devstack@c-api.service[79238]: WARNING castellan.key_manager [None req-2c08ee1d-42f2-49a8-9c2f-f9ff30afc31c tempest-GroupsTest-1261918578 tempest-GroupsTest-1261918578-project-member] Deprecation Warning : cinder.keymgr.conf_key_mgr.ConfKeyManager is not a stevedore based driver, trying to load it as a class: stevedore.exception.NoMatches: No 'castellan.drivers' driver found, looking for 'cinder.keymgr.conf_key_mgr.ConfKeyManager'
Feb 16 16:57:01 devstack devstack@c-api.service[79238]: DEBUG oslo_db.sqlalchemy.engines [None req-2c08ee1d-42f2-49a8-9c2f-f9ff30afc31c tempest-GroupsTest-1261918578 tempest-GroupsTest-1261918578-project-member] MySQL server mode set to STRICT_TRANS_TABLES,STRICT_ALL_TABLES,NO_ZERO_IN_DATE,NO_ZERO_DATE,ERROR_FOR_DIVISION_BY_ZERO,TRADITIONAL,NO_ENGINE_SUBSTITUTION {{(pid=79238) _check_effective_sql_mode /opt/stack/data/venv/lib/python3.10/site-packages/oslo_db/sqlalchemy/engines.py:325}}
Feb 16 16:57:01 devstack devstack@c-api.service[79238]: /opt/stack/data/venv/lib/python3.10/site-packages/oslo_context/context.py:101: DeprecationWarning: Policy enforcement is depending on the value of is_admin. This key is deprecated. Please update your policy file to use the standard policy values.
Feb 16 16:57:01 devstack devstack@c-api.service[79238]: warnings.warn(
Feb 16 16:57:01 devstack devstack@c-api.service[79238]: INFO cinder.api.openstack.wsgi [None req-2c08ee1d-42f2-49a8-9c2f-f9ff30afc31c tempest-GroupsTest-1261918578 tempest-GroupsTest-1261918578-project-member] http://192.168.122.137/volume/v3/volumes/bc2827eb-d97c-4619-9e42-c4e7aee7ff2c returned with HTTP 200
Feb 16 16:57:01 devstack devstack@c-api.service[79238]: [pid: 79238|app: 0|req: 42/87] 192.168.122.137 () {60 vars in 1286 bytes} [Mon Feb 16 16:57:01 2026] GET /volume/v3/volumes/bc2827eb-d97c-4619-9e42-c4e7aee7ff2c => generated 914 bytes in 54 msecs (HTTP/1.1 200) 7 headers in 286 bytes (1 switches on core 0)
Feb 16 16:57:02 devstack devstack@c-api.service[79237]: DEBUG cinder.api.middleware.request_id [None req-161a9c73-20f3-48e6-b28a-b094c8a490f8 None None] RequestId filter calling following filter/app {{(pid=79237) _context_setter /opt/stack/cinder/cinder/api/middleware/request_id.py:62}}
Feb 16 16:57:02 devstack devstack@c-api.service[79237]: INFO cinder.api.openstack.wsgi [None req-161a9c73-20f3-48e6-b28a-b094c8a490f8 None None] GET http://192.168.122.137/volume//
Feb 16 16:57:02 devstack devstack@c-api.service[79237]: DEBUG cinder.api.openstack.wsgi [None req-161a9c73-20f3-48e6-b28a-b094c8a490f8 None None] Empty body provided in request {{(pid=79237) get_body /opt/stack/cinder/cinder/api/openstack/wsgi.py:725}}
Feb 16 16:57:02 devstack devstack@c-api.service[79237]: DEBUG cinder.api.openstack.wsgi [None req-161a9c73-20f3-48e6-b28a-b094c8a490f8 None None] Calling method 'all' {{(pid=79237) _process_stack /opt/stack/cinder/cinder/api/openstack/wsgi.py:878}}
Feb 16 16:57:02 devstack devstack@c-api.service[79237]: INFO cinder.api.openstack.wsgi [None req-161a9c73-20f3-48e6-b28a-b094c8a490f8 None None] http://192.168.122.137/volume// returned with HTTP 300
Feb 16 16:57:02 devstack devstack@c-api.service[79237]: [pid: 79237|app: 0|req: 46/88] 192.168.122.137 () {58 vars in 1320 bytes} [Mon Feb 16 16:57:02 2026] GET /volume/ => generated 390 bytes in 4 msecs (HTTP/1.1 300) 7 headers in 299 bytes (1 switches on core 0)
Feb 16 16:57:02 devstack devstack@c-api.service[79238]: DEBUG cinder.api.middleware.request_id [req-2aabbc65-f7e2-4940-8d32-2e410295a2b9 req-06532088-6dd6-433d-929a-edec0d15f198 None None] RequestId filter calling following filter/app {{(pid=79238) _context_setter /opt/stack/cinder/cinder/api/middleware/request_id.py:62}}
Feb 16 16:57:02 devstack devstack@c-api.service[79238]: INFO cinder.api.openstack.wsgi [req-2aabbc65-f7e2-4940-8d32-2e410295a2b9 req-06532088-6dd6-433d-929a-edec0d15f198 tempest-DeleteServersTestJSON-698076011 tempest-DeleteServersTestJSON-698076011-project-member] POST http://192.168.122.137/volume/v3/attachments
Feb 16 16:57:02 devstack devstack@c-api.service[79238]: DEBUG cinder.api.openstack.wsgi [req-2aabbc65-f7e2-4940-8d32-2e410295a2b9 req-06532088-6dd6-433d-929a-edec0d15f198 tempest-DeleteServersTestJSON-698076011 tempest-DeleteServersTestJSON-698076011-project-member] Action: 'create', calling method: version_select, body: {"attachment": {"volume_uuid": "06774e1b-d712-42b5-9e2d-62f68c7a070f", "connector": null, "instance_uuid": "752d93a4-0c56-4f5c-ae51-02b9877fd0db"}} {{(pid=79238) _process_stack /opt/stack/cinder/cinder/api/openstack/wsgi.py:876}}
Feb 16 16:57:02 devstack devstack@c-api.service[79238]: /opt/stack/data/venv/lib/python3.10/site-packages/oslo_context/context.py:101: DeprecationWarning: Policy enforcement is depending on the value of is_admin. This key is deprecated. Please update your policy file to use the standard policy values.
Feb 16 16:57:02 devstack devstack@c-api.service[79238]: warnings.warn(
Feb 16 16:57:02 devstack devstack@c-api.service[79238]: /opt/stack/cinder/cinder/db/sqlalchemy/api.py:2470: SAWarning: SELECT statement has a cartesian product between FROM element(s) "volumes" and FROM element "volumes_1". Apply join condition(s) between each element to resolve.
Feb 16 16:57:02 devstack devstack@c-api.service[79238]: .first()
Feb 16 16:57:02 devstack devstack@c-api.service[79238]: INFO cinder.api.openstack.wsgi [req-2aabbc65-f7e2-4940-8d32-2e410295a2b9 req-06532088-6dd6-433d-929a-edec0d15f198 tempest-DeleteServersTestJSON-698076011 tempest-DeleteServersTestJSON-698076011-project-member] http://192.168.122.137/volume/v3/attachments returned with HTTP 200
Feb 16 16:57:02 devstack devstack@c-api.service[79238]: [pid: 79238|app: 0|req: 43/89] 192.168.122.137 () {66 vars in 1494 bytes} [Mon Feb 16 16:57:02 2026] POST /volume/v3/attachments => generated 273 bytes in 128 msecs (HTTP/1.1 200) 7 headers in 286 bytes (1 switches on core 0)
Feb 16 16:57:02 devstack devstack@c-api.service[79237]: DEBUG cinder.api.middleware.request_id [None req-c288285c-1e72-4eaa-b875-871c48143054 None None] RequestId filter calling following filter/app {{(pid=79237) _context_setter /opt/stack/cinder/cinder/api/middleware/request_id.py:62}}
Feb 16 16:57:02 devstack devstack@c-api.service[79237]: INFO cinder.api.openstack.wsgi [None req-c288285c-1e72-4eaa-b875-871c48143054 tempest-VolumesAdminNegativeTest-2117416756 tempest-VolumesAdminNegativeTest-2117416756-project-member] GET http://192.168.122.137/volume/v3/volumes/1a5ca62f-e5b8-4a55-a16c-f26eb11c082f
Feb 16 16:57:02 devstack devstack@c-api.service[79237]: DEBUG cinder.api.openstack.wsgi [None req-c288285c-1e72-4eaa-b875-871c48143054 tempest-VolumesAdminNegativeTest-2117416756 tempest-VolumesAdminNegativeTest-2117416756-project-member] Empty body provided in request {{(pid=79237) get_body /opt/stack/cinder/cinder/api/openstack/wsgi.py:725}}
Feb 16 16:57:02 devstack devstack@c-api.service[79237]: DEBUG cinder.api.openstack.wsgi [None req-c288285c-1e72-4eaa-b875-871c48143054 tempest-VolumesAdminNegativeTest-2117416756 tempest-VolumesAdminNegativeTest-2117416756-project-member] Calling method 'show' {{(pid=79237) _process_stack /opt/stack/cinder/cinder/api/openstack/wsgi.py:878}}
Feb 16 16:57:02 devstack devstack@c-api.service[79238]: DEBUG cinder.api.middleware.request_id [req-34453b55-92fa-411f-bce4-52306f35873a req-a26ccfa6-c144-45d7-9ab1-02399554d2bb None None] RequestId filter calling following filter/app {{(pid=79238) _context_setter /opt/stack/cinder/cinder/api/middleware/request_id.py:62}}
Feb 16 16:57:02 devstack devstack@c-api.service[79238]: INFO cinder.api.openstack.wsgi [req-34453b55-92fa-411f-bce4-52306f35873a req-a26ccfa6-c144-45d7-9ab1-02399554d2bb tempest-VolumesSnapshotsTestJSON-1817094477 tempest-VolumesSnapshotsTestJSON-1817094477-project-member] GET http://192.168.122.137/volume/v3/snapshots/1f2eb451-9f6d-479b-8647-f2ad300eb2b9
Feb 16 16:57:02 devstack devstack@c-api.service[79238]: DEBUG cinder.api.openstack.wsgi [req-34453b55-92fa-411f-bce4-52306f35873a req-a26ccfa6-c144-45d7-9ab1-02399554d2bb tempest-VolumesSnapshotsTestJSON-1817094477 tempest-VolumesSnapshotsTestJSON-1817094477-project-member] Empty body provided in request {{(pid=79238) get_body /opt/stack/cinder/cinder/api/openstack/wsgi.py:725}}
Feb 16 16:57:02 devstack devstack@c-api.service[79238]: DEBUG cinder.api.openstack.wsgi [req-34453b55-92fa-411f-bce4-52306f35873a req-a26ccfa6-c144-45d7-9ab1-02399554d2bb tempest-VolumesSnapshotsTestJSON-1817094477 tempest-VolumesSnapshotsTestJSON-1817094477-project-member] Calling method 'show' {{(pid=79238) _process_stack /opt/stack/cinder/cinder/api/openstack/wsgi.py:878}}
Feb 16 16:57:02 devstack devstack@c-api.service[79238]: /opt/stack/data/venv/lib/python3.10/site-packages/oslo_context/context.py:101: DeprecationWarning: Policy enforcement is depending on the value of is_admin. This key is deprecated. Please update your policy file to use the standard policy values.
