Apr 13 14:15:51 devstack cinder-volume[82621]: DEBUG oslo_concurrency.processutils [None req-5d2bb5ad-a13f-4502-8aa9-28a219fe5660 tempest-VolumesCloneNegativeTest-1658511144 None] CMD "sudo cinder-rootwrap /etc/cinder/rootwrap.conf rm -f /opt/stack/data/cinder/mnt/437326e32ff97ebb32f158720ad53214/volume-c03299fa-0b40-4b37-a270-03c08ce9e02b" returned: 0 in 0.512s {{(pid=82621) execute /opt/stack/data/venv/lib/python3.10/site-packages/oslo_concurrency/processutils.py:468}}
Apr 13 14:15:51 devstack cinder-volume[82621]: DEBUG cinder.coordination [None req-5d2bb5ad-a13f-4502-8aa9-28a219fe5660 tempest-VolumesCloneNegativeTest-1658511144 None] Lock "cinder-quobyte-c03299fa-0b40-4b37-a270-03c08ce9e02b" released by "delete_volume" :: held 1.091s {{(pid=82621) __release /opt/stack/cinder/cinder/coordination.py:152}}
Apr 13 14:15:51 devstack cinder-volume[82621]: DEBUG cinder.quota [None req-5d2bb5ad-a13f-4502-8aa9-28a219fe5660 tempest-VolumesCloneNegativeTest-1658511144 None] Created reservations ['cdb58970-c3e3-42c1-97d5-8b73865e4743', 'b9976f9d-4f84-49dc-9b75-07e535a45841', 'eccc3332-769c-4b97-9fff-eea5cb16b939', '7aa6d2e0-d3c6-4312-8203-0a988a07070c'] {{(pid=82621) reserve /opt/stack/cinder/cinder/quota.py:752}}
Apr 13 14:15:51 devstack cinder-volume[82621]: DEBUG oslo_concurrency.lockutils [None req-5d2bb5ad-a13f-4502-8aa9-28a219fe5660 tempest-VolumesCloneNegativeTest-1658511144 None] Acquiring lock "quobyte_ensure" by "cinder.volume.drivers.quobyte.QuobyteDriver._ensure_shares_mounted" {{(pid=82621) inner /opt/stack/data/venv/lib/python3.10/site-packages/oslo_concurrency/lockutils.py:506}}
Apr 13 14:15:51 devstack cinder-volume[82621]: DEBUG oslo_concurrency.lockutils [None req-5d2bb5ad-a13f-4502-8aa9-28a219fe5660 tempest-VolumesCloneNegativeTest-1658511144 None] Lock "quobyte_ensure" acquired by "cinder.volume.drivers.quobyte.QuobyteDriver._ensure_shares_mounted" :: waited 0.001s {{(pid=82621) inner /opt/stack/data/venv/lib/python3.10/site-packages/oslo_concurrency/lockutils.py:519}}
Apr 13 14:15:51 devstack cinder-volume[82621]: DEBUG cinder.volume.drivers.quobyte [None req-5d2bb5ad-a13f-4502-8aa9-28a219fe5660 tempest-VolumesCloneNegativeTest-1658511144 None] Quobyte Volume URL set to: {'osci02.corp.quobyte.com/cinder-vol-10c38e58-8cc0-4855-834e-3df68d71b3a1': None} {{(pid=82621) _load_shares_config /opt/stack/cinder/cinder/volume/drivers/quobyte.py:617}}
Apr 13 14:15:51 devstack cinder-volume[82621]: DEBUG cinder.volume.drivers.quobyte [None req-5d2bb5ad-a13f-4502-8aa9-28a219fe5660 tempest-VolumesCloneNegativeTest-1658511144 None] Available shares ['osci02.corp.quobyte.com/cinder-vol-10c38e58-8cc0-4855-834e-3df68d71b3a1'] {{(pid=82621) _ensure_shares_mounted /opt/stack/cinder/cinder/volume/drivers/quobyte.py:647}}
Apr 13 14:15:51 devstack cinder-volume[82621]: DEBUG oslo_concurrency.lockutils [None req-5d2bb5ad-a13f-4502-8aa9-28a219fe5660 tempest-VolumesCloneNegativeTest-1658511144 None] Lock "quobyte_ensure" "released" by "cinder.volume.drivers.quobyte.QuobyteDriver._ensure_shares_mounted" :: held 0.008s {{(pid=82621) inner /opt/stack/data/venv/lib/python3.10/site-packages/oslo_concurrency/lockutils.py:538}}
Apr 13 14:15:51 devstack cinder-volume[82621]: DEBUG oslo_concurrency.processutils [None req-5d2bb5ad-a13f-4502-8aa9-28a219fe5660 tempest-VolumesCloneNegativeTest-1658511144 None] Running cmd (subprocess): sudo cinder-rootwrap /etc/cinder/rootwrap.conf df --portability --block-size 1 /opt/stack/data/cinder/mnt/437326e32ff97ebb32f158720ad53214 {{(pid=82621) execute /opt/stack/data/venv/lib/python3.10/site-packages/oslo_concurrency/processutils.py:440}}
Apr 13 14:15:51 devstack sudo[85989]: quobyte : PWD=/ ; USER=root ; COMMAND=/opt/stack/data/venv/bin/cinder-rootwrap /etc/cinder/rootwrap.conf df --portability --block-size 1 /opt/stack/data/cinder/mnt/437326e32ff97ebb32f158720ad53214
Apr 13 14:15:51 devstack sudo[85989]: pam_unix(sudo:session): session opened for user root(uid=0) by (uid=1000)
Apr 13 14:15:51 devstack cinder-volume[82621]: DEBUG oslo_concurrency.lockutils [None req-1d353847-3540-4e92-b3b2-94ebc032cf8b tempest-SnapshotsActionsTest-699062400 None] Acquiring lock "quobyte" by "cinder.volume.drivers.quobyte.QuobyteDriver.create_snapshot" {{(pid=82621) inner /opt/stack/data/venv/lib/python3.10/site-packages/oslo_concurrency/lockutils.py:506}}
Apr 13 14:15:51 devstack cinder-volume[82621]: DEBUG oslo_concurrency.lockutils [None req-1d353847-3540-4e92-b3b2-94ebc032cf8b tempest-SnapshotsActionsTest-699062400 None] Lock "quobyte" acquired by "cinder.volume.drivers.quobyte.QuobyteDriver.create_snapshot" :: waited 0.001s {{(pid=82621) inner /opt/stack/data/venv/lib/python3.10/site-packages/oslo_concurrency/lockutils.py:519}}
Apr 13 14:15:51 devstack cinder-volume[82621]: DEBUG cinder.volume.drivers.remotefs [None req-1d353847-3540-4e92-b3b2-94ebc032cf8b tempest-SnapshotsActionsTest-699062400 None] Creating offline snapshot bb8bd739-69c1-47cd-ad64-5cdaa9443dd2 of volume 8baa13e7-007c-48c0-839b-a00e474cf4ad {{(pid=82621) _create_snapshot /opt/stack/cinder/cinder/volume/drivers/remotefs.py:1815}}
Apr 13 14:15:51 devstack cinder-volume[82621]: DEBUG oslo.privsep.daemon [-] privsep: reply[bc0192a8-af63-4dd8-aa4b-5fe09a99f18c]: (4, 'qcow2') {{(pid=83442) _call_back /opt/stack/data/venv/lib/python3.10/site-packages/oslo_privsep/daemon.py:573}}
Apr 13 14:15:51 devstack cinder-volume[82621]: DEBUG oslo_concurrency.processutils [None req-1d353847-3540-4e92-b3b2-94ebc032cf8b tempest-SnapshotsActionsTest-699062400 None] Running cmd (subprocess): /opt/stack/data/venv/bin/python3.10 -m oslo_concurrency.prlimit --as=1073741824 --cpu=60 -- sudo cinder-rootwrap /etc/cinder/rootwrap.conf env LC_ALL=C qemu-img info -f qcow2 --output=json --force-share /opt/stack/data/cinder/mnt/437326e32ff97ebb32f158720ad53214/volume-8baa13e7-007c-48c0-839b-a00e474cf4ad.b2db6eef-4a68-4221-9a20-c41b5646e1ec {{(pid=82621) execute /opt/stack/data/venv/lib/python3.10/site-packages/oslo_concurrency/processutils.py:440}}
Apr 13 14:15:51 devstack sudo[85989]: pam_unix(sudo:session): session closed for user root
Apr 13 14:15:51 devstack cinder-volume[82621]: DEBUG oslo_concurrency.processutils [None req-5d2bb5ad-a13f-4502-8aa9-28a219fe5660 tempest-VolumesCloneNegativeTest-1658511144 None] CMD "sudo cinder-rootwrap /etc/cinder/rootwrap.conf df --portability --block-size 1 /opt/stack/data/cinder/mnt/437326e32ff97ebb32f158720ad53214" returned: 0 in 0.445s {{(pid=82621) execute /opt/stack/data/venv/lib/python3.10/site-packages/oslo_concurrency/processutils.py:468}}
Apr 13 14:15:51 devstack cinder-volume[82621]: DEBUG cinder.manager [None req-5d2bb5ad-a13f-4502-8aa9-28a219fe5660 tempest-VolumesCloneNegativeTest-1658511144 None] Notifying Schedulers of capabilities ... {{(pid=82621) _publish_service_capabilities /opt/stack/cinder/cinder/manager.py:202}}
Apr 13 14:15:51 devstack sudo[85992]: quobyte : PWD=/ ; USER=root ; COMMAND=/opt/stack/data/venv/bin/cinder-rootwrap /etc/cinder/rootwrap.conf env LC_ALL=C qemu-img info -f qcow2 --output=json --force-share /opt/stack/data/cinder/mnt/437326e32ff97ebb32f158720ad53214/volume-8baa13e7-007c-48c0-839b-a00e474cf4ad.b2db6eef-4a68-4221-9a20-c41b5646e1ec
Apr 13 14:15:51 devstack sudo[85992]: pam_unix(sudo:session): session opened for user root(uid=0) by (uid=1000)
Apr 13 14:15:51 devstack cinder-volume[82621]: INFO cinder.volume.manager [None req-5d2bb5ad-a13f-4502-8aa9-28a219fe5660 tempest-VolumesCloneNegativeTest-1658511144 None] Deleted volume successfully.
Apr 13 14:15:51 devstack cinder-volume[82621]: DEBUG cinder.coordination [None req-5d2bb5ad-a13f-4502-8aa9-28a219fe5660 tempest-VolumesCloneNegativeTest-1658511144 None] Lock "cinder-c03299fa-0b40-4b37-a270-03c08ce9e02b-delete_volume" released by "delete_volume" :: held 1.730s {{(pid=82621) __release /opt/stack/cinder/cinder/coordination.py:152}}
Apr 13 14:15:52 devstack sudo[85992]: pam_unix(sudo:session): session closed for user root
Apr 13 14:15:52 devstack cinder-volume[82621]: DEBUG oslo_concurrency.processutils [None req-1d353847-3540-4e92-b3b2-94ebc032cf8b tempest-SnapshotsActionsTest-699062400 None] CMD "/opt/stack/data/venv/bin/python3.10 -m oslo_concurrency.prlimit --as=1073741824 --cpu=60 -- sudo cinder-rootwrap /etc/cinder/rootwrap.conf env LC_ALL=C qemu-img info -f qcow2 --output=json --force-share /opt/stack/data/cinder/mnt/437326e32ff97ebb32f158720ad53214/volume-8baa13e7-007c-48c0-839b-a00e474cf4ad.b2db6eef-4a68-4221-9a20-c41b5646e1ec" returned: 0 in 0.602s {{(pid=82621) execute /opt/stack/data/venv/lib/python3.10/site-packages/oslo_concurrency/processutils.py:468}}
Apr 13 14:15:52 devstack cinder-volume[82621]: DEBUG cinder.volume.drivers.remotefs [None req-1d353847-3540-4e92-b3b2-94ebc032cf8b tempest-SnapshotsActionsTest-699062400 None] Fetching qemu-img info with special backing_file_template: (/opt/stack/data/cinder/mnt/[0-9a-f]+/)?(volume-8baa13e7-007c-48c0-839b-a00e474cf4ad(.(tmp-snap-)?[0-9a-f-]+)?|volume_from_snapshot_cache/(tmp-snap-)?[0-9a-f-]+(.(child-|parent-)[0-9a-f-]+)?)$ {{(pid=82621) _qemu_img_info_base /opt/stack/cinder/cinder/volume/drivers/remotefs.py:896}}
Apr 13 14:15:52 devstack cinder-volume[82621]: DEBUG oslo_concurrency.processutils [None req-1d353847-3540-4e92-b3b2-94ebc032cf8b tempest-SnapshotsActionsTest-699062400 None] Running cmd (subprocess): sudo cinder-rootwrap /etc/cinder/rootwrap.conf qemu-img create -f qcow2 -o backing_file=/opt/stack/data/cinder/mnt/437326e32ff97ebb32f158720ad53214/volume-8baa13e7-007c-48c0-839b-a00e474cf4ad.b2db6eef-4a68-4221-9a20-c41b5646e1ec,backing_fmt=qcow2 /opt/stack/data/cinder/mnt/437326e32ff97ebb32f158720ad53214/volume-8baa13e7-007c-48c0-839b-a00e474cf4ad.bb8bd739-69c1-47cd-ad64-5cdaa9443dd2 1G {{(pid=82621) execute /opt/stack/data/venv/lib/python3.10/site-packages/oslo_concurrency/processutils.py:440}}
Apr 13 14:15:52 devstack sudo[86000]: quobyte : PWD=/ ; USER=root ; COMMAND=/opt/stack/data/venv/bin/cinder-rootwrap /etc/cinder/rootwrap.conf qemu-img create -f qcow2 -o backing_file=/opt/stack/data/cinder/mnt/437326e32ff97ebb32f158720ad53214/volume-8baa13e7-007c-48c0-839b-a00e474cf4ad.b2db6eef-4a68-4221-9a20-c41b5646e1ec,backing_fmt=qcow2 /opt/stack/data/cinder/mnt/437326e32ff97ebb32f158720ad53214/volume-8baa13e7-007c-48c0-839b-a00e474cf4ad.bb8bd739-69c1-47cd-ad64-5cdaa9443dd2 1G
Apr 13 14:15:52 devstack sudo[86000]: pam_unix(sudo:session): session opened for user root(uid=0) by (uid=1000)
Apr 13 14:15:53 devstack sudo[86000]: pam_unix(sudo:session): session closed for user root
Apr 13 14:15:53 devstack cinder-volume[82621]: DEBUG oslo_concurrency.processutils [None req-1d353847-3540-4e92-b3b2-94ebc032cf8b tempest-SnapshotsActionsTest-699062400 None] CMD "sudo cinder-rootwrap /etc/cinder/rootwrap.conf qemu-img create -f qcow2 -o backing_file=/opt/stack/data/cinder/mnt/437326e32ff97ebb32f158720ad53214/volume-8baa13e7-007c-48c0-839b-a00e474cf4ad.b2db6eef-4a68-4221-9a20-c41b5646e1ec,backing_fmt=qcow2 /opt/stack/data/cinder/mnt/437326e32ff97ebb32f158720ad53214/volume-8baa13e7-007c-48c0-839b-a00e474cf4ad.bb8bd739-69c1-47cd-ad64-5cdaa9443dd2 1G" returned: 0 in 0.833s {{(pid=82621) execute /opt/stack/data/venv/lib/python3.10/site-packages/oslo_concurrency/processutils.py:468}}
Apr 13 14:15:53 devstack cinder-volume[82621]: DEBUG oslo_concurrency.processutils [None req-1d353847-3540-4e92-b3b2-94ebc032cf8b tempest-SnapshotsActionsTest-699062400 None] Running cmd (subprocess): sudo cinder-rootwrap /etc/cinder/rootwrap.conf qemu-img rebase -u -b volume-8baa13e7-007c-48c0-839b-a00e474cf4ad.b2db6eef-4a68-4221-9a20-c41b5646e1ec -F qcow2 /opt/stack/data/cinder/mnt/437326e32ff97ebb32f158720ad53214/volume-8baa13e7-007c-48c0-839b-a00e474cf4ad.bb8bd739-69c1-47cd-ad64-5cdaa9443dd2 {{(pid=82621) execute /opt/stack/data/venv/lib/python3.10/site-packages/oslo_concurrency/processutils.py:440}}
Apr 13 14:15:53 devstack sudo[86006]: quobyte : PWD=/ ; USER=root ; COMMAND=/opt/stack/data/venv/bin/cinder-rootwrap /etc/cinder/rootwrap.conf qemu-img rebase -u -b volume-8baa13e7-007c-48c0-839b-a00e474cf4ad.b2db6eef-4a68-4221-9a20-c41b5646e1ec -F qcow2 /opt/stack/data/cinder/mnt/437326e32ff97ebb32f158720ad53214/volume-8baa13e7-007c-48c0-839b-a00e474cf4ad.bb8bd739-69c1-47cd-ad64-5cdaa9443dd2
Apr 13 14:15:53 devstack sudo[86006]: pam_unix(sudo:session): session opened for user root(uid=0) by (uid=1000)
Apr 13 14:15:53 devstack sudo[86006]: pam_unix(sudo:session): session closed for user root
Apr 13 14:15:53 devstack cinder-volume[82621]: DEBUG oslo_concurrency.processutils [None req-1d353847-3540-4e92-b3b2-94ebc032cf8b tempest-SnapshotsActionsTest-699062400 None] CMD "sudo cinder-rootwrap /etc/cinder/rootwrap.conf qemu-img rebase -u -b volume-8baa13e7-007c-48c0-839b-a00e474cf4ad.b2db6eef-4a68-4221-9a20-c41b5646e1ec -F qcow2 /opt/stack/data/cinder/mnt/437326e32ff97ebb32f158720ad53214/volume-8baa13e7-007c-48c0-839b-a00e474cf4ad.bb8bd739-69c1-47cd-ad64-5cdaa9443dd2" returned: 0 in 0.789s {{(pid=82621) execute /opt/stack/data/venv/lib/python3.10/site-packages/oslo_concurrency/processutils.py:468}}
Apr 13 14:15:53 devstack cinder-volume[82621]: WARNING cinder.volume.drivers.remotefs [None req-1d353847-3540-4e92-b3b2-94ebc032cf8b tempest-SnapshotsActionsTest-699062400 None] /opt/stack/data/cinder/mnt/437326e32ff97ebb32f158720ad53214/volume-8baa13e7-007c-48c0-839b-a00e474cf4ad.bb8bd739-69c1-47cd-ad64-5cdaa9443dd2 is being set with open permissions: ugo+rw
Apr 13 14:15:53 devstack cinder-volume[82621]: DEBUG oslo_concurrency.processutils [None req-1d353847-3540-4e92-b3b2-94ebc032cf8b tempest-SnapshotsActionsTest-699062400 None] Running cmd (subprocess): sudo cinder-rootwrap /etc/cinder/rootwrap.conf chmod ugo+rw /opt/stack/data/cinder/mnt/437326e32ff97ebb32f158720ad53214/volume-8baa13e7-007c-48c0-839b-a00e474cf4ad.bb8bd739-69c1-47cd-ad64-5cdaa9443dd2 {{(pid=82621) execute /opt/stack/data/venv/lib/python3.10/site-packages/oslo_concurrency/processutils.py:440}}
Apr 13 14:15:53 devstack sudo[86012]: quobyte : PWD=/ ; USER=root ; COMMAND=/opt/stack/data/venv/bin/cinder-rootwrap /etc/cinder/rootwrap.conf chmod ugo+rw /opt/stack/data/cinder/mnt/437326e32ff97ebb32f158720ad53214/volume-8baa13e7-007c-48c0-839b-a00e474cf4ad.bb8bd739-69c1-47cd-ad64-5cdaa9443dd2
Apr 13 14:15:53 devstack sudo[86012]: pam_unix(sudo:session): session opened for user root(uid=0) by (uid=1000)
Apr 13 14:15:54 devstack sudo[86012]: pam_unix(sudo:session): session closed for user root
Apr 13 14:15:54 devstack cinder-volume[82621]: DEBUG oslo_concurrency.processutils [None req-1d353847-3540-4e92-b3b2-94ebc032cf8b tempest-SnapshotsActionsTest-699062400 None] CMD "sudo cinder-rootwrap /etc/cinder/rootwrap.conf chmod ugo+rw /opt/stack/data/cinder/mnt/437326e32ff97ebb32f158720ad53214/volume-8baa13e7-007c-48c0-839b-a00e474cf4ad.bb8bd739-69c1-47cd-ad64-5cdaa9443dd2" returned: 0 in 0.584s {{(pid=82621) execute /opt/stack/data/venv/lib/python3.10/site-packages/oslo_concurrency/processutils.py:468}}
Apr 13 14:15:54 devstack cinder-volume[82621]: DEBUG oslo_concurrency.lockutils [None req-1d353847-3540-4e92-b3b2-94ebc032cf8b tempest-SnapshotsActionsTest-699062400 None] Lock "quobyte" "released" by "cinder.volume.drivers.quobyte.QuobyteDriver.create_snapshot" :: held 2.903s {{(pid=82621) inner /opt/stack/data/venv/lib/python3.10/site-packages/oslo_concurrency/lockutils.py:538}}
Apr 13 14:15:54 devstack cinder-volume[82621]: INFO cinder.volume.manager [None req-1d353847-3540-4e92-b3b2-94ebc032cf8b tempest-SnapshotsActionsTest-699062400 None] Create snapshot completed successfully
Apr 13 14:15:54 devstack cinder-volume[82621]: DEBUG cinder.coordination [None req-f1d9fac5-67dc-420a-b0e4-7c37a7673bf6 tempest-SnapshotsActionsTest-1042733295 None] Acquiring lock "cinder-bb8bd739-69c1-47cd-ad64-5cdaa9443dd2-delete_snapshot" by "delete_snapshot" {{(pid=82621) __acquire /opt/stack/cinder/cinder/coordination.py:138}}
Apr 13 14:15:54 devstack cinder-volume[82621]: DEBUG cinder.coordination [None req-f1d9fac5-67dc-420a-b0e4-7c37a7673bf6 tempest-SnapshotsActionsTest-1042733295 None] Lock "cinder-bb8bd739-69c1-47cd-ad64-5cdaa9443dd2-delete_snapshot" acquired by "delete_snapshot" :: waited 0.019s {{(pid=82621) __acquire /opt/stack/cinder/cinder/coordination.py:141}}
Apr 13 14:15:54 devstack cinder-volume[82621]: DEBUG cinder.coordination [None req-f1d9fac5-67dc-420a-b0e4-7c37a7673bf6 tempest-SnapshotsActionsTest-1042733295 None] Acquiring lock "cinder-quobyte-8baa13e7-007c-48c0-839b-a00e474cf4ad" by "delete_snapshot" {{(pid=82621) __acquire /opt/stack/cinder/cinder/coordination.py:138}}
Apr 13 14:15:55 devstack cinder-volume[82621]: DEBUG cinder.coordination [None req-f1d9fac5-67dc-420a-b0e4-7c37a7673bf6 tempest-SnapshotsActionsTest-1042733295 None] Lock "cinder-quobyte-8baa13e7-007c-48c0-839b-a00e474cf4ad" acquired by "delete_snapshot" :: waited 0.033s {{(pid=82621) __acquire /opt/stack/cinder/cinder/coordination.py:141}}
Apr 13 14:15:55 devstack cinder-volume[82621]: DEBUG cinder.coordination [None req-f1d9fac5-67dc-420a-b0e4-7c37a7673bf6 tempest-SnapshotsActionsTest-1042733295 None] Acquiring lock "cinder-quobyte-bb8bd739-69c1-47cd-ad64-5cdaa9443dd2" by "_delete_snapshot" {{(pid=82621) __acquire /opt/stack/cinder/cinder/coordination.py:138}}
Apr 13 14:15:55 devstack cinder-volume[82621]: DEBUG cinder.coordination [None req-f1d9fac5-67dc-420a-b0e4-7c37a7673bf6 tempest-SnapshotsActionsTest-1042733295 None] Lock "cinder-quobyte-bb8bd739-69c1-47cd-ad64-5cdaa9443dd2" acquired by "_delete_snapshot" :: waited 0.021s {{(pid=82621) __acquire /opt/stack/cinder/cinder/coordination.py:141}}
Apr 13 14:15:55 devstack cinder-volume[82621]: DEBUG cinder.volume.drivers.remotefs [None req-f1d9fac5-67dc-420a-b0e4-7c37a7673bf6 tempest-SnapshotsActionsTest-1042733295 None] Deleting offline snapshot bb8bd739-69c1-47cd-ad64-5cdaa9443dd2 of volume 8baa13e7-007c-48c0-839b-a00e474cf4ad {{(pid=82621) _delete_snapshot /opt/stack/cinder/cinder/volume/drivers/remotefs.py:1288}}
Apr 13 14:15:55 devstack cinder-volume[82621]: DEBUG cinder.volume.drivers.remotefs [None req-f1d9fac5-67dc-420a-b0e4-7c37a7673bf6 tempest-SnapshotsActionsTest-1042733295 None] snapshot_file for this snap is: volume-8baa13e7-007c-48c0-839b-a00e474cf4ad.bb8bd739-69c1-47cd-ad64-5cdaa9443dd2 {{(pid=82621) _delete_snapshot /opt/stack/cinder/cinder/volume/drivers/remotefs.py:1317}}
Apr 13 14:15:55 devstack cinder-volume[82621]: DEBUG oslo.privsep.daemon [-] privsep: reply[5177ebbb-b466-431e-87b1-9187dd1f9268]: (4, 'qcow2') {{(pid=83442) _call_back /opt/stack/data/venv/lib/python3.10/site-packages/oslo_privsep/daemon.py:573}}
Apr 13 14:15:55 devstack cinder-volume[82621]: DEBUG oslo_concurrency.processutils [None req-f1d9fac5-67dc-420a-b0e4-7c37a7673bf6 tempest-SnapshotsActionsTest-1042733295 None] Running cmd (subprocess): /opt/stack/data/venv/bin/python3.10 -m oslo_concurrency.prlimit --as=1073741824 --cpu=60 -- sudo cinder-rootwrap /etc/cinder/rootwrap.conf env LC_ALL=C qemu-img info -f qcow2 --output=json --force-share /opt/stack/data/cinder/mnt/437326e32ff97ebb32f158720ad53214/volume-8baa13e7-007c-48c0-839b-a00e474cf4ad.bb8bd739-69c1-47cd-ad64-5cdaa9443dd2 {{(pid=82621) execute /opt/stack/data/venv/lib/python3.10/site-packages/oslo_concurrency/processutils.py:440}}
Apr 13 14:15:55 devstack sudo[86019]: quobyte : PWD=/ ; USER=root ; COMMAND=/opt/stack/data/venv/bin/cinder-rootwrap /etc/cinder/rootwrap.conf env LC_ALL=C qemu-img info -f qcow2 --output=json --force-share /opt/stack/data/cinder/mnt/437326e32ff97ebb32f158720ad53214/volume-8baa13e7-007c-48c0-839b-a00e474cf4ad.bb8bd739-69c1-47cd-ad64-5cdaa9443dd2
Apr 13 14:15:55 devstack sudo[86019]: pam_unix(sudo:session): session opened for user root(uid=0) by (uid=1000)
Apr 13 14:15:55 devstack sudo[86019]: pam_unix(sudo:session): session closed for user root
Apr 13 14:15:55 devstack cinder-volume[82621]: DEBUG oslo_concurrency.processutils [None req-f1d9fac5-67dc-420a-b0e4-7c37a7673bf6 tempest-SnapshotsActionsTest-1042733295 None] CMD "/opt/stack/data/venv/bin/python3.10 -m oslo_concurrency.prlimit --as=1073741824 --cpu=60 -- sudo cinder-rootwrap /etc/cinder/rootwrap.conf env LC_ALL=C qemu-img info -f qcow2 --output=json --force-share /opt/stack/data/cinder/mnt/437326e32ff97ebb32f158720ad53214/volume-8baa13e7-007c-48c0-839b-a00e474cf4ad.bb8bd739-69c1-47cd-ad64-5cdaa9443dd2" returned: 0 in 0.893s {{(pid=82621) execute /opt/stack/data/venv/lib/python3.10/site-packages/oslo_concurrency/processutils.py:468}}
Apr 13 14:15:55 devstack cinder-volume[82621]: DEBUG cinder.volume.drivers.remotefs [None req-f1d9fac5-67dc-420a-b0e4-7c37a7673bf6 tempest-SnapshotsActionsTest-1042733295 None] Fetching qemu-img info with special backing_file_template: (/opt/stack/data/cinder/mnt/[0-9a-f]+/)?(volume-8baa13e7-007c-48c0-839b-a00e474cf4ad(.(tmp-snap-)?[0-9a-f-]+)?|volume_from_snapshot_cache/(tmp-snap-)?[0-9a-f-]+(.(child-|parent-)[0-9a-f-]+)?)$ {{(pid=82621) _qemu_img_info_base /opt/stack/cinder/cinder/volume/drivers/remotefs.py:896}}
Apr 13 14:15:55 devstack cinder-volume[82621]: DEBUG oslo.privsep.daemon [-] privsep: reply[ec584f8e-baf3-4e9e-8a78-6bdbd48d9897]: (4, 'qcow2') {{(pid=83442) _call_back /opt/stack/data/venv/lib/python3.10/site-packages/oslo_privsep/daemon.py:573}}
Apr 13 14:15:55 devstack cinder-volume[82621]: DEBUG oslo_concurrency.processutils [None req-f1d9fac5-67dc-420a-b0e4-7c37a7673bf6 tempest-SnapshotsActionsTest-1042733295 None] Running cmd (subprocess): /opt/stack/data/venv/bin/python3.10 -m oslo_concurrency.prlimit --as=1073741824 --cpu=60 -- sudo cinder-rootwrap /etc/cinder/rootwrap.conf env LC_ALL=C qemu-img info -f qcow2 --output=json --force-share /opt/stack/data/cinder/mnt/437326e32ff97ebb32f158720ad53214/volume-8baa13e7-007c-48c0-839b-a00e474cf4ad.b2db6eef-4a68-4221-9a20-c41b5646e1ec {{(pid=82621) execute /opt/stack/data/venv/lib/python3.10/site-packages/oslo_concurrency/processutils.py:440}}
Apr 13 14:15:56 devstack sudo[86038]: quobyte : PWD=/ ; USER=root ; COMMAND=/opt/stack/data/venv/bin/cinder-rootwrap /etc/cinder/rootwrap.conf env LC_ALL=C qemu-img info -f qcow2 --output=json --force-share /opt/stack/data/cinder/mnt/437326e32ff97ebb32f158720ad53214/volume-8baa13e7-007c-48c0-839b-a00e474cf4ad.b2db6eef-4a68-4221-9a20-c41b5646e1ec
Apr 13 14:15:56 devstack sudo[86038]: pam_unix(sudo:session): session opened for user root(uid=0) by (uid=1000)
Apr 13 14:15:56 devstack sudo[86038]: pam_unix(sudo:session): session closed for user root
Apr 13 14:15:56 devstack cinder-volume[82621]: DEBUG oslo_concurrency.processutils [None req-f1d9fac5-67dc-420a-b0e4-7c37a7673bf6 tempest-SnapshotsActionsTest-1042733295 None] CMD "/opt/stack/data/venv/bin/python3.10 -m oslo_concurrency.prlimit --as=1073741824 --cpu=60 -- sudo cinder-rootwrap /etc/cinder/rootwrap.conf env LC_ALL=C qemu-img info -f qcow2 --output=json --force-share /opt/stack/data/cinder/mnt/437326e32ff97ebb32f158720ad53214/volume-8baa13e7-007c-48c0-839b-a00e474cf4ad.b2db6eef-4a68-4221-9a20-c41b5646e1ec" returned: 0 in 0.673s {{(pid=82621) execute /opt/stack/data/venv/lib/python3.10/site-packages/oslo_concurrency/processutils.py:468}}
Apr 13 14:15:56 devstack cinder-volume[82621]: DEBUG cinder.volume.drivers.remotefs [None req-f1d9fac5-67dc-420a-b0e4-7c37a7673bf6 tempest-SnapshotsActionsTest-1042733295 None] Fetching qemu-img info with special backing_file_template: (/opt/stack/data/cinder/mnt/[0-9a-f]+/)?(volume-8baa13e7-007c-48c0-839b-a00e474cf4ad(.(tmp-snap-)?[0-9a-f-]+)?|volume_from_snapshot_cache/(tmp-snap-)?[0-9a-f-]+(.(child-|parent-)[0-9a-f-]+)?)$ {{(pid=82621) _qemu_img_info_base /opt/stack/cinder/cinder/volume/drivers/remotefs.py:896}}
Apr 13 14:15:56 devstack cinder-volume[82621]: DEBUG oslo_concurrency.processutils [None req-f1d9fac5-67dc-420a-b0e4-7c37a7673bf6 tempest-SnapshotsActionsTest-1042733295 None] Running cmd (subprocess): sudo cinder-rootwrap /etc/cinder/rootwrap.conf qemu-img commit -d /opt/stack/data/cinder/mnt/437326e32ff97ebb32f158720ad53214/volume-8baa13e7-007c-48c0-839b-a00e474cf4ad.bb8bd739-69c1-47cd-ad64-5cdaa9443dd2 {{(pid=82621) execute /opt/stack/data/venv/lib/python3.10/site-packages/oslo_concurrency/processutils.py:440}}
Apr 13 14:15:56 devstack sudo[86046]: quobyte : PWD=/ ; USER=root ; COMMAND=/opt/stack/data/venv/bin/cinder-rootwrap /etc/cinder/rootwrap.conf qemu-img commit -d /opt/stack/data/cinder/mnt/437326e32ff97ebb32f158720ad53214/volume-8baa13e7-007c-48c0-839b-a00e474cf4ad.bb8bd739-69c1-47cd-ad64-5cdaa9443dd2
Apr 13 14:15:56 devstack sudo[86046]: pam_unix(sudo:session): session opened for user root(uid=0) by (uid=1000)
Apr 13 14:15:57 devstack sudo[86046]: pam_unix(sudo:session): session closed for user root
Apr 13 14:15:57 devstack cinder-volume[82621]: DEBUG oslo_concurrency.processutils [None req-f1d9fac5-67dc-420a-b0e4-7c37a7673bf6 tempest-SnapshotsActionsTest-1042733295 None] CMD "sudo cinder-rootwrap /etc/cinder/rootwrap.conf qemu-img commit -d /opt/stack/data/cinder/mnt/437326e32ff97ebb32f158720ad53214/volume-8baa13e7-007c-48c0-839b-a00e474cf4ad.bb8bd739-69c1-47cd-ad64-5cdaa9443dd2" returned: 0 in 0.645s {{(pid=82621) execute /opt/stack/data/venv/lib/python3.10/site-packages/oslo_concurrency/processutils.py:468}}
Apr 13 14:15:57 devstack cinder-volume[82621]: DEBUG oslo_concurrency.processutils [None req-f1d9fac5-67dc-420a-b0e4-7c37a7673bf6 tempest-SnapshotsActionsTest-1042733295 None] Running cmd (subprocess): sudo cinder-rootwrap /etc/cinder/rootwrap.conf rm -f /opt/stack/data/cinder/mnt/437326e32ff97ebb32f158720ad53214/volume-8baa13e7-007c-48c0-839b-a00e474cf4ad.bb8bd739-69c1-47cd-ad64-5cdaa9443dd2 {{(pid=82621) execute /opt/stack/data/venv/lib/python3.10/site-packages/oslo_concurrency/processutils.py:440}}
Apr 13 14:15:57 devstack sudo[86052]: quobyte : PWD=/ ; USER=root ; COMMAND=/opt/stack/data/venv/bin/cinder-rootwrap /etc/cinder/rootwrap.conf rm -f /opt/stack/data/cinder/mnt/437326e32ff97ebb32f158720ad53214/volume-8baa13e7-007c-48c0-839b-a00e474cf4ad.bb8bd739-69c1-47cd-ad64-5cdaa9443dd2
Apr 13 14:15:57 devstack sudo[86052]: pam_unix(sudo:session): session opened for user root(uid=0) by (uid=1000)
Apr 13 14:15:57 devstack sudo[86052]: pam_unix(sudo:session): session closed for user root
Apr 13 14:15:57 devstack cinder-volume[82621]: DEBUG oslo_concurrency.processutils [None req-f1d9fac5-67dc-420a-b0e4-7c37a7673bf6 tempest-SnapshotsActionsTest-1042733295 None] CMD "sudo cinder-rootwrap /etc/cinder/rootwrap.conf rm -f /opt/stack/data/cinder/mnt/437326e32ff97ebb32f158720ad53214/volume-8baa13e7-007c-48c0-839b-a00e474cf4ad.bb8bd739-69c1-47cd-ad64-5cdaa9443dd2" returned: 0 in 0.503s {{(pid=82621) execute /opt/stack/data/venv/lib/python3.10/site-packages/oslo_concurrency/processutils.py:468}}
Apr 13 14:15:57 devstack cinder-volume[82621]: DEBUG cinder.coordination [None req-f1d9fac5-67dc-420a-b0e4-7c37a7673bf6 tempest-SnapshotsActionsTest-1042733295 None] Lock "cinder-quobyte-bb8bd739-69c1-47cd-ad64-5cdaa9443dd2" released by "_delete_snapshot" :: held 2.779s {{(pid=82621) __release /opt/stack/cinder/cinder/coordination.py:152}}
Apr 13 14:15:57 devstack cinder-volume[82621]: DEBUG cinder.coordination [None req-f1d9fac5-67dc-420a-b0e4-7c37a7673bf6 tempest-SnapshotsActionsTest-1042733295 None] Lock "cinder-quobyte-8baa13e7-007c-48c0-839b-a00e474cf4ad" released by "delete_snapshot" :: held 2.808s {{(pid=82621) __release /opt/stack/cinder/cinder/coordination.py:152}}
Apr 13 14:15:57 devstack cinder-volume[82621]: DEBUG cinder.quota [None req-f1d9fac5-67dc-420a-b0e4-7c37a7673bf6 tempest-SnapshotsActionsTest-1042733295 None] Created reservations ['6a514826-e18f-4600-9084-7349a677f013', '3356ace1-9a1c-412f-9426-1dc2d39485b9', '5adab83c-a818-40df-beb9-1b43cf171c53', '75454480-0c8e-4490-9fb3-d88fb444723e'] {{(pid=82621) reserve /opt/stack/cinder/cinder/quota.py:752}}
Apr 13 14:15:57 devstack cinder-volume[82621]: INFO cinder.volume.manager [None req-f1d9fac5-67dc-420a-b0e4-7c37a7673bf6 tempest-SnapshotsActionsTest-1042733295 None] Delete snapshot completed successfully.
Apr 13 14:15:57 devstack cinder-volume[82621]: DEBUG cinder.coordination [None req-f1d9fac5-67dc-420a-b0e4-7c37a7673bf6 tempest-SnapshotsActionsTest-1042733295 None] Lock "cinder-bb8bd739-69c1-47cd-ad64-5cdaa9443dd2-delete_snapshot" released by "delete_snapshot" :: held 2.942s {{(pid=82621) __release /opt/stack/cinder/cinder/coordination.py:152}}
Apr 13 14:15:58 devstack cinder-volume[82621]: DEBUG oslo_concurrency.lockutils [None req-5e40ee63-618c-457f-9f78-2d15cb1d7594 tempest-SnapshotsActionsTest-699062400 None] Acquiring lock "quobyte" by "cinder.volume.drivers.quobyte.QuobyteDriver.create_snapshot" {{(pid=82621) inner /opt/stack/data/venv/lib/python3.10/site-packages/oslo_concurrency/lockutils.py:506}}
Apr 13 14:15:58 devstack cinder-volume[82621]: DEBUG oslo_concurrency.lockutils [None req-5e40ee63-618c-457f-9f78-2d15cb1d7594 tempest-SnapshotsActionsTest-699062400 None] Lock "quobyte" acquired by "cinder.volume.drivers.quobyte.QuobyteDriver.create_snapshot" :: waited 0.001s {{(pid=82621) inner /opt/stack/data/venv/lib/python3.10/site-packages/oslo_concurrency/lockutils.py:519}}
Apr 13 14:15:58 devstack cinder-volume[82621]: DEBUG cinder.volume.drivers.remotefs [None req-5e40ee63-618c-457f-9f78-2d15cb1d7594 tempest-SnapshotsActionsTest-699062400 None] Creating offline snapshot c25523ff-8a50-40fe-b368-9acbfcad9139 of volume 8baa13e7-007c-48c0-839b-a00e474cf4ad {{(pid=82621) _create_snapshot /opt/stack/cinder/cinder/volume/drivers/remotefs.py:1815}}
Apr 13 14:15:58 devstack cinder-volume[82621]: DEBUG oslo.privsep.daemon [-] privsep: reply[3c262adf-7b2b-4289-bbdf-34b5c86a5e85]: (4, 'qcow2') {{(pid=83442) _call_back /opt/stack/data/venv/lib/python3.10/site-packages/oslo_privsep/daemon.py:573}}
Apr 13 14:15:58 devstack cinder-volume[82621]: DEBUG oslo_concurrency.processutils [None req-5e40ee63-618c-457f-9f78-2d15cb1d7594 tempest-SnapshotsActionsTest-699062400 None] Running cmd (subprocess): /opt/stack/data/venv/bin/python3.10 -m oslo_concurrency.prlimit --as=1073741824 --cpu=60 -- sudo cinder-rootwrap /etc/cinder/rootwrap.conf env LC_ALL=C qemu-img info -f qcow2 --output=json --force-share /opt/stack/data/cinder/mnt/437326e32ff97ebb32f158720ad53214/volume-8baa13e7-007c-48c0-839b-a00e474cf4ad.b2db6eef-4a68-4221-9a20-c41b5646e1ec {{(pid=82621) execute /opt/stack/data/venv/lib/python3.10/site-packages/oslo_concurrency/processutils.py:440}}
Apr 13 14:15:58 devstack sudo[86058]: quobyte : PWD=/ ; USER=root ; COMMAND=/opt/stack/data/venv/bin/cinder-rootwrap /etc/cinder/rootwrap.conf env LC_ALL=C qemu-img info -f qcow2 --output=json --force-share /opt/stack/data/cinder/mnt/437326e32ff97ebb32f158720ad53214/volume-8baa13e7-007c-48c0-839b-a00e474cf4ad.b2db6eef-4a68-4221-9a20-c41b5646e1ec
Apr 13 14:15:58 devstack sudo[86058]: pam_unix(sudo:session): session opened for user root(uid=0) by (uid=1000)
Apr 13 14:15:58 devstack sudo[86058]: pam_unix(sudo:session): session closed for user root
Apr 13 14:15:58 devstack cinder-volume[82621]: DEBUG oslo_concurrency.processutils [None req-5e40ee63-618c-457f-9f78-2d15cb1d7594 tempest-SnapshotsActionsTest-699062400 None] CMD "/opt/stack/data/venv/bin/python3.10 -m oslo_concurrency.prlimit --as=1073741824 --cpu=60 -- sudo cinder-rootwrap /etc/cinder/rootwrap.conf env LC_ALL=C qemu-img info -f qcow2 --output=json --force-share /opt/stack/data/cinder/mnt/437326e32ff97ebb32f158720ad53214/volume-8baa13e7-007c-48c0-839b-a00e474cf4ad.b2db6eef-4a68-4221-9a20-c41b5646e1ec" returned: 0 in 0.551s {{(pid=82621) execute /opt/stack/data/venv/lib/python3.10/site-packages/oslo_concurrency/processutils.py:468}}
Apr 13 14:15:58 devstack cinder-volume[82621]: DEBUG cinder.volume.drivers.remotefs [None req-5e40ee63-618c-457f-9f78-2d15cb1d7594 tempest-SnapshotsActionsTest-699062400 None] Fetching qemu-img info with special backing_file_template: (/opt/stack/data/cinder/mnt/[0-9a-f]+/)?(volume-8baa13e7-007c-48c0-839b-a00e474cf4ad(.(tmp-snap-)?[0-9a-f-]+)?|volume_from_snapshot_cache/(tmp-snap-)?[0-9a-f-]+(.(child-|parent-)[0-9a-f-]+)?)$ {{(pid=82621) _qemu_img_info_base /opt/stack/cinder/cinder/volume/drivers/remotefs.py:896}}
Apr 13 14:15:58 devstack cinder-volume[82621]: DEBUG oslo_concurrency.processutils [None req-5e40ee63-618c-457f-9f78-2d15cb1d7594 tempest-SnapshotsActionsTest-699062400 None] Running cmd (subprocess): sudo cinder-rootwrap /etc/cinder/rootwrap.conf qemu-img create -f qcow2 -o backing_file=/opt/stack/data/cinder/mnt/437326e32ff97ebb32f158720ad53214/volume-8baa13e7-007c-48c0-839b-a00e474cf4ad.b2db6eef-4a68-4221-9a20-c41b5646e1ec,backing_fmt=qcow2 /opt/stack/data/cinder/mnt/437326e32ff97ebb32f158720ad53214/volume-8baa13e7-007c-48c0-839b-a00e474cf4ad.c25523ff-8a50-40fe-b368-9acbfcad9139 1G {{(pid=82621) execute /opt/stack/data/venv/lib/python3.10/site-packages/oslo_concurrency/processutils.py:440}}
Apr 13 14:15:58 devstack sudo[86063]: quobyte : PWD=/ ; USER=root ; COMMAND=/opt/stack/data/venv/bin/cinder-rootwrap /etc/cinder/rootwrap.conf qemu-img create -f qcow2 -o backing_file=/opt/stack/data/cinder/mnt/437326e32ff97ebb32f158720ad53214/volume-8baa13e7-007c-48c0-839b-a00e474cf4ad.b2db6eef-4a68-4221-9a20-c41b5646e1ec,backing_fmt=qcow2 /opt/stack/data/cinder/mnt/437326e32ff97ebb32f158720ad53214/volume-8baa13e7-007c-48c0-839b-a00e474cf4ad.c25523ff-8a50-40fe-b368-9acbfcad9139 1G
Apr 13 14:15:58 devstack sudo[86063]: pam_unix(sudo:session): session opened for user root(uid=0) by (uid=1000)
Apr 13 14:15:59 devstack sudo[86063]: pam_unix(sudo:session): session closed for user root
Apr 13 14:15:59 devstack cinder-volume[82621]: DEBUG oslo_concurrency.processutils [None req-5e40ee63-618c-457f-9f78-2d15cb1d7594 tempest-SnapshotsActionsTest-699062400 None] CMD "sudo cinder-rootwrap /etc/cinder/rootwrap.conf qemu-img create -f qcow2 -o backing_file=/opt/stack/data/cinder/mnt/437326e32ff97ebb32f158720ad53214/volume-8baa13e7-007c-48c0-839b-a00e474cf4ad.b2db6eef-4a68-4221-9a20-c41b5646e1ec,backing_fmt=qcow2 /opt/stack/data/cinder/mnt/437326e32ff97ebb32f158720ad53214/volume-8baa13e7-007c-48c0-839b-a00e474cf4ad.c25523ff-8a50-40fe-b368-9acbfcad9139 1G" returned: 0 in 0.748s {{(pid=82621) execute /opt/stack/data/venv/lib/python3.10/site-packages/oslo_concurrency/processutils.py:468}}
Apr 13 14:15:59 devstack cinder-volume[82621]: DEBUG oslo_concurrency.processutils [None req-5e40ee63-618c-457f-9f78-2d15cb1d7594 tempest-SnapshotsActionsTest-699062400 None] Running cmd (subprocess): sudo cinder-rootwrap /etc/cinder/rootwrap.conf qemu-img rebase -u -b volume-8baa13e7-007c-48c0-839b-a00e474cf4ad.b2db6eef-4a68-4221-9a20-c41b5646e1ec -F qcow2 /opt/stack/data/cinder/mnt/437326e32ff97ebb32f158720ad53214/volume-8baa13e7-007c-48c0-839b-a00e474cf4ad.c25523ff-8a50-40fe-b368-9acbfcad9139 {{(pid=82621) execute /opt/stack/data/venv/lib/python3.10/site-packages/oslo_concurrency/processutils.py:440}}
Apr 13 14:15:59 devstack sudo[86102]: quobyte : PWD=/ ; USER=root ; COMMAND=/opt/stack/data/venv/bin/cinder-rootwrap /etc/cinder/rootwrap.conf qemu-img rebase -u -b volume-8baa13e7-007c-48c0-839b-a00e474cf4ad.b2db6eef-4a68-4221-9a20-c41b5646e1ec -F qcow2 /opt/stack/data/cinder/mnt/437326e32ff97ebb32f158720ad53214/volume-8baa13e7-007c-48c0-839b-a00e474cf4ad.c25523ff-8a50-40fe-b368-9acbfcad9139
Apr 13 14:15:59 devstack sudo[86102]: pam_unix(sudo:session): session opened for user root(uid=0) by (uid=1000)
Apr 13 14:16:00 devstack sudo[86102]: pam_unix(sudo:session): session closed for user root
Apr 13 14:16:00 devstack cinder-volume[82621]: DEBUG oslo_concurrency.processutils [None req-5e40ee63-618c-457f-9f78-2d15cb1d7594 tempest-SnapshotsActionsTest-699062400 None] CMD "sudo cinder-rootwrap /etc/cinder/rootwrap.conf qemu-img rebase -u -b volume-8baa13e7-007c-48c0-839b-a00e474cf4ad.b2db6eef-4a68-4221-9a20-c41b5646e1ec -F qcow2 /opt/stack/data/cinder/mnt/437326e32ff97ebb32f158720ad53214/volume-8baa13e7-007c-48c0-839b-a00e474cf4ad.c25523ff-8a50-40fe-b368-9acbfcad9139" returned: 0 in 1.123s {{(pid=82621) execute /opt/stack/data/venv/lib/python3.10/site-packages/oslo_concurrency/processutils.py:468}}
Apr 13 14:16:00 devstack cinder-volume[82621]: WARNING cinder.volume.drivers.remotefs [None req-5e40ee63-618c-457f-9f78-2d15cb1d7594 tempest-SnapshotsActionsTest-699062400 None] /opt/stack/data/cinder/mnt/437326e32ff97ebb32f158720ad53214/volume-8baa13e7-007c-48c0-839b-a00e474cf4ad.c25523ff-8a50-40fe-b368-9acbfcad9139 is being set with open permissions: ugo+rw
Apr 13 14:16:00 devstack cinder-volume[82621]: DEBUG oslo_concurrency.processutils [None req-5e40ee63-618c-457f-9f78-2d15cb1d7594 tempest-SnapshotsActionsTest-699062400 None] Running cmd (subprocess): sudo cinder-rootwrap /etc/cinder/rootwrap.conf chmod ugo+rw /opt/stack/data/cinder/mnt/437326e32ff97ebb32f158720ad53214/volume-8baa13e7-007c-48c0-839b-a00e474cf4ad.c25523ff-8a50-40fe-b368-9acbfcad9139 {{(pid=82621) execute /opt/stack/data/venv/lib/python3.10/site-packages/oslo_concurrency/processutils.py:440}}
Apr 13 14:16:00 devstack sudo[86123]: quobyte : PWD=/ ; USER=root ; COMMAND=/opt/stack/data/venv/bin/cinder-rootwrap /etc/cinder/rootwrap.conf chmod ugo+rw /opt/stack/data/cinder/mnt/437326e32ff97ebb32f158720ad53214/volume-8baa13e7-007c-48c0-839b-a00e474cf4ad.c25523ff-8a50-40fe-b368-9acbfcad9139
Apr 13 14:16:00 devstack sudo[86123]: pam_unix(sudo:session): session opened for user root(uid=0) by (uid=1000)
Apr 13 14:16:01 devstack sudo[86123]: pam_unix(sudo:session): session closed for user root
Apr 13 14:16:01 devstack cinder-volume[82621]: DEBUG oslo_concurrency.processutils [None req-5e40ee63-618c-457f-9f78-2d15cb1d7594 tempest-SnapshotsActionsTest-699062400 None] CMD "sudo cinder-rootwrap /etc/cinder/rootwrap.conf chmod ugo+rw /opt/stack/data/cinder/mnt/437326e32ff97ebb32f158720ad53214/volume-8baa13e7-007c-48c0-839b-a00e474cf4ad.c25523ff-8a50-40fe-b368-9acbfcad9139" returned: 0 in 1.128s {{(pid=82621) execute /opt/stack/data/venv/lib/python3.10/site-packages/oslo_concurrency/processutils.py:468}}
Apr 13 14:16:02 devstack cinder-volume[82621]: DEBUG oslo_concurrency.lockutils [None req-5e40ee63-618c-457f-9f78-2d15cb1d7594 tempest-SnapshotsActionsTest-699062400 None] Lock "quobyte" "released" by "cinder.volume.drivers.quobyte.QuobyteDriver.create_snapshot" :: held 3.689s {{(pid=82621) inner /opt/stack/data/venv/lib/python3.10/site-packages/oslo_concurrency/lockutils.py:538}}
Apr 13 14:16:02 devstack cinder-volume[82621]: INFO cinder.volume.manager [None req-5e40ee63-618c-457f-9f78-2d15cb1d7594 tempest-SnapshotsActionsTest-699062400 None] Create snapshot completed successfully
Apr 13 14:16:02 devstack cinder-volume[82621]: DEBUG cinder.coordination [None req-8aab45cc-4fe7-4911-b1a8-618bcde1c941 tempest-SnapshotsActionsTest-1042733295 None] Acquiring lock "cinder-c25523ff-8a50-40fe-b368-9acbfcad9139-delete_snapshot" by "delete_snapshot" {{(pid=82621) __acquire /opt/stack/cinder/cinder/coordination.py:138}}
Apr 13 14:16:02 devstack cinder-volume[82621]: DEBUG cinder.coordination [None req-8aab45cc-4fe7-4911-b1a8-618bcde1c941 tempest-SnapshotsActionsTest-1042733295 None] Lock "cinder-c25523ff-8a50-40fe-b368-9acbfcad9139-delete_snapshot" acquired by "delete_snapshot" :: waited 0.023s {{(pid=82621) __acquire /opt/stack/cinder/cinder/coordination.py:141}}
Apr 13 14:16:02 devstack cinder-volume[82621]: DEBUG cinder.coordination [None req-8aab45cc-4fe7-4911-b1a8-618bcde1c941 tempest-SnapshotsActionsTest-1042733295 None] Acquiring lock "cinder-quobyte-8baa13e7-007c-48c0-839b-a00e474cf4ad" by "delete_snapshot" {{(pid=82621) __acquire /opt/stack/cinder/cinder/coordination.py:138}}
Apr 13 14:16:02 devstack cinder-volume[82621]: DEBUG cinder.coordination [None req-8aab45cc-4fe7-4911-b1a8-618bcde1c941 tempest-SnapshotsActionsTest-1042733295 None] Lock "cinder-quobyte-8baa13e7-007c-48c0-839b-a00e474cf4ad" acquired by "delete_snapshot" :: waited 0.026s {{(pid=82621) __acquire /opt/stack/cinder/cinder/coordination.py:141}}
Apr 13 14:16:02 devstack cinder-volume[82621]: DEBUG cinder.coordination [None req-8aab45cc-4fe7-4911-b1a8-618bcde1c941 tempest-SnapshotsActionsTest-1042733295 None] Acquiring lock "cinder-quobyte-c25523ff-8a50-40fe-b368-9acbfcad9139" by "_delete_snapshot" {{(pid=82621) __acquire /opt/stack/cinder/cinder/coordination.py:138}}
Apr 13 14:16:02 devstack cinder-volume[82621]: DEBUG cinder.coordination [None req-8aab45cc-4fe7-4911-b1a8-618bcde1c941 tempest-SnapshotsActionsTest-1042733295 None] Lock "cinder-quobyte-c25523ff-8a50-40fe-b368-9acbfcad9139" acquired by "_delete_snapshot" :: waited 0.019s {{(pid=82621) __acquire /opt/stack/cinder/cinder/coordination.py:141}}
Apr 13 14:16:02 devstack cinder-volume[82621]: DEBUG cinder.volume.drivers.remotefs [None req-8aab45cc-4fe7-4911-b1a8-618bcde1c941 tempest-SnapshotsActionsTest-1042733295 None] Deleting offline snapshot c25523ff-8a50-40fe-b368-9acbfcad9139 of volume 8baa13e7-007c-48c0-839b-a00e474cf4ad {{(pid=82621) _delete_snapshot /opt/stack/cinder/cinder/volume/drivers/remotefs.py:1288}}
Apr 13 14:16:02 devstack cinder-volume[82621]: DEBUG cinder.volume.drivers.remotefs [None req-8aab45cc-4fe7-4911-b1a8-618bcde1c941 tempest-SnapshotsActionsTest-1042733295 None] snapshot_file for this snap is: volume-8baa13e7-007c-48c0-839b-a00e474cf4ad.c25523ff-8a50-40fe-b368-9acbfcad9139 {{(pid=82621) _delete_snapshot /opt/stack/cinder/cinder/volume/drivers/remotefs.py:1317}}
Apr 13 14:16:02 devstack cinder-volume[82621]: DEBUG oslo.privsep.daemon [-] privsep: reply[0bae63fe-6dd8-497b-9a5d-ae9ba354a9dd]: (4, 'qcow2') {{(pid=83442) _call_back /opt/stack/data/venv/lib/python3.10/site-packages/oslo_privsep/daemon.py:573}}
Apr 13 14:16:02 devstack cinder-volume[82621]: DEBUG oslo_concurrency.processutils [None req-8aab45cc-4fe7-4911-b1a8-618bcde1c941 tempest-SnapshotsActionsTest-1042733295 None] Running cmd (subprocess): /opt/stack/data/venv/bin/python3.10 -m oslo_concurrency.prlimit --as=1073741824 --cpu=60 -- sudo cinder-rootwrap /etc/cinder/rootwrap.conf env LC_ALL=C qemu-img info -f qcow2 --output=json --force-share /opt/stack/data/cinder/mnt/437326e32ff97ebb32f158720ad53214/volume-8baa13e7-007c-48c0-839b-a00e474cf4ad.c25523ff-8a50-40fe-b368-9acbfcad9139 {{(pid=82621) execute /opt/stack/data/venv/lib/python3.10/site-packages/oslo_concurrency/processutils.py:440}}
Apr 13 14:16:03 devstack sudo[86127]: quobyte : PWD=/ ; USER=root ; COMMAND=/opt/stack/data/venv/bin/cinder-rootwrap /etc/cinder/rootwrap.conf env LC_ALL=C qemu-img info -f qcow2 --output=json --force-share /opt/stack/data/cinder/mnt/437326e32ff97ebb32f158720ad53214/volume-8baa13e7-007c-48c0-839b-a00e474cf4ad.c25523ff-8a50-40fe-b368-9acbfcad9139
Apr 13 14:16:03 devstack sudo[86127]: pam_unix(sudo:session): session opened for user root(uid=0) by (uid=1000)
Apr 13 14:16:04 devstack sudo[86127]: pam_unix(sudo:session): session closed for user root
Apr 13 14:16:04 devstack cinder-volume[82621]: DEBUG oslo_concurrency.processutils [None req-8aab45cc-4fe7-4911-b1a8-618bcde1c941 tempest-SnapshotsActionsTest-1042733295 None] CMD "/opt/stack/data/venv/bin/python3.10 -m oslo_concurrency.prlimit --as=1073741824 --cpu=60 -- sudo cinder-rootwrap /etc/cinder/rootwrap.conf env LC_ALL=C qemu-img info -f qcow2 --output=json --force-share /opt/stack/data/cinder/mnt/437326e32ff97ebb32f158720ad53214/volume-8baa13e7-007c-48c0-839b-a00e474cf4ad.c25523ff-8a50-40fe-b368-9acbfcad9139" returned: 0 in 1.788s {{(pid=82621) execute /opt/stack/data/venv/lib/python3.10/site-packages/oslo_concurrency/processutils.py:468}}
Apr 13 14:16:04 devstack cinder-volume[82621]: DEBUG cinder.volume.drivers.remotefs [None req-8aab45cc-4fe7-4911-b1a8-618bcde1c941 tempest-SnapshotsActionsTest-1042733295 None] Fetching qemu-img info with special backing_file_template: (/opt/stack/data/cinder/mnt/[0-9a-f]+/)?(volume-8baa13e7-007c-48c0-839b-a00e474cf4ad(.(tmp-snap-)?[0-9a-f-]+)?|volume_from_snapshot_cache/(tmp-snap-)?[0-9a-f-]+(.(child-|parent-)[0-9a-f-]+)?)$ {{(pid=82621) _qemu_img_info_base /opt/stack/cinder/cinder/volume/drivers/remotefs.py:896}}
Apr 13 14:16:04 devstack cinder-volume[82621]: DEBUG oslo.privsep.daemon [-] privsep: reply[94fb35df-7080-497e-8a5e-96f10d0cd051]: (4, 'qcow2') {{(pid=83442) _call_back /opt/stack/data/venv/lib/python3.10/site-packages/oslo_privsep/daemon.py:573}}
Apr 13 14:16:04 devstack cinder-volume[82621]: DEBUG oslo_concurrency.processutils [None req-8aab45cc-4fe7-4911-b1a8-618bcde1c941 tempest-SnapshotsActionsTest-1042733295 None] Running cmd (subprocess): /opt/stack/data/venv/bin/python3.10 -m oslo_concurrency.prlimit --as=1073741824 --cpu=60 -- sudo cinder-rootwrap /etc/cinder/rootwrap.conf env LC_ALL=C qemu-img info -f qcow2 --output=json --force-share /opt/stack/data/cinder/mnt/437326e32ff97ebb32f158720ad53214/volume-8baa13e7-007c-48c0-839b-a00e474cf4ad.b2db6eef-4a68-4221-9a20-c41b5646e1ec {{(pid=82621) execute /opt/stack/data/venv/lib/python3.10/site-packages/oslo_concurrency/processutils.py:440}}
Apr 13 14:16:04 devstack sudo[86133]: quobyte : PWD=/ ; USER=root ; COMMAND=/opt/stack/data/venv/bin/cinder-rootwrap /etc/cinder/rootwrap.conf env LC_ALL=C qemu-img info -f qcow2 --output=json --force-share /opt/stack/data/cinder/mnt/437326e32ff97ebb32f158720ad53214/volume-8baa13e7-007c-48c0-839b-a00e474cf4ad.b2db6eef-4a68-4221-9a20-c41b5646e1ec
Apr 13 14:16:04 devstack sudo[86133]: pam_unix(sudo:session): session opened for user root(uid=0) by (uid=1000)
Apr 13 14:16:06 devstack sudo[86133]: pam_unix(sudo:session): session closed for user root
Apr 13 14:16:06 devstack cinder-volume[82621]: DEBUG oslo_concurrency.processutils [None req-8aab45cc-4fe7-4911-b1a8-618bcde1c941 tempest-SnapshotsActionsTest-1042733295 None] CMD "/opt/stack/data/venv/bin/python3.10 -m oslo_concurrency.prlimit --as=1073741824 --cpu=60 -- sudo cinder-rootwrap /etc/cinder/rootwrap.conf env LC_ALL=C qemu-img info -f qcow2 --output=json --force-share /opt/stack/data/cinder/mnt/437326e32ff97ebb32f158720ad53214/volume-8baa13e7-007c-48c0-839b-a00e474cf4ad.b2db6eef-4a68-4221-9a20-c41b5646e1ec" returned: 0 in 1.466s {{(pid=82621) execute /opt/stack/data/venv/lib/python3.10/site-packages/oslo_concurrency/processutils.py:468}}
Apr 13 14:16:06 devstack cinder-volume[82621]: DEBUG cinder.volume.drivers.remotefs [None req-8aab45cc-4fe7-4911-b1a8-618bcde1c941 tempest-SnapshotsActionsTest-1042733295 None] Fetching qemu-img info with special backing_file_template: (/opt/stack/data/cinder/mnt/[0-9a-f]+/)?(volume-8baa13e7-007c-48c0-839b-a00e474cf4ad(.(tmp-snap-)?[0-9a-f-]+)?|volume_from_snapshot_cache/(tmp-snap-)?[0-9a-f-]+(.(child-|parent-)[0-9a-f-]+)?)$ {{(pid=82621) _qemu_img_info_base /opt/stack/cinder/cinder/volume/drivers/remotefs.py:896}}
Apr 13 14:16:06 devstack cinder-volume[82621]: DEBUG oslo_concurrency.processutils [None req-8aab45cc-4fe7-4911-b1a8-618bcde1c941 tempest-SnapshotsActionsTest-1042733295 None] Running cmd (subprocess): sudo cinder-rootwrap /etc/cinder/rootwrap.conf qemu-img commit -d /opt/stack/data/cinder/mnt/437326e32ff97ebb32f158720ad53214/volume-8baa13e7-007c-48c0-839b-a00e474cf4ad.c25523ff-8a50-40fe-b368-9acbfcad9139 {{(pid=82621) execute /opt/stack/data/venv/lib/python3.10/site-packages/oslo_concurrency/processutils.py:440}}
Apr 13 14:16:06 devstack sudo[86142]: quobyte : PWD=/ ; USER=root ; COMMAND=/opt/stack/data/venv/bin/cinder-rootwrap /etc/cinder/rootwrap.conf qemu-img commit -d /opt/stack/data/cinder/mnt/437326e32ff97ebb32f158720ad53214/volume-8baa13e7-007c-48c0-839b-a00e474cf4ad.c25523ff-8a50-40fe-b368-9acbfcad9139
Apr 13 14:16:06 devstack sudo[86142]: pam_unix(sudo:session): session opened for user root(uid=0) by (uid=1000)
Apr 13 14:16:07 devstack cinder-volume[82621]: DEBUG cinder.volume.flows.manager.create_volume [None req-61acf77a-95a5-4b9e-9bfb-5ae1b8ad1383 tempest-VolumesSnapshotTestJSON-485997044 None] Volume reschedule parameters: True retry: {'num_attempts': 1, 'backends': ['devstack@QuobyteHD#QuobyteHD'], 'hosts': ['devstack@QuobyteHD#QuobyteHD']} {{(pid=82621) get_flow /opt/stack/cinder/cinder/volume/flows/manager/create_volume.py:1395}}
Apr 13 14:16:07 devstack cinder-volume[82621]: DEBUG cinder.volume.manager [None req-61acf77a-95a5-4b9e-9bfb-5ae1b8ad1383 tempest-VolumesSnapshotTestJSON-485997044 None] Flow 'volume_create_manager' (096f8622-69ea-4c11-9bd9-08492c88f32e) transitioned into state 'RUNNING' from state 'PENDING' {{(pid=82621) _flow_receiver /opt/stack/data/venv/lib/python3.10/site-packages/taskflow/listeners/logging.py:145}}
Apr 13 14:16:07 devstack cinder-volume[82621]: DEBUG cinder.volume.manager [None req-61acf77a-95a5-4b9e-9bfb-5ae1b8ad1383 tempest-VolumesSnapshotTestJSON-485997044 None] Task 'cinder.volume.flows.manager.create_volume.ExtractVolumeRefTask;volume:create' (c1fbe8f3-4b75-4e8b-bd63-4f4438a2acf3) transitioned into state 'RUNNING' from state 'PENDING' {{(pid=82621) _task_receiver /opt/stack/data/venv/lib/python3.10/site-packages/taskflow/listeners/logging.py:194}}
Apr 13 14:16:07 devstack sudo[86142]: pam_unix(sudo:session): session closed for user root
Apr 13 14:16:07 devstack cinder-volume[82621]: DEBUG oslo_concurrency.processutils [None req-8aab45cc-4fe7-4911-b1a8-618bcde1c941 tempest-SnapshotsActionsTest-1042733295 None] CMD "sudo cinder-rootwrap /etc/cinder/rootwrap.conf qemu-img commit -d /opt/stack/data/cinder/mnt/437326e32ff97ebb32f158720ad53214/volume-8baa13e7-007c-48c0-839b-a00e474cf4ad.c25523ff-8a50-40fe-b368-9acbfcad9139" returned: 0 in 1.155s {{(pid=82621) execute /opt/stack/data/venv/lib/python3.10/site-packages/oslo_concurrency/processutils.py:468}}
Apr 13 14:16:07 devstack cinder-volume[82621]: DEBUG oslo_concurrency.processutils [None req-8aab45cc-4fe7-4911-b1a8-618bcde1c941 tempest-SnapshotsActionsTest-1042733295 None] Running cmd (subprocess): sudo cinder-rootwrap /etc/cinder/rootwrap.conf rm -f /opt/stack/data/cinder/mnt/437326e32ff97ebb32f158720ad53214/volume-8baa13e7-007c-48c0-839b-a00e474cf4ad.c25523ff-8a50-40fe-b368-9acbfcad9139 {{(pid=82621) execute /opt/stack/data/venv/lib/python3.10/site-packages/oslo_concurrency/processutils.py:440}}
