Jun 23 13:58:51 devstack cinder-volume[93605]: DEBUG oslo_concurrency.lockutils [None req-d7701e09-e1df-4927-bde3-132b1bd042c0 None None] Acquiring lock "quobyte_ensure" by "cinder.volume.drivers.quobyte.QuobyteDriver._ensure_shares_mounted" {{(pid=93605) inner /opt/stack/data/venv/lib/python3.12/site-packages/oslo_concurrency/lockutils.py:511}}
Jun 23 13:58:51 devstack cinder-volume[93605]: DEBUG oslo_concurrency.lockutils [None req-d7701e09-e1df-4927-bde3-132b1bd042c0 None None] Lock "quobyte_ensure" acquired by "cinder.volume.drivers.quobyte.QuobyteDriver._ensure_shares_mounted" :: waited 0.000s {{(pid=93605) inner /opt/stack/data/venv/lib/python3.12/site-packages/oslo_concurrency/lockutils.py:524}}
Jun 23 13:58:51 devstack cinder-volume[93605]: DEBUG cinder.volume.drivers.quobyte [None req-d7701e09-e1df-4927-bde3-132b1bd042c0 None None] Quobyte Volume URL set to: {'osci02.corp.quobyte.com/cinder-vol-9535e228-6b33-425e-9c3f-801f7da17412': None} {{(pid=93605) _load_shares_config /opt/stack/cinder/cinder/volume/drivers/quobyte.py:617}}
Jun 23 13:58:51 devstack cinder-volume[93605]: DEBUG cinder.volume.drivers.quobyte [None req-d7701e09-e1df-4927-bde3-132b1bd042c0 None None] Available shares ['osci02.corp.quobyte.com/cinder-vol-9535e228-6b33-425e-9c3f-801f7da17412'] {{(pid=93605) _ensure_shares_mounted /opt/stack/cinder/cinder/volume/drivers/quobyte.py:647}}
Jun 23 13:58:51 devstack cinder-volume[93605]: DEBUG oslo_concurrency.lockutils [None req-d7701e09-e1df-4927-bde3-132b1bd042c0 None None] Lock "quobyte_ensure" "released" by "cinder.volume.drivers.quobyte.QuobyteDriver._ensure_shares_mounted" :: held 0.011s {{(pid=93605) inner /opt/stack/data/venv/lib/python3.12/site-packages/oslo_concurrency/lockutils.py:543}}
Jun 23 13:58:51 devstack cinder-volume[93605]: DEBUG oslo_concurrency.processutils [None req-d7701e09-e1df-4927-bde3-132b1bd042c0 None None] Running cmd (subprocess): sudo cinder-rootwrap /etc/cinder/rootwrap.conf df --portability --block-size 1 /opt/stack/data/cinder/mnt/bcfda4df5ed2ba6f667da27a7fbfc4ec {{(pid=93605) execute /opt/stack/data/venv/lib/python3.12/site-packages/oslo_concurrency/processutils.py:440}}
Jun 23 13:58:51 devstack sudo[100559]: quobyte : PWD=/ ; USER=root ; COMMAND=/opt/stack/data/venv/bin/cinder-rootwrap /etc/cinder/rootwrap.conf df --portability --block-size 1 /opt/stack/data/cinder/mnt/bcfda4df5ed2ba6f667da27a7fbfc4ec
Jun 23 13:58:51 devstack sudo[100559]: pam_unix(sudo:session): session opened for user root(uid=0) by (uid=1000)
Jun 23 13:58:52 devstack cinder-volume[93605]: DEBUG oslo_concurrency.lockutils [None req-10aeb467-0412-4055-a527-0af21ae72610 tempest-SnapshotsActionsTest-1605228398 None] Acquiring lock "quobyte" by "cinder.volume.drivers.quobyte.QuobyteDriver.create_snapshot" {{(pid=93605) inner /opt/stack/data/venv/lib/python3.12/site-packages/oslo_concurrency/lockutils.py:511}}
Jun 23 13:58:52 devstack cinder-volume[93605]: DEBUG oslo_concurrency.lockutils [None req-10aeb467-0412-4055-a527-0af21ae72610 tempest-SnapshotsActionsTest-1605228398 None] Lock "quobyte" acquired by "cinder.volume.drivers.quobyte.QuobyteDriver.create_snapshot" :: waited 0.001s {{(pid=93605) inner /opt/stack/data/venv/lib/python3.12/site-packages/oslo_concurrency/lockutils.py:524}}
Jun 23 13:58:52 devstack cinder-volume[93605]: DEBUG cinder.volume.drivers.remotefs [None req-10aeb467-0412-4055-a527-0af21ae72610 tempest-SnapshotsActionsTest-1605228398 None] Creating offline snapshot 341e1fcd-3f03-49a4-8273-94544d217f5e of volume 109a7c74-58f0-4c66-9e55-faa476f7dd68 {{(pid=93605) _create_snapshot /opt/stack/cinder/cinder/volume/drivers/remotefs.py:1816}}
Jun 23 13:58:52 devstack cinder-volume[93605]: DEBUG oslo.privsep.daemon [-] privsep: reply[fc78e6a0-6810-411c-885c-7e6c278a853b]: (4, 'qcow2') {{(pid=94994) _call_back /opt/stack/data/venv/lib/python3.12/site-packages/oslo_privsep/daemon.py:580}}
Jun 23 13:58:52 devstack cinder-volume[93605]: DEBUG oslo_concurrency.processutils [None req-10aeb467-0412-4055-a527-0af21ae72610 tempest-SnapshotsActionsTest-1605228398 None] Running cmd (subprocess): /opt/stack/data/venv/bin/python3.12 -m oslo_concurrency.prlimit --as=1073741824 --cpu=60 -- sudo cinder-rootwrap /etc/cinder/rootwrap.conf env LC_ALL=C qemu-img info -f qcow2 --output=json --force-share /opt/stack/data/cinder/mnt/bcfda4df5ed2ba6f667da27a7fbfc4ec/volume-109a7c74-58f0-4c66-9e55-faa476f7dd68.bc4bc329-d146-4230-8515-2565e62d07b9 {{(pid=93605) execute /opt/stack/data/venv/lib/python3.12/site-packages/oslo_concurrency/processutils.py:440}}
Jun 23 13:58:52 devstack sudo[100567]: quobyte : PWD=/ ; USER=root ; COMMAND=/opt/stack/data/venv/bin/cinder-rootwrap /etc/cinder/rootwrap.conf env LC_ALL=C qemu-img info -f qcow2 --output=json --force-share /opt/stack/data/cinder/mnt/bcfda4df5ed2ba6f667da27a7fbfc4ec/volume-109a7c74-58f0-4c66-9e55-faa476f7dd68.bc4bc329-d146-4230-8515-2565e62d07b9
Jun 23 13:58:52 devstack sudo[100567]: pam_unix(sudo:session): session opened for user root(uid=0) by (uid=1000)
Jun 23 13:58:53 devstack sudo[100559]: pam_unix(sudo:session): session closed for user root
Jun 23 13:58:53 devstack cinder-volume[93605]: DEBUG oslo_concurrency.processutils [None req-d7701e09-e1df-4927-bde3-132b1bd042c0 None None] CMD "sudo cinder-rootwrap /etc/cinder/rootwrap.conf df --portability --block-size 1 /opt/stack/data/cinder/mnt/bcfda4df5ed2ba6f667da27a7fbfc4ec" returned: 0 in 1.438s {{(pid=93605) execute /opt/stack/data/venv/lib/python3.12/site-packages/oslo_concurrency/processutils.py:468}}
Jun 23 13:58:53 devstack cinder-volume[93605]: DEBUG cinder.manager [None req-d7701e09-e1df-4927-bde3-132b1bd042c0 None None] Notifying Schedulers of capabilities ... {{(pid=93605) _publish_service_capabilities /opt/stack/cinder/cinder/manager.py:219}}
Jun 23 13:58:53 devstack sudo[100567]: pam_unix(sudo:session): session closed for user root
Jun 23 13:58:53 devstack cinder-volume[93605]: DEBUG oslo_concurrency.processutils [None req-10aeb467-0412-4055-a527-0af21ae72610 tempest-SnapshotsActionsTest-1605228398 None] CMD "/opt/stack/data/venv/bin/python3.12 -m oslo_concurrency.prlimit --as=1073741824 --cpu=60 -- sudo cinder-rootwrap /etc/cinder/rootwrap.conf env LC_ALL=C qemu-img info -f qcow2 --output=json --force-share /opt/stack/data/cinder/mnt/bcfda4df5ed2ba6f667da27a7fbfc4ec/volume-109a7c74-58f0-4c66-9e55-faa476f7dd68.bc4bc329-d146-4230-8515-2565e62d07b9" returned: 0 in 1.245s {{(pid=93605) execute /opt/stack/data/venv/lib/python3.12/site-packages/oslo_concurrency/processutils.py:468}}
Jun 23 13:58:53 devstack cinder-volume[93605]: DEBUG cinder.volume.drivers.remotefs [None req-10aeb467-0412-4055-a527-0af21ae72610 tempest-SnapshotsActionsTest-1605228398 None] Fetching qemu-img info with special backing_file_template: (/opt/stack/data/cinder/mnt/[0-9a-f]+/)?(volume-109a7c74-58f0-4c66-9e55-faa476f7dd68(.(tmp-snap-)?[0-9a-f-]+)?|volume_from_snapshot_cache/(tmp-snap-)?[0-9a-f-]+(.(child-|parent-)[0-9a-f-]+)?)$ {{(pid=93605) _qemu_img_info_base /opt/stack/cinder/cinder/volume/drivers/remotefs.py:896}}
Jun 23 13:58:53 devstack cinder-volume[93605]: DEBUG oslo_concurrency.processutils [None req-10aeb467-0412-4055-a527-0af21ae72610 tempest-SnapshotsActionsTest-1605228398 None] Running cmd (subprocess): sudo cinder-rootwrap /etc/cinder/rootwrap.conf qemu-img create -f qcow2 -o backing_file=/opt/stack/data/cinder/mnt/bcfda4df5ed2ba6f667da27a7fbfc4ec/volume-109a7c74-58f0-4c66-9e55-faa476f7dd68.bc4bc329-d146-4230-8515-2565e62d07b9,backing_fmt=qcow2 /opt/stack/data/cinder/mnt/bcfda4df5ed2ba6f667da27a7fbfc4ec/volume-109a7c74-58f0-4c66-9e55-faa476f7dd68.341e1fcd-3f03-49a4-8273-94544d217f5e 1G {{(pid=93605) execute /opt/stack/data/venv/lib/python3.12/site-packages/oslo_concurrency/processutils.py:440}}
Jun 23 13:58:53 devstack sudo[100596]: quobyte : PWD=/ ; USER=root ; COMMAND=/opt/stack/data/venv/bin/cinder-rootwrap /etc/cinder/rootwrap.conf qemu-img create -f qcow2 -o backing_file=/opt/stack/data/cinder/mnt/bcfda4df5ed2ba6f667da27a7fbfc4ec/volume-109a7c74-58f0-4c66-9e55-faa476f7dd68.bc4bc329-d146-4230-8515-2565e62d07b9,backing_fmt=qcow2 /opt/stack/data/cinder/mnt/bcfda4df5ed2ba6f667da27a7fbfc4ec/volume-109a7c74-58f0-4c66-9e55-faa476f7dd68.341e1fcd-3f03-49a4-8273-94544d217f5e 1G
Jun 23 13:58:53 devstack sudo[100596]: pam_unix(sudo:session): session opened for user root(uid=0) by (uid=1000)
Jun 23 13:58:54 devstack cinder-volume[93605]: DEBUG cinder.volume.manager [req-e04838d9-82fc-46bf-8f17-91ee0b467555 req-6bc5042d-ed92-4cb4-8684-e6213bec232b tempest-AttachVolumeShelveTestJSON-803588905 None] No connector for attachment 6059f5ba-8608-4af6-874c-18e441036727; skipping storage backend terminate_connection call. {{(pid=93605) _connection_terminate /opt/stack/cinder/cinder/volume/manager.py:5010}}
Jun 23 13:58:54 devstack cinder-volume[93605]: DEBUG cinder.volume.manager [req-e04838d9-82fc-46bf-8f17-91ee0b467555 req-6bc5042d-ed92-4cb4-8684-e6213bec232b tempest-AttachVolumeShelveTestJSON-803588905 None] Deleting attachment 6059f5ba-8608-4af6-874c-18e441036727. {{(pid=93605) attachment_delete /opt/stack/cinder/cinder/volume/manager.py:5055}}
Jun 23 13:58:55 devstack sudo[100596]: pam_unix(sudo:session): session closed for user root
Jun 23 13:58:55 devstack cinder-volume[93605]: DEBUG oslo_concurrency.processutils [None req-10aeb467-0412-4055-a527-0af21ae72610 tempest-SnapshotsActionsTest-1605228398 None] CMD "sudo cinder-rootwrap /etc/cinder/rootwrap.conf qemu-img create -f qcow2 -o backing_file=/opt/stack/data/cinder/mnt/bcfda4df5ed2ba6f667da27a7fbfc4ec/volume-109a7c74-58f0-4c66-9e55-faa476f7dd68.bc4bc329-d146-4230-8515-2565e62d07b9,backing_fmt=qcow2 /opt/stack/data/cinder/mnt/bcfda4df5ed2ba6f667da27a7fbfc4ec/volume-109a7c74-58f0-4c66-9e55-faa476f7dd68.341e1fcd-3f03-49a4-8273-94544d217f5e 1G" returned: 0 in 1.357s {{(pid=93605) execute /opt/stack/data/venv/lib/python3.12/site-packages/oslo_concurrency/processutils.py:468}}
Jun 23 13:58:55 devstack cinder-volume[93605]: DEBUG oslo_concurrency.processutils [None req-10aeb467-0412-4055-a527-0af21ae72610 tempest-SnapshotsActionsTest-1605228398 None] Running cmd (subprocess): sudo cinder-rootwrap /etc/cinder/rootwrap.conf qemu-img rebase -u -b volume-109a7c74-58f0-4c66-9e55-faa476f7dd68.bc4bc329-d146-4230-8515-2565e62d07b9 -F qcow2 /opt/stack/data/cinder/mnt/bcfda4df5ed2ba6f667da27a7fbfc4ec/volume-109a7c74-58f0-4c66-9e55-faa476f7dd68.341e1fcd-3f03-49a4-8273-94544d217f5e {{(pid=93605) execute /opt/stack/data/venv/lib/python3.12/site-packages/oslo_concurrency/processutils.py:440}}
Jun 23 13:58:55 devstack sudo[100641]: quobyte : PWD=/ ; USER=root ; COMMAND=/opt/stack/data/venv/bin/cinder-rootwrap /etc/cinder/rootwrap.conf qemu-img rebase -u -b volume-109a7c74-58f0-4c66-9e55-faa476f7dd68.bc4bc329-d146-4230-8515-2565e62d07b9 -F qcow2 /opt/stack/data/cinder/mnt/bcfda4df5ed2ba6f667da27a7fbfc4ec/volume-109a7c74-58f0-4c66-9e55-faa476f7dd68.341e1fcd-3f03-49a4-8273-94544d217f5e
Jun 23 13:58:55 devstack sudo[100641]: pam_unix(sudo:session): session opened for user root(uid=0) by (uid=1000)
Jun 23 13:58:56 devstack sudo[100641]: pam_unix(sudo:session): session closed for user root
Jun 23 13:58:56 devstack cinder-volume[93605]: DEBUG oslo_concurrency.processutils [None req-10aeb467-0412-4055-a527-0af21ae72610 tempest-SnapshotsActionsTest-1605228398 None] CMD "sudo cinder-rootwrap /etc/cinder/rootwrap.conf qemu-img rebase -u -b volume-109a7c74-58f0-4c66-9e55-faa476f7dd68.bc4bc329-d146-4230-8515-2565e62d07b9 -F qcow2 /opt/stack/data/cinder/mnt/bcfda4df5ed2ba6f667da27a7fbfc4ec/volume-109a7c74-58f0-4c66-9e55-faa476f7dd68.341e1fcd-3f03-49a4-8273-94544d217f5e" returned: 0 in 1.385s {{(pid=93605) execute /opt/stack/data/venv/lib/python3.12/site-packages/oslo_concurrency/processutils.py:468}}
Jun 23 13:58:56 devstack cinder-volume[93605]: WARNING cinder.volume.drivers.remotefs [None req-10aeb467-0412-4055-a527-0af21ae72610 tempest-SnapshotsActionsTest-1605228398 None] /opt/stack/data/cinder/mnt/bcfda4df5ed2ba6f667da27a7fbfc4ec/volume-109a7c74-58f0-4c66-9e55-faa476f7dd68.341e1fcd-3f03-49a4-8273-94544d217f5e is being set with open permissions: ugo+rw
Jun 23 13:58:56 devstack cinder-volume[93605]: DEBUG oslo_concurrency.processutils [None req-10aeb467-0412-4055-a527-0af21ae72610 tempest-SnapshotsActionsTest-1605228398 None] Running cmd (subprocess): sudo cinder-rootwrap /etc/cinder/rootwrap.conf chmod ugo+rw /opt/stack/data/cinder/mnt/bcfda4df5ed2ba6f667da27a7fbfc4ec/volume-109a7c74-58f0-4c66-9e55-faa476f7dd68.341e1fcd-3f03-49a4-8273-94544d217f5e {{(pid=93605) execute /opt/stack/data/venv/lib/python3.12/site-packages/oslo_concurrency/processutils.py:440}}
Jun 23 13:58:56 devstack sudo[100712]: quobyte : PWD=/ ; USER=root ; COMMAND=/opt/stack/data/venv/bin/cinder-rootwrap /etc/cinder/rootwrap.conf chmod ugo+rw /opt/stack/data/cinder/mnt/bcfda4df5ed2ba6f667da27a7fbfc4ec/volume-109a7c74-58f0-4c66-9e55-faa476f7dd68.341e1fcd-3f03-49a4-8273-94544d217f5e
Jun 23 13:58:56 devstack sudo[100712]: pam_unix(sudo:session): session opened for user root(uid=0) by (uid=1000)
Jun 23 13:58:57 devstack sudo[100712]: pam_unix(sudo:session): session closed for user root
Jun 23 13:58:57 devstack cinder-volume[93605]: DEBUG oslo_concurrency.processutils [None req-10aeb467-0412-4055-a527-0af21ae72610 tempest-SnapshotsActionsTest-1605228398 None] CMD "sudo cinder-rootwrap /etc/cinder/rootwrap.conf chmod ugo+rw /opt/stack/data/cinder/mnt/bcfda4df5ed2ba6f667da27a7fbfc4ec/volume-109a7c74-58f0-4c66-9e55-faa476f7dd68.341e1fcd-3f03-49a4-8273-94544d217f5e" returned: 0 in 1.293s {{(pid=93605) execute /opt/stack/data/venv/lib/python3.12/site-packages/oslo_concurrency/processutils.py:468}}
Jun 23 13:58:58 devstack cinder-volume[93605]: DEBUG oslo_concurrency.lockutils [None req-10aeb467-0412-4055-a527-0af21ae72610 tempest-SnapshotsActionsTest-1605228398 None] Lock "quobyte" "released" by "cinder.volume.drivers.quobyte.QuobyteDriver.create_snapshot" :: held 5.523s {{(pid=93605) inner /opt/stack/data/venv/lib/python3.12/site-packages/oslo_concurrency/lockutils.py:543}}
Jun 23 13:58:58 devstack cinder-volume[93605]: INFO cinder.volume.manager [None req-10aeb467-0412-4055-a527-0af21ae72610 tempest-SnapshotsActionsTest-1605228398 None] Create snapshot completed successfully
Jun 23 13:58:59 devstack cinder-volume[93605]: DEBUG cinder.coordination [None req-01e2db5f-05ac-4a5d-8919-9441b9813cbf tempest-SnapshotsActionsTest-253818796 None] Acquiring lock "cinder-341e1fcd-3f03-49a4-8273-94544d217f5e-delete_snapshot" by "delete_snapshot" {{(pid=93605) __acquire /opt/stack/cinder/cinder/coordination.py:138}}
Jun 23 13:58:59 devstack cinder-volume[93605]: DEBUG cinder.coordination [None req-01e2db5f-05ac-4a5d-8919-9441b9813cbf tempest-SnapshotsActionsTest-253818796 None] Lock "cinder-341e1fcd-3f03-49a4-8273-94544d217f5e-delete_snapshot" acquired by "delete_snapshot" :: waited 0.047s {{(pid=93605) __acquire /opt/stack/cinder/cinder/coordination.py:141}}
Jun 23 13:58:59 devstack cinder-volume[93605]: DEBUG cinder.coordination [None req-01e2db5f-05ac-4a5d-8919-9441b9813cbf tempest-SnapshotsActionsTest-253818796 None] Acquiring lock "cinder-quobyte-109a7c74-58f0-4c66-9e55-faa476f7dd68" by "delete_snapshot" {{(pid=93605) __acquire /opt/stack/cinder/cinder/coordination.py:138}}
Jun 23 13:58:59 devstack cinder-volume[93605]: DEBUG cinder.coordination [None req-01e2db5f-05ac-4a5d-8919-9441b9813cbf tempest-SnapshotsActionsTest-253818796 None] Lock "cinder-quobyte-109a7c74-58f0-4c66-9e55-faa476f7dd68" acquired by "delete_snapshot" :: waited 0.027s {{(pid=93605) __acquire /opt/stack/cinder/cinder/coordination.py:141}}
Jun 23 13:58:59 devstack cinder-volume[93605]: DEBUG cinder.coordination [None req-01e2db5f-05ac-4a5d-8919-9441b9813cbf tempest-SnapshotsActionsTest-253818796 None] Acquiring lock "cinder-quobyte-341e1fcd-3f03-49a4-8273-94544d217f5e" by "_delete_snapshot" {{(pid=93605) __acquire /opt/stack/cinder/cinder/coordination.py:138}}
Jun 23 13:58:59 devstack cinder-volume[93605]: DEBUG cinder.coordination [None req-01e2db5f-05ac-4a5d-8919-9441b9813cbf tempest-SnapshotsActionsTest-253818796 None] Lock "cinder-quobyte-341e1fcd-3f03-49a4-8273-94544d217f5e" acquired by "_delete_snapshot" :: waited 0.021s {{(pid=93605) __acquire /opt/stack/cinder/cinder/coordination.py:141}}
Jun 23 13:58:59 devstack cinder-volume[93605]: DEBUG cinder.volume.drivers.remotefs [None req-01e2db5f-05ac-4a5d-8919-9441b9813cbf tempest-SnapshotsActionsTest-253818796 None] Deleting offline snapshot 341e1fcd-3f03-49a4-8273-94544d217f5e of volume 109a7c74-58f0-4c66-9e55-faa476f7dd68 {{(pid=93605) _delete_snapshot /opt/stack/cinder/cinder/volume/drivers/remotefs.py:1288}}
Jun 23 13:58:59 devstack cinder-volume[93605]: DEBUG cinder.volume.drivers.remotefs [None req-01e2db5f-05ac-4a5d-8919-9441b9813cbf tempest-SnapshotsActionsTest-253818796 None] snapshot_file for this snap is: volume-109a7c74-58f0-4c66-9e55-faa476f7dd68.341e1fcd-3f03-49a4-8273-94544d217f5e {{(pid=93605) _delete_snapshot /opt/stack/cinder/cinder/volume/drivers/remotefs.py:1317}}
Jun 23 13:58:59 devstack cinder-volume[93605]: DEBUG oslo.privsep.daemon [-] privsep: reply[c0993985-65d7-47cd-8800-c905fd2dd5d9]: (4, 'qcow2') {{(pid=94994) _call_back /opt/stack/data/venv/lib/python3.12/site-packages/oslo_privsep/daemon.py:580}}
Jun 23 13:58:59 devstack cinder-volume[93605]: DEBUG oslo_concurrency.processutils [None req-01e2db5f-05ac-4a5d-8919-9441b9813cbf tempest-SnapshotsActionsTest-253818796 None] Running cmd (subprocess): /opt/stack/data/venv/bin/python3.12 -m oslo_concurrency.prlimit --as=1073741824 --cpu=60 -- sudo cinder-rootwrap /etc/cinder/rootwrap.conf env LC_ALL=C qemu-img info -f qcow2 --output=json --force-share /opt/stack/data/cinder/mnt/bcfda4df5ed2ba6f667da27a7fbfc4ec/volume-109a7c74-58f0-4c66-9e55-faa476f7dd68.341e1fcd-3f03-49a4-8273-94544d217f5e {{(pid=93605) execute /opt/stack/data/venv/lib/python3.12/site-packages/oslo_concurrency/processutils.py:440}}
Jun 23 13:58:59 devstack sudo[100728]: quobyte : PWD=/ ; USER=root ; COMMAND=/opt/stack/data/venv/bin/cinder-rootwrap /etc/cinder/rootwrap.conf env LC_ALL=C qemu-img info -f qcow2 --output=json --force-share /opt/stack/data/cinder/mnt/bcfda4df5ed2ba6f667da27a7fbfc4ec/volume-109a7c74-58f0-4c66-9e55-faa476f7dd68.341e1fcd-3f03-49a4-8273-94544d217f5e
Jun 23 13:58:59 devstack sudo[100728]: pam_unix(sudo:session): session opened for user root(uid=0) by (uid=1000)
Jun 23 13:59:00 devstack sudo[100728]: pam_unix(sudo:session): session closed for user root
Jun 23 13:59:00 devstack cinder-volume[93605]: DEBUG oslo_concurrency.processutils [None req-01e2db5f-05ac-4a5d-8919-9441b9813cbf tempest-SnapshotsActionsTest-253818796 None] CMD "/opt/stack/data/venv/bin/python3.12 -m oslo_concurrency.prlimit --as=1073741824 --cpu=60 -- sudo cinder-rootwrap /etc/cinder/rootwrap.conf env LC_ALL=C qemu-img info -f qcow2 --output=json --force-share /opt/stack/data/cinder/mnt/bcfda4df5ed2ba6f667da27a7fbfc4ec/volume-109a7c74-58f0-4c66-9e55-faa476f7dd68.341e1fcd-3f03-49a4-8273-94544d217f5e" returned: 0 in 1.277s {{(pid=93605) execute /opt/stack/data/venv/lib/python3.12/site-packages/oslo_concurrency/processutils.py:468}}
Jun 23 13:59:00 devstack cinder-volume[93605]: DEBUG cinder.volume.drivers.remotefs [None req-01e2db5f-05ac-4a5d-8919-9441b9813cbf tempest-SnapshotsActionsTest-253818796 None] Fetching qemu-img info with special backing_file_template: (/opt/stack/data/cinder/mnt/[0-9a-f]+/)?(volume-109a7c74-58f0-4c66-9e55-faa476f7dd68(.(tmp-snap-)?[0-9a-f-]+)?|volume_from_snapshot_cache/(tmp-snap-)?[0-9a-f-]+(.(child-|parent-)[0-9a-f-]+)?)$ {{(pid=93605) _qemu_img_info_base /opt/stack/cinder/cinder/volume/drivers/remotefs.py:896}}
Jun 23 13:59:00 devstack cinder-volume[93605]: DEBUG oslo.privsep.daemon [-] privsep: reply[a758c142-eded-4326-80bd-cac1f3d68fbc]: (4, 'qcow2') {{(pid=94994) _call_back /opt/stack/data/venv/lib/python3.12/site-packages/oslo_privsep/daemon.py:580}}
Jun 23 13:59:00 devstack cinder-volume[93605]: DEBUG oslo_concurrency.processutils [None req-01e2db5f-05ac-4a5d-8919-9441b9813cbf tempest-SnapshotsActionsTest-253818796 None] Running cmd (subprocess): /opt/stack/data/venv/bin/python3.12 -m oslo_concurrency.prlimit --as=1073741824 --cpu=60 -- sudo cinder-rootwrap /etc/cinder/rootwrap.conf env LC_ALL=C qemu-img info -f qcow2 --output=json --force-share /opt/stack/data/cinder/mnt/bcfda4df5ed2ba6f667da27a7fbfc4ec/volume-109a7c74-58f0-4c66-9e55-faa476f7dd68.bc4bc329-d146-4230-8515-2565e62d07b9 {{(pid=93605) execute /opt/stack/data/venv/lib/python3.12/site-packages/oslo_concurrency/processutils.py:440}}
Jun 23 13:59:01 devstack sudo[100737]: quobyte : PWD=/ ; USER=root ; COMMAND=/opt/stack/data/venv/bin/cinder-rootwrap /etc/cinder/rootwrap.conf env LC_ALL=C qemu-img info -f qcow2 --output=json --force-share /opt/stack/data/cinder/mnt/bcfda4df5ed2ba6f667da27a7fbfc4ec/volume-109a7c74-58f0-4c66-9e55-faa476f7dd68.bc4bc329-d146-4230-8515-2565e62d07b9
Jun 23 13:59:01 devstack sudo[100737]: pam_unix(sudo:session): session opened for user root(uid=0) by (uid=1000)
Jun 23 13:59:02 devstack sudo[100737]: pam_unix(sudo:session): session closed for user root
Jun 23 13:59:02 devstack cinder-volume[93605]: DEBUG oslo_concurrency.processutils [None req-01e2db5f-05ac-4a5d-8919-9441b9813cbf tempest-SnapshotsActionsTest-253818796 None] CMD "/opt/stack/data/venv/bin/python3.12 -m oslo_concurrency.prlimit --as=1073741824 --cpu=60 -- sudo cinder-rootwrap /etc/cinder/rootwrap.conf env LC_ALL=C qemu-img info -f qcow2 --output=json --force-share /opt/stack/data/cinder/mnt/bcfda4df5ed2ba6f667da27a7fbfc4ec/volume-109a7c74-58f0-4c66-9e55-faa476f7dd68.bc4bc329-d146-4230-8515-2565e62d07b9" returned: 0 in 1.269s {{(pid=93605) execute /opt/stack/data/venv/lib/python3.12/site-packages/oslo_concurrency/processutils.py:468}}
Jun 23 13:59:02 devstack cinder-volume[93605]: DEBUG cinder.volume.drivers.remotefs [None req-01e2db5f-05ac-4a5d-8919-9441b9813cbf tempest-SnapshotsActionsTest-253818796 None] Fetching qemu-img info with special backing_file_template: (/opt/stack/data/cinder/mnt/[0-9a-f]+/)?(volume-109a7c74-58f0-4c66-9e55-faa476f7dd68(.(tmp-snap-)?[0-9a-f-]+)?|volume_from_snapshot_cache/(tmp-snap-)?[0-9a-f-]+(.(child-|parent-)[0-9a-f-]+)?)$ {{(pid=93605) _qemu_img_info_base /opt/stack/cinder/cinder/volume/drivers/remotefs.py:896}}
Jun 23 13:59:02 devstack cinder-volume[93605]: DEBUG oslo_concurrency.processutils [None req-01e2db5f-05ac-4a5d-8919-9441b9813cbf tempest-SnapshotsActionsTest-253818796 None] Running cmd (subprocess): sudo cinder-rootwrap /etc/cinder/rootwrap.conf qemu-img commit -d /opt/stack/data/cinder/mnt/bcfda4df5ed2ba6f667da27a7fbfc4ec/volume-109a7c74-58f0-4c66-9e55-faa476f7dd68.341e1fcd-3f03-49a4-8273-94544d217f5e {{(pid=93605) execute /opt/stack/data/venv/lib/python3.12/site-packages/oslo_concurrency/processutils.py:440}}
Jun 23 13:59:02 devstack sudo[100755]: quobyte : PWD=/ ; USER=root ; COMMAND=/opt/stack/data/venv/bin/cinder-rootwrap /etc/cinder/rootwrap.conf qemu-img commit -d /opt/stack/data/cinder/mnt/bcfda4df5ed2ba6f667da27a7fbfc4ec/volume-109a7c74-58f0-4c66-9e55-faa476f7dd68.341e1fcd-3f03-49a4-8273-94544d217f5e
Jun 23 13:59:02 devstack sudo[100755]: pam_unix(sudo:session): session opened for user root(uid=0) by (uid=1000)
Jun 23 13:59:03 devstack sudo[100755]: pam_unix(sudo:session): session closed for user root
Jun 23 13:59:03 devstack cinder-volume[93605]: DEBUG oslo_concurrency.processutils [None req-01e2db5f-05ac-4a5d-8919-9441b9813cbf tempest-SnapshotsActionsTest-253818796 None] CMD "sudo cinder-rootwrap /etc/cinder/rootwrap.conf qemu-img commit -d /opt/stack/data/cinder/mnt/bcfda4df5ed2ba6f667da27a7fbfc4ec/volume-109a7c74-58f0-4c66-9e55-faa476f7dd68.341e1fcd-3f03-49a4-8273-94544d217f5e" returned: 0 in 1.861s {{(pid=93605) execute /opt/stack/data/venv/lib/python3.12/site-packages/oslo_concurrency/processutils.py:468}}
Jun 23 13:59:03 devstack cinder-volume[93605]: DEBUG oslo_concurrency.processutils [None req-01e2db5f-05ac-4a5d-8919-9441b9813cbf tempest-SnapshotsActionsTest-253818796 None] Running cmd (subprocess): sudo cinder-rootwrap /etc/cinder/rootwrap.conf rm -f /opt/stack/data/cinder/mnt/bcfda4df5ed2ba6f667da27a7fbfc4ec/volume-109a7c74-58f0-4c66-9e55-faa476f7dd68.341e1fcd-3f03-49a4-8273-94544d217f5e {{(pid=93605) execute /opt/stack/data/venv/lib/python3.12/site-packages/oslo_concurrency/processutils.py:440}}
Jun 23 13:59:04 devstack sudo[100811]: quobyte : PWD=/ ; USER=root ; COMMAND=/opt/stack/data/venv/bin/cinder-rootwrap /etc/cinder/rootwrap.conf rm -f /opt/stack/data/cinder/mnt/bcfda4df5ed2ba6f667da27a7fbfc4ec/volume-109a7c74-58f0-4c66-9e55-faa476f7dd68.341e1fcd-3f03-49a4-8273-94544d217f5e
Jun 23 13:59:04 devstack sudo[100811]: pam_unix(sudo:session): session opened for user root(uid=0) by (uid=1000)
Jun 23 13:59:05 devstack sudo[100811]: pam_unix(sudo:session): session closed for user root
Jun 23 13:59:05 devstack cinder-volume[93605]: DEBUG oslo_concurrency.processutils [None req-01e2db5f-05ac-4a5d-8919-9441b9813cbf tempest-SnapshotsActionsTest-253818796 None] CMD "sudo cinder-rootwrap /etc/cinder/rootwrap.conf rm -f /opt/stack/data/cinder/mnt/bcfda4df5ed2ba6f667da27a7fbfc4ec/volume-109a7c74-58f0-4c66-9e55-faa476f7dd68.341e1fcd-3f03-49a4-8273-94544d217f5e" returned: 0 in 1.323s {{(pid=93605) execute /opt/stack/data/venv/lib/python3.12/site-packages/oslo_concurrency/processutils.py:468}}
Jun 23 13:59:05 devstack cinder-volume[93605]: DEBUG cinder.coordination [None req-01e2db5f-05ac-4a5d-8919-9441b9813cbf tempest-SnapshotsActionsTest-253818796 None] Lock "cinder-quobyte-341e1fcd-3f03-49a4-8273-94544d217f5e" released by "_delete_snapshot" :: held 5.952s {{(pid=93605) __release /opt/stack/cinder/cinder/coordination.py:152}}
Jun 23 13:59:05 devstack cinder-volume[93605]: DEBUG cinder.coordination [None req-01e2db5f-05ac-4a5d-8919-9441b9813cbf tempest-SnapshotsActionsTest-253818796 None] Lock "cinder-quobyte-109a7c74-58f0-4c66-9e55-faa476f7dd68" released by "delete_snapshot" :: held 6.014s {{(pid=93605) __release /opt/stack/cinder/cinder/coordination.py:152}}
Jun 23 13:59:05 devstack cinder-volume[93605]: WARNING cinder.quota [None req-01e2db5f-05ac-4a5d-8919-9441b9813cbf tempest-SnapshotsActionsTest-253818796 None] Deprecated: Default quota for resource: snapshots_QuobyteHD is set by the default quota flag: quota_snapshots_QuobyteHD, it is now deprecated. Please use the default quota class for default quota.
Jun 23 13:59:05 devstack cinder-volume[93605]: DEBUG cinder.quota [None req-01e2db5f-05ac-4a5d-8919-9441b9813cbf tempest-SnapshotsActionsTest-253818796 None] Created reservations ['ec9e9305-6ba4-4a48-a551-137cb4c8c49c', '7e900cc5-9abe-4c88-85ef-099353b71985', 'e4d17599-112b-4056-8fdb-f9025967390a', 'e4f498d1-a31b-4587-b233-85eceba420f1'] {{(pid=93605) reserve /opt/stack/cinder/cinder/quota.py:752}}
Jun 23 13:59:05 devstack cinder-volume[93605]: INFO cinder.volume.manager [None req-01e2db5f-05ac-4a5d-8919-9441b9813cbf tempest-SnapshotsActionsTest-253818796 None] Delete snapshot completed successfully.
Jun 23 13:59:05 devstack cinder-volume[93605]: DEBUG cinder.coordination [None req-01e2db5f-05ac-4a5d-8919-9441b9813cbf tempest-SnapshotsActionsTest-253818796 None] Lock "cinder-341e1fcd-3f03-49a4-8273-94544d217f5e-delete_snapshot" released by "delete_snapshot" :: held 6.472s {{(pid=93605) __release /opt/stack/cinder/cinder/coordination.py:152}}
Jun 23 13:59:06 devstack cinder-volume[93605]: DEBUG oslo_concurrency.lockutils [None req-1a9460d1-4603-4f33-b253-d94aed7928a7 tempest-SnapshotsActionsTest-1605228398 None] Acquiring lock "quobyte" by "cinder.volume.drivers.quobyte.QuobyteDriver.create_snapshot" {{(pid=93605) inner /opt/stack/data/venv/lib/python3.12/site-packages/oslo_concurrency/lockutils.py:511}}
Jun 23 13:59:06 devstack cinder-volume[93605]: DEBUG oslo_concurrency.lockutils [None req-1a9460d1-4603-4f33-b253-d94aed7928a7 tempest-SnapshotsActionsTest-1605228398 None] Lock "quobyte" acquired by "cinder.volume.drivers.quobyte.QuobyteDriver.create_snapshot" :: waited 0.001s {{(pid=93605) inner /opt/stack/data/venv/lib/python3.12/site-packages/oslo_concurrency/lockutils.py:524}}
Jun 23 13:59:06 devstack cinder-volume[93605]: DEBUG cinder.volume.drivers.remotefs [None req-1a9460d1-4603-4f33-b253-d94aed7928a7 tempest-SnapshotsActionsTest-1605228398 None] Creating offline snapshot 75d63de9-2425-4a6f-8dba-7c4cc0bb97a0 of volume 109a7c74-58f0-4c66-9e55-faa476f7dd68 {{(pid=93605) _create_snapshot /opt/stack/cinder/cinder/volume/drivers/remotefs.py:1816}}
Jun 23 13:59:06 devstack cinder-volume[93605]: DEBUG oslo.privsep.daemon [-] privsep: reply[5206a16f-3059-4bb2-a6f7-d835a67488ef]: (4, 'qcow2') {{(pid=94994) _call_back /opt/stack/data/venv/lib/python3.12/site-packages/oslo_privsep/daemon.py:580}}
Jun 23 13:59:06 devstack cinder-volume[93605]: DEBUG oslo_concurrency.processutils [None req-1a9460d1-4603-4f33-b253-d94aed7928a7 tempest-SnapshotsActionsTest-1605228398 None] Running cmd (subprocess): /opt/stack/data/venv/bin/python3.12 -m oslo_concurrency.prlimit --as=1073741824 --cpu=60 -- sudo cinder-rootwrap /etc/cinder/rootwrap.conf env LC_ALL=C qemu-img info -f qcow2 --output=json --force-share /opt/stack/data/cinder/mnt/bcfda4df5ed2ba6f667da27a7fbfc4ec/volume-109a7c74-58f0-4c66-9e55-faa476f7dd68.bc4bc329-d146-4230-8515-2565e62d07b9 {{(pid=93605) execute /opt/stack/data/venv/lib/python3.12/site-packages/oslo_concurrency/processutils.py:440}}
Jun 23 13:59:07 devstack sudo[100819]: quobyte : PWD=/ ; USER=root ; COMMAND=/opt/stack/data/venv/bin/cinder-rootwrap /etc/cinder/rootwrap.conf env LC_ALL=C qemu-img info -f qcow2 --output=json --force-share /opt/stack/data/cinder/mnt/bcfda4df5ed2ba6f667da27a7fbfc4ec/volume-109a7c74-58f0-4c66-9e55-faa476f7dd68.bc4bc329-d146-4230-8515-2565e62d07b9
Jun 23 13:59:07 devstack sudo[100819]: pam_unix(sudo:session): session opened for user root(uid=0) by (uid=1000)
Jun 23 13:59:08 devstack sudo[100819]: pam_unix(sudo:session): session closed for user root
Jun 23 13:59:08 devstack cinder-volume[93605]: DEBUG oslo_concurrency.processutils [None req-1a9460d1-4603-4f33-b253-d94aed7928a7 tempest-SnapshotsActionsTest-1605228398 None] CMD "/opt/stack/data/venv/bin/python3.12 -m oslo_concurrency.prlimit --as=1073741824 --cpu=60 -- sudo cinder-rootwrap /etc/cinder/rootwrap.conf env LC_ALL=C qemu-img info -f qcow2 --output=json --force-share /opt/stack/data/cinder/mnt/bcfda4df5ed2ba6f667da27a7fbfc4ec/volume-109a7c74-58f0-4c66-9e55-faa476f7dd68.bc4bc329-d146-4230-8515-2565e62d07b9" returned: 0 in 2.028s {{(pid=93605) execute /opt/stack/data/venv/lib/python3.12/site-packages/oslo_concurrency/processutils.py:468}}
Jun 23 13:59:08 devstack cinder-volume[93605]: DEBUG cinder.volume.drivers.remotefs [None req-1a9460d1-4603-4f33-b253-d94aed7928a7 tempest-SnapshotsActionsTest-1605228398 None] Fetching qemu-img info with special backing_file_template: (/opt/stack/data/cinder/mnt/[0-9a-f]+/)?(volume-109a7c74-58f0-4c66-9e55-faa476f7dd68(.(tmp-snap-)?[0-9a-f-]+)?|volume_from_snapshot_cache/(tmp-snap-)?[0-9a-f-]+(.(child-|parent-)[0-9a-f-]+)?)$ {{(pid=93605) _qemu_img_info_base /opt/stack/cinder/cinder/volume/drivers/remotefs.py:896}}
Jun 23 13:59:08 devstack cinder-volume[93605]: DEBUG oslo_concurrency.processutils [None req-1a9460d1-4603-4f33-b253-d94aed7928a7 tempest-SnapshotsActionsTest-1605228398 None] Running cmd (subprocess): sudo cinder-rootwrap /etc/cinder/rootwrap.conf qemu-img create -f qcow2 -o backing_file=/opt/stack/data/cinder/mnt/bcfda4df5ed2ba6f667da27a7fbfc4ec/volume-109a7c74-58f0-4c66-9e55-faa476f7dd68.bc4bc329-d146-4230-8515-2565e62d07b9,backing_fmt=qcow2 /opt/stack/data/cinder/mnt/bcfda4df5ed2ba6f667da27a7fbfc4ec/volume-109a7c74-58f0-4c66-9e55-faa476f7dd68.75d63de9-2425-4a6f-8dba-7c4cc0bb97a0 1G {{(pid=93605) execute /opt/stack/data/venv/lib/python3.12/site-packages/oslo_concurrency/processutils.py:440}}
Jun 23 13:59:09 devstack sudo[100839]: quobyte : PWD=/ ; USER=root ; COMMAND=/opt/stack/data/venv/bin/cinder-rootwrap /etc/cinder/rootwrap.conf qemu-img create -f qcow2 -o backing_file=/opt/stack/data/cinder/mnt/bcfda4df5ed2ba6f667da27a7fbfc4ec/volume-109a7c74-58f0-4c66-9e55-faa476f7dd68.bc4bc329-d146-4230-8515-2565e62d07b9,backing_fmt=qcow2 /opt/stack/data/cinder/mnt/bcfda4df5ed2ba6f667da27a7fbfc4ec/volume-109a7c74-58f0-4c66-9e55-faa476f7dd68.75d63de9-2425-4a6f-8dba-7c4cc0bb97a0 1G
Jun 23 13:59:09 devstack sudo[100839]: pam_unix(sudo:session): session opened for user root(uid=0) by (uid=1000)
Jun 23 13:59:11 devstack sudo[100839]: pam_unix(sudo:session): session closed for user root
Jun 23 13:59:11 devstack cinder-volume[93605]: DEBUG oslo_concurrency.processutils [None req-1a9460d1-4603-4f33-b253-d94aed7928a7 tempest-SnapshotsActionsTest-1605228398 None] CMD "sudo cinder-rootwrap /etc/cinder/rootwrap.conf qemu-img create -f qcow2 -o backing_file=/opt/stack/data/cinder/mnt/bcfda4df5ed2ba6f667da27a7fbfc4ec/volume-109a7c74-58f0-4c66-9e55-faa476f7dd68.bc4bc329-d146-4230-8515-2565e62d07b9,backing_fmt=qcow2 /opt/stack/data/cinder/mnt/bcfda4df5ed2ba6f667da27a7fbfc4ec/volume-109a7c74-58f0-4c66-9e55-faa476f7dd68.75d63de9-2425-4a6f-8dba-7c4cc0bb97a0 1G" returned: 0 in 2.452s {{(pid=93605) execute /opt/stack/data/venv/lib/python3.12/site-packages/oslo_concurrency/processutils.py:468}}
Jun 23 13:59:11 devstack cinder-volume[93605]: DEBUG oslo_concurrency.processutils [None req-1a9460d1-4603-4f33-b253-d94aed7928a7 tempest-SnapshotsActionsTest-1605228398 None] Running cmd (subprocess): sudo cinder-rootwrap /etc/cinder/rootwrap.conf qemu-img rebase -u -b volume-109a7c74-58f0-4c66-9e55-faa476f7dd68.bc4bc329-d146-4230-8515-2565e62d07b9 -F qcow2 /opt/stack/data/cinder/mnt/bcfda4df5ed2ba6f667da27a7fbfc4ec/volume-109a7c74-58f0-4c66-9e55-faa476f7dd68.75d63de9-2425-4a6f-8dba-7c4cc0bb97a0 {{(pid=93605) execute /opt/stack/data/venv/lib/python3.12/site-packages/oslo_concurrency/processutils.py:440}}
Jun 23 13:59:11 devstack sudo[100857]: quobyte : PWD=/ ; USER=root ; COMMAND=/opt/stack/data/venv/bin/cinder-rootwrap /etc/cinder/rootwrap.conf qemu-img rebase -u -b volume-109a7c74-58f0-4c66-9e55-faa476f7dd68.bc4bc329-d146-4230-8515-2565e62d07b9 -F qcow2 /opt/stack/data/cinder/mnt/bcfda4df5ed2ba6f667da27a7fbfc4ec/volume-109a7c74-58f0-4c66-9e55-faa476f7dd68.75d63de9-2425-4a6f-8dba-7c4cc0bb97a0
Jun 23 13:59:11 devstack sudo[100857]: pam_unix(sudo:session): session opened for user root(uid=0) by (uid=1000)
Jun 23 13:59:13 devstack sudo[100857]: pam_unix(sudo:session): session closed for user root
Jun 23 13:59:13 devstack cinder-volume[93605]: DEBUG oslo_concurrency.processutils [None req-1a9460d1-4603-4f33-b253-d94aed7928a7 tempest-SnapshotsActionsTest-1605228398 None] CMD "sudo cinder-rootwrap /etc/cinder/rootwrap.conf qemu-img rebase -u -b volume-109a7c74-58f0-4c66-9e55-faa476f7dd68.bc4bc329-d146-4230-8515-2565e62d07b9 -F qcow2 /opt/stack/data/cinder/mnt/bcfda4df5ed2ba6f667da27a7fbfc4ec/volume-109a7c74-58f0-4c66-9e55-faa476f7dd68.75d63de9-2425-4a6f-8dba-7c4cc0bb97a0" returned: 0 in 1.779s {{(pid=93605) execute /opt/stack/data/venv/lib/python3.12/site-packages/oslo_concurrency/processutils.py:468}}
Jun 23 13:59:13 devstack cinder-volume[93605]: WARNING cinder.volume.drivers.remotefs [None req-1a9460d1-4603-4f33-b253-d94aed7928a7 tempest-SnapshotsActionsTest-1605228398 None] /opt/stack/data/cinder/mnt/bcfda4df5ed2ba6f667da27a7fbfc4ec/volume-109a7c74-58f0-4c66-9e55-faa476f7dd68.75d63de9-2425-4a6f-8dba-7c4cc0bb97a0 is being set with open permissions: ugo+rw
Jun 23 13:59:13 devstack cinder-volume[93605]: DEBUG oslo_concurrency.processutils [None req-1a9460d1-4603-4f33-b253-d94aed7928a7 tempest-SnapshotsActionsTest-1605228398 None] Running cmd (subprocess): sudo cinder-rootwrap /etc/cinder/rootwrap.conf chmod ugo+rw /opt/stack/data/cinder/mnt/bcfda4df5ed2ba6f667da27a7fbfc4ec/volume-109a7c74-58f0-4c66-9e55-faa476f7dd68.75d63de9-2425-4a6f-8dba-7c4cc0bb97a0 {{(pid=93605) execute /opt/stack/data/venv/lib/python3.12/site-packages/oslo_concurrency/processutils.py:440}}
Jun 23 13:59:13 devstack sudo[100875]: quobyte : PWD=/ ; USER=root ; COMMAND=/opt/stack/data/venv/bin/cinder-rootwrap /etc/cinder/rootwrap.conf chmod ugo+rw /opt/stack/data/cinder/mnt/bcfda4df5ed2ba6f667da27a7fbfc4ec/volume-109a7c74-58f0-4c66-9e55-faa476f7dd68.75d63de9-2425-4a6f-8dba-7c4cc0bb97a0
Jun 23 13:59:13 devstack sudo[100875]: pam_unix(sudo:session): session opened for user root(uid=0) by (uid=1000)
Jun 23 13:59:14 devstack sudo[100875]: pam_unix(sudo:session): session closed for user root
Jun 23 13:59:14 devstack cinder-volume[93605]: DEBUG oslo_concurrency.processutils [None req-1a9460d1-4603-4f33-b253-d94aed7928a7 tempest-SnapshotsActionsTest-1605228398 None] CMD "sudo cinder-rootwrap /etc/cinder/rootwrap.conf chmod ugo+rw /opt/stack/data/cinder/mnt/bcfda4df5ed2ba6f667da27a7fbfc4ec/volume-109a7c74-58f0-4c66-9e55-faa476f7dd68.75d63de9-2425-4a6f-8dba-7c4cc0bb97a0" returned: 0 in 0.851s {{(pid=93605) execute /opt/stack/data/venv/lib/python3.12/site-packages/oslo_concurrency/processutils.py:468}}
Jun 23 13:59:14 devstack cinder-volume[93605]: DEBUG oslo_concurrency.lockutils [None req-1a9460d1-4603-4f33-b253-d94aed7928a7 tempest-SnapshotsActionsTest-1605228398 None] Lock "quobyte" "released" by "cinder.volume.drivers.quobyte.QuobyteDriver.create_snapshot" :: held 7.348s {{(pid=93605) inner /opt/stack/data/venv/lib/python3.12/site-packages/oslo_concurrency/lockutils.py:543}}
Jun 23 13:59:14 devstack cinder-volume[93605]: INFO cinder.volume.manager [None req-1a9460d1-4603-4f33-b253-d94aed7928a7 tempest-SnapshotsActionsTest-1605228398 None] Create snapshot completed successfully
Jun 23 13:59:14 devstack cinder-volume[93605]: DEBUG cinder.coordination [None req-27c278a0-5cb3-488f-9b96-1014cd4a0044 tempest-SnapshotsActionsTest-253818796 None] Acquiring lock "cinder-75d63de9-2425-4a6f-8dba-7c4cc0bb97a0-delete_snapshot" by "delete_snapshot" {{(pid=93605) __acquire /opt/stack/cinder/cinder/coordination.py:138}}
Jun 23 13:59:14 devstack cinder-volume[93605]: DEBUG cinder.coordination [None req-27c278a0-5cb3-488f-9b96-1014cd4a0044 tempest-SnapshotsActionsTest-253818796 None] Lock "cinder-75d63de9-2425-4a6f-8dba-7c4cc0bb97a0-delete_snapshot" acquired by "delete_snapshot" :: waited 0.040s {{(pid=93605) __acquire /opt/stack/cinder/cinder/coordination.py:141}}
Jun 23 13:59:14 devstack cinder-volume[93605]: DEBUG cinder.coordination [None req-27c278a0-5cb3-488f-9b96-1014cd4a0044 tempest-SnapshotsActionsTest-253818796 None] Acquiring lock "cinder-quobyte-109a7c74-58f0-4c66-9e55-faa476f7dd68" by "delete_snapshot" {{(pid=93605) __acquire /opt/stack/cinder/cinder/coordination.py:138}}
Jun 23 13:59:14 devstack cinder-volume[93605]: DEBUG cinder.coordination [None req-27c278a0-5cb3-488f-9b96-1014cd4a0044 tempest-SnapshotsActionsTest-253818796 None] Lock "cinder-quobyte-109a7c74-58f0-4c66-9e55-faa476f7dd68" acquired by "delete_snapshot" :: waited 0.028s {{(pid=93605) __acquire /opt/stack/cinder/cinder/coordination.py:141}}
Jun 23 13:59:14 devstack cinder-volume[93605]: DEBUG cinder.coordination [None req-27c278a0-5cb3-488f-9b96-1014cd4a0044 tempest-SnapshotsActionsTest-253818796 None] Acquiring lock "cinder-quobyte-75d63de9-2425-4a6f-8dba-7c4cc0bb97a0" by "_delete_snapshot" {{(pid=93605) __acquire /opt/stack/cinder/cinder/coordination.py:138}}
Jun 23 13:59:14 devstack cinder-volume[93605]: DEBUG cinder.coordination [None req-27c278a0-5cb3-488f-9b96-1014cd4a0044 tempest-SnapshotsActionsTest-253818796 None] Lock "cinder-quobyte-75d63de9-2425-4a6f-8dba-7c4cc0bb97a0" acquired by "_delete_snapshot" :: waited 0.020s {{(pid=93605) __acquire /opt/stack/cinder/cinder/coordination.py:141}}
Jun 23 13:59:14 devstack cinder-volume[93605]: DEBUG cinder.volume.drivers.remotefs [None req-27c278a0-5cb3-488f-9b96-1014cd4a0044 tempest-SnapshotsActionsTest-253818796 None] Deleting offline snapshot 75d63de9-2425-4a6f-8dba-7c4cc0bb97a0 of volume 109a7c74-58f0-4c66-9e55-faa476f7dd68 {{(pid=93605) _delete_snapshot /opt/stack/cinder/cinder/volume/drivers/remotefs.py:1288}}
Jun 23 13:59:14 devstack cinder-volume[93605]: DEBUG cinder.volume.drivers.remotefs [None req-27c278a0-5cb3-488f-9b96-1014cd4a0044 tempest-SnapshotsActionsTest-253818796 None] snapshot_file for this snap is: volume-109a7c74-58f0-4c66-9e55-faa476f7dd68.75d63de9-2425-4a6f-8dba-7c4cc0bb97a0 {{(pid=93605) _delete_snapshot /opt/stack/cinder/cinder/volume/drivers/remotefs.py:1317}}
Jun 23 13:59:14 devstack cinder-volume[93605]: DEBUG oslo.privsep.daemon [-] privsep: reply[6fa6f55e-013a-49ac-9fe0-8a56a539e8d0]: (4, 'qcow2') {{(pid=94994) _call_back /opt/stack/data/venv/lib/python3.12/site-packages/oslo_privsep/daemon.py:580}}
Jun 23 13:59:14 devstack cinder-volume[93605]: DEBUG oslo_concurrency.processutils [None req-27c278a0-5cb3-488f-9b96-1014cd4a0044 tempest-SnapshotsActionsTest-253818796 None] Running cmd (subprocess): /opt/stack/data/venv/bin/python3.12 -m oslo_concurrency.prlimit --as=1073741824 --cpu=60 -- sudo cinder-rootwrap /etc/cinder/rootwrap.conf env LC_ALL=C qemu-img info -f qcow2 --output=json --force-share /opt/stack/data/cinder/mnt/bcfda4df5ed2ba6f667da27a7fbfc4ec/volume-109a7c74-58f0-4c66-9e55-faa476f7dd68.75d63de9-2425-4a6f-8dba-7c4cc0bb97a0 {{(pid=93605) execute /opt/stack/data/venv/lib/python3.12/site-packages/oslo_concurrency/processutils.py:440}}
Jun 23 13:59:14 devstack sudo[100901]: quobyte : PWD=/ ; USER=root ; COMMAND=/opt/stack/data/venv/bin/cinder-rootwrap /etc/cinder/rootwrap.conf env LC_ALL=C qemu-img info -f qcow2 --output=json --force-share /opt/stack/data/cinder/mnt/bcfda4df5ed2ba6f667da27a7fbfc4ec/volume-109a7c74-58f0-4c66-9e55-faa476f7dd68.75d63de9-2425-4a6f-8dba-7c4cc0bb97a0
Jun 23 13:59:14 devstack sudo[100901]: pam_unix(sudo:session): session opened for user root(uid=0) by (uid=1000)
Jun 23 13:59:15 devstack sudo[100901]: pam_unix(sudo:session): session closed for user root
Jun 23 13:59:15 devstack cinder-volume[93605]: DEBUG oslo_concurrency.processutils [None req-27c278a0-5cb3-488f-9b96-1014cd4a0044 tempest-SnapshotsActionsTest-253818796 None] CMD "/opt/stack/data/venv/bin/python3.12 -m oslo_concurrency.prlimit --as=1073741824 --cpu=60 -- sudo cinder-rootwrap /etc/cinder/rootwrap.conf env LC_ALL=C qemu-img info -f qcow2 --output=json --force-share /opt/stack/data/cinder/mnt/bcfda4df5ed2ba6f667da27a7fbfc4ec/volume-109a7c74-58f0-4c66-9e55-faa476f7dd68.75d63de9-2425-4a6f-8dba-7c4cc0bb97a0" returned: 0 in 0.970s {{(pid=93605) execute /opt/stack/data/venv/lib/python3.12/site-packages/oslo_concurrency/processutils.py:468}}
Jun 23 13:59:15 devstack cinder-volume[93605]: DEBUG cinder.volume.drivers.remotefs [None req-27c278a0-5cb3-488f-9b96-1014cd4a0044 tempest-SnapshotsActionsTest-253818796 None] Fetching qemu-img info with special backing_file_template: (/opt/stack/data/cinder/mnt/[0-9a-f]+/)?(volume-109a7c74-58f0-4c66-9e55-faa476f7dd68(.(tmp-snap-)?[0-9a-f-]+)?|volume_from_snapshot_cache/(tmp-snap-)?[0-9a-f-]+(.(child-|parent-)[0-9a-f-]+)?)$ {{(pid=93605) _qemu_img_info_base /opt/stack/cinder/cinder/volume/drivers/remotefs.py:896}}
Jun 23 13:59:15 devstack cinder-volume[93605]: DEBUG oslo.privsep.daemon [-] privsep: reply[8f093bd3-5958-4c4b-9a2c-2a9783795dca]: (4, 'qcow2') {{(pid=94994) _call_back /opt/stack/data/venv/lib/python3.12/site-packages/oslo_privsep/daemon.py:580}}
Jun 23 13:59:15 devstack cinder-volume[93605]: DEBUG oslo_concurrency.processutils [None req-27c278a0-5cb3-488f-9b96-1014cd4a0044 tempest-SnapshotsActionsTest-253818796 None] Running cmd (subprocess): /opt/stack/data/venv/bin/python3.12 -m oslo_concurrency.prlimit --as=1073741824 --cpu=60 -- sudo cinder-rootwrap /etc/cinder/rootwrap.conf env LC_ALL=C qemu-img info -f qcow2 --output=json --force-share /opt/stack/data/cinder/mnt/bcfda4df5ed2ba6f667da27a7fbfc4ec/volume-109a7c74-58f0-4c66-9e55-faa476f7dd68.bc4bc329-d146-4230-8515-2565e62d07b9 {{(pid=93605) execute /opt/stack/data/venv/lib/python3.12/site-packages/oslo_concurrency/processutils.py:440}}
Jun 23 13:59:15 devstack sudo[100918]: quobyte : PWD=/ ; USER=root ; COMMAND=/opt/stack/data/venv/bin/cinder-rootwrap /etc/cinder/rootwrap.conf env LC_ALL=C qemu-img info -f qcow2 --output=json --force-share /opt/stack/data/cinder/mnt/bcfda4df5ed2ba6f667da27a7fbfc4ec/volume-109a7c74-58f0-4c66-9e55-faa476f7dd68.bc4bc329-d146-4230-8515-2565e62d07b9
Jun 23 13:59:15 devstack sudo[100918]: pam_unix(sudo:session): session opened for user root(uid=0) by (uid=1000)
Jun 23 13:59:16 devstack sudo[100918]: pam_unix(sudo:session): session closed for user root
Jun 23 13:59:16 devstack cinder-volume[93605]: DEBUG oslo_concurrency.processutils [None req-27c278a0-5cb3-488f-9b96-1014cd4a0044 tempest-SnapshotsActionsTest-253818796 None] CMD "/opt/stack/data/venv/bin/python3.12 -m oslo_concurrency.prlimit --as=1073741824 --cpu=60 -- sudo cinder-rootwrap /etc/cinder/rootwrap.conf env LC_ALL=C qemu-img info -f qcow2 --output=json --force-share /opt/stack/data/cinder/mnt/bcfda4df5ed2ba6f667da27a7fbfc4ec/volume-109a7c74-58f0-4c66-9e55-faa476f7dd68.bc4bc329-d146-4230-8515-2565e62d07b9" returned: 0 in 1.074s {{(pid=93605) execute /opt/stack/data/venv/lib/python3.12/site-packages/oslo_concurrency/processutils.py:468}}
Jun 23 13:59:16 devstack cinder-volume[93605]: DEBUG cinder.volume.drivers.remotefs [None req-27c278a0-5cb3-488f-9b96-1014cd4a0044 tempest-SnapshotsActionsTest-253818796 None] Fetching qemu-img info with special backing_file_template: (/opt/stack/data/cinder/mnt/[0-9a-f]+/)?(volume-109a7c74-58f0-4c66-9e55-faa476f7dd68(.(tmp-snap-)?[0-9a-f-]+)?|volume_from_snapshot_cache/(tmp-snap-)?[0-9a-f-]+(.(child-|parent-)[0-9a-f-]+)?)$ {{(pid=93605) _qemu_img_info_base /opt/stack/cinder/cinder/volume/drivers/remotefs.py:896}}
Jun 23 13:59:16 devstack cinder-volume[93605]: DEBUG oslo_concurrency.processutils [None req-27c278a0-5cb3-488f-9b96-1014cd4a0044 tempest-SnapshotsActionsTest-253818796 None] Running cmd (subprocess): sudo cinder-rootwrap /etc/cinder/rootwrap.conf qemu-img commit -d /opt/stack/data/cinder/mnt/bcfda4df5ed2ba6f667da27a7fbfc4ec/volume-109a7c74-58f0-4c66-9e55-faa476f7dd68.75d63de9-2425-4a6f-8dba-7c4cc0bb97a0 {{(pid=93605) execute /opt/stack/data/venv/lib/python3.12/site-packages/oslo_concurrency/processutils.py:440}}
Jun 23 13:59:16 devstack sudo[100925]: quobyte : PWD=/ ; USER=root ; COMMAND=/opt/stack/data/venv/bin/cinder-rootwrap /etc/cinder/rootwrap.conf qemu-img commit -d /opt/stack/data/cinder/mnt/bcfda4df5ed2ba6f667da27a7fbfc4ec/volume-109a7c74-58f0-4c66-9e55-faa476f7dd68.75d63de9-2425-4a6f-8dba-7c4cc0bb97a0
Jun 23 13:59:16 devstack sudo[100925]: pam_unix(sudo:session): session opened for user root(uid=0) by (uid=1000)
Jun 23 13:59:17 devstack sudo[100925]: pam_unix(sudo:session): session closed for user root
Jun 23 13:59:17 devstack cinder-volume[93605]: DEBUG oslo_concurrency.processutils [None req-27c278a0-5cb3-488f-9b96-1014cd4a0044 tempest-SnapshotsActionsTest-253818796 None] CMD "sudo cinder-rootwrap /etc/cinder/rootwrap.conf qemu-img commit -d /opt/stack/data/cinder/mnt/bcfda4df5ed2ba6f667da27a7fbfc4ec/volume-109a7c74-58f0-4c66-9e55-faa476f7dd68.75d63de9-2425-4a6f-8dba-7c4cc0bb97a0" returned: 0 in 0.967s {{(pid=93605) execute /opt/stack/data/venv/lib/python3.12/site-packages/oslo_concurrency/processutils.py:468}}
Jun 23 13:59:17 devstack cinder-volume[93605]: DEBUG oslo_concurrency.processutils [None req-27c278a0-5cb3-488f-9b96-1014cd4a0044 tempest-SnapshotsActionsTest-253818796 None] Running cmd (subprocess): sudo cinder-rootwrap /etc/cinder/rootwrap.conf rm -f /opt/stack/data/cinder/mnt/bcfda4df5ed2ba6f667da27a7fbfc4ec/volume-109a7c74-58f0-4c66-9e55-faa476f7dd68.75d63de9-2425-4a6f-8dba-7c4cc0bb97a0 {{(pid=93605) execute /opt/stack/data/venv/lib/python3.12/site-packages/oslo_concurrency/processutils.py:440}}
Jun 23 13:59:17 devstack sudo[100931]: quobyte : PWD=/ ; USER=root ; COMMAND=/opt/stack/data/venv/bin/cinder-rootwrap /etc/cinder/rootwrap.conf rm -f /opt/stack/data/cinder/mnt/bcfda4df5ed2ba6f667da27a7fbfc4ec/volume-109a7c74-58f0-4c66-9e55-faa476f7dd68.75d63de9-2425-4a6f-8dba-7c4cc0bb97a0
Jun 23 13:59:17 devstack sudo[100931]: pam_unix(sudo:session): session opened for user root(uid=0) by (uid=1000)
Jun 23 13:59:18 devstack sudo[100931]: pam_unix(sudo:session): session closed for user root
Jun 23 13:59:18 devstack cinder-volume[93605]: DEBUG oslo_concurrency.processutils [None req-27c278a0-5cb3-488f-9b96-1014cd4a0044 tempest-SnapshotsActionsTest-253818796 None] CMD "sudo cinder-rootwrap /etc/cinder/rootwrap.conf rm -f /opt/stack/data/cinder/mnt/bcfda4df5ed2ba6f667da27a7fbfc4ec/volume-109a7c74-58f0-4c66-9e55-faa476f7dd68.75d63de9-2425-4a6f-8dba-7c4cc0bb97a0" returned: 0 in 0.834s {{(pid=93605) execute /opt/stack/data/venv/lib/python3.12/site-packages/oslo_concurrency/processutils.py:468}}
Jun 23 13:59:18 devstack cinder-volume[93605]: DEBUG cinder.coordination [None req-27c278a0-5cb3-488f-9b96-1014cd4a0044 tempest-SnapshotsActionsTest-253818796 None] Lock "cinder-quobyte-75d63de9-2425-4a6f-8dba-7c4cc0bb97a0" released by "_delete_snapshot" :: held 4.018s {{(pid=93605) __release /opt/stack/cinder/cinder/coordination.py:152}}
Jun 23 13:59:18 devstack cinder-volume[93605]: DEBUG cinder.coordination [None req-27c278a0-5cb3-488f-9b96-1014cd4a0044 tempest-SnapshotsActionsTest-253818796 None] Lock "cinder-quobyte-109a7c74-58f0-4c66-9e55-faa476f7dd68" released by "delete_snapshot" :: held 4.049s {{(pid=93605) __release /opt/stack/cinder/cinder/coordination.py:152}}
Jun 23 13:59:18 devstack cinder-volume[93605]: DEBUG cinder.quota [None req-27c278a0-5cb3-488f-9b96-1014cd4a0044 tempest-SnapshotsActionsTest-253818796 None] Created reservations ['253fcf32-eadb-4873-bef4-a19a08a47f6f', 'd4e83386-501b-472c-acc1-a53ebf1fc8fb', '647c924a-8fed-4e77-a6a6-099c1331717d', 'bcfb3bc7-eacd-4cbf-85be-16513cbfd7a4'] {{(pid=93605) reserve /opt/stack/cinder/cinder/quota.py:752}}
Jun 23 13:59:18 devstack cinder-volume[93605]: INFO cinder.volume.manager [None req-27c278a0-5cb3-488f-9b96-1014cd4a0044 tempest-SnapshotsActionsTest-253818796 None] Delete snapshot completed successfully.
