Feb 13 18:09:54 devstack devstack@keystone.service[40157]: DEBUG keystone.server.flask.common [-] Adding resource routes to API users: ['/users//application_credentials/' {}] {{(pid=40157) _add_mapped_resources /opt/stack/keystone/keystone/server/flask/common.py:483}}
Feb 13 18:09:54 devstack devstack@keystone.service[40157]: DEBUG keystone.server.flask.common [-] Adding resource routes to API users: ['/users//access_rules' {}] {{(pid=40157) _add_mapped_resources /opt/stack/keystone/keystone/server/flask/common.py:483}}
Feb 13 18:09:54 devstack devstack@keystone.service[40157]: DEBUG keystone.server.flask.common [-] Adding resource routes to API users: ['/users//access_rules/' {}] {{(pid=40157) _add_mapped_resources /opt/stack/keystone/keystone/server/flask/common.py:483}}
Feb 13 18:09:54 devstack devstack@keystone.service[40158]: WSGI app 0 (mountpoint='') ready in 4 seconds on interpreter 0x5647681e11c0 pid: 40158 (default app)
Feb 13 18:09:54 devstack devstack@keystone.service[40158]: DEBUG keystone.server.flask.request_processing.req_logging [None req-f5bc82ea-62be-498a-9933-42e232c9e637 None None] REQUEST_METHOD: `GET` {{(pid=40158) log_request_info /opt/stack/keystone/keystone/server/flask/request_processing/req_logging.py:26}}
Feb 13 18:09:54 devstack devstack@keystone.service[40158]: DEBUG keystone.server.flask.request_processing.req_logging [None req-f5bc82ea-62be-498a-9933-42e232c9e637 None None] SCRIPT_NAME: `/identity` {{(pid=40158) log_request_info /opt/stack/keystone/keystone/server/flask/request_processing/req_logging.py:27}}
Feb 13 18:09:54 devstack devstack@keystone.service[40158]: DEBUG keystone.server.flask.request_processing.req_logging [None req-f5bc82ea-62be-498a-9933-42e232c9e637 None None] PATH_INFO: `/v3` {{(pid=40158) log_request_info /opt/stack/keystone/keystone/server/flask/request_processing/req_logging.py:28}}
Feb 13 18:09:54 devstack devstack@keystone.service[40158]: [pid: 40158|app: 0|req: 1/1] 192.168.122.9 () {50 vars in 793 bytes} [Fri Feb 13 18:09:54 2026] GET /identity/v3/ => generated 257 bytes in 5 msecs (HTTP/1.1 200) 5 headers in 177 bytes (1 switches on core 0)
Feb 13 18:09:54 devstack devstack@keystone.service[40157]: WSGI app 0 (mountpoint='') ready in 4 seconds on interpreter 0x5647681e11c0 pid: 40157 (default app)
Feb 13 18:10:01 devstack devstack@keystone.service[40158]: DEBUG keystone.server.flask.request_processing.req_logging [None req-2c7c3010-c0d7-497c-91de-8f89620c7243 None None] REQUEST_METHOD: `GET` {{(pid=40158) log_request_info /opt/stack/keystone/keystone/server/flask/request_processing/req_logging.py:26}}
Feb 13 18:10:01 devstack devstack@keystone.service[40158]: DEBUG keystone.server.flask.request_processing.req_logging [None req-2c7c3010-c0d7-497c-91de-8f89620c7243 None None] SCRIPT_NAME: `/identity` {{(pid=40158) log_request_info /opt/stack/keystone/keystone/server/flask/request_processing/req_logging.py:27}}
Feb 13 18:10:01 devstack devstack@keystone.service[40158]: DEBUG keystone.server.flask.request_processing.req_logging [None req-2c7c3010-c0d7-497c-91de-8f89620c7243 None None] PATH_INFO: `/` {{(pid=40158) log_request_info /opt/stack/keystone/keystone/server/flask/request_processing/req_logging.py:28}}
Feb 13 18:10:01 devstack devstack@keystone.service[40158]: [pid: 40158|app: 0|req: 2/2] 192.168.122.9 () {54 vars in 929 bytes} [Fri Feb 13 18:10:01 2026] GET /identity => generated 272 bytes in 2 msecs (HTTP/1.1 300) 6 headers in 236 bytes (1 switches on core 0)
Feb 13 18:10:01 devstack devstack@keystone.service[40157]: DEBUG keystone.server.flask.request_processing.req_logging [None req-98c807a0-5d4f-4735-8950-5ca498093994 None None] REQUEST_METHOD: `POST` {{(pid=40157) log_request_info /opt/stack/keystone/keystone/server/flask/request_processing/req_logging.py:26}}
Feb 13 18:10:01 devstack devstack@keystone.service[40157]: DEBUG keystone.server.flask.request_processing.req_logging [None req-98c807a0-5d4f-4735-8950-5ca498093994 None None] SCRIPT_NAME: `/identity` {{(pid=40157) log_request_info /opt/stack/keystone/keystone/server/flask/request_processing/req_logging.py:27}}
Feb 13 18:10:01 devstack devstack@keystone.service[40157]: DEBUG keystone.server.flask.request_processing.req_logging [None req-98c807a0-5d4f-4735-8950-5ca498093994 None None] PATH_INFO: `/v3/auth/tokens` {{(pid=40157) log_request_info /opt/stack/keystone/keystone/server/flask/request_processing/req_logging.py:28}}
Feb 13 18:10:01 devstack devstack@keystone.service[40157]: INFO dbcounter [None req-98c807a0-5d4f-4735-8950-5ca498093994 None None] Registered counter for database keystone
Feb 13 18:10:01 devstack devstack@keystone.service[40157]: DEBUG oslo_db.sqlalchemy.engines [None req-98c807a0-5d4f-4735-8950-5ca498093994 None None] MySQL server mode set to STRICT_TRANS_TABLES,STRICT_ALL_TABLES,NO_ZERO_IN_DATE,NO_ZERO_DATE,ERROR_FOR_DIVISION_BY_ZERO,TRADITIONAL,NO_ENGINE_SUBSTITUTION {{(pid=40157) _check_effective_sql_mode /opt/stack/data/venv/lib/python3.10/site-packages/oslo_db/sqlalchemy/engines.py:325}}
Feb 13 18:10:01 devstack devstack@keystone.service[40157]: DEBUG dbcounter [-] [40157] Writer thread running {{(pid=40157) stat_writer /opt/stack/data/venv/lib/python3.10/site-packages/dbcounter.py:102}}
Feb 13 18:10:01 devstack devstack@keystone.service[40157]: WARNING keystone.common.password_hashing [None req-98c807a0-5d4f-4735-8950-5ca498093994 None None] Truncating password to algorithm specific maximum length 72 characters.
Feb 13 18:10:01 devstack devstack@keystone.service[40157]: DEBUG keystone.auth.core [None req-98c807a0-5d4f-4735-8950-5ca498093994 None None] MFA Rules not processed for user `50b06d71cdb64ebbb55b9667a211d62a`. Rule list: `[]` (Enabled: `True`). {{(pid=40157) check_auth_methods_against_rules /opt/stack/keystone/keystone/auth/core.py:476}}
Feb 13 18:10:01 devstack devstack@keystone.service[40157]: DEBUG keystone.common.fernet_utils [None req-98c807a0-5d4f-4735-8950-5ca498093994 None None] Loaded 2 Fernet keys from /etc/keystone/fernet-keys/, but `[fernet_tokens] max_active_keys = 3`; perhaps there have not been enough key rotations to reach `max_active_keys` yet? {{(pid=40157) load_keys /opt/stack/keystone/keystone/common/fernet_utils.py:297}}
Feb 13 18:10:01 devstack devstack@keystone.service[40157]: [pid: 40157|app: 0|req: 1/3] 192.168.122.9 () {58 vars in 1026 bytes} [Fri Feb 13 18:10:01 2026] POST /identity/v3/auth/tokens => generated 979 bytes in 456 msecs (HTTP/1.1 201) 6 headers in 384 bytes (1 switches on core 0)
Feb 13 18:10:01 devstack devstack@keystone.service[40158]: DEBUG keystone.server.flask.request_processing.middleware.auth_context [None req-2c7c3010-c0d7-497c-91de-8f89620c7243 None None] Authenticating user token {{(pid=40158) process_request /opt/stack/data/venv/lib/python3.10/site-packages/keystonemiddleware/auth_token/__init__.py:407}}
Feb 13 18:10:01 devstack devstack@keystone.service[40158]: INFO dbcounter [None req-2c7c3010-c0d7-497c-91de-8f89620c7243 None None] Registered counter for database keystone
Feb 13 18:10:01 devstack devstack@keystone.service[40158]: DEBUG oslo_db.sqlalchemy.engines [None req-2c7c3010-c0d7-497c-91de-8f89620c7243 None None] MySQL server mode set to STRICT_TRANS_TABLES,STRICT_ALL_TABLES,NO_ZERO_IN_DATE,NO_ZERO_DATE,ERROR_FOR_DIVISION_BY_ZERO,TRADITIONAL,NO_ENGINE_SUBSTITUTION {{(pid=40158) _check_effective_sql_mode /opt/stack/data/venv/lib/python3.10/site-packages/oslo_db/sqlalchemy/engines.py:325}}
Feb 13 18:10:01 devstack devstack@keystone.service[40158]: DEBUG dbcounter [-] [40158] Writer thread running {{(pid=40158) stat_writer /opt/stack/data/venv/lib/python3.10/site-packages/dbcounter.py:102}}
Feb 13 18:10:01 devstack devstack@keystone.service[40158]: DEBUG keystone.server.flask.request_processing.middleware.auth_context [None req-2c7c3010-c0d7-497c-91de-8f89620c7243 None None] Validating token access rules against request {{(pid=40158) validate_allowed_request /opt/stack/data/venv/lib/python3.10/site-packages/keystonemiddleware/auth_token/__init__.py:545}}
Feb 13 18:10:01 devstack devstack@keystone.service[40158]: DEBUG keystone.server.flask.request_processing.middleware.auth_context [None req-5d54150d-87a4-4f6f-8abc-e003db68892d admin admin] RBAC: auth_context: {'token': , 'domain_id': None, 'trust_id': None, 'trustor_id': None, 'trustee_id': None, 'domain_name': None, 'group_ids': [], 'user_id': '50b06d71cdb64ebbb55b9667a211d62a', 'user_domain_id': 'default', 'system_scope': None, 'project_id': '7d1cb5aeafc74315a303aa1aea206bea', 'project_domain_id': 'default', 'roles': ['admin', 'manager', 'reader', 'member'], 'is_admin_project': True, 'service_user_id': None, 'service_user_domain_id': None, 'service_project_id': None, 'service_project_domain_id': None, 'service_roles': []} {{(pid=40158) fill_context /opt/stack/keystone/keystone/server/flask/request_processing/middleware/auth_context.py:509}}
Feb 13 18:10:01 devstack devstack@keystone.service[40158]: DEBUG keystone.server.flask.request_processing.req_logging [None req-5d54150d-87a4-4f6f-8abc-e003db68892d admin admin] REQUEST_METHOD: `GET` {{(pid=40158) log_request_info /opt/stack/keystone/keystone/server/flask/request_processing/req_logging.py:26}}
Feb 13 18:10:01 devstack devstack@keystone.service[40158]: DEBUG keystone.server.flask.request_processing.req_logging [None req-5d54150d-87a4-4f6f-8abc-e003db68892d admin admin] SCRIPT_NAME: `/identity` {{(pid=40158) log_request_info /opt/stack/keystone/keystone/server/flask/request_processing/req_logging.py:27}}
Feb 13 18:10:01 devstack devstack@keystone.service[40158]: DEBUG keystone.server.flask.request_processing.req_logging [None req-5d54150d-87a4-4f6f-8abc-e003db68892d admin admin] PATH_INFO: `/v3/auth/tokens` {{(pid=40158) log_request_info /opt/stack/keystone/keystone/server/flask/request_processing/req_logging.py:28}}
Feb 13 18:10:01 devstack devstack@keystone.service[40158]: DEBUG keystone.common.rbac_enforcer.enforcer [None req-5d54150d-87a4-4f6f-8abc-e003db68892d admin admin] RBAC: Authorizing `identity:validate_token()` {{(pid=40158) enforce_call /opt/stack/keystone/keystone/common/rbac_enforcer/enforcer.py:494}}
Feb 13 18:10:02 devstack devstack@keystone.service[40158]: WARNING keystone.common.rbac_enforcer.enforcer [None req-5d54150d-87a4-4f6f-8abc-e003db68892d admin admin] Deprecated policy rules found. Use oslopolicy-policy-generator and oslopolicy-policy-upgrade to detect and resolve deprecated policies in your configuration.
Feb 13 18:10:02 devstack devstack@keystone.service[40158]: DEBUG keystone.common.rbac_enforcer.enforcer [None req-5d54150d-87a4-4f6f-8abc-e003db68892d admin admin] RBAC: Authorization granted {{(pid=40158) enforce_call /opt/stack/keystone/keystone/common/rbac_enforcer/enforcer.py:505}}
Feb 13 18:10:02 devstack devstack@keystone.service[40158]: [pid: 40158|app: 0|req: 3/4] 192.168.122.9 () {58 vars in 1326 bytes} [Fri Feb 13 18:10:01 2026] GET /identity/v3/auth/tokens => generated 979 bytes in 290 msecs (HTTP/1.1 200) 6 headers in 379 bytes (1 switches on core 0)
Feb 13 18:10:02 devstack devstack@keystone.service[40157]: DEBUG keystone.server.flask.request_processing.middleware.auth_context [None req-98c807a0-5d4f-4735-8950-5ca498093994 None None] Authenticating user token {{(pid=40157) process_request /opt/stack/data/venv/lib/python3.10/site-packages/keystonemiddleware/auth_token/__init__.py:407}}
Feb 13 18:10:02 devstack devstack@keystone.service[40157]: DEBUG keystone.server.flask.request_processing.middleware.auth_context [None req-98c807a0-5d4f-4735-8950-5ca498093994 None None] Validating token access rules against request {{(pid=40157) validate_allowed_request /opt/stack/data/venv/lib/python3.10/site-packages/keystonemiddleware/auth_token/__init__.py:545}}
Feb 13 18:10:02 devstack devstack@keystone.service[40157]: DEBUG keystone.server.flask.request_processing.middleware.auth_context [None req-2e701d14-55ca-4fba-8d1a-e4d709e5b5d5 admin admin] RBAC: auth_context: {'token': , 'domain_id': None, 'trust_id': None, 'trustor_id': None, 'trustee_id': None, 'domain_name': None, 'group_ids': [], 'user_id': '50b06d71cdb64ebbb55b9667a211d62a', 'user_domain_id': 'default', 'system_scope': None, 'project_id': '7d1cb5aeafc74315a303aa1aea206bea', 'project_domain_id': 'default', 'roles': ['admin', 'manager', 'reader', 'member'], 'is_admin_project': True, 'service_user_id': None, 'service_user_domain_id': None, 'service_project_id': None, 'service_project_domain_id': None, 'service_roles': []} {{(pid=40157) fill_context /opt/stack/keystone/keystone/server/flask/request_processing/middleware/auth_context.py:509}}
Feb 13 18:10:02 devstack devstack@keystone.service[40157]: DEBUG keystone.server.flask.request_processing.req_logging [None req-2e701d14-55ca-4fba-8d1a-e4d709e5b5d5 admin admin] REQUEST_METHOD: `GET` {{(pid=40157) log_request_info /opt/stack/keystone/keystone/server/flask/request_processing/req_logging.py:26}}
Feb 13 18:10:02 devstack devstack@keystone.service[40157]: DEBUG keystone.server.flask.request_processing.req_logging [None req-2e701d14-55ca-4fba-8d1a-e4d709e5b5d5 admin admin] SCRIPT_NAME: `/identity` {{(pid=40157) log_request_info /opt/stack/keystone/keystone/server/flask/request_processing/req_logging.py:27}}
Feb 13 18:10:02 devstack devstack@keystone.service[40157]: DEBUG keystone.server.flask.request_processing.req_logging [None req-2e701d14-55ca-4fba-8d1a-e4d709e5b5d5 admin admin] PATH_INFO: `/v3/projects/7d1cb5aeafc74315a303aa1aea206bea` {{(pid=40157) log_request_info /opt/stack/keystone/keystone/server/flask/request_processing/req_logging.py:28}}
Feb 13 18:10:02 devstack devstack@keystone.service[40157]: DEBUG keystone.common.rbac_enforcer.enforcer [None req-2e701d14-55ca-4fba-8d1a-e4d709e5b5d5 admin admin] RBAC: Authorizing `identity:get_project(project_id=7d1cb5aeafc74315a303aa1aea206bea)` {{(pid=40157) enforce_call /opt/stack/keystone/keystone/common/rbac_enforcer/enforcer.py:494}}
Feb 13 18:10:02 devstack devstack@keystone.service[40157]: WARNING keystone.common.rbac_enforcer.enforcer [None req-2e701d14-55ca-4fba-8d1a-e4d709e5b5d5 admin admin] Deprecated policy rules found. Use oslopolicy-policy-generator and oslopolicy-policy-upgrade to detect and resolve deprecated policies in your configuration.
Feb 13 18:10:02 devstack devstack@keystone.service[40157]: DEBUG keystone.common.rbac_enforcer.enforcer [None req-2e701d14-55ca-4fba-8d1a-e4d709e5b5d5 admin admin] RBAC: Authorization granted {{(pid=40157) enforce_call /opt/stack/keystone/keystone/common/rbac_enforcer/enforcer.py:505}}
Feb 13 18:10:02 devstack devstack@keystone.service[40157]: [pid: 40157|app: 0|req: 2/5] 192.168.122.9 () {56 vars in 1209 bytes} [Fri Feb 13 18:10:02 2026] GET /identity/v3/projects/7d1cb5aeafc74315a303aa1aea206bea => generated 346 bytes in 56 msecs (HTTP/1.1 200) 5 headers in 177 bytes (1 switches on core 0)
Feb 13 18:10:03 devstack devstack@keystone.service[40158]: DEBUG keystone.server.flask.request_processing.req_logging [None req-35cabe9f-e842-46da-a738-4e244684add4 None None] REQUEST_METHOD: `GET` {{(pid=40158) log_request_info /opt/stack/keystone/keystone/server/flask/request_processing/req_logging.py:26}}
Feb 13 18:10:03 devstack devstack@keystone.service[40158]: DEBUG keystone.server.flask.request_processing.req_logging [None req-35cabe9f-e842-46da-a738-4e244684add4 None None] SCRIPT_NAME: `/identity` {{(pid=40158) log_request_info /opt/stack/keystone/keystone/server/flask/request_processing/req_logging.py:27}}
Feb 13 18:10:03 devstack devstack@keystone.service[40158]: DEBUG keystone.server.flask.request_processing.req_logging [None req-35cabe9f-e842-46da-a738-4e244684add4 None None] PATH_INFO: `/` {{(pid=40158) log_request_info /opt/stack/keystone/keystone/server/flask/request_processing/req_logging.py:28}}
Feb 13 18:10:03 devstack devstack@keystone.service[40158]: [pid: 40158|app: 0|req: 4/6] 192.168.122.9 () {54 vars in 929 bytes} [Fri Feb 13 18:10:03 2026] GET /identity => generated 272 bytes in 3 msecs (HTTP/1.1 300) 6 headers in 236 bytes (1 switches on core 0)
Feb 13 18:10:03 devstack devstack@keystone.service[40157]: DEBUG keystone.server.flask.request_processing.req_logging [None req-d0da6959-fe9b-42f6-8064-3c9f640df3f9 None None] REQUEST_METHOD: `POST` {{(pid=40157) log_request_info /opt/stack/keystone/keystone/server/flask/request_processing/req_logging.py:26}}
Feb 13 18:10:03 devstack devstack@keystone.service[40157]: DEBUG keystone.server.flask.request_processing.req_logging [None req-d0da6959-fe9b-42f6-8064-3c9f640df3f9 None None] SCRIPT_NAME: `/identity` {{(pid=40157) log_request_info /opt/stack/keystone/keystone/server/flask/request_processing/req_logging.py:27}}
Feb 13 18:10:03 devstack devstack@keystone.service[40157]: DEBUG keystone.server.flask.request_processing.req_logging [None req-d0da6959-fe9b-42f6-8064-3c9f640df3f9 None None] PATH_INFO: `/v3/auth/tokens` {{(pid=40157) log_request_info /opt/stack/keystone/keystone/server/flask/request_processing/req_logging.py:28}}
Feb 13 18:10:03 devstack devstack@keystone.service[40157]: WARNING keystone.common.password_hashing [None req-d0da6959-fe9b-42f6-8064-3c9f640df3f9 None None] Truncating password to algorithm specific maximum length 72 characters.
Feb 13 18:10:03 devstack devstack@keystone.service[40157]: DEBUG keystone.auth.core [None req-d0da6959-fe9b-42f6-8064-3c9f640df3f9 None None] MFA Rules not processed for user `50b06d71cdb64ebbb55b9667a211d62a`. Rule list: `[]` (Enabled: `True`). {{(pid=40157) check_auth_methods_against_rules /opt/stack/keystone/keystone/auth/core.py:476}}
Feb 13 18:10:03 devstack devstack@keystone.service[40157]: DEBUG keystone.common.fernet_utils [None req-d0da6959-fe9b-42f6-8064-3c9f640df3f9 None None] Loaded 2 Fernet keys from /etc/keystone/fernet-keys/, but `[fernet_tokens] max_active_keys = 3`; perhaps there have not been enough key rotations to reach `max_active_keys` yet? {{(pid=40157) load_keys /opt/stack/keystone/keystone/common/fernet_utils.py:297}}
Feb 13 18:10:03 devstack devstack@keystone.service[40157]: [pid: 40157|app: 0|req: 3/7] 192.168.122.9 () {58 vars in 1026 bytes} [Fri Feb 13 18:10:03 2026] POST /identity/v3/auth/tokens => generated 979 bytes in 35 msecs (HTTP/1.1 201) 6 headers in 384 bytes (1 switches on core 0)
Feb 13 18:10:03 devstack devstack@keystone.service[40158]: DEBUG keystone.server.flask.request_processing.middleware.auth_context [None req-35cabe9f-e842-46da-a738-4e244684add4 None None] Authenticating user token {{(pid=40158) process_request /opt/stack/data/venv/lib/python3.10/site-packages/keystonemiddleware/auth_token/__init__.py:407}}
Feb 13 18:10:03 devstack devstack@keystone.service[40158]: DEBUG keystone.server.flask.request_processing.middleware.auth_context [None req-35cabe9f-e842-46da-a738-4e244684add4 None None] Validating token access rules against request {{(pid=40158) validate_allowed_request /opt/stack/data/venv/lib/python3.10/site-packages/keystonemiddleware/auth_token/__init__.py:545}}
Feb 13 18:10:03 devstack devstack@keystone.service[40158]: DEBUG keystone.server.flask.request_processing.middleware.auth_context [None req-c95890e2-0805-4231-a1fa-acf449c97168 admin admin] RBAC: auth_context: {'token': , 'domain_id': None, 'trust_id': None, 'trustor_id': None, 'trustee_id': None, 'domain_name': None, 'group_ids': [], 'user_id': '50b06d71cdb64ebbb55b9667a211d62a', 'user_domain_id': 'default', 'system_scope': None, 'project_id': '7d1cb5aeafc74315a303aa1aea206bea', 'project_domain_id': 'default', 'roles': ['admin', 'manager', 'reader', 'member'], 'is_admin_project': True, 'service_user_id': None, 'service_user_domain_id': None, 'service_project_id': None, 'service_project_domain_id': None, 'service_roles': []} {{(pid=40158) fill_context /opt/stack/keystone/keystone/server/flask/request_processing/middleware/auth_context.py:509}}
Feb 13 18:10:03 devstack devstack@keystone.service[40158]: DEBUG keystone.server.flask.request_processing.req_logging [None req-c95890e2-0805-4231-a1fa-acf449c97168 admin admin] REQUEST_METHOD: `GET` {{(pid=40158) log_request_info /opt/stack/keystone/keystone/server/flask/request_processing/req_logging.py:26}}
Feb 13 18:10:03 devstack devstack@keystone.service[40158]: DEBUG keystone.server.flask.request_processing.req_logging [None req-c95890e2-0805-4231-a1fa-acf449c97168 admin admin] SCRIPT_NAME: `/identity` {{(pid=40158) log_request_info /opt/stack/keystone/keystone/server/flask/request_processing/req_logging.py:27}}
Feb 13 18:10:03 devstack devstack@keystone.service[40158]: DEBUG keystone.server.flask.request_processing.req_logging [None req-c95890e2-0805-4231-a1fa-acf449c97168 admin admin] PATH_INFO: `/v3/users/admin` {{(pid=40158) log_request_info /opt/stack/keystone/keystone/server/flask/request_processing/req_logging.py:28}}
Feb 13 18:10:03 devstack devstack@keystone.service[40158]: DEBUG keystone.common.rbac_enforcer.enforcer [None req-c95890e2-0805-4231-a1fa-acf449c97168 admin admin] RBAC: Authorizing `identity:get_user(user_id=admin)` {{(pid=40158) enforce_call /opt/stack/keystone/keystone/common/rbac_enforcer/enforcer.py:494}}
Feb 13 18:10:03 devstack devstack@keystone.service[40158]: DEBUG keystone.common.rbac_enforcer.enforcer [None req-c95890e2-0805-4231-a1fa-acf449c97168 admin admin] RBAC: Authorization granted {{(pid=40158) enforce_call /opt/stack/keystone/keystone/common/rbac_enforcer/enforcer.py:505}}
Feb 13 18:10:03 devstack devstack@keystone.service[40158]: DEBUG keystone.server.flask.application [None req-c95890e2-0805-4231-a1fa-acf449c97168 admin admin] Could not find user: admin. {{(pid=40158) _handle_keystone_exception /opt/stack/keystone/keystone/server/flask/application.py:146}}
Feb 13 18:10:03 devstack devstack@keystone.service[40158]: [pid: 40158|app: 0|req: 5/8] 192.168.122.9 () {56 vars in 1163 bytes} [Fri Feb 13 18:10:03 2026] GET /identity/v3/users/admin => generated 83 bytes in 53 msecs (HTTP/1.1 404) 5 headers in 183 bytes (1 switches on core 0)
Feb 13 18:10:03 devstack devstack@keystone.service[40157]: DEBUG keystone.server.flask.request_processing.middleware.auth_context [None req-d0da6959-fe9b-42f6-8064-3c9f640df3f9 None None] Authenticating user token {{(pid=40157) process_request /opt/stack/data/venv/lib/python3.10/site-packages/keystonemiddleware/auth_token/__init__.py:407}}
Feb 13 18:10:03 devstack devstack@keystone.service[40157]: DEBUG keystone.server.flask.request_processing.middleware.auth_context [None req-d0da6959-fe9b-42f6-8064-3c9f640df3f9 None None] Validating token access rules against request {{(pid=40157) validate_allowed_request /opt/stack/data/venv/lib/python3.10/site-packages/keystonemiddleware/auth_token/__init__.py:545}}
Feb 13 18:10:03 devstack devstack@keystone.service[40157]: DEBUG keystone.server.flask.request_processing.middleware.auth_context [None req-8ce6d3c5-9ebd-4d39-83d8-014e07bbd44f admin admin] RBAC: auth_context: {'token': , 'domain_id': None, 'trust_id': None, 'trustor_id': None, 'trustee_id': None, 'domain_name': None, 'group_ids': [], 'user_id': '50b06d71cdb64ebbb55b9667a211d62a', 'user_domain_id': 'default', 'system_scope': None, 'project_id': '7d1cb5aeafc74315a303aa1aea206bea', 'project_domain_id': 'default', 'roles': ['admin', 'manager', 'reader', 'member'], 'is_admin_project': True, 'service_user_id': None, 'service_user_domain_id': None, 'service_project_id': None, 'service_project_domain_id': None, 'service_roles': []} {{(pid=40157) fill_context /opt/stack/keystone/keystone/server/flask/request_processing/middleware/auth_context.py:509}}
Feb 13 18:10:03 devstack devstack@keystone.service[40157]: DEBUG keystone.server.flask.request_processing.req_logging [None req-8ce6d3c5-9ebd-4d39-83d8-014e07bbd44f admin admin] REQUEST_METHOD: `GET` {{(pid=40157) log_request_info /opt/stack/keystone/keystone/server/flask/request_processing/req_logging.py:26}}
Feb 13 18:10:03 devstack devstack@keystone.service[40157]: DEBUG keystone.server.flask.request_processing.req_logging [None req-8ce6d3c5-9ebd-4d39-83d8-014e07bbd44f admin admin] SCRIPT_NAME: `/identity` {{(pid=40157) log_request_info /opt/stack/keystone/keystone/server/flask/request_processing/req_logging.py:27}}
Feb 13 18:10:03 devstack devstack@keystone.service[40157]: DEBUG keystone.server.flask.request_processing.req_logging [None req-8ce6d3c5-9ebd-4d39-83d8-014e07bbd44f admin admin] PATH_INFO: `/v3/users` {{(pid=40157) log_request_info /opt/stack/keystone/keystone/server/flask/request_processing/req_logging.py:28}}
Feb 13 18:10:03 devstack devstack@keystone.service[40157]: DEBUG keystone.common.rbac_enforcer.enforcer [None req-8ce6d3c5-9ebd-4d39-83d8-014e07bbd44f admin admin] RBAC: Adding query filter params (name=admin) {{(pid=40157) _extract_filter_values /opt/stack/keystone/keystone/common/rbac_enforcer/enforcer.py:176}}
Feb 13 18:10:03 devstack devstack@keystone.service[40157]: DEBUG keystone.common.rbac_enforcer.enforcer [None req-8ce6d3c5-9ebd-4d39-83d8-014e07bbd44f admin admin] RBAC: Authorizing `identity:list_users()` {{(pid=40157) enforce_call /opt/stack/keystone/keystone/common/rbac_enforcer/enforcer.py:494}}
Feb 13 18:10:03 devstack devstack@keystone.service[40157]: DEBUG keystone.common.rbac_enforcer.enforcer [None req-8ce6d3c5-9ebd-4d39-83d8-014e07bbd44f admin admin] RBAC: Authorization granted {{(pid=40157) enforce_call /opt/stack/keystone/keystone/common/rbac_enforcer/enforcer.py:505}}
Feb 13 18:10:04 devstack devstack@keystone.service[40157]: [pid: 40157|app: 0|req: 4/9] 192.168.122.9 () {56 vars in 1179 bytes} [Fri Feb 13 18:10:03 2026] GET /identity/v3/users?name=admin => generated 356 bytes in 60 msecs (HTTP/1.1 200) 5 headers in 177 bytes (1 switches on core 0)
Feb 13 18:10:05 devstack devstack@keystone.service[40158]: DEBUG keystone.server.flask.request_processing.req_logging [None req-e8ca5b56-bc18-4492-b162-d8bbbbe51e6d None None] REQUEST_METHOD: `GET` {{(pid=40158) log_request_info /opt/stack/keystone/keystone/server/flask/request_processing/req_logging.py:26}}
Feb 13 18:10:05 devstack devstack@keystone.service[40158]: DEBUG keystone.server.flask.request_processing.req_logging [None req-e8ca5b56-bc18-4492-b162-d8bbbbe51e6d None None] SCRIPT_NAME: `/identity` {{(pid=40158) log_request_info /opt/stack/keystone/keystone/server/flask/request_processing/req_logging.py:27}}
Feb 13 18:10:05 devstack devstack@keystone.service[40158]: DEBUG keystone.server.flask.request_processing.req_logging [None req-e8ca5b56-bc18-4492-b162-d8bbbbe51e6d None None] PATH_INFO: `/` {{(pid=40158) log_request_info /opt/stack/keystone/keystone/server/flask/request_processing/req_logging.py:28}}
Feb 13 18:10:05 devstack devstack@keystone.service[40158]: [pid: 40158|app: 0|req: 6/10] 192.168.122.9 () {54 vars in 929 bytes} [Fri Feb 13 18:10:05 2026] GET /identity => generated 272 bytes in 2 msecs (HTTP/1.1 300) 6 headers in 236 bytes (1 switches on core 0)
Feb 13 18:10:05 devstack devstack@keystone.service[40157]: DEBUG keystone.server.flask.request_processing.req_logging [None req-4d43fc7d-1cae-468f-9782-1e8bd1b6a482 None None] REQUEST_METHOD: `POST` {{(pid=40157) log_request_info /opt/stack/keystone/keystone/server/flask/request_processing/req_logging.py:26}}
Feb 13 18:10:05 devstack devstack@keystone.service[40157]: DEBUG keystone.server.flask.request_processing.req_logging [None req-4d43fc7d-1cae-468f-9782-1e8bd1b6a482 None None] SCRIPT_NAME: `/identity` {{(pid=40157) log_request_info /opt/stack/keystone/keystone/server/flask/request_processing/req_logging.py:27}}
Feb 13 18:10:05 devstack devstack@keystone.service[40157]: DEBUG keystone.server.flask.request_processing.req_logging [None req-4d43fc7d-1cae-468f-9782-1e8bd1b6a482 None None] PATH_INFO: `/v3/auth/tokens` {{(pid=40157) log_request_info /opt/stack/keystone/keystone/server/flask/request_processing/req_logging.py:28}}
Feb 13 18:10:05 devstack devstack@keystone.service[40158]: DEBUG keystone.server.flask.request_processing.req_logging [None req-a768f7cd-d5c4-4160-9805-9c5817db9df4 None None] REQUEST_METHOD: `GET` {{(pid=40158) log_request_info /opt/stack/keystone/keystone/server/flask/request_processing/req_logging.py:26}}
Feb 13 18:10:05 devstack devstack@keystone.service[40158]: DEBUG keystone.server.flask.request_processing.req_logging [None req-a768f7cd-d5c4-4160-9805-9c5817db9df4 None None] SCRIPT_NAME: `/identity` {{(pid=40158) log_request_info /opt/stack/keystone/keystone/server/flask/request_processing/req_logging.py:27}}
Feb 13 18:10:05 devstack devstack@keystone.service[40158]: DEBUG keystone.server.flask.request_processing.req_logging [None req-a768f7cd-d5c4-4160-9805-9c5817db9df4 None None] PATH_INFO: `/` {{(pid=40158) log_request_info /opt/stack/keystone/keystone/server/flask/request_processing/req_logging.py:28}}
Feb 13 18:10:05 devstack devstack@keystone.service[40158]: [pid: 40158|app: 0|req: 7/11] 192.168.122.9 () {54 vars in 929 bytes} [Fri Feb 13 18:10:05 2026] GET /identity => generated 272 bytes in 2 msecs (HTTP/1.1 300) 6 headers in 236 bytes (1 switches on core 0)
Feb 13 18:10:05 devstack devstack@keystone.service[40157]: WARNING keystone.common.password_hashing [None req-4d43fc7d-1cae-468f-9782-1e8bd1b6a482 None None] Truncating password to algorithm specific maximum length 72 characters.
Feb 13 18:10:05 devstack devstack@keystone.service[40158]: DEBUG keystone.server.flask.request_processing.req_logging [None req-45a45599-ccb2-4023-a2ce-13f79fbd90d0 None None] REQUEST_METHOD: `POST` {{(pid=40158) log_request_info /opt/stack/keystone/keystone/server/flask/request_processing/req_logging.py:26}}
Feb 13 18:10:05 devstack devstack@keystone.service[40158]: DEBUG keystone.server.flask.request_processing.req_logging [None req-45a45599-ccb2-4023-a2ce-13f79fbd90d0 None None] SCRIPT_NAME: `/identity` {{(pid=40158) log_request_info /opt/stack/keystone/keystone/server/flask/request_processing/req_logging.py:27}}
Feb 13 18:10:05 devstack devstack@keystone.service[40158]: DEBUG keystone.server.flask.request_processing.req_logging [None req-45a45599-ccb2-4023-a2ce-13f79fbd90d0 None None] PATH_INFO: `/v3/auth/tokens` {{(pid=40158) log_request_info /opt/stack/keystone/keystone/server/flask/request_processing/req_logging.py:28}}
Feb 13 18:10:05 devstack devstack@keystone.service[40157]: DEBUG keystone.auth.core [None req-4d43fc7d-1cae-468f-9782-1e8bd1b6a482 None None] MFA Rules not processed for user `50b06d71cdb64ebbb55b9667a211d62a`. Rule list: `[]` (Enabled: `True`). {{(pid=40157) check_auth_methods_against_rules /opt/stack/keystone/keystone/auth/core.py:476}}
Feb 13 18:10:05 devstack devstack@keystone.service[40157]: DEBUG keystone.common.fernet_utils [None req-4d43fc7d-1cae-468f-9782-1e8bd1b6a482 None None] Loaded 2 Fernet keys from /etc/keystone/fernet-keys/, but `[fernet_tokens] max_active_keys = 3`; perhaps there have not been enough key rotations to reach `max_active_keys` yet? {{(pid=40157) load_keys /opt/stack/keystone/keystone/common/fernet_utils.py:297}}
Feb 13 18:10:05 devstack devstack@keystone.service[40158]: WARNING keystone.common.password_hashing [None req-45a45599-ccb2-4023-a2ce-13f79fbd90d0 None None] Truncating password to algorithm specific maximum length 72 characters.
Feb 13 18:10:05 devstack devstack@keystone.service[40158]: DEBUG keystone.auth.core [None req-45a45599-ccb2-4023-a2ce-13f79fbd90d0 None None] MFA Rules not processed for user `50b06d71cdb64ebbb55b9667a211d62a`. Rule list: `[]` (Enabled: `True`). {{(pid=40158) check_auth_methods_against_rules /opt/stack/keystone/keystone/auth/core.py:476}}
Feb 13 18:10:05 devstack devstack@keystone.service[40158]: DEBUG keystone.common.fernet_utils [None req-45a45599-ccb2-4023-a2ce-13f79fbd90d0 None None] Loaded 2 Fernet keys from /etc/keystone/fernet-keys/, but `[fernet_tokens] max_active_keys = 3`; perhaps there have not been enough key rotations to reach `max_active_keys` yet? {{(pid=40158) load_keys /opt/stack/keystone/keystone/common/fernet_utils.py:297}}
Feb 13 18:10:05 devstack devstack@keystone.service[40157]: [pid: 40157|app: 0|req: 5/12] 192.168.122.9 () {58 vars in 1026 bytes} [Fri Feb 13 18:10:05 2026] POST /identity/v3/auth/tokens => generated 864 bytes in 116 msecs (HTTP/1.1 201) 6 headers in 363 bytes (1 switches on core 0)
Feb 13 18:10:05 devstack devstack@keystone.service[40158]: [pid: 40158|app: 0|req: 8/13] 192.168.122.9 () {58 vars in 1026 bytes} [Fri Feb 13 18:10:05 2026] POST /identity/v3/auth/tokens => generated 864 bytes in 114 msecs (HTTP/1.1 201) 6 headers in 363 bytes (1 switches on core 0)
Feb 13 18:10:05 devstack devstack@keystone.service[40157]: DEBUG keystone.server.flask.request_processing.middleware.auth_context [None req-4d43fc7d-1cae-468f-9782-1e8bd1b6a482 None None] Authenticating user token {{(pid=40157) process_request /opt/stack/data/venv/lib/python3.10/site-packages/keystonemiddleware/auth_token/__init__.py:407}}
Feb 13 18:10:06 devstack devstack@keystone.service[40158]: DEBUG keystone.server.flask.request_processing.middleware.auth_context [None req-45a45599-ccb2-4023-a2ce-13f79fbd90d0 None None] Authenticating user token {{(pid=40158) process_request /opt/stack/data/venv/lib/python3.10/site-packages/keystonemiddleware/auth_token/__init__.py:407}}
Feb 13 18:10:06 devstack devstack@keystone.service[40157]: DEBUG keystone.server.flask.request_processing.middleware.auth_context [None req-4d43fc7d-1cae-468f-9782-1e8bd1b6a482 None None] Validating token access rules against request {{(pid=40157) validate_allowed_request /opt/stack/data/venv/lib/python3.10/site-packages/keystonemiddleware/auth_token/__init__.py:545}}
Feb 13 18:10:06 devstack devstack@keystone.service[40158]: DEBUG keystone.server.flask.request_processing.middleware.auth_context [None req-45a45599-ccb2-4023-a2ce-13f79fbd90d0 None None] Validating token access rules against request {{(pid=40158) validate_allowed_request /opt/stack/data/venv/lib/python3.10/site-packages/keystonemiddleware/auth_token/__init__.py:545}}
Feb 13 18:10:06 devstack devstack@keystone.service[40158]: DEBUG keystone.server.flask.request_processing.middleware.auth_context [None req-e0df06e9-1f3c-4a25-bf1a-d6fd753c1beb None admin] RBAC: auth_context: {'token': , 'domain_id': None, 'trust_id': None, 'trustor_id': None, 'trustee_id': None, 'domain_name': None, 'group_ids': [], 'user_id': '50b06d71cdb64ebbb55b9667a211d62a', 'user_domain_id': 'default', 'system_scope': 'all', 'project_id': None, 'project_domain_id': None, 'roles': ['admin', 'manager', 'member', 'reader'], 'is_admin_project': True, 'service_user_id': None, 'service_user_domain_id': None, 'service_project_id': None, 'service_project_domain_id': None, 'service_roles': []} {{(pid=40158) fill_context /opt/stack/keystone/keystone/server/flask/request_processing/middleware/auth_context.py:509}}
Feb 13 18:10:06 devstack devstack@keystone.service[40157]: DEBUG keystone.server.flask.request_processing.middleware.auth_context [None req-5134d843-26f9-40e4-878f-6e48b4eb1258 None admin] RBAC: auth_context: {'token': , 'domain_id': None, 'trust_id': None, 'trustor_id': None, 'trustee_id': None, 'domain_name': None, 'group_ids': [], 'user_id': '50b06d71cdb64ebbb55b9667a211d62a', 'user_domain_id': 'default', 'system_scope': 'all', 'project_id': None, 'project_domain_id': None, 'roles': ['admin', 'manager', 'member', 'reader'], 'is_admin_project': True, 'service_user_id': None, 'service_user_domain_id': None, 'service_project_id': None, 'service_project_domain_id': None, 'service_roles': []} {{(pid=40157) fill_context /opt/stack/keystone/keystone/server/flask/request_processing/middleware/auth_context.py:509}}
Feb 13 18:10:06 devstack devstack@keystone.service[40158]: DEBUG keystone.server.flask.request_processing.req_logging [None req-e0df06e9-1f3c-4a25-bf1a-d6fd753c1beb None admin] REQUEST_METHOD: `GET` {{(pid=40158) log_request_info /opt/stack/keystone/keystone/server/flask/request_processing/req_logging.py:26}}
Feb 13 18:10:06 devstack devstack@keystone.service[40158]: DEBUG keystone.server.flask.request_processing.req_logging [None req-e0df06e9-1f3c-4a25-bf1a-d6fd753c1beb None admin] SCRIPT_NAME: `/identity` {{(pid=40158) log_request_info /opt/stack/keystone/keystone/server/flask/request_processing/req_logging.py:27}}
Feb 13 18:10:06 devstack devstack@keystone.service[40157]: DEBUG keystone.server.flask.request_processing.req_logging [None req-5134d843-26f9-40e4-878f-6e48b4eb1258 None admin] REQUEST_METHOD: `POST` {{(pid=40157) log_request_info /opt/stack/keystone/keystone/server/flask/request_processing/req_logging.py:26}}
Feb 13 18:10:06 devstack devstack@keystone.service[40158]: DEBUG keystone.server.flask.request_processing.req_logging [None req-e0df06e9-1f3c-4a25-bf1a-d6fd753c1beb None admin] PATH_INFO: `/v3/roles/admin` {{(pid=40158) log_request_info /opt/stack/keystone/keystone/server/flask/request_processing/req_logging.py:28}}
Feb 13 18:10:06 devstack devstack@keystone.service[40157]: DEBUG keystone.server.flask.request_processing.req_logging [None req-5134d843-26f9-40e4-878f-6e48b4eb1258 None admin] SCRIPT_NAME: `/identity` {{(pid=40157) log_request_info /opt/stack/keystone/keystone/server/flask/request_processing/req_logging.py:27}}
Feb 13 18:10:06 devstack devstack@keystone.service[40157]: DEBUG keystone.server.flask.request_processing.req_logging [None req-5134d843-26f9-40e4-878f-6e48b4eb1258 None admin] PATH_INFO: `/v3/domains` {{(pid=40157) log_request_info /opt/stack/keystone/keystone/server/flask/request_processing/req_logging.py:28}}
Feb 13 18:10:06 devstack devstack@keystone.service[40157]: DEBUG keystone.common.rbac_enforcer.enforcer [None req-5134d843-26f9-40e4-878f-6e48b4eb1258 None admin] RBAC: Authorizing `identity:create_domain()` {{(pid=40157) enforce_call /opt/stack/keystone/keystone/common/rbac_enforcer/enforcer.py:494}}
Feb 13 18:10:06 devstack devstack@keystone.service[40157]: DEBUG keystone.common.rbac_enforcer.enforcer [None req-5134d843-26f9-40e4-878f-6e48b4eb1258 None admin] RBAC: Authorization granted {{(pid=40157) enforce_call /opt/stack/keystone/keystone/common/rbac_enforcer/enforcer.py:505}}
Feb 13 18:10:06 devstack devstack@keystone.service[40158]: DEBUG keystone.common.rbac_enforcer.enforcer [None req-e0df06e9-1f3c-4a25-bf1a-d6fd753c1beb None admin] Extracting inferred target data resulted in "NOT FOUND (404)". {{(pid=40158) enforce_call /opt/stack/keystone/keystone/common/rbac_enforcer/enforcer.py:445}}
Feb 13 18:10:06 devstack devstack@keystone.service[40158]: DEBUG keystone.server.flask.application [None req-e0df06e9-1f3c-4a25-bf1a-d6fd753c1beb None admin] Could not find role: admin. {{(pid=40158) _handle_keystone_exception /opt/stack/keystone/keystone/server/flask/application.py:146}}
Feb 13 18:10:06 devstack devstack@keystone.service[40157]: DEBUG keystone.common.sql.core [None req-5134d843-26f9-40e4-878f-6e48b4eb1258 None admin] Conflict project: (pymysql.err.IntegrityError) (1062, "Duplicate entry '<>-Default' for key 'project.ixu_project_name_domain_id'")
Feb 13 18:10:06 devstack devstack@keystone.service[40157]: [SQL: INSERT INTO project (id, name, domain_id, description, enabled, extra, parent_id, is_domain) VALUES (%(id)s, %(name)s, %(domain_id)s, %(description)s, %(enabled)s, %(extra)s, %(parent_id)s, %(is_domain)s)]
Feb 13 18:10:06 devstack devstack@keystone.service[40157]: [parameters: {'id': '4cffa92219fc4df3a5a04cb82119f341', 'name': 'Default', 'domain_id': '<>', 'description': '', 'enabled': 1, 'extra': '{}', 'parent_id': None, 'is_domain': 1}]
Feb 13 18:10:06 devstack devstack@keystone.service[40157]: (Background on this error at: https://sqlalche.me/e/20/gkpj) {{(pid=40157) wrapper /opt/stack/keystone/keystone/common/sql/core.py:580}}
Feb 13 18:10:06 devstack devstack@keystone.service[40158]: [pid: 40158|app: 0|req: 9/14] 192.168.122.9 () {56 vars in 1142 bytes} [Fri Feb 13 18:10:06 2026] GET /identity/v3/roles/admin => generated 83 bytes in 113 msecs (HTTP/1.1 404) 5 headers in 183 bytes (1 switches on core 0)
Feb 13 18:10:06 devstack devstack@keystone.service[40158]: DEBUG keystone.server.flask.request_processing.middleware.auth_context [None req-e0df06e9-1f3c-4a25-bf1a-d6fd753c1beb None admin] Authenticating user token {{(pid=40158) process_request /opt/stack/data/venv/lib/python3.10/site-packages/keystonemiddleware/auth_token/__init__.py:407}}
Feb 13 18:10:06 devstack devstack@keystone.service[40157]: ERROR keystone.server.flask.application [None req-5134d843-26f9-40e4-878f-6e48b4eb1258 None admin] Conflict occurred attempting to store project - it is not permitted to have two projects acting as domains with the same name: Default.: keystone.exception.Conflict: Conflict occurred attempting to store project - it is not permitted to have two projects acting as domains with the same name: Default.
Feb 13 18:10:06 devstack devstack@keystone.service[40157]: ERROR keystone.server.flask.application
Traceback (most recent call last):
Feb 13 18:10:06 devstack devstack@keystone.service[40157]: ERROR keystone.server.flask.application
File "/opt/stack/data/venv/lib/python3.10/site-packages/sqlalchemy/engine/base.py", line 1967, in _exec_single_context
Feb 13 18:10:06 devstack devstack@keystone.service[40157]: ERROR keystone.server.flask.application self.dialect.do_execute(
Feb 13 18:10:06 devstack devstack@keystone.service[40157]: ERROR keystone.server.flask.application
File "/opt/stack/data/venv/lib/python3.10/site-packages/sqlalchemy/engine/default.py", line 951, in do_execute
Feb 13 18:10:06 devstack devstack@keystone.service[40157]: ERROR keystone.server.flask.application cursor.execute(statement, parameters)
Feb 13 18:10:06 devstack devstack@keystone.service[40157]: ERROR keystone.server.flask.application
File "/opt/stack/data/venv/lib/python3.10/site-packages/pymysql/cursors.py", line 153, in execute
Feb 13 18:10:06 devstack devstack@keystone.service[40157]: ERROR keystone.server.flask.application result = self._query(query)
Feb 13 18:10:06 devstack devstack@keystone.service[40157]: ERROR keystone.server.flask.application
File "/opt/stack/data/venv/lib/python3.10/site-packages/pymysql/cursors.py", line 322, in _query
Feb 13 18:10:06 devstack devstack@keystone.service[40157]: ERROR keystone.server.flask.application conn.query(q)
Feb 13 18:10:06 devstack devstack@keystone.service[40157]: ERROR keystone.server.flask.application
File "/opt/stack/data/venv/lib/python3.10/site-packages/pymysql/connections.py", line 575, in query
Feb 13 18:10:06 devstack devstack@keystone.service[40157]: ERROR keystone.server.flask.application self._affected_rows = self._read_query_result(unbuffered=unbuffered)
Feb 13 18:10:06 devstack devstack@keystone.service[40157]: ERROR keystone.server.flask.application
File "/opt/stack/data/venv/lib/python3.10/site-packages/pymysql/connections.py", line 826, in _read_query_result
Feb 13 18:10:06 devstack devstack@keystone.service[40157]: ERROR keystone.server.flask.application result.read()
Feb 13 18:10:06 devstack devstack@keystone.service[40157]: ERROR keystone.server.flask.application
File "/opt/stack/data/venv/lib/python3.10/site-packages/pymysql/connections.py", line 1203, in read
Feb 13 18:10:06 devstack devstack@keystone.service[40157]: ERROR keystone.server.flask.application first_packet = self.connection._read_packet()
Feb 13 18:10:06 devstack devstack@keystone.service[40157]: ERROR keystone.server.flask.application
File "/opt/stack/data/venv/lib/python3.10/site-packages/pymysql/connections.py", line 782, in _read_packet
Feb 13 18:10:06 devstack devstack@keystone.service[40157]: ERROR keystone.server.flask.application packet.raise_for_error()
Feb 13 18:10:06 devstack devstack@keystone.service[40157]: ERROR keystone.server.flask.application
File "/opt/stack/data/venv/lib/python3.10/site-packages/pymysql/protocol.py", line 219, in raise_for_error
Feb 13 18:10:06 devstack devstack@keystone.service[40157]: ERROR keystone.server.flask.application err.raise_mysql_exception(self._data)
Feb 13 18:10:06 devstack devstack@keystone.service[40157]: ERROR keystone.server.flask.application
File "/opt/stack/data/venv/lib/python3.10/site-packages/pymysql/err.py", line 150, in raise_mysql_exception
Feb 13 18:10:06 devstack devstack@keystone.service[40157]: ERROR keystone.server.flask.application raise errorclass(errno, errval)
Feb 13 18:10:06 devstack devstack@keystone.service[40157]: ERROR keystone.server.flask.application pymysql.err.IntegrityError: (1062, "Duplicate entry '<>-Default' for key 'project.ixu_project_name_domain_id'")
Feb 13 18:10:06 devstack devstack@keystone.service[40157]: ERROR keystone.server.flask.application
Feb 13 18:10:06 devstack devstack@keystone.service[40157]: ERROR keystone.server.flask.application The above exception was the direct cause of the following exception:
Feb 13 18:10:06 devstack devstack@keystone.service[40157]: ERROR keystone.server.flask.application
Feb 13 18:10:06 devstack devstack@keystone.service[40157]: ERROR keystone.server.flask.application
Traceback (most recent call last):
Feb 13 18:10:06 devstack devstack@keystone.service[40157]: ERROR keystone.server.flask.application
File "/opt/stack/keystone/keystone/common/sql/core.py", line 575, in wrapper
Feb 13 18:10:06 devstack devstack@keystone.service[40157]: ERROR keystone.server.flask.application return method(*args, **kwargs)
Feb 13 18:10:06 devstack devstack@keystone.service[40157]: ERROR keystone.server.flask.application
File "/opt/stack/keystone/keystone/resource/backends/sql.py", line 278, in create_project
Feb 13 18:10:06 devstack devstack@keystone.service[40157]: ERROR keystone.server.flask.application with sql.session_for_write() as session:
Feb 13 18:10:06 devstack devstack@keystone.service[40157]: ERROR keystone.server.flask.application
File "/usr/lib/python3.10/contextlib.py", line 142, in __exit__
Feb 13 18:10:06 devstack devstack@keystone.service[40157]: ERROR keystone.server.flask.application next(self.gen)
Feb 13 18:10:06 devstack devstack@keystone.service[40157]: ERROR keystone.server.flask.application
File "/opt/stack/data/venv/lib/python3.10/site-packages/oslo_db/sqlalchemy/enginefacade.py", line 1175, in _transaction_scope
Feb 13 18:10:06 devstack devstack@keystone.service[40157]: ERROR keystone.server.flask.application with current._produce_block(
Feb 13 18:10:06 devstack devstack@keystone.service[40157]: ERROR keystone.server.flask.application
File "/usr/lib/python3.10/contextlib.py", line 142, in __exit__
Feb 13 18:10:06 devstack devstack@keystone.service[40157]: ERROR keystone.server.flask.application next(self.gen)
Feb 13 18:10:06 devstack devstack@keystone.service[40157]: ERROR keystone.server.flask.application
File "/opt/stack/data/venv/lib/python3.10/site-packages/oslo_db/sqlalchemy/enginefacade.py", line 837, in _session
Feb 13 18:10:06 devstack devstack@keystone.service[40157]: ERROR keystone.server.flask.application with excutils.save_and_reraise_exception():
Feb 13 18:10:06 devstack devstack@keystone.service[40157]: ERROR keystone.server.flask.application
File "/opt/stack/data/venv/lib/python3.10/site-packages/oslo_utils/excutils.py", line 256, in __exit__
Feb 13 18:10:06 devstack devstack@keystone.service[40157]: ERROR keystone.server.flask.application self.force_reraise()
Feb 13 18:10:06 devstack devstack@keystone.service[40157]: ERROR keystone.server.flask.application
File "/opt/stack/data/venv/lib/python3.10/site-packages/oslo_utils/excutils.py", line 222, in force_reraise
Feb 13 18:10:06 devstack devstack@keystone.service[40157]: ERROR keystone.server.flask.application raise self.value
Feb 13 18:10:06 devstack devstack@keystone.service[40157]: ERROR keystone.server.flask.application
File "/opt/stack/data/venv/lib/python3.10/site-packages/oslo_db/sqlalchemy/enginefacade.py", line 835, in _session
Feb 13 18:10:06 devstack devstack@keystone.service[40157]: ERROR keystone.server.flask.application self._end_session_transaction(self.session)
Feb 13 18:10:06 devstack devstack@keystone.service[40157]: ERROR keystone.server.flask.application
File "/opt/stack/data/venv/lib/python3.10/site-packages/oslo_db/sqlalchemy/enginefacade.py", line 748, in _end_session_transaction
Feb 13 18:10:06 devstack devstack@keystone.service[40157]: ERROR keystone.server.flask.application session.commit()
Feb 13 18:10:06 devstack devstack@keystone.service[40157]: ERROR keystone.server.flask.application
File "/opt/stack/data/venv/lib/python3.10/site-packages/sqlalchemy/orm/session.py", line 2030, in commit
Feb 13 18:10:06 devstack devstack@keystone.service[40157]: ERROR keystone.server.flask.application trans.commit(_to_root=True)
Feb 13 18:10:06 devstack devstack@keystone.service[40157]: ERROR keystone.server.flask.application File "", line 2, in commit
Feb 13 18:10:06 devstack devstack@keystone.service[40157]: ERROR keystone.server.flask.application
File "/opt/stack/data/venv/lib/python3.10/site-packages/sqlalchemy/orm/state_changes.py", line 137, in _go
Feb 13 18:10:06 devstack devstack@keystone.service[40157]: ERROR keystone.server.flask.application ret_value = fn(self, *arg, **kw)
Feb 13 18:10:06 devstack devstack@keystone.service[40157]: ERROR keystone.server.flask.application
File "/opt/stack/data/venv/lib/python3.10/site-packages/sqlalchemy/orm/session.py", line 1311, in commit
Feb 13 18:10:06 devstack devstack@keystone.service[40157]: ERROR keystone.server.flask.application self._prepare_impl()
Feb 13 18:10:06 devstack devstack@keystone.service[40157]: ERROR keystone.server.flask.application File "", line 2, in _prepare_impl
Feb 13 18:10:06 devstack devstack@keystone.service[40157]: ERROR keystone.server.flask.application
File "/opt/stack/data/venv/lib/python3.10/site-packages/sqlalchemy/orm/state_changes.py", line 137, in _go
Feb 13 18:10:06 devstack devstack@keystone.service[40157]: ERROR keystone.server.flask.application ret_value = fn(self, *arg, **kw)
Feb 13 18:10:06 devstack devstack@keystone.service[40157]: ERROR keystone.server.flask.application
File "/opt/stack/data/venv/lib/python3.10/site-packages/sqlalchemy/orm/session.py", line 1286, in _prepare_impl
