Jul 28 14:19:00 devstack devstack@g-api.service[77458]: DEBUG glance.api.middleware.version_negotiation [None req-d9813444-494e-4ab7-a34b-4190eac82238 None None] Determining version of request: GET / Accept: */* {{(pid=77458) process_request /opt/stack/glance/glance/api/middleware/version_negotiation.py:44}}
Jul 28 14:19:00 devstack devstack@g-api.service[77459]: DEBUG glance.common.config [None req-3d2de59d-9d21-4887-9630-c0fe42def731 None None] database.connection_debug = 0 {{(pid=77459) log_opt_values /opt/stack/data/venv/lib/python3.12/site-packages/oslo_config/cfg.py:3253}}
Jul 28 14:19:00 devstack devstack@g-api.service[77458]: DEBUG glance.api.middleware.version_negotiation [None req-d9813444-494e-4ab7-a34b-4190eac82238 None None] Using url versioning {{(pid=77458) process_request /opt/stack/glance/glance/api/middleware/version_negotiation.py:57}}
Jul 28 14:19:00 devstack devstack@g-api.service[77459]: DEBUG glance.common.config [None req-3d2de59d-9d21-4887-9630-c0fe42def731 None None] database.connection_parameters = {{(pid=77459) log_opt_values /opt/stack/data/venv/lib/python3.12/site-packages/oslo_config/cfg.py:3253}}
Jul 28 14:19:00 devstack devstack@g-api.service[77459]: DEBUG glance.common.config [None req-3d2de59d-9d21-4887-9630-c0fe42def731 None None] database.connection_recycle_time = 3600 {{(pid=77459) log_opt_values /opt/stack/data/venv/lib/python3.12/site-packages/oslo_config/cfg.py:3253}}
Jul 28 14:19:00 devstack devstack@g-api.service[77458]: DEBUG glance.api.middleware.version_negotiation [None req-d9813444-494e-4ab7-a34b-4190eac82238 None None] Unknown version. Returning version choices. {{(pid=77458) process_request /opt/stack/glance/glance/api/middleware/version_negotiation.py:64}}
Jul 28 14:19:00 devstack devstack@g-api.service[77459]: DEBUG glance.common.config [None req-3d2de59d-9d21-4887-9630-c0fe42def731 None None] database.connection_trace = False {{(pid=77459) log_opt_values /opt/stack/data/venv/lib/python3.12/site-packages/oslo_config/cfg.py:3253}}
Jul 28 14:19:00 devstack devstack@g-api.service[77459]: DEBUG glance.common.config [None req-3d2de59d-9d21-4887-9630-c0fe42def731 None None] database.db_inc_retry_interval = True {{(pid=77459) log_opt_values /opt/stack/data/venv/lib/python3.12/site-packages/oslo_config/cfg.py:3253}}
Jul 28 14:19:00 devstack devstack@g-api.service[77459]: DEBUG glance.common.config [None req-3d2de59d-9d21-4887-9630-c0fe42def731 None None] database.db_max_retries = 20 {{(pid=77459) log_opt_values /opt/stack/data/venv/lib/python3.12/site-packages/oslo_config/cfg.py:3253}}
Jul 28 14:19:00 devstack devstack@g-api.service[77459]: DEBUG glance.common.config [None req-3d2de59d-9d21-4887-9630-c0fe42def731 None None] database.db_max_retry_interval = 10 {{(pid=77459) log_opt_values /opt/stack/data/venv/lib/python3.12/site-packages/oslo_config/cfg.py:3253}}
Jul 28 14:19:00 devstack devstack@g-api.service[77459]: DEBUG glance.common.config [None req-3d2de59d-9d21-4887-9630-c0fe42def731 None None] database.db_retry_interval = 1 {{(pid=77459) log_opt_values /opt/stack/data/venv/lib/python3.12/site-packages/oslo_config/cfg.py:3253}}
Jul 28 14:19:00 devstack devstack@g-api.service[77459]: DEBUG glance.common.config [None req-3d2de59d-9d21-4887-9630-c0fe42def731 None None] database.max_overflow = 50 {{(pid=77459) log_opt_values /opt/stack/data/venv/lib/python3.12/site-packages/oslo_config/cfg.py:3253}}
Jul 28 14:19:00 devstack devstack@g-api.service[77458]: [pid: 77458|app: 0|req: 1/1] 127.0.0.1 () {32 vars in 398 bytes} [Tue Jul 28 14:18:59 2026] GET / => generated 1557 bytes in 3 msecs (HTTP/1.1 300) 3 headers in 106 bytes (1 switches on core 0)
Jul 28 14:19:00 devstack devstack@g-api.service[77459]: DEBUG glance.common.config [None req-3d2de59d-9d21-4887-9630-c0fe42def731 None None] database.max_pool_size = 5 {{(pid=77459) log_opt_values /opt/stack/data/venv/lib/python3.12/site-packages/oslo_config/cfg.py:3253}}
Jul 28 14:19:00 devstack devstack@g-api.service[77459]: DEBUG glance.common.config [None req-3d2de59d-9d21-4887-9630-c0fe42def731 None None] database.max_retries = 10 {{(pid=77459) log_opt_values /opt/stack/data/venv/lib/python3.12/site-packages/oslo_config/cfg.py:3253}}
Jul 28 14:19:00 devstack devstack@g-api.service[77459]: DEBUG glance.common.config [None req-3d2de59d-9d21-4887-9630-c0fe42def731 None None] database.mysql_sql_mode = TRADITIONAL {{(pid=77459) log_opt_values /opt/stack/data/venv/lib/python3.12/site-packages/oslo_config/cfg.py:3253}}
Jul 28 14:19:00 devstack devstack@g-api.service[77459]: DEBUG glance.common.config [None req-3d2de59d-9d21-4887-9630-c0fe42def731 None None] database.mysql_wsrep_sync_wait = None {{(pid=77459) log_opt_values /opt/stack/data/venv/lib/python3.12/site-packages/oslo_config/cfg.py:3253}}
Jul 28 14:19:00 devstack devstack@g-api.service[77459]: DEBUG glance.common.config [None req-3d2de59d-9d21-4887-9630-c0fe42def731 None None] database.pool_timeout = None {{(pid=77459) log_opt_values /opt/stack/data/venv/lib/python3.12/site-packages/oslo_config/cfg.py:3253}}
Jul 28 14:19:00 devstack devstack@g-api.service[77459]: DEBUG glance.common.config [None req-3d2de59d-9d21-4887-9630-c0fe42def731 None None] database.retry_interval = 10 {{(pid=77459) log_opt_values /opt/stack/data/venv/lib/python3.12/site-packages/oslo_config/cfg.py:3253}}
Jul 28 14:19:00 devstack devstack@g-api.service[77459]: DEBUG glance.common.config [None req-3d2de59d-9d21-4887-9630-c0fe42def731 None None] database.slave_connection = **** {{(pid=77459) log_opt_values /opt/stack/data/venv/lib/python3.12/site-packages/oslo_config/cfg.py:3253}}
Jul 28 14:19:00 devstack devstack@g-api.service[77459]: DEBUG glance.common.config [None req-3d2de59d-9d21-4887-9630-c0fe42def731 None None] database.sqlite_synchronous = True {{(pid=77459) log_opt_values /opt/stack/data/venv/lib/python3.12/site-packages/oslo_config/cfg.py:3253}}
Jul 28 14:19:00 devstack devstack@g-api.service[77459]: DEBUG glance.common.config [None req-3d2de59d-9d21-4887-9630-c0fe42def731 None None] database.synchronous_reader = True {{(pid=77459) log_opt_values /opt/stack/data/venv/lib/python3.12/site-packages/oslo_config/cfg.py:3253}}
Jul 28 14:19:00 devstack devstack@g-api.service[77459]: DEBUG glance.common.config [None req-3d2de59d-9d21-4887-9630-c0fe42def731 None None] database.use_db_reconnect = False {{(pid=77459) log_opt_values /opt/stack/data/venv/lib/python3.12/site-packages/oslo_config/cfg.py:3253}}
Jul 28 14:19:00 devstack devstack@g-api.service[77459]: DEBUG glance.common.config [None req-3d2de59d-9d21-4887-9630-c0fe42def731 None None] healthcheck.allowed_source_ranges = [] {{(pid=77459) log_opt_values /opt/stack/data/venv/lib/python3.12/site-packages/oslo_config/cfg.py:3253}}
Jul 28 14:19:00 devstack devstack@g-api.service[77459]: DEBUG glance.common.config [None req-3d2de59d-9d21-4887-9630-c0fe42def731 None None] healthcheck.backends = ['disable_by_file'] {{(pid=77459) log_opt_values /opt/stack/data/venv/lib/python3.12/site-packages/oslo_config/cfg.py:3253}}
Jul 28 14:19:00 devstack devstack@g-api.service[77459]: DEBUG glance.common.config [None req-3d2de59d-9d21-4887-9630-c0fe42def731 None None] healthcheck.detailed = False {{(pid=77459) log_opt_values /opt/stack/data/venv/lib/python3.12/site-packages/oslo_config/cfg.py:3253}}
Jul 28 14:19:00 devstack devstack@g-api.service[77459]: DEBUG glance.common.config [None req-3d2de59d-9d21-4887-9630-c0fe42def731 None None] healthcheck.disable_by_file_path = None {{(pid=77459) log_opt_values /opt/stack/data/venv/lib/python3.12/site-packages/oslo_config/cfg.py:3253}}
Jul 28 14:19:00 devstack devstack@g-api.service[77459]: DEBUG glance.common.config [None req-3d2de59d-9d21-4887-9630-c0fe42def731 None None] healthcheck.ignore_proxied_requests = False {{(pid=77459) log_opt_values /opt/stack/data/venv/lib/python3.12/site-packages/oslo_config/cfg.py:3253}}
Jul 28 14:19:00 devstack devstack@g-api.service[77459]: DEBUG glance.common.config [None req-3d2de59d-9d21-4887-9630-c0fe42def731 None None] ******************************************************************************** {{(pid=77459) log_opt_values /opt/stack/data/venv/lib/python3.12/site-packages/oslo_config/cfg.py:3260}}
Jul 28 14:19:00 devstack devstack@g-api.service[77459]: WSGI app 0 (mountpoint='') ready in 5 seconds on interpreter 0x70d94a0a4668 pid: 77459 (default app)
Jul 28 14:19:03 devstack devstack@g-api.service[77458]: DEBUG glance.api.middleware.version_negotiation [None req-d9813444-494e-4ab7-a34b-4190eac82238 None None] Determining version of request: GET / Accept: application/json {{(pid=77458) process_request /opt/stack/glance/glance/api/middleware/version_negotiation.py:44}}
Jul 28 14:19:03 devstack devstack@g-api.service[77458]: DEBUG glance.api.middleware.version_negotiation [None req-d9813444-494e-4ab7-a34b-4190eac82238 None None] Using url versioning {{(pid=77458) process_request /opt/stack/glance/glance/api/middleware/version_negotiation.py:57}}
Jul 28 14:19:03 devstack devstack@g-api.service[77458]: DEBUG glance.api.middleware.version_negotiation [None req-d9813444-494e-4ab7-a34b-4190eac82238 None None] Unknown version. Returning version choices. {{(pid=77458) process_request /opt/stack/glance/glance/api/middleware/version_negotiation.py:64}}
Jul 28 14:19:03 devstack devstack@g-api.service[77458]: [pid: 77458|app: 0|req: 2/2] 127.0.0.1 () {34 vars in 516 bytes} [Tue Jul 28 14:19:03 2026] GET / => generated 1557 bytes in 2 msecs (HTTP/1.1 300) 3 headers in 106 bytes (1 switches on core 0)
Jul 28 14:19:03 devstack devstack@g-api.service[77459]: DEBUG glance.api.middleware.version_negotiation [None req-3d2de59d-9d21-4887-9630-c0fe42def731 None None] Determining version of request: POST /v2/images Accept: */* {{(pid=77459) process_request /opt/stack/glance/glance/api/middleware/version_negotiation.py:44}}
Jul 28 14:19:03 devstack devstack@g-api.service[77459]: DEBUG glance.api.middleware.version_negotiation [None req-3d2de59d-9d21-4887-9630-c0fe42def731 None None] Using url versioning {{(pid=77459) process_request /opt/stack/glance/glance/api/middleware/version_negotiation.py:57}}
Jul 28 14:19:03 devstack devstack@g-api.service[77459]: DEBUG glance.api.middleware.version_negotiation [None req-3d2de59d-9d21-4887-9630-c0fe42def731 None None] Matched version: v2 {{(pid=77459) process_request /opt/stack/glance/glance/api/middleware/version_negotiation.py:69}}
Jul 28 14:19:03 devstack devstack@g-api.service[77459]: DEBUG glance.api.middleware.version_negotiation [None req-3d2de59d-9d21-4887-9630-c0fe42def731 None None] new path /v2/images {{(pid=77459) process_request /opt/stack/glance/glance/api/middleware/version_negotiation.py:70}}
Jul 28 14:19:05 devstack devstack@g-api.service[77459]: [pid: 77459|app: 0|req: 1/3] 127.0.0.1 () {40 vars in 779 bytes} [Tue Jul 28 14:19:03 2026] POST /v2/images => generated 807 bytes in 1291 msecs (HTTP/1.1 201) 6 headers in 314 bytes (1 switches on core 0)
Jul 28 14:19:05 devstack devstack@g-api.service[77458]: DEBUG glance.api.middleware.version_negotiation [None req-d9813444-494e-4ab7-a34b-4190eac82238 None None] Determining version of request: PUT /v2/images/b313c492-604e-4cdd-96f9-0cabb9f2068f/file Accept: {{(pid=77458) process_request /opt/stack/glance/glance/api/middleware/version_negotiation.py:44}}
Jul 28 14:19:05 devstack devstack@g-api.service[77458]: DEBUG glance.api.middleware.version_negotiation [None req-d9813444-494e-4ab7-a34b-4190eac82238 None None] Using url versioning {{(pid=77458) process_request /opt/stack/glance/glance/api/middleware/version_negotiation.py:57}}
Jul 28 14:19:05 devstack devstack@g-api.service[77458]: DEBUG glance.api.middleware.version_negotiation [None req-d9813444-494e-4ab7-a34b-4190eac82238 None None] Matched version: v2 {{(pid=77458) process_request /opt/stack/glance/glance/api/middleware/version_negotiation.py:69}}
Jul 28 14:19:05 devstack devstack@g-api.service[77458]: DEBUG glance.api.middleware.version_negotiation [None req-d9813444-494e-4ab7-a34b-4190eac82238 None None] new path /v2/images/b313c492-604e-4cdd-96f9-0cabb9f2068f/file {{(pid=77458) process_request /opt/stack/glance/glance/api/middleware/version_negotiation.py:70}}
Jul 28 14:19:05 devstack devstack@g-api.service[77458]: INFO glance.api.v2.image_data [None req-5bc068cb-b066-4d67-a087-c00e4f3c88d7 admin admin] Unable to create trust: no such option collect_timing in group [keystone_authtoken] Use the existing user token.
Jul 28 14:19:06 devstack devstack@g-api.service[77458]: DEBUG glance.location [None req-5bc068cb-b066-4d67-a087-c00e4f3c88d7 admin admin] Enabling in-flight format inspection for qcow2 {{(pid=77458) set_data /opt/stack/glance/glance/location.py:596}}
Jul 28 14:19:06 devstack devstack@g-api.service[77458]: DEBUG oslo_utils.imageutils.format_inspector [None req-5bc068cb-b066-4d67-a087-c00e4f3c88d7 admin admin] Format inspector for vmdk does not match, excluding from consideration (Signature KDMV not found: b'QFI\xfb') {{(pid=77458) _process_chunk /opt/stack/data/venv/lib/python3.12/site-packages/oslo_utils/imageutils/format_inspector.py:1758}}
Jul 28 14:19:06 devstack devstack@g-api.service[77458]: DEBUG oslo_utils.imageutils.format_inspector [None req-5bc068cb-b066-4d67-a087-c00e4f3c88d7 admin admin] Format inspector for vhdx does not match, excluding from consideration (Region signature not found at 30000) {{(pid=77458) _process_chunk /opt/stack/data/venv/lib/python3.12/site-packages/oslo_utils/imageutils/format_inspector.py:1758}}
Jul 28 14:19:06 devstack devstack@g-api.service[77458]: DEBUG glance_store._drivers.filesystem [None req-5bc068cb-b066-4d67-a087-c00e4f3c88d7 admin admin] Wrote 21692416 bytes to /opt/stack/data/glance/images/b313c492-604e-4cdd-96f9-0cabb9f2068f with checksum 87617e24a5e30cb3b87fda8c0764838f and multihash 9a9bce0083a00939ec17c11febbfc767aa211aaa54f51e75c5a8b271a9b5637c77205a518b7a2007cb391d23cceb01e0e4e8d64832317151bc85b734b92a7be0 {{(pid=77458) add /opt/stack/data/venv/lib/python3.12/site-packages/glance_store/_drivers/filesystem.py:899}}
Jul 28 14:19:06 devstack devstack@g-api.service[77458]: INFO glance.location [None req-5bc068cb-b066-4d67-a087-c00e4f3c88d7 admin admin] Image format matched and virtual size computed: 117440512
Jul 28 14:19:06 devstack devstack@g-api.service[77458]: DEBUG glance_store.backend [None req-5bc068cb-b066-4d67-a087-c00e4f3c88d7 admin admin] Skipping store.set_acls... not implemented. {{(pid=77458) set_acls /opt/stack/data/venv/lib/python3.12/site-packages/glance_store/backend.py:507}}
Jul 28 14:19:06 devstack devstack@g-api.service[77458]: [pid: 77458|app: 0|req: 3/4] 127.0.0.1 () {40 vars in 872 bytes} [Tue Jul 28 14:19:05 2026] PUT /v2/images/b313c492-604e-4cdd-96f9-0cabb9f2068f/file => generated 0 bytes in 1793 msecs (HTTP/1.1 204) 4 headers in 171 bytes (1 switches on core 0)
Jul 28 14:19:06 devstack devstack@g-api.service[77459]: DEBUG glance.api.middleware.version_negotiation [None req-375a7e5f-25b6-4ce9-bfd4-aa6498e72b88 admin admin] Determining version of request: GET /v2/images/b313c492-604e-4cdd-96f9-0cabb9f2068f Accept: */* {{(pid=77459) process_request /opt/stack/glance/glance/api/middleware/version_negotiation.py:44}}
Jul 28 14:19:06 devstack devstack@g-api.service[77459]: DEBUG glance.api.middleware.version_negotiation [None req-375a7e5f-25b6-4ce9-bfd4-aa6498e72b88 admin admin] Using url versioning {{(pid=77459) process_request /opt/stack/glance/glance/api/middleware/version_negotiation.py:57}}
Jul 28 14:19:06 devstack devstack@g-api.service[77459]: DEBUG glance.api.middleware.version_negotiation [None req-375a7e5f-25b6-4ce9-bfd4-aa6498e72b88 admin admin] Matched version: v2 {{(pid=77459) process_request /opt/stack/glance/glance/api/middleware/version_negotiation.py:69}}
Jul 28 14:19:06 devstack devstack@g-api.service[77459]: DEBUG glance.api.middleware.version_negotiation [None req-375a7e5f-25b6-4ce9-bfd4-aa6498e72b88 admin admin] new path /v2/images/b313c492-604e-4cdd-96f9-0cabb9f2068f {{(pid=77459) process_request /opt/stack/glance/glance/api/middleware/version_negotiation.py:70}}
Jul 28 14:19:06 devstack devstack@g-api.service[77459]: [pid: 77459|app: 0|req: 2/5] 127.0.0.1 () {36 vars in 799 bytes} [Tue Jul 28 14:19:06 2026] GET /v2/images/b313c492-604e-4cdd-96f9-0cabb9f2068f => generated 976 bytes in 21 msecs (HTTP/1.1 200) 4 headers in 157 bytes (1 switches on core 0)
Jul 28 14:19:16 devstack devstack@g-api.service[77458]: DEBUG dbcounter [-] [77458] Writing DB stats glance:INSERT=5,glance:SELECT=16,glance:UPDATE=2 {{(pid=77458) stat_writer /opt/stack/data/venv/lib/python3.12/site-packages/dbcounter.py:115}}
Jul 28 14:19:16 devstack devstack@g-api.service[77459]: DEBUG dbcounter [-] [77459] Writing DB stats glance:INSERT=9,glance:SELECT=6 {{(pid=77459) stat_writer /opt/stack/data/venv/lib/python3.12/site-packages/dbcounter.py:115}}
Jul 28 14:19:50 devstack devstack@g-api.service[77458]: DEBUG glance.api.middleware.version_negotiation [None req-5bc068cb-b066-4d67-a087-c00e4f3c88d7 admin admin] Determining version of request: GET / Accept: application/json {{(pid=77458) process_request /opt/stack/glance/glance/api/middleware/version_negotiation.py:44}}
Jul 28 14:19:50 devstack devstack@g-api.service[77458]: DEBUG glance.api.middleware.version_negotiation [None req-5bc068cb-b066-4d67-a087-c00e4f3c88d7 admin admin] Using url versioning {{(pid=77458) process_request /opt/stack/glance/glance/api/middleware/version_negotiation.py:57}}
Jul 28 14:19:50 devstack devstack@g-api.service[77458]: DEBUG glance.api.middleware.version_negotiation [None req-5bc068cb-b066-4d67-a087-c00e4f3c88d7 admin admin] Unknown version. Returning version choices. {{(pid=77458) process_request /opt/stack/glance/glance/api/middleware/version_negotiation.py:64}}
Jul 28 14:19:50 devstack devstack@g-api.service[77458]: [pid: 77458|app: 0|req: 4/6] 127.0.0.1 () {34 vars in 516 bytes} [Tue Jul 28 14:19:50 2026] GET / => generated 1557 bytes in 2 msecs (HTTP/1.1 300) 3 headers in 106 bytes (1 switches on core 0)
Jul 28 14:19:50 devstack devstack@g-api.service[77459]: DEBUG glance.api.middleware.version_negotiation [None req-a3996cc1-3613-4cef-983a-9e9233f8133d admin admin] Determining version of request: GET /v2/images Accept: application/json {{(pid=77459) process_request /opt/stack/glance/glance/api/middleware/version_negotiation.py:44}}
Jul 28 14:19:50 devstack devstack@g-api.service[77459]: DEBUG glance.api.middleware.version_negotiation [None req-a3996cc1-3613-4cef-983a-9e9233f8133d admin admin] Using url versioning {{(pid=77459) process_request /opt/stack/glance/glance/api/middleware/version_negotiation.py:57}}
Jul 28 14:19:50 devstack devstack@g-api.service[77459]: DEBUG glance.api.middleware.version_negotiation [None req-a3996cc1-3613-4cef-983a-9e9233f8133d admin admin] Matched version: v2 {{(pid=77459) process_request /opt/stack/glance/glance/api/middleware/version_negotiation.py:69}}
Jul 28 14:19:50 devstack devstack@g-api.service[77459]: DEBUG glance.api.middleware.version_negotiation [None req-a3996cc1-3613-4cef-983a-9e9233f8133d admin admin] new path /v2/images {{(pid=77459) process_request /opt/stack/glance/glance/api/middleware/version_negotiation.py:70}}
Jul 28 14:19:50 devstack devstack@g-api.service[77459]: [pid: 77459|app: 0|req: 3/7] 127.0.0.1 () {36 vars in 738 bytes} [Tue Jul 28 14:19:50 2026] GET /v2/images => generated 1045 bytes in 87 msecs (HTTP/1.1 200) 4 headers in 158 bytes (1 switches on core 0)
Jul 28 14:20:00 devstack devstack@g-api.service[77458]: DEBUG glance.api.middleware.version_negotiation [None req-5bc068cb-b066-4d67-a087-c00e4f3c88d7 admin admin] Determining version of request: GET / Accept: application/json {{(pid=77458) process_request /opt/stack/glance/glance/api/middleware/version_negotiation.py:44}}
Jul 28 14:20:00 devstack devstack@g-api.service[77458]: DEBUG glance.api.middleware.version_negotiation [None req-5bc068cb-b066-4d67-a087-c00e4f3c88d7 admin admin] Using url versioning {{(pid=77458) process_request /opt/stack/glance/glance/api/middleware/version_negotiation.py:57}}
Jul 28 14:20:00 devstack devstack@g-api.service[77458]: DEBUG glance.api.middleware.version_negotiation [None req-5bc068cb-b066-4d67-a087-c00e4f3c88d7 admin admin] Unknown version. Returning version choices. {{(pid=77458) process_request /opt/stack/glance/glance/api/middleware/version_negotiation.py:64}}
Jul 28 14:20:00 devstack devstack@g-api.service[77458]: [pid: 77458|app: 0|req: 5/8] 127.0.0.1 () {34 vars in 516 bytes} [Tue Jul 28 14:20:00 2026] GET / => generated 1557 bytes in 2 msecs (HTTP/1.1 300) 3 headers in 106 bytes (1 switches on core 0)
Jul 28 14:20:00 devstack devstack@g-api.service[77459]: DEBUG glance.api.middleware.version_negotiation [None req-77e78f6c-91de-45d0-9387-988fbdb5d0ec admin admin] Determining version of request: GET /v2/images/b313c492-604e-4cdd-96f9-0cabb9f2068f Accept: */* {{(pid=77459) process_request /opt/stack/glance/glance/api/middleware/version_negotiation.py:44}}
Jul 28 14:20:00 devstack devstack@g-api.service[77459]: DEBUG glance.api.middleware.version_negotiation [None req-77e78f6c-91de-45d0-9387-988fbdb5d0ec admin admin] Using url versioning {{(pid=77459) process_request /opt/stack/glance/glance/api/middleware/version_negotiation.py:57}}
Jul 28 14:20:00 devstack devstack@g-api.service[77459]: DEBUG glance.api.middleware.version_negotiation [None req-77e78f6c-91de-45d0-9387-988fbdb5d0ec admin admin] Matched version: v2 {{(pid=77459) process_request /opt/stack/glance/glance/api/middleware/version_negotiation.py:69}}
Jul 28 14:20:00 devstack devstack@g-api.service[77459]: DEBUG glance.api.middleware.version_negotiation [None req-77e78f6c-91de-45d0-9387-988fbdb5d0ec admin admin] new path /v2/images/b313c492-604e-4cdd-96f9-0cabb9f2068f {{(pid=77459) process_request /opt/stack/glance/glance/api/middleware/version_negotiation.py:70}}
Jul 28 14:20:00 devstack devstack@g-api.service[77459]: [pid: 77459|app: 0|req: 4/9] 127.0.0.1 () {36 vars in 799 bytes} [Tue Jul 28 14:20:00 2026] GET /v2/images/b313c492-604e-4cdd-96f9-0cabb9f2068f => generated 976 bytes in 69 msecs (HTTP/1.1 200) 4 headers in 157 bytes (1 switches on core 0)
Jul 28 14:20:06 devstack devstack@g-api.service[77458]: DEBUG glance.api.middleware.version_negotiation [None req-5bc068cb-b066-4d67-a087-c00e4f3c88d7 admin admin] Determining version of request: GET / Accept: application/json {{(pid=77458) process_request /opt/stack/glance/glance/api/middleware/version_negotiation.py:44}}
Jul 28 14:20:06 devstack devstack@g-api.service[77458]: DEBUG glance.api.middleware.version_negotiation [None req-5bc068cb-b066-4d67-a087-c00e4f3c88d7 admin admin] Using url versioning {{(pid=77458) process_request /opt/stack/glance/glance/api/middleware/version_negotiation.py:57}}
Jul 28 14:20:06 devstack devstack@g-api.service[77458]: DEBUG glance.api.middleware.version_negotiation [None req-5bc068cb-b066-4d67-a087-c00e4f3c88d7 admin admin] Unknown version. Returning version choices. {{(pid=77458) process_request /opt/stack/glance/glance/api/middleware/version_negotiation.py:64}}
Jul 28 14:20:06 devstack devstack@g-api.service[77458]: [pid: 77458|app: 0|req: 6/10] 127.0.0.1 () {34 vars in 516 bytes} [Tue Jul 28 14:20:06 2026] GET / => generated 1557 bytes in 2 msecs (HTTP/1.1 300) 3 headers in 106 bytes (1 switches on core 0)
Jul 28 14:20:06 devstack devstack@g-api.service[77459]: DEBUG glance.api.middleware.version_negotiation [None req-76c76989-8476-4037-a28a-d742fba5a150 admin admin] Determining version of request: GET /v2/images/b313c492-604e-4cdd-96f9-0cabb9f2068f Accept: */* {{(pid=77459) process_request /opt/stack/glance/glance/api/middleware/version_negotiation.py:44}}
Jul 28 14:20:06 devstack devstack@g-api.service[77459]: DEBUG glance.api.middleware.version_negotiation [None req-76c76989-8476-4037-a28a-d742fba5a150 admin admin] Using url versioning {{(pid=77459) process_request /opt/stack/glance/glance/api/middleware/version_negotiation.py:57}}
Jul 28 14:20:06 devstack devstack@g-api.service[77459]: DEBUG glance.api.middleware.version_negotiation [None req-76c76989-8476-4037-a28a-d742fba5a150 admin admin] Matched version: v2 {{(pid=77459) process_request /opt/stack/glance/glance/api/middleware/version_negotiation.py:69}}
Jul 28 14:20:06 devstack devstack@g-api.service[77459]: DEBUG glance.api.middleware.version_negotiation [None req-76c76989-8476-4037-a28a-d742fba5a150 admin admin] new path /v2/images/b313c492-604e-4cdd-96f9-0cabb9f2068f {{(pid=77459) process_request /opt/stack/glance/glance/api/middleware/version_negotiation.py:70}}
Jul 28 14:20:06 devstack devstack@g-api.service[77459]: [pid: 77459|app: 0|req: 5/11] 127.0.0.1 () {36 vars in 799 bytes} [Tue Jul 28 14:20:06 2026] GET /v2/images/b313c492-604e-4cdd-96f9-0cabb9f2068f => generated 976 bytes in 68 msecs (HTTP/1.1 200) 4 headers in 157 bytes (1 switches on core 0)
Jul 28 14:20:16 devstack devstack@g-api.service[77459]: DEBUG dbcounter [-] [77459] Writing DB stats glance:SELECT=5 {{(pid=77459) stat_writer /opt/stack/data/venv/lib/python3.12/site-packages/dbcounter.py:115}}
Jul 28 14:21:22 devstack devstack@g-api.service[77458]: DEBUG glance.api.middleware.version_negotiation [None req-5bc068cb-b066-4d67-a087-c00e4f3c88d7 admin admin] Determining version of request: GET / Accept: application/json {{(pid=77458) process_request /opt/stack/glance/glance/api/middleware/version_negotiation.py:44}}
Jul 28 14:21:22 devstack devstack@g-api.service[77458]: DEBUG glance.api.middleware.version_negotiation [None req-5bc068cb-b066-4d67-a087-c00e4f3c88d7 admin admin] Using url versioning {{(pid=77458) process_request /opt/stack/glance/glance/api/middleware/version_negotiation.py:57}}
Jul 28 14:21:22 devstack devstack@g-api.service[77458]: DEBUG glance.api.middleware.version_negotiation [None req-5bc068cb-b066-4d67-a087-c00e4f3c88d7 admin admin] Unknown version. Returning version choices. {{(pid=77458) process_request /opt/stack/glance/glance/api/middleware/version_negotiation.py:64}}
Jul 28 14:21:22 devstack devstack@g-api.service[77458]: [pid: 77458|app: 0|req: 7/12] 127.0.0.1 () {36 vars in 485 bytes} [Tue Jul 28 14:21:22 2026] GET / => generated 1557 bytes in 3 msecs (HTTP/1.1 300) 3 headers in 106 bytes (1 switches on core 0)
Jul 28 14:25:55 devstack devstack@g-api.service[77459]: DEBUG glance.api.middleware.version_negotiation [None req-e7aefd20-871a-4b0e-ab2b-16b0359ec793 admin admin] Determining version of request: GET / Accept: application/json {{(pid=77459) process_request /opt/stack/glance/glance/api/middleware/version_negotiation.py:44}}
Jul 28 14:25:55 devstack devstack@g-api.service[77459]: DEBUG glance.api.middleware.version_negotiation [None req-e7aefd20-871a-4b0e-ab2b-16b0359ec793 admin admin] Using url versioning {{(pid=77459) process_request /opt/stack/glance/glance/api/middleware/version_negotiation.py:57}}
Jul 28 14:25:55 devstack devstack@g-api.service[77459]: DEBUG glance.api.middleware.version_negotiation [None req-e7aefd20-871a-4b0e-ab2b-16b0359ec793 admin admin] Unknown version. Returning version choices. {{(pid=77459) process_request /opt/stack/glance/glance/api/middleware/version_negotiation.py:64}}
Jul 28 14:25:55 devstack devstack@g-api.service[77459]: [pid: 77459|app: 0|req: 6/13] 127.0.0.1 () {34 vars in 502 bytes} [Tue Jul 28 14:25:55 2026] GET / => generated 1557 bytes in 3 msecs (HTTP/1.1 300) 3 headers in 106 bytes (1 switches on core 0)
Jul 28 14:25:55 devstack devstack@g-api.service[77458]: DEBUG glance.api.middleware.version_negotiation [None req-5bc068cb-b066-4d67-a087-c00e4f3c88d7 admin admin] Determining version of request: GET /v2/images/b313c492-604e-4cdd-96f9-0cabb9f2068f Accept: */* {{(pid=77458) process_request /opt/stack/glance/glance/api/middleware/version_negotiation.py:44}}
Jul 28 14:25:55 devstack devstack@g-api.service[77458]: DEBUG glance.api.middleware.version_negotiation [None req-5bc068cb-b066-4d67-a087-c00e4f3c88d7 admin admin] Using url versioning {{(pid=77458) process_request /opt/stack/glance/glance/api/middleware/version_negotiation.py:57}}
Jul 28 14:25:55 devstack devstack@g-api.service[77458]: DEBUG glance.api.middleware.version_negotiation [None req-5bc068cb-b066-4d67-a087-c00e4f3c88d7 admin admin] Matched version: v2 {{(pid=77458) process_request /opt/stack/glance/glance/api/middleware/version_negotiation.py:69}}
Jul 28 14:25:55 devstack devstack@g-api.service[77458]: DEBUG glance.api.middleware.version_negotiation [None req-5bc068cb-b066-4d67-a087-c00e4f3c88d7 admin admin] new path /v2/images/b313c492-604e-4cdd-96f9-0cabb9f2068f {{(pid=77458) process_request /opt/stack/glance/glance/api/middleware/version_negotiation.py:70}}
Jul 28 14:25:56 devstack devstack@g-api.service[77458]: [pid: 77458|app: 0|req: 8/14] 127.0.0.1 () {42 vars in 1058 bytes} [Tue Jul 28 14:25:55 2026] GET /v2/images/b313c492-604e-4cdd-96f9-0cabb9f2068f => generated 976 bytes in 395 msecs (HTTP/1.1 200) 4 headers in 157 bytes (1 switches on core 0)
Jul 28 14:25:56 devstack devstack@g-api.service[77459]: DEBUG glance.api.middleware.version_negotiation [None req-e7aefd20-871a-4b0e-ab2b-16b0359ec793 admin admin] Determining version of request: GET /v2/schemas/image Accept: */* {{(pid=77459) process_request /opt/stack/glance/glance/api/middleware/version_negotiation.py:44}}
Jul 28 14:25:56 devstack devstack@g-api.service[77459]: DEBUG glance.api.middleware.version_negotiation [None req-e7aefd20-871a-4b0e-ab2b-16b0359ec793 admin admin] Using url versioning {{(pid=77459) process_request /opt/stack/glance/glance/api/middleware/version_negotiation.py:57}}
Jul 28 14:25:56 devstack devstack@g-api.service[77459]: DEBUG glance.api.middleware.version_negotiation [None req-e7aefd20-871a-4b0e-ab2b-16b0359ec793 admin admin] Matched version: v2 {{(pid=77459) process_request /opt/stack/glance/glance/api/middleware/version_negotiation.py:69}}
Jul 28 14:25:56 devstack devstack@g-api.service[77459]: DEBUG glance.api.middleware.version_negotiation [None req-e7aefd20-871a-4b0e-ab2b-16b0359ec793 admin admin] new path /v2/schemas/image {{(pid=77459) process_request /opt/stack/glance/glance/api/middleware/version_negotiation.py:70}}
Jul 28 14:25:56 devstack devstack@g-api.service[77459]: [pid: 77459|app: 0|req: 7/15] 127.0.0.1 () {42 vars in 998 bytes} [Tue Jul 28 14:25:56 2026] GET /v2/schemas/image => generated 6083 bytes in 12 msecs (HTTP/1.1 200) 4 headers in 158 bytes (1 switches on core 0)
Jul 28 14:26:01 devstack devstack@g-api.service[77458]: DEBUG glance.api.middleware.version_negotiation [None req-f170dc60-5b57-4122-aa63-b466a3c2274b tempest-AttachVolumeNegativeTest-221585927 tempest-AttachVolumeNegativeTest-221585927-project-member] Determining version of request: GET / Accept: application/json {{(pid=77458) process_request /opt/stack/glance/glance/api/middleware/version_negotiation.py:44}}
Jul 28 14:26:01 devstack devstack@g-api.service[77458]: DEBUG glance.api.middleware.version_negotiation [None req-f170dc60-5b57-4122-aa63-b466a3c2274b tempest-AttachVolumeNegativeTest-221585927 tempest-AttachVolumeNegativeTest-221585927-project-member] Using url versioning {{(pid=77458) process_request /opt/stack/glance/glance/api/middleware/version_negotiation.py:57}}
Jul 28 14:26:01 devstack devstack@g-api.service[77458]: DEBUG glance.api.middleware.version_negotiation [None req-f170dc60-5b57-4122-aa63-b466a3c2274b tempest-AttachVolumeNegativeTest-221585927 tempest-AttachVolumeNegativeTest-221585927-project-member] Unknown version. Returning version choices. {{(pid=77458) process_request /opt/stack/glance/glance/api/middleware/version_negotiation.py:64}}
Jul 28 14:26:01 devstack devstack@g-api.service[77458]: [pid: 77458|app: 0|req: 9/16] 127.0.0.1 () {34 vars in 502 bytes} [Tue Jul 28 14:26:01 2026] GET / => generated 1557 bytes in 7 msecs (HTTP/1.1 300) 3 headers in 106 bytes (1 switches on core 0)
Jul 28 14:26:01 devstack devstack@g-api.service[77459]: DEBUG glance.api.middleware.version_negotiation [None req-f170dc60-5b57-4122-aa63-b466a3c2274b tempest-AttachVolumeNegativeTest-221585927 tempest-AttachVolumeNegativeTest-221585927-project-member] Determining version of request: GET /v2/images/b313c492-604e-4cdd-96f9-0cabb9f2068f Accept: */* {{(pid=77459) process_request /opt/stack/glance/glance/api/middleware/version_negotiation.py:44}}
Jul 28 14:26:01 devstack devstack@g-api.service[77459]: DEBUG glance.api.middleware.version_negotiation [None req-f170dc60-5b57-4122-aa63-b466a3c2274b tempest-AttachVolumeNegativeTest-221585927 tempest-AttachVolumeNegativeTest-221585927-project-member] Using url versioning {{(pid=77459) process_request /opt/stack/glance/glance/api/middleware/version_negotiation.py:57}}
Jul 28 14:26:01 devstack devstack@g-api.service[77459]: DEBUG glance.api.middleware.version_negotiation [None req-f170dc60-5b57-4122-aa63-b466a3c2274b tempest-AttachVolumeNegativeTest-221585927 tempest-AttachVolumeNegativeTest-221585927-project-member] Matched version: v2 {{(pid=77459) process_request /opt/stack/glance/glance/api/middleware/version_negotiation.py:69}}
Jul 28 14:26:01 devstack devstack@g-api.service[77459]: DEBUG glance.api.middleware.version_negotiation [None req-f170dc60-5b57-4122-aa63-b466a3c2274b tempest-AttachVolumeNegativeTest-221585927 tempest-AttachVolumeNegativeTest-221585927-project-member] new path /v2/images/b313c492-604e-4cdd-96f9-0cabb9f2068f {{(pid=77459) process_request /opt/stack/glance/glance/api/middleware/version_negotiation.py:70}}
Jul 28 14:26:01 devstack devstack@g-api.service[77459]: [pid: 77459|app: 0|req: 8/17] 127.0.0.1 () {42 vars in 1058 bytes} [Tue Jul 28 14:26:01 2026] GET /v2/images/b313c492-604e-4cdd-96f9-0cabb9f2068f => generated 976 bytes in 224 msecs (HTTP/1.1 200) 4 headers in 157 bytes (1 switches on core 0)
Jul 28 14:26:01 devstack devstack@g-api.service[77458]: DEBUG glance.api.middleware.version_negotiation [None req-f170dc60-5b57-4122-aa63-b466a3c2274b tempest-AttachVolumeNegativeTest-221585927 tempest-AttachVolumeNegativeTest-221585927-project-member] Determining version of request: GET /v2/schemas/image Accept: */* {{(pid=77458) process_request /opt/stack/glance/glance/api/middleware/version_negotiation.py:44}}
Jul 28 14:26:01 devstack devstack@g-api.service[77458]: DEBUG glance.api.middleware.version_negotiation [None req-f170dc60-5b57-4122-aa63-b466a3c2274b tempest-AttachVolumeNegativeTest-221585927 tempest-AttachVolumeNegativeTest-221585927-project-member] Using url versioning {{(pid=77458) process_request /opt/stack/glance/glance/api/middleware/version_negotiation.py:57}}
Jul 28 14:26:01 devstack devstack@g-api.service[77458]: DEBUG glance.api.middleware.version_negotiation [None req-f170dc60-5b57-4122-aa63-b466a3c2274b tempest-AttachVolumeNegativeTest-221585927 tempest-AttachVolumeNegativeTest-221585927-project-member] Matched version: v2 {{(pid=77458) process_request /opt/stack/glance/glance/api/middleware/version_negotiation.py:69}}
Jul 28 14:26:01 devstack devstack@g-api.service[77458]: DEBUG glance.api.middleware.version_negotiation [None req-f170dc60-5b57-4122-aa63-b466a3c2274b tempest-AttachVolumeNegativeTest-221585927 tempest-AttachVolumeNegativeTest-221585927-project-member] new path /v2/schemas/image {{(pid=77458) process_request /opt/stack/glance/glance/api/middleware/version_negotiation.py:70}}
Jul 28 14:26:01 devstack devstack@g-api.service[77458]: [pid: 77458|app: 0|req: 10/18] 127.0.0.1 () {42 vars in 998 bytes} [Tue Jul 28 14:26:01 2026] GET /v2/schemas/image => generated 6083 bytes in 6 msecs (HTTP/1.1 200) 4 headers in 158 bytes (1 switches on core 0)
Jul 28 14:26:06 devstack devstack@g-api.service[77458]: DEBUG dbcounter [-] [77458] Writing DB stats glance:SELECT=2 {{(pid=77458) stat_writer /opt/stack/data/venv/lib/python3.12/site-packages/dbcounter.py:115}}
Jul 28 14:26:08 devstack devstack@g-api.service[77459]: DEBUG glance.api.middleware.version_negotiation [None req-aec425db-35fd-42fc-8fe8-29db7e99d360 tempest-ServerActionsTestOtherA-2120462880 tempest-ServerActionsTestOtherA-2120462880-project-member] Determining version of request: GET /v2/images/b313c492-604e-4cdd-96f9-0cabb9f2068f Accept: */* {{(pid=77459) process_request /opt/stack/glance/glance/api/middleware/version_negotiation.py:44}}
Jul 28 14:26:08 devstack devstack@g-api.service[77459]: DEBUG glance.api.middleware.version_negotiation [None req-aec425db-35fd-42fc-8fe8-29db7e99d360 tempest-ServerActionsTestOtherA-2120462880 tempest-ServerActionsTestOtherA-2120462880-project-member] Using url versioning {{(pid=77459) process_request /opt/stack/glance/glance/api/middleware/version_negotiation.py:57}}
Jul 28 14:26:08 devstack devstack@g-api.service[77459]: DEBUG glance.api.middleware.version_negotiation [None req-aec425db-35fd-42fc-8fe8-29db7e99d360 tempest-ServerActionsTestOtherA-2120462880 tempest-ServerActionsTestOtherA-2120462880-project-member] Matched version: v2 {{(pid=77459) process_request /opt/stack/glance/glance/api/middleware/version_negotiation.py:69}}
Jul 28 14:26:08 devstack devstack@g-api.service[77459]: DEBUG glance.api.middleware.version_negotiation [None req-aec425db-35fd-42fc-8fe8-29db7e99d360 tempest-ServerActionsTestOtherA-2120462880 tempest-ServerActionsTestOtherA-2120462880-project-member] new path /v2/images/b313c492-604e-4cdd-96f9-0cabb9f2068f {{(pid=77459) process_request /opt/stack/glance/glance/api/middleware/version_negotiation.py:70}}
Jul 28 14:26:08 devstack devstack@g-api.service[77459]: [pid: 77459|app: 0|req: 9/19] 127.0.0.1 () {42 vars in 1058 bytes} [Tue Jul 28 14:26:08 2026] GET /v2/images/b313c492-604e-4cdd-96f9-0cabb9f2068f => generated 976 bytes in 257 msecs (HTTP/1.1 200) 4 headers in 157 bytes (1 switches on core 0)
Jul 28 14:26:08 devstack devstack@g-api.service[77458]: DEBUG glance.api.middleware.version_negotiation [None req-aec425db-35fd-42fc-8fe8-29db7e99d360 tempest-ServerActionsTestOtherA-2120462880 tempest-ServerActionsTestOtherA-2120462880-project-member] Determining version of request: GET /v2/images/b313c492-604e-4cdd-96f9-0cabb9f2068f/file Accept: */* {{(pid=77458) process_request /opt/stack/glance/glance/api/middleware/version_negotiation.py:44}}
Jul 28 14:26:08 devstack devstack@g-api.service[77458]: DEBUG glance.api.middleware.version_negotiation [None req-aec425db-35fd-42fc-8fe8-29db7e99d360 tempest-ServerActionsTestOtherA-2120462880 tempest-ServerActionsTestOtherA-2120462880-project-member] Using url versioning {{(pid=77458) process_request /opt/stack/glance/glance/api/middleware/version_negotiation.py:57}}
Jul 28 14:26:08 devstack devstack@g-api.service[77458]: DEBUG glance.api.middleware.version_negotiation [None req-aec425db-35fd-42fc-8fe8-29db7e99d360 tempest-ServerActionsTestOtherA-2120462880 tempest-ServerActionsTestOtherA-2120462880-project-member] Matched version: v2 {{(pid=77458) process_request /opt/stack/glance/glance/api/middleware/version_negotiation.py:69}}
Jul 28 14:26:08 devstack devstack@g-api.service[77458]: DEBUG glance.api.middleware.version_negotiation [None req-aec425db-35fd-42fc-8fe8-29db7e99d360 tempest-ServerActionsTestOtherA-2120462880 tempest-ServerActionsTestOtherA-2120462880-project-member] new path /v2/images/b313c492-604e-4cdd-96f9-0cabb9f2068f/file {{(pid=77458) process_request /opt/stack/glance/glance/api/middleware/version_negotiation.py:70}}
Jul 28 14:26:08 devstack devstack@g-api.service[77458]: DEBUG glance_store._drivers.filesystem [None req-f170dc60-5b57-4122-aa63-b466a3c2274b tempest-AttachVolumeNegativeTest-221585927 tempest-AttachVolumeNegativeTest-221585927-project-member] Found image at /opt/stack/data/glance/images/b313c492-604e-4cdd-96f9-0cabb9f2068f. Returning in ChunkedFile. {{(pid=77458) get /opt/stack/data/venv/lib/python3.12/site-packages/glance_store/_drivers/filesystem.py:724}}
Jul 28 14:26:08 devstack devstack@g-api.service[77458]: DEBUG glance.image_cache [None req-f170dc60-5b57-4122-aa63-b466a3c2274b tempest-AttachVolumeNegativeTest-221585927 tempest-AttachVolumeNegativeTest-221585927-project-member] Tee'ing image 'b313c492-604e-4cdd-96f9-0cabb9f2068f' into cache {{(pid=77458) get_caching_iter /opt/stack/glance/glance/image_cache/__init__.py:356}}
Jul 28 14:26:09 devstack devstack@g-api.service[77458]: DEBUG glance.image_cache.drivers.centralized_db [None req-f170dc60-5b57-4122-aa63-b466a3c2274b tempest-AttachVolumeNegativeTest-221585927 tempest-AttachVolumeNegativeTest-221585927-project-member] Fetch finished, moving '/opt/stack/data/glance/cache/incomplete/b313c492-604e-4cdd-96f9-0cabb9f2068f' to '/opt/stack/data/glance/cache/b313c492-604e-4cdd-96f9-0cabb9f2068f' {{(pid=77458) commit /opt/stack/glance/glance/image_cache/drivers/centralized_db.py:243}}
Jul 28 14:26:09 devstack devstack@g-api.service[77458]: DEBUG glance.image_cache.drivers.centralized_db [None req-f170dc60-5b57-4122-aa63-b466a3c2274b tempest-AttachVolumeNegativeTest-221585927 tempest-AttachVolumeNegativeTest-221585927-project-member] Image cached successfully. {{(pid=77458) commit /opt/stack/glance/glance/image_cache/drivers/centralized_db.py:258}}
Jul 28 14:26:09 devstack devstack@g-api.service[77458]: [pid: 77458|app: 0|req: 11/20] 127.0.0.1 () {42 vars in 1068 bytes} [Tue Jul 28 14:26:08 2026] GET /v2/images/b313c492-604e-4cdd-96f9-0cabb9f2068f/file => generated 21692416 bytes in 541 msecs (HTTP/1.1 200) 4 headers in 191 bytes (339 switches on core 0)
Jul 28 14:26:09 devstack devstack@g-api.service[77459]: DEBUG glance.api.middleware.version_negotiation [None req-f170dc60-5b57-4122-aa63-b466a3c2274b tempest-AttachVolumeNegativeTest-221585927 tempest-AttachVolumeNegativeTest-221585927-project-member] Determining version of request: GET /v2/images/b313c492-604e-4cdd-96f9-0cabb9f2068f Accept: */* {{(pid=77459) process_request /opt/stack/glance/glance/api/middleware/version_negotiation.py:44}}
Jul 28 14:26:09 devstack devstack@g-api.service[77459]: DEBUG glance.api.middleware.version_negotiation [None req-f170dc60-5b57-4122-aa63-b466a3c2274b tempest-AttachVolumeNegativeTest-221585927 tempest-AttachVolumeNegativeTest-221585927-project-member] Using url versioning {{(pid=77459) process_request /opt/stack/glance/glance/api/middleware/version_negotiation.py:57}}
Jul 28 14:26:09 devstack devstack@g-api.service[77459]: DEBUG glance.api.middleware.version_negotiation [None req-f170dc60-5b57-4122-aa63-b466a3c2274b tempest-AttachVolumeNegativeTest-221585927 tempest-AttachVolumeNegativeTest-221585927-project-member] Matched version: v2 {{(pid=77459) process_request /opt/stack/glance/glance/api/middleware/version_negotiation.py:69}}
Jul 28 14:26:09 devstack devstack@g-api.service[77459]: DEBUG glance.api.middleware.version_negotiation [None req-f170dc60-5b57-4122-aa63-b466a3c2274b tempest-AttachVolumeNegativeTest-221585927 tempest-AttachVolumeNegativeTest-221585927-project-member] new path /v2/images/b313c492-604e-4cdd-96f9-0cabb9f2068f {{(pid=77459) process_request /opt/stack/glance/glance/api/middleware/version_negotiation.py:70}}
Jul 28 14:26:09 devstack devstack@g-api.service[77459]: [pid: 77459|app: 0|req: 10/21] 127.0.0.1 () {42 vars in 1058 bytes} [Tue Jul 28 14:26:09 2026] GET /v2/images/b313c492-604e-4cdd-96f9-0cabb9f2068f => generated 976 bytes in 29 msecs (HTTP/1.1 200) 4 headers in 157 bytes (1 switches on core 0)
Jul 28 14:26:09 devstack devstack@g-api.service[77458]: DEBUG glance.api.middleware.version_negotiation [None req-f170dc60-5b57-4122-aa63-b466a3c2274b tempest-AttachVolumeNegativeTest-221585927 tempest-AttachVolumeNegativeTest-221585927-project-member] Determining version of request: GET /v2/schemas/image Accept: */* {{(pid=77458) process_request /opt/stack/glance/glance/api/middleware/version_negotiation.py:44}}
Jul 28 14:26:09 devstack devstack@g-api.service[77458]: DEBUG glance.api.middleware.version_negotiation [None req-f170dc60-5b57-4122-aa63-b466a3c2274b tempest-AttachVolumeNegativeTest-221585927 tempest-AttachVolumeNegativeTest-221585927-project-member] Using url versioning {{(pid=77458) process_request /opt/stack/glance/glance/api/middleware/version_negotiation.py:57}}
Jul 28 14:26:09 devstack devstack@g-api.service[77458]: DEBUG glance.api.middleware.version_negotiation [None req-f170dc60-5b57-4122-aa63-b466a3c2274b tempest-AttachVolumeNegativeTest-221585927 tempest-AttachVolumeNegativeTest-221585927-project-member] Matched version: v2 {{(pid=77458) process_request /opt/stack/glance/glance/api/middleware/version_negotiation.py:69}}
Jul 28 14:26:09 devstack devstack@g-api.service[77458]: DEBUG glance.api.middleware.version_negotiation [None req-f170dc60-5b57-4122-aa63-b466a3c2274b tempest-AttachVolumeNegativeTest-221585927 tempest-AttachVolumeNegativeTest-221585927-project-member] new path /v2/schemas/image {{(pid=77458) process_request /opt/stack/glance/glance/api/middleware/version_negotiation.py:70}}
Jul 28 14:26:09 devstack devstack@g-api.service[77458]: [pid: 77458|app: 0|req: 12/22] 127.0.0.1 () {42 vars in 998 bytes} [Tue Jul 28 14:26:09 2026] GET /v2/schemas/image => generated 6083 bytes in 11 msecs (HTTP/1.1 200) 4 headers in 158 bytes (1 switches on core 0)
Jul 28 14:26:12 devstack devstack@g-api.service[77459]: DEBUG glance.api.middleware.version_negotiation [None req-f170dc60-5b57-4122-aa63-b466a3c2274b tempest-AttachVolumeNegativeTest-221585927 tempest-AttachVolumeNegativeTest-221585927-project-member] Determining version of request: GET /v2/images/b313c492-604e-4cdd-96f9-0cabb9f2068f Accept: */* {{(pid=77459) process_request /opt/stack/glance/glance/api/middleware/version_negotiation.py:44}}
Jul 28 14:26:12 devstack devstack@g-api.service[77459]: DEBUG glance.api.middleware.version_negotiation [None req-f170dc60-5b57-4122-aa63-b466a3c2274b tempest-AttachVolumeNegativeTest-221585927 tempest-AttachVolumeNegativeTest-221585927-project-member] Using url versioning {{(pid=77459) process_request /opt/stack/glance/glance/api/middleware/version_negotiation.py:57}}
Jul 28 14:26:12 devstack devstack@g-api.service[77459]: DEBUG glance.api.middleware.version_negotiation [None req-f170dc60-5b57-4122-aa63-b466a3c2274b tempest-AttachVolumeNegativeTest-221585927 tempest-AttachVolumeNegativeTest-221585927-project-member] Matched version: v2 {{(pid=77459) process_request /opt/stack/glance/glance/api/middleware/version_negotiation.py:69}}
Jul 28 14:26:12 devstack devstack@g-api.service[77459]: DEBUG glance.api.middleware.version_negotiation [None req-f170dc60-5b57-4122-aa63-b466a3c2274b tempest-AttachVolumeNegativeTest-221585927 tempest-AttachVolumeNegativeTest-221585927-project-member] new path /v2/images/b313c492-604e-4cdd-96f9-0cabb9f2068f {{(pid=77459) process_request /opt/stack/glance/glance/api/middleware/version_negotiation.py:70}}
Jul 28 14:26:12 devstack devstack@g-api.service[77459]: [pid: 77459|app: 0|req: 11/23] 127.0.0.1 () {42 vars in 1058 bytes} [Tue Jul 28 14:26:12 2026] GET /v2/images/b313c492-604e-4cdd-96f9-0cabb9f2068f => generated 976 bytes in 22 msecs (HTTP/1.1 200) 4 headers in 157 bytes (1 switches on core 0)
Jul 28 14:26:12 devstack devstack@g-api.service[77458]: DEBUG glance.api.middleware.version_negotiation [None req-f170dc60-5b57-4122-aa63-b466a3c2274b tempest-AttachVolumeNegativeTest-221585927 tempest-AttachVolumeNegativeTest-221585927-project-member] Determining version of request: GET /v2/schemas/image Accept: */* {{(pid=77458) process_request /opt/stack/glance/glance/api/middleware/version_negotiation.py:44}}
Jul 28 14:26:12 devstack devstack@g-api.service[77458]: DEBUG glance.api.middleware.version_negotiation [None req-f170dc60-5b57-4122-aa63-b466a3c2274b tempest-AttachVolumeNegativeTest-221585927 tempest-AttachVolumeNegativeTest-221585927-project-member] Using url versioning {{(pid=77458) process_request /opt/stack/glance/glance/api/middleware/version_negotiation.py:57}}
Jul 28 14:26:12 devstack devstack@g-api.service[77458]: DEBUG glance.api.middleware.version_negotiation [None req-f170dc60-5b57-4122-aa63-b466a3c2274b tempest-AttachVolumeNegativeTest-221585927 tempest-AttachVolumeNegativeTest-221585927-project-member] Matched version: v2 {{(pid=77458) process_request /opt/stack/glance/glance/api/middleware/version_negotiation.py:69}}
Jul 28 14:26:12 devstack devstack@g-api.service[77458]: DEBUG glance.api.middleware.version_negotiation [None req-f170dc60-5b57-4122-aa63-b466a3c2274b tempest-AttachVolumeNegativeTest-221585927 tempest-AttachVolumeNegativeTest-221585927-project-member] new path /v2/schemas/image {{(pid=77458) process_request /opt/stack/glance/glance/api/middleware/version_negotiation.py:70}}
Jul 28 14:26:12 devstack devstack@g-api.service[77458]: [pid: 77458|app: 0|req: 13/24] 127.0.0.1 () {42 vars in 998 bytes} [Tue Jul 28 14:26:12 2026] GET /v2/schemas/image => generated 6083 bytes in 6 msecs (HTTP/1.1 200) 4 headers in 158 bytes (1 switches on core 0)
Jul 28 14:26:19 devstack devstack@g-api.service[77458]: DEBUG dbcounter [-] [77458] Writing DB stats glance:SELECT=5,glance:INSERT=1 {{(pid=77458) stat_writer /opt/stack/data/venv/lib/python3.12/site-packages/dbcounter.py:115}}
Jul 28 14:26:22 devstack devstack@g-api.service[77459]: DEBUG dbcounter [-] [77459] Writing DB stats glance:SELECT=8 {{(pid=77459) stat_writer /opt/stack/data/venv/lib/python3.12/site-packages/dbcounter.py:115}}
Jul 28 14:27:04 devstack devstack@g-api.service[77459]: DEBUG glance.api.middleware.version_negotiation [None req-8fd2f025-469f-47f1-8d87-4bbd4a0d2462 tempest-VolumesAdminNegativeTest-359585281 tempest-VolumesAdminNegativeTest-359585281-project-member] Determining version of request: GET /v2/images/b313c492-604e-4cdd-96f9-0cabb9f2068f Accept: */* {{(pid=77459) process_request /opt/stack/glance/glance/api/middleware/version_negotiation.py:44}}
Jul 28 14:27:04 devstack devstack@g-api.service[77459]: DEBUG glance.api.middleware.version_negotiation [None req-8fd2f025-469f-47f1-8d87-4bbd4a0d2462 tempest-VolumesAdminNegativeTest-359585281 tempest-VolumesAdminNegativeTest-359585281-project-member] Using url versioning {{(pid=77459) process_request /opt/stack/glance/glance/api/middleware/version_negotiation.py:57}}
