Nov 03 18:57:51 devstack devstack@c-api.service[80275]: DEBUG cinder.api.extensions [-] Ext description: Volume encryption metadata retrieval support. {{(pid=80275) _check_extension /opt/stack/cinder/cinder/api/extensions.py:175}}
Nov 03 18:57:51 devstack devstack@c-api.service[80275]: DEBUG cinder.api.extensions [-] Ext updated: 2013-07-10T00:00:00+00:00 {{(pid=80275) _check_extension /opt/stack/cinder/cinder/api/extensions.py:177}}
Nov 03 18:57:51 devstack devstack@c-api.service[80275]: DEBUG cinder.api.extensions [-] Loaded extension: os-volume-encryption-metadata {{(pid=80275) register /opt/stack/cinder/cinder/api/extensions.py:134}}
Nov 03 18:57:51 devstack devstack@c-api.service[80276]: DEBUG cinder.api.extensions [-] Calling extension factory cinder.api.contrib.volume_type_encryption.Volume_type_encryption {{(pid=80276) load_extension /opt/stack/cinder/cinder/api/extensions.py:199}}
Nov 03 18:57:51 devstack devstack@c-api.service[80276]: DEBUG cinder.api.extensions [-] Ext name: VolumeTypeEncryption {{(pid=80276) _check_extension /opt/stack/cinder/cinder/api/extensions.py:173}}
Nov 03 18:57:51 devstack devstack@c-api.service[80275]: DEBUG cinder.api.extensions [-] Loading extension cinder.api.contrib.backups.Backups {{(pid=80275) load_extension /opt/stack/cinder/cinder/api/extensions.py:193}}
Nov 03 18:57:51 devstack devstack@c-api.service[80276]: DEBUG cinder.api.extensions [-] Ext alias: encryption {{(pid=80276) _check_extension /opt/stack/cinder/cinder/api/extensions.py:174}}
Nov 03 18:57:51 devstack devstack@c-api.service[80275]: DEBUG cinder.api.extensions [-] Calling extension factory cinder.api.contrib.backups.Backups {{(pid=80275) load_extension /opt/stack/cinder/cinder/api/extensions.py:199}}
Nov 03 18:57:51 devstack devstack@c-api.service[80276]: DEBUG cinder.api.extensions [-] Ext description: Encryption support for volume types. {{(pid=80276) _check_extension /opt/stack/cinder/cinder/api/extensions.py:175}}
Nov 03 18:57:51 devstack devstack@c-api.service[80276]: DEBUG cinder.api.extensions [-] Ext updated: 2013-07-01T00:00:00+00:00 {{(pid=80276) _check_extension /opt/stack/cinder/cinder/api/extensions.py:177}}
Nov 03 18:57:51 devstack devstack@c-api.service[80275]: DEBUG cinder.api.extensions [-] Ext name: Backups {{(pid=80275) _check_extension /opt/stack/cinder/cinder/api/extensions.py:173}}
Nov 03 18:57:51 devstack devstack@c-api.service[80276]: DEBUG cinder.api.extensions [-] Loaded extension: encryption {{(pid=80276) register /opt/stack/cinder/cinder/api/extensions.py:134}}
Nov 03 18:57:51 devstack devstack@c-api.service[80275]: DEBUG cinder.api.extensions [-] Ext alias: backups {{(pid=80275) _check_extension /opt/stack/cinder/cinder/api/extensions.py:174}}
Nov 03 18:57:51 devstack devstack@c-api.service[80275]: DEBUG cinder.api.extensions [-] Ext description: Backups support. {{(pid=80275) _check_extension /opt/stack/cinder/cinder/api/extensions.py:175}}
Nov 03 18:57:51 devstack devstack@c-api.service[80275]: DEBUG cinder.api.extensions [-] Ext updated: 2012-12-12T00:00:00+00:00 {{(pid=80275) _check_extension /opt/stack/cinder/cinder/api/extensions.py:177}}
Nov 03 18:57:51 devstack devstack@c-api.service[80275]: DEBUG cinder.api.extensions [-] Loaded extension: backups {{(pid=80275) register /opt/stack/cinder/cinder/api/extensions.py:134}}
Nov 03 18:57:51 devstack devstack@c-api.service[80275]: DEBUG cinder.api.extensions [-] Loading extension cinder.api.contrib.quota_classes.Quota_classes {{(pid=80275) load_extension /opt/stack/cinder/cinder/api/extensions.py:193}}
Nov 03 18:57:51 devstack devstack@c-api.service[80275]: DEBUG cinder.api.extensions [-] Calling extension factory cinder.api.contrib.quota_classes.Quota_classes {{(pid=80275) load_extension /opt/stack/cinder/cinder/api/extensions.py:199}}
Nov 03 18:57:51 devstack devstack@c-api.service[80275]: DEBUG cinder.api.extensions [-] Ext name: QuotaClasses {{(pid=80275) _check_extension /opt/stack/cinder/cinder/api/extensions.py:173}}
Nov 03 18:57:51 devstack devstack@c-api.service[80275]: DEBUG cinder.api.extensions [-] Ext alias: os-quota-class-sets {{(pid=80275) _check_extension /opt/stack/cinder/cinder/api/extensions.py:174}}
Nov 03 18:57:51 devstack devstack@c-api.service[80275]: DEBUG cinder.api.extensions [-] Ext description: Quota classes management support. {{(pid=80275) _check_extension /opt/stack/cinder/cinder/api/extensions.py:175}}
Nov 03 18:57:51 devstack devstack@c-api.service[80275]: DEBUG cinder.api.extensions [-] Ext updated: 2012-03-12T00:00:00+00:00 {{(pid=80275) _check_extension /opt/stack/cinder/cinder/api/extensions.py:177}}
Nov 03 18:57:51 devstack devstack@c-api.service[80275]: DEBUG cinder.api.extensions [-] Loaded extension: os-quota-class-sets {{(pid=80275) register /opt/stack/cinder/cinder/api/extensions.py:134}}
Nov 03 18:57:51 devstack devstack@c-api.service[80275]: DEBUG cinder.api.extensions [-] Loading extension cinder.api.contrib.volume_unmanage.Volume_unmanage {{(pid=80275) load_extension /opt/stack/cinder/cinder/api/extensions.py:193}}
Nov 03 18:57:51 devstack devstack@c-api.service[80275]: DEBUG cinder.api.extensions [-] Calling extension factory cinder.api.contrib.volume_unmanage.Volume_unmanage {{(pid=80275) load_extension /opt/stack/cinder/cinder/api/extensions.py:199}}
Nov 03 18:57:51 devstack devstack@c-api.service[80275]: DEBUG cinder.api.extensions [-] Ext name: VolumeUnmanage {{(pid=80275) _check_extension /opt/stack/cinder/cinder/api/extensions.py:173}}
Nov 03 18:57:51 devstack devstack@c-api.service[80275]: DEBUG cinder.api.extensions [-] Ext alias: os-volume-unmanage {{(pid=80275) _check_extension /opt/stack/cinder/cinder/api/extensions.py:174}}
Nov 03 18:57:51 devstack devstack@c-api.service[80275]: DEBUG cinder.api.extensions [-] Ext description: Enable volume unmanage operation. {{(pid=80275) _check_extension /opt/stack/cinder/cinder/api/extensions.py:175}}
Nov 03 18:57:51 devstack devstack@c-api.service[80275]: DEBUG cinder.api.extensions [-] Ext updated: 2012-05-31T00:00:00+00:00 {{(pid=80275) _check_extension /opt/stack/cinder/cinder/api/extensions.py:177}}
Nov 03 18:57:51 devstack devstack@c-api.service[80275]: DEBUG cinder.api.extensions [-] Loaded extension: os-volume-unmanage {{(pid=80275) register /opt/stack/cinder/cinder/api/extensions.py:134}}
Nov 03 18:57:51 devstack devstack@c-api.service[80275]: DEBUG cinder.api.extensions [-] Loading extension cinder.api.contrib.volume_mig_status_attribute.Volume_mig_status_attribute {{(pid=80275) load_extension /opt/stack/cinder/cinder/api/extensions.py:193}}
Nov 03 18:57:51 devstack devstack@c-api.service[80275]: DEBUG cinder.api.extensions [-] Calling extension factory cinder.api.contrib.volume_mig_status_attribute.Volume_mig_status_attribute {{(pid=80275) load_extension /opt/stack/cinder/cinder/api/extensions.py:199}}
Nov 03 18:57:51 devstack devstack@c-api.service[80275]: DEBUG cinder.api.extensions [-] Ext name: VolumeMigStatusAttribute {{(pid=80275) _check_extension /opt/stack/cinder/cinder/api/extensions.py:173}}
Nov 03 18:57:51 devstack devstack@c-api.service[80275]: DEBUG cinder.api.extensions [-] Ext alias: os-vol-mig-status-attr {{(pid=80275) _check_extension /opt/stack/cinder/cinder/api/extensions.py:174}}
Nov 03 18:57:51 devstack devstack@c-api.service[80275]: DEBUG cinder.api.extensions [-] Ext description: Expose migration_status as an attribute of a volume. {{(pid=80275) _check_extension /opt/stack/cinder/cinder/api/extensions.py:175}}
Nov 03 18:57:51 devstack devstack@c-api.service[80275]: DEBUG cinder.api.extensions [-] Ext updated: 2013-08-08T00:00:00+00:00 {{(pid=80275) _check_extension /opt/stack/cinder/cinder/api/extensions.py:177}}
Nov 03 18:57:51 devstack devstack@c-api.service[80275]: DEBUG cinder.api.extensions [-] Loaded extension: os-vol-mig-status-attr {{(pid=80275) register /opt/stack/cinder/cinder/api/extensions.py:134}}
Nov 03 18:57:51 devstack devstack@c-api.service[80275]: DEBUG cinder.api.extensions [-] Loading extension cinder.api.contrib.admin_actions.Admin_actions {{(pid=80275) load_extension /opt/stack/cinder/cinder/api/extensions.py:193}}
Nov 03 18:57:51 devstack devstack@c-api.service[80275]: DEBUG cinder.api.extensions [-] Calling extension factory cinder.api.contrib.admin_actions.Admin_actions {{(pid=80275) load_extension /opt/stack/cinder/cinder/api/extensions.py:199}}
Nov 03 18:57:51 devstack devstack@c-api.service[80275]: DEBUG cinder.api.extensions [-] Ext name: AdminActions {{(pid=80275) _check_extension /opt/stack/cinder/cinder/api/extensions.py:173}}
Nov 03 18:57:51 devstack devstack@c-api.service[80275]: DEBUG cinder.api.extensions [-] Ext alias: os-admin-actions {{(pid=80275) _check_extension /opt/stack/cinder/cinder/api/extensions.py:174}}
Nov 03 18:57:51 devstack devstack@c-api.service[80275]: DEBUG cinder.api.extensions [-] Ext description: Enable admin actions. {{(pid=80275) _check_extension /opt/stack/cinder/cinder/api/extensions.py:175}}
Nov 03 18:57:51 devstack devstack@c-api.service[80275]: DEBUG cinder.api.extensions [-] Ext updated: 2012-08-25T00:00:00+00:00 {{(pid=80275) _check_extension /opt/stack/cinder/cinder/api/extensions.py:177}}
Nov 03 18:57:51 devstack devstack@c-api.service[80275]: DEBUG cinder.api.extensions [-] Loaded extension: os-admin-actions {{(pid=80275) register /opt/stack/cinder/cinder/api/extensions.py:134}}
Nov 03 18:57:51 devstack devstack@c-api.service[80275]: DEBUG cinder.api.extensions [-] Loading extension cinder.api.contrib.hosts.Hosts {{(pid=80275) load_extension /opt/stack/cinder/cinder/api/extensions.py:193}}
Nov 03 18:57:51 devstack devstack@c-api.service[80275]: DEBUG cinder.api.extensions [-] Calling extension factory cinder.api.contrib.hosts.Hosts {{(pid=80275) load_extension /opt/stack/cinder/cinder/api/extensions.py:199}}
Nov 03 18:57:51 devstack devstack@c-api.service[80275]: DEBUG cinder.api.extensions [-] Ext name: Hosts {{(pid=80275) _check_extension /opt/stack/cinder/cinder/api/extensions.py:173}}
Nov 03 18:57:51 devstack devstack@c-api.service[80275]: DEBUG cinder.api.extensions [-] Ext alias: os-hosts {{(pid=80275) _check_extension /opt/stack/cinder/cinder/api/extensions.py:174}}
Nov 03 18:57:51 devstack devstack@c-api.service[80275]: DEBUG cinder.api.extensions [-] Ext description: Admin-only host administration. {{(pid=80275) _check_extension /opt/stack/cinder/cinder/api/extensions.py:175}}
Nov 03 18:57:51 devstack devstack@c-api.service[80275]: DEBUG cinder.api.extensions [-] Ext updated: 2011-06-29T00:00:00+00:00 {{(pid=80275) _check_extension /opt/stack/cinder/cinder/api/extensions.py:177}}
Nov 03 18:57:51 devstack devstack@c-api.service[80275]: DEBUG cinder.api.extensions [-] Loaded extension: os-hosts {{(pid=80275) register /opt/stack/cinder/cinder/api/extensions.py:134}}
Nov 03 18:57:51 devstack devstack@c-api.service[80275]: DEBUG cinder.api.extensions [-] Loading extension cinder.api.contrib.used_limits.Used_limits {{(pid=80275) load_extension /opt/stack/cinder/cinder/api/extensions.py:193}}
Nov 03 18:57:51 devstack devstack@c-api.service[80275]: DEBUG cinder.api.extensions [-] Calling extension factory cinder.api.contrib.used_limits.Used_limits {{(pid=80275) load_extension /opt/stack/cinder/cinder/api/extensions.py:199}}
Nov 03 18:57:51 devstack devstack@c-api.service[80275]: DEBUG cinder.api.extensions [-] Ext name: UsedLimits {{(pid=80275) _check_extension /opt/stack/cinder/cinder/api/extensions.py:173}}
Nov 03 18:57:51 devstack devstack@c-api.service[80275]: DEBUG cinder.api.extensions [-] Ext alias: os-used-limits {{(pid=80275) _check_extension /opt/stack/cinder/cinder/api/extensions.py:174}}
Nov 03 18:57:51 devstack devstack@c-api.service[80275]: DEBUG cinder.api.extensions [-] Ext description: Provide data on limited resources that are being used. {{(pid=80275) _check_extension /opt/stack/cinder/cinder/api/extensions.py:175}}
Nov 03 18:57:51 devstack devstack@c-api.service[80275]: DEBUG cinder.api.extensions [-] Ext updated: 2013-10-03T00:00:00+00:00 {{(pid=80275) _check_extension /opt/stack/cinder/cinder/api/extensions.py:177}}
Nov 03 18:57:51 devstack devstack@c-api.service[80275]: DEBUG cinder.api.extensions [-] Loaded extension: os-used-limits {{(pid=80275) register /opt/stack/cinder/cinder/api/extensions.py:134}}
Nov 03 18:57:51 devstack devstack@c-api.service[80275]: DEBUG cinder.api.extensions [-] Loading extension cinder.api.contrib.types_manage.Types_manage {{(pid=80275) load_extension /opt/stack/cinder/cinder/api/extensions.py:193}}
Nov 03 18:57:51 devstack devstack@c-api.service[80275]: DEBUG cinder.api.extensions [-] Calling extension factory cinder.api.contrib.types_manage.Types_manage {{(pid=80275) load_extension /opt/stack/cinder/cinder/api/extensions.py:199}}
Nov 03 18:57:51 devstack devstack@c-api.service[80275]: DEBUG cinder.api.extensions [-] Ext name: TypesManage {{(pid=80275) _check_extension /opt/stack/cinder/cinder/api/extensions.py:173}}
Nov 03 18:57:51 devstack devstack@c-api.service[80275]: DEBUG cinder.api.extensions [-] Ext alias: os-types-manage {{(pid=80275) _check_extension /opt/stack/cinder/cinder/api/extensions.py:174}}
Nov 03 18:57:51 devstack devstack@c-api.service[80275]: DEBUG cinder.api.extensions [-] Ext description: Types manage support. {{(pid=80275) _check_extension /opt/stack/cinder/cinder/api/extensions.py:175}}
Nov 03 18:57:51 devstack devstack@c-api.service[80275]: DEBUG cinder.api.extensions [-] Ext updated: 2011-08-24T00:00:00+00:00 {{(pid=80275) _check_extension /opt/stack/cinder/cinder/api/extensions.py:177}}
Nov 03 18:57:51 devstack devstack@c-api.service[80275]: DEBUG cinder.api.extensions [-] Loaded extension: os-types-manage {{(pid=80275) register /opt/stack/cinder/cinder/api/extensions.py:134}}
Nov 03 18:57:51 devstack devstack@c-api.service[80275]: DEBUG cinder.api.extensions [-] Loading extension cinder.api.contrib.scheduler_stats.Scheduler_stats {{(pid=80275) load_extension /opt/stack/cinder/cinder/api/extensions.py:193}}
Nov 03 18:57:51 devstack devstack@c-api.service[80275]: DEBUG cinder.api.extensions [-] Calling extension factory cinder.api.contrib.scheduler_stats.Scheduler_stats {{(pid=80275) load_extension /opt/stack/cinder/cinder/api/extensions.py:199}}
Nov 03 18:57:51 devstack devstack@c-api.service[80275]: DEBUG cinder.api.extensions [-] Ext name: Scheduler_stats {{(pid=80275) _check_extension /opt/stack/cinder/cinder/api/extensions.py:173}}
Nov 03 18:57:51 devstack devstack@c-api.service[80275]: DEBUG cinder.api.extensions [-] Ext alias: scheduler-stats {{(pid=80275) _check_extension /opt/stack/cinder/cinder/api/extensions.py:174}}
Nov 03 18:57:51 devstack devstack@c-api.service[80275]: DEBUG cinder.api.extensions [-] Ext description: Scheduler stats support. {{(pid=80275) _check_extension /opt/stack/cinder/cinder/api/extensions.py:175}}
Nov 03 18:57:51 devstack devstack@c-api.service[80275]: DEBUG cinder.api.extensions [-] Ext updated: 2014-09-07T00:00:00+00:00 {{(pid=80275) _check_extension /opt/stack/cinder/cinder/api/extensions.py:177}}
Nov 03 18:57:51 devstack devstack@c-api.service[80275]: DEBUG cinder.api.extensions [-] Loaded extension: scheduler-stats {{(pid=80275) register /opt/stack/cinder/cinder/api/extensions.py:134}}
Nov 03 18:57:51 devstack devstack@c-api.service[80275]: DEBUG cinder.api.extensions [-] Loading extension cinder.api.contrib.services.Services {{(pid=80275) load_extension /opt/stack/cinder/cinder/api/extensions.py:193}}
Nov 03 18:57:51 devstack devstack@c-api.service[80275]: DEBUG cinder.api.extensions [-] Calling extension factory cinder.api.contrib.services.Services {{(pid=80275) load_extension /opt/stack/cinder/cinder/api/extensions.py:199}}
Nov 03 18:57:51 devstack devstack@c-api.service[80275]: DEBUG cinder.api.extensions [-] Ext name: Services {{(pid=80275) _check_extension /opt/stack/cinder/cinder/api/extensions.py:173}}
Nov 03 18:57:51 devstack devstack@c-api.service[80275]: DEBUG cinder.api.extensions [-] Ext alias: os-services {{(pid=80275) _check_extension /opt/stack/cinder/cinder/api/extensions.py:174}}
Nov 03 18:57:51 devstack devstack@c-api.service[80275]: DEBUG cinder.api.extensions [-] Ext description: Services support. {{(pid=80275) _check_extension /opt/stack/cinder/cinder/api/extensions.py:175}}
Nov 03 18:57:51 devstack devstack@c-api.service[80275]: DEBUG cinder.api.extensions [-] Ext updated: 2012-10-28T00:00:00-00:00 {{(pid=80275) _check_extension /opt/stack/cinder/cinder/api/extensions.py:177}}
Nov 03 18:57:51 devstack devstack@c-api.service[80275]: DEBUG cinder.api.extensions [-] Loaded extension: os-services {{(pid=80275) register /opt/stack/cinder/cinder/api/extensions.py:134}}
Nov 03 18:57:51 devstack devstack@c-api.service[80275]: DEBUG cinder.api.extensions [-] Loading extension cinder.api.contrib.availability_zones.Availability_zones {{(pid=80275) load_extension /opt/stack/cinder/cinder/api/extensions.py:193}}
Nov 03 18:57:51 devstack devstack@c-api.service[80275]: DEBUG cinder.api.extensions [-] Calling extension factory cinder.api.contrib.availability_zones.Availability_zones {{(pid=80275) load_extension /opt/stack/cinder/cinder/api/extensions.py:199}}
Nov 03 18:57:51 devstack devstack@c-api.service[80275]: DEBUG cinder.api.extensions [-] Ext name: AvailabilityZones {{(pid=80275) _check_extension /opt/stack/cinder/cinder/api/extensions.py:173}}
Nov 03 18:57:51 devstack devstack@c-api.service[80275]: DEBUG cinder.api.extensions [-] Ext alias: os-availability-zone {{(pid=80275) _check_extension /opt/stack/cinder/cinder/api/extensions.py:174}}
Nov 03 18:57:51 devstack devstack@c-api.service[80275]: DEBUG cinder.api.extensions [-] Ext description: Describe Availability Zones. {{(pid=80275) _check_extension /opt/stack/cinder/cinder/api/extensions.py:175}}
Nov 03 18:57:51 devstack devstack@c-api.service[80275]: DEBUG cinder.api.extensions [-] Ext updated: 2013-06-27T00:00:00+00:00 {{(pid=80275) _check_extension /opt/stack/cinder/cinder/api/extensions.py:177}}
Nov 03 18:57:51 devstack devstack@c-api.service[80275]: DEBUG cinder.api.extensions [-] Loaded extension: os-availability-zone {{(pid=80275) register /opt/stack/cinder/cinder/api/extensions.py:134}}
Nov 03 18:57:51 devstack devstack@c-api.service[80275]: DEBUG cinder.api.extensions [-] Loading extension cinder.api.contrib.qos_specs_manage.Qos_specs_manage {{(pid=80275) load_extension /opt/stack/cinder/cinder/api/extensions.py:193}}
Nov 03 18:57:51 devstack devstack@c-api.service[80275]: DEBUG cinder.api.extensions [-] Calling extension factory cinder.api.contrib.qos_specs_manage.Qos_specs_manage {{(pid=80275) load_extension /opt/stack/cinder/cinder/api/extensions.py:199}}
Nov 03 18:57:51 devstack devstack@c-api.service[80275]: DEBUG cinder.api.extensions [-] Ext name: Qos_specs_manage {{(pid=80275) _check_extension /opt/stack/cinder/cinder/api/extensions.py:173}}
Nov 03 18:57:51 devstack devstack@c-api.service[80275]: DEBUG cinder.api.extensions [-] Ext alias: qos-specs {{(pid=80275) _check_extension /opt/stack/cinder/cinder/api/extensions.py:174}}
Nov 03 18:57:51 devstack devstack@c-api.service[80275]: DEBUG cinder.api.extensions [-] Ext description: QoS specs support. {{(pid=80275) _check_extension /opt/stack/cinder/cinder/api/extensions.py:175}}
Nov 03 18:57:51 devstack devstack@c-api.service[80275]: DEBUG cinder.api.extensions [-] Ext updated: 2013-08-02T00:00:00+00:00 {{(pid=80275) _check_extension /opt/stack/cinder/cinder/api/extensions.py:177}}
Nov 03 18:57:51 devstack devstack@c-api.service[80275]: DEBUG cinder.api.extensions [-] Loaded extension: qos-specs {{(pid=80275) register /opt/stack/cinder/cinder/api/extensions.py:134}}
Nov 03 18:57:51 devstack devstack@c-api.service[80275]: DEBUG cinder.api.extensions [-] Loading extension cinder.api.contrib.snapshot_manage.Snapshot_manage {{(pid=80275) load_extension /opt/stack/cinder/cinder/api/extensions.py:193}}
Nov 03 18:57:51 devstack devstack@c-api.service[80275]: DEBUG cinder.api.extensions [-] Calling extension factory cinder.api.contrib.snapshot_manage.Snapshot_manage {{(pid=80275) load_extension /opt/stack/cinder/cinder/api/extensions.py:199}}
Nov 03 18:57:51 devstack devstack@c-api.service[80275]: DEBUG cinder.api.extensions [-] Ext name: SnapshotManage {{(pid=80275) _check_extension /opt/stack/cinder/cinder/api/extensions.py:173}}
Nov 03 18:57:51 devstack devstack@c-api.service[80275]: DEBUG cinder.api.extensions [-] Ext alias: os-snapshot-manage {{(pid=80275) _check_extension /opt/stack/cinder/cinder/api/extensions.py:174}}
Nov 03 18:57:51 devstack devstack@c-api.service[80275]: DEBUG cinder.api.extensions [-] Ext description: Allows existing backend storage to be 'managed' by Cinder. {{(pid=80275) _check_extension /opt/stack/cinder/cinder/api/extensions.py:175}}
Nov 03 18:57:51 devstack devstack@c-api.service[80275]: DEBUG cinder.api.extensions [-] Ext updated: 2014-12-31T00:00:00+00:00 {{(pid=80275) _check_extension /opt/stack/cinder/cinder/api/extensions.py:177}}
Nov 03 18:57:51 devstack devstack@c-api.service[80275]: DEBUG cinder.api.extensions [-] Loaded extension: os-snapshot-manage {{(pid=80275) register /opt/stack/cinder/cinder/api/extensions.py:134}}
Nov 03 18:57:51 devstack devstack@c-api.service[80275]: DEBUG cinder.api.extensions [-] Loading extension cinder.api.contrib.volume_type_access.Volume_type_access {{(pid=80275) load_extension /opt/stack/cinder/cinder/api/extensions.py:193}}
Nov 03 18:57:51 devstack devstack@c-api.service[80275]: DEBUG cinder.api.extensions [-] Calling extension factory cinder.api.contrib.volume_type_access.Volume_type_access {{(pid=80275) load_extension /opt/stack/cinder/cinder/api/extensions.py:199}}
Nov 03 18:57:51 devstack devstack@c-api.service[80275]: DEBUG cinder.api.extensions [-] Ext name: VolumeTypeAccess {{(pid=80275) _check_extension /opt/stack/cinder/cinder/api/extensions.py:173}}
Nov 03 18:57:51 devstack devstack@c-api.service[80275]: DEBUG cinder.api.extensions [-] Ext alias: os-volume-type-access {{(pid=80275) _check_extension /opt/stack/cinder/cinder/api/extensions.py:174}}
Nov 03 18:57:51 devstack devstack@c-api.service[80275]: DEBUG cinder.api.extensions [-] Ext description: Volume type access support. {{(pid=80275) _check_extension /opt/stack/cinder/cinder/api/extensions.py:175}}
Nov 03 18:57:51 devstack devstack@c-api.service[80275]: DEBUG cinder.api.extensions [-] Ext updated: 2014-06-26T00:00:00Z {{(pid=80275) _check_extension /opt/stack/cinder/cinder/api/extensions.py:177}}
Nov 03 18:57:51 devstack devstack@c-api.service[80275]: DEBUG cinder.api.extensions [-] Loaded extension: os-volume-type-access {{(pid=80275) register /opt/stack/cinder/cinder/api/extensions.py:134}}
Nov 03 18:57:51 devstack devstack@c-api.service[80275]: DEBUG cinder.api.extensions [-] Loading extension cinder.api.contrib.cgsnapshots.Cgsnapshots {{(pid=80275) load_extension /opt/stack/cinder/cinder/api/extensions.py:193}}
Nov 03 18:57:51 devstack devstack@c-api.service[80275]: DEBUG cinder.api.extensions [-] Calling extension factory cinder.api.contrib.cgsnapshots.Cgsnapshots {{(pid=80275) load_extension /opt/stack/cinder/cinder/api/extensions.py:199}}
Nov 03 18:57:51 devstack devstack@c-api.service[80275]: DEBUG cinder.api.extensions [-] Ext name: Cgsnapshots {{(pid=80275) _check_extension /opt/stack/cinder/cinder/api/extensions.py:173}}
Nov 03 18:57:51 devstack devstack@c-api.service[80275]: DEBUG cinder.api.extensions [-] Ext alias: cgsnapshots {{(pid=80275) _check_extension /opt/stack/cinder/cinder/api/extensions.py:174}}
Nov 03 18:57:51 devstack devstack@c-api.service[80275]: DEBUG cinder.api.extensions [-] Ext description: cgsnapshots support. {{(pid=80275) _check_extension /opt/stack/cinder/cinder/api/extensions.py:175}}
Nov 03 18:57:51 devstack devstack@c-api.service[80275]: DEBUG cinder.api.extensions [-] Ext updated: 2014-08-18T00:00:00+00:00 {{(pid=80275) _check_extension /opt/stack/cinder/cinder/api/extensions.py:177}}
Nov 03 18:57:51 devstack devstack@c-api.service[80275]: DEBUG cinder.api.extensions [-] Loaded extension: cgsnapshots {{(pid=80275) register /opt/stack/cinder/cinder/api/extensions.py:134}}
Nov 03 18:57:51 devstack devstack@c-api.service[80275]: DEBUG cinder.api.extensions [-] Loading extension cinder.api.contrib.extended_services.Extended_services {{(pid=80275) load_extension /opt/stack/cinder/cinder/api/extensions.py:193}}
Nov 03 18:57:51 devstack devstack@c-api.service[80275]: DEBUG cinder.api.extensions [-] Calling extension factory cinder.api.contrib.extended_services.Extended_services {{(pid=80275) load_extension /opt/stack/cinder/cinder/api/extensions.py:199}}
Nov 03 18:57:51 devstack devstack@c-api.service[80275]: DEBUG cinder.api.extensions [-] Ext name: ExtendedServices {{(pid=80275) _check_extension /opt/stack/cinder/cinder/api/extensions.py:173}}
Nov 03 18:57:51 devstack devstack@c-api.service[80275]: DEBUG cinder.api.extensions [-] Ext alias: os-extended-services {{(pid=80275) _check_extension /opt/stack/cinder/cinder/api/extensions.py:174}}
Nov 03 18:57:51 devstack devstack@c-api.service[80275]: DEBUG cinder.api.extensions [-] Ext description: Extended services support. {{(pid=80275) _check_extension /opt/stack/cinder/cinder/api/extensions.py:175}}
Nov 03 18:57:51 devstack devstack@c-api.service[80275]: DEBUG cinder.api.extensions [-] Ext updated: 2014-01-10T00:00:00-00:00 {{(pid=80275) _check_extension /opt/stack/cinder/cinder/api/extensions.py:177}}
Nov 03 18:57:51 devstack devstack@c-api.service[80275]: DEBUG cinder.api.extensions [-] Loaded extension: os-extended-services {{(pid=80275) register /opt/stack/cinder/cinder/api/extensions.py:134}}
Nov 03 18:57:51 devstack devstack@c-api.service[80275]: DEBUG cinder.api.extensions [-] Loading extension cinder.api.contrib.volume_host_attribute.Volume_host_attribute {{(pid=80275) load_extension /opt/stack/cinder/cinder/api/extensions.py:193}}
Nov 03 18:57:51 devstack devstack@c-api.service[80275]: DEBUG cinder.api.extensions [-] Calling extension factory cinder.api.contrib.volume_host_attribute.Volume_host_attribute {{(pid=80275) load_extension /opt/stack/cinder/cinder/api/extensions.py:199}}
Nov 03 18:57:51 devstack devstack@c-api.service[80275]: DEBUG cinder.api.extensions [-] Ext name: VolumeHostAttribute {{(pid=80275) _check_extension /opt/stack/cinder/cinder/api/extensions.py:173}}
Nov 03 18:57:51 devstack devstack@c-api.service[80275]: DEBUG cinder.api.extensions [-] Ext alias: os-vol-host-attr {{(pid=80275) _check_extension /opt/stack/cinder/cinder/api/extensions.py:174}}
Nov 03 18:57:51 devstack devstack@c-api.service[80275]: DEBUG cinder.api.extensions [-] Ext description: Expose host as an attribute of a volume. {{(pid=80275) _check_extension /opt/stack/cinder/cinder/api/extensions.py:175}}
Nov 03 18:57:51 devstack devstack@c-api.service[80275]: DEBUG cinder.api.extensions [-] Ext updated: 2011-11-03T00:00:00+00:00 {{(pid=80275) _check_extension /opt/stack/cinder/cinder/api/extensions.py:177}}
Nov 03 18:57:51 devstack devstack@c-api.service[80275]: DEBUG cinder.api.extensions [-] Loaded extension: os-vol-host-attr {{(pid=80275) register /opt/stack/cinder/cinder/api/extensions.py:134}}
Nov 03 18:57:51 devstack devstack@c-api.service[80275]: DEBUG cinder.api.extensions [-] Loading extension cinder.api.contrib.extended_snapshot_attributes.Extended_snapshot_attributes {{(pid=80275) load_extension /opt/stack/cinder/cinder/api/extensions.py:193}}
Nov 03 18:57:51 devstack devstack@c-api.service[80275]: DEBUG cinder.api.extensions [-] Calling extension factory cinder.api.contrib.extended_snapshot_attributes.Extended_snapshot_attributes {{(pid=80275) load_extension /opt/stack/cinder/cinder/api/extensions.py:199}}
Nov 03 18:57:51 devstack devstack@c-api.service[80275]: DEBUG cinder.api.extensions [-] Ext name: ExtendedSnapshotAttributes {{(pid=80275) _check_extension /opt/stack/cinder/cinder/api/extensions.py:173}}
Nov 03 18:57:51 devstack devstack@c-api.service[80275]: DEBUG cinder.api.extensions [-] Ext alias: os-extended-snapshot-attributes {{(pid=80275) _check_extension /opt/stack/cinder/cinder/api/extensions.py:174}}
Nov 03 18:57:51 devstack devstack@c-api.service[80275]: DEBUG cinder.api.extensions [-] Ext description: Extended SnapshotAttributes support. {{(pid=80275) _check_extension /opt/stack/cinder/cinder/api/extensions.py:175}}
Nov 03 18:57:51 devstack devstack@c-api.service[80275]: DEBUG cinder.api.extensions [-] Ext updated: 2012-06-19T00:00:00+00:00 {{(pid=80275) _check_extension /opt/stack/cinder/cinder/api/extensions.py:177}}
Nov 03 18:57:51 devstack devstack@c-api.service[80275]: DEBUG cinder.api.extensions [-] Loaded extension: os-extended-snapshot-attributes {{(pid=80275) register /opt/stack/cinder/cinder/api/extensions.py:134}}
Nov 03 18:57:51 devstack devstack@c-api.service[80275]: DEBUG cinder.api.extensions [-] Loading extension cinder.api.contrib.quotas.Quotas {{(pid=80275) load_extension /opt/stack/cinder/cinder/api/extensions.py:193}}
Nov 03 18:57:51 devstack devstack@c-api.service[80275]: DEBUG cinder.api.extensions [-] Calling extension factory cinder.api.contrib.quotas.Quotas {{(pid=80275) load_extension /opt/stack/cinder/cinder/api/extensions.py:199}}
Nov 03 18:57:51 devstack devstack@c-api.service[80275]: DEBUG cinder.api.extensions [-] Ext name: Quotas {{(pid=80275) _check_extension /opt/stack/cinder/cinder/api/extensions.py:173}}
Nov 03 18:57:51 devstack devstack@c-api.service[80275]: DEBUG cinder.api.extensions [-] Ext alias: os-quota-sets {{(pid=80275) _check_extension /opt/stack/cinder/cinder/api/extensions.py:174}}
Nov 03 18:57:51 devstack devstack@c-api.service[80275]: DEBUG cinder.api.extensions [-] Ext description: Quota management support. {{(pid=80275) _check_extension /opt/stack/cinder/cinder/api/extensions.py:175}}
Nov 03 18:57:51 devstack devstack@c-api.service[80275]: DEBUG cinder.api.extensions [-] Ext updated: 2011-08-08T00:00:00+00:00 {{(pid=80275) _check_extension /opt/stack/cinder/cinder/api/extensions.py:177}}
Nov 03 18:57:51 devstack devstack@c-api.service[80275]: DEBUG cinder.api.extensions [-] Loaded extension: os-quota-sets {{(pid=80275) register /opt/stack/cinder/cinder/api/extensions.py:134}}
Nov 03 18:57:51 devstack devstack@c-api.service[80275]: DEBUG cinder.api.extensions [-] Loading extension cinder.api.contrib.volume_type_encryption.Volume_type_encryption {{(pid=80275) load_extension /opt/stack/cinder/cinder/api/extensions.py:193}}
Nov 03 18:57:51 devstack devstack@c-api.service[80275]: DEBUG cinder.api.extensions [-] Calling extension factory cinder.api.contrib.volume_type_encryption.Volume_type_encryption {{(pid=80275) load_extension /opt/stack/cinder/cinder/api/extensions.py:199}}
Nov 03 18:57:51 devstack devstack@c-api.service[80275]: DEBUG cinder.api.extensions [-] Ext name: VolumeTypeEncryption {{(pid=80275) _check_extension /opt/stack/cinder/cinder/api/extensions.py:173}}
Nov 03 18:57:51 devstack devstack@c-api.service[80275]: DEBUG cinder.api.extensions [-] Ext alias: encryption {{(pid=80275) _check_extension /opt/stack/cinder/cinder/api/extensions.py:174}}
Nov 03 18:57:51 devstack devstack@c-api.service[80275]: DEBUG cinder.api.extensions [-] Ext description: Encryption support for volume types. {{(pid=80275) _check_extension /opt/stack/cinder/cinder/api/extensions.py:175}}
Nov 03 18:57:51 devstack devstack@c-api.service[80275]: DEBUG cinder.api.extensions [-] Ext updated: 2013-07-01T00:00:00+00:00 {{(pid=80275) _check_extension /opt/stack/cinder/cinder/api/extensions.py:177}}
Nov 03 18:57:51 devstack devstack@c-api.service[80275]: DEBUG cinder.api.extensions [-] Loaded extension: encryption {{(pid=80275) register /opt/stack/cinder/cinder/api/extensions.py:134}}
Nov 03 18:57:51 devstack devstack@c-api.service[80276]: INFO dbcounter [None req-90ec1d0f-74cf-4233-950f-3c0e4446fe55 None None] Registered counter for database cinder
Nov 03 18:57:51 devstack devstack@c-api.service[80276]: DEBUG oslo_db.sqlalchemy.engines [None req-90ec1d0f-74cf-4233-950f-3c0e4446fe55 None None] MySQL server mode set to STRICT_TRANS_TABLES,STRICT_ALL_TABLES,NO_ZERO_IN_DATE,NO_ZERO_DATE,ERROR_FOR_DIVISION_BY_ZERO,TRADITIONAL,NO_ENGINE_SUBSTITUTION {{(pid=80276) _check_effective_sql_mode /opt/stack/data/venv/lib/python3.10/site-packages/oslo_db/sqlalchemy/engines.py:397}}
Nov 03 18:57:52 devstack devstack@c-api.service[80275]: INFO dbcounter [None req-ba9e9b40-6407-4014-a522-7a1ba5a0ffac None None] Registered counter for database cinder
Nov 03 18:57:52 devstack devstack@c-api.service[80275]: DEBUG oslo_db.sqlalchemy.engines [None req-ba9e9b40-6407-4014-a522-7a1ba5a0ffac None None] MySQL server mode set to STRICT_TRANS_TABLES,STRICT_ALL_TABLES,NO_ZERO_IN_DATE,NO_ZERO_DATE,ERROR_FOR_DIVISION_BY_ZERO,TRADITIONAL,NO_ENGINE_SUBSTITUTION {{(pid=80275) _check_effective_sql_mode /opt/stack/data/venv/lib/python3.10/site-packages/oslo_db/sqlalchemy/engines.py:397}}
Nov 03 18:57:52 devstack devstack@c-api.service[80276]: DEBUG dbcounter [-] [80276] Writer thread running {{(pid=80276) stat_writer /opt/stack/data/venv/lib/python3.10/site-packages/dbcounter.py:102}}
Nov 03 18:57:52 devstack devstack@c-api.service[80276]: INFO cinder.rpc [None req-90ec1d0f-74cf-4233-950f-3c0e4446fe55 None None] Automatically selected cinder-scheduler objects version 1.39 as minimum service version.
Nov 03 18:57:52 devstack devstack@c-api.service[80276]: INFO cinder.rpc [None req-90ec1d0f-74cf-4233-950f-3c0e4446fe55 None None] Automatically selected cinder-scheduler RPC version 3.12 as minimum service version.
Nov 03 18:57:52 devstack devstack@c-api.service[80276]: INFO cinder.rpc [None req-90ec1d0f-74cf-4233-950f-3c0e4446fe55 None None] Automatically selected cinder-volume objects version 1.39 as minimum service version.
Nov 03 18:57:52 devstack devstack@c-api.service[80276]: INFO cinder.rpc [None req-90ec1d0f-74cf-4233-950f-3c0e4446fe55 None None] Automatically selected cinder-volume RPC version 3.20 as minimum service version.
Nov 03 18:57:52 devstack devstack@c-api.service[80276]: WARNING stevedore.named [None req-90ec1d0f-74cf-4233-950f-3c0e4446fe55 None None] Could not load cinder.keymgr.conf_key_mgr.ConfKeyManager
Nov 03 18:57:52 devstack devstack@c-api.service[80276]: WARNING castellan.key_manager [None req-90ec1d0f-74cf-4233-950f-3c0e4446fe55 None None] Deprecation Warning : cinder.keymgr.conf_key_mgr.ConfKeyManager is not a stevedore based driver, trying to load it as a class: stevedore.exception.NoMatches: No 'castellan.drivers' driver found, looking for 'cinder.keymgr.conf_key_mgr.ConfKeyManager'
Nov 03 18:57:52 devstack devstack@c-api.service[80276]: WARNING cinder.keymgr.conf_key_mgr [None req-90ec1d0f-74cf-4233-950f-3c0e4446fe55 None None] This key manager is insecure and is not recommended for production deployments: stevedore.exception.NoMatches: No 'castellan.drivers' driver found, looking for 'cinder.keymgr.conf_key_mgr.ConfKeyManager'
Nov 03 18:57:52 devstack devstack@c-api.service[80276]: WARNING stevedore.named [None req-90ec1d0f-74cf-4233-950f-3c0e4446fe55 None None] Could not load cinder.keymgr.conf_key_mgr.ConfKeyManager
Nov 03 18:57:52 devstack devstack@c-api.service[80276]: WARNING castellan.key_manager [None req-90ec1d0f-74cf-4233-950f-3c0e4446fe55 None None] Deprecation Warning : cinder.keymgr.conf_key_mgr.ConfKeyManager is not a stevedore based driver, trying to load it as a class: stevedore.exception.NoMatches: No 'castellan.drivers' driver found, looking for 'cinder.keymgr.conf_key_mgr.ConfKeyManager'
Nov 03 18:57:52 devstack devstack@c-api.service[80275]: DEBUG dbcounter [-] [80275] Writer thread running {{(pid=80275) stat_writer /opt/stack/data/venv/lib/python3.10/site-packages/dbcounter.py:102}}
Nov 03 18:57:52 devstack devstack@c-api.service[80276]: DEBUG oslo_db.sqlalchemy.engines [None req-90ec1d0f-74cf-4233-950f-3c0e4446fe55 None None] MySQL server mode set to STRICT_TRANS_TABLES,STRICT_ALL_TABLES,NO_ZERO_IN_DATE,NO_ZERO_DATE,ERROR_FOR_DIVISION_BY_ZERO,TRADITIONAL,NO_ENGINE_SUBSTITUTION {{(pid=80276) _check_effective_sql_mode /opt/stack/data/venv/lib/python3.10/site-packages/oslo_db/sqlalchemy/engines.py:397}}
Nov 03 18:57:52 devstack devstack@c-api.service[80275]: INFO cinder.rpc [None req-ba9e9b40-6407-4014-a522-7a1ba5a0ffac None None] Automatically selected cinder-scheduler objects version 1.39 as minimum service version.
Nov 03 18:57:52 devstack devstack@c-api.service[80276]: INFO cinder.rpc [None req-90ec1d0f-74cf-4233-950f-3c0e4446fe55 None None] Automatically selected cinder-backup objects version 1.39 as minimum service version.
Nov 03 18:57:52 devstack devstack@c-api.service[80275]: INFO cinder.rpc [None req-ba9e9b40-6407-4014-a522-7a1ba5a0ffac None None] Automatically selected cinder-scheduler RPC version 3.12 as minimum service version.
Nov 03 18:57:52 devstack devstack@c-api.service[80276]: INFO cinder.rpc [None req-90ec1d0f-74cf-4233-950f-3c0e4446fe55 None None] Automatically selected cinder-backup RPC version 2.4 as minimum service version.
Nov 03 18:57:52 devstack devstack@c-api.service[80276]: WARNING stevedore.named [None req-90ec1d0f-74cf-4233-950f-3c0e4446fe55 None None] Could not load cinder.keymgr.conf_key_mgr.ConfKeyManager
Nov 03 18:57:52 devstack devstack@c-api.service[80276]: WARNING castellan.key_manager [None req-90ec1d0f-74cf-4233-950f-3c0e4446fe55 None None] Deprecation Warning : cinder.keymgr.conf_key_mgr.ConfKeyManager is not a stevedore based driver, trying to load it as a class: stevedore.exception.NoMatches: No 'castellan.drivers' driver found, looking for 'cinder.keymgr.conf_key_mgr.ConfKeyManager'
Nov 03 18:57:52 devstack devstack@c-api.service[80275]: INFO cinder.rpc [None req-ba9e9b40-6407-4014-a522-7a1ba5a0ffac None None] Automatically selected cinder-volume objects version 1.39 as minimum service version.
Nov 03 18:57:52 devstack devstack@c-api.service[80275]: INFO cinder.rpc [None req-ba9e9b40-6407-4014-a522-7a1ba5a0ffac None None] Automatically selected cinder-volume RPC version 3.20 as minimum service version.
Nov 03 18:57:52 devstack devstack@c-api.service[80275]: WARNING stevedore.named [None req-ba9e9b40-6407-4014-a522-7a1ba5a0ffac None None] Could not load cinder.keymgr.conf_key_mgr.ConfKeyManager
Nov 03 18:57:52 devstack devstack@c-api.service[80275]: WARNING castellan.key_manager [None req-ba9e9b40-6407-4014-a522-7a1ba5a0ffac None None] Deprecation Warning : cinder.keymgr.conf_key_mgr.ConfKeyManager is not a stevedore based driver, trying to load it as a class: stevedore.exception.NoMatches: No 'castellan.drivers' driver found, looking for 'cinder.keymgr.conf_key_mgr.ConfKeyManager'
Nov 03 18:57:52 devstack devstack@c-api.service[80275]: WARNING cinder.keymgr.conf_key_mgr [None req-ba9e9b40-6407-4014-a522-7a1ba5a0ffac None None] This key manager is insecure and is not recommended for production deployments: stevedore.exception.NoMatches: No 'castellan.drivers' driver found, looking for 'cinder.keymgr.conf_key_mgr.ConfKeyManager'
Nov 03 18:57:52 devstack devstack@c-api.service[80275]: WARNING stevedore.named [None req-ba9e9b40-6407-4014-a522-7a1ba5a0ffac None None] Could not load cinder.keymgr.conf_key_mgr.ConfKeyManager
Nov 03 18:57:52 devstack devstack@c-api.service[80275]: WARNING castellan.key_manager [None req-ba9e9b40-6407-4014-a522-7a1ba5a0ffac None None] Deprecation Warning : cinder.keymgr.conf_key_mgr.ConfKeyManager is not a stevedore based driver, trying to load it as a class: stevedore.exception.NoMatches: No 'castellan.drivers' driver found, looking for 'cinder.keymgr.conf_key_mgr.ConfKeyManager'
Nov 03 18:57:52 devstack devstack@c-api.service[80275]: DEBUG oslo_db.sqlalchemy.engines [None req-ba9e9b40-6407-4014-a522-7a1ba5a0ffac None None] MySQL server mode set to STRICT_TRANS_TABLES,STRICT_ALL_TABLES,NO_ZERO_IN_DATE,NO_ZERO_DATE,ERROR_FOR_DIVISION_BY_ZERO,TRADITIONAL,NO_ENGINE_SUBSTITUTION {{(pid=80275) _check_effective_sql_mode /opt/stack/data/venv/lib/python3.10/site-packages/oslo_db/sqlalchemy/engines.py:397}}
Nov 03 18:57:52 devstack devstack@c-api.service[80276]: WARNING stevedore.named [None req-90ec1d0f-74cf-4233-950f-3c0e4446fe55 None None] Could not load cinder.keymgr.conf_key_mgr.ConfKeyManager
Nov 03 18:57:52 devstack devstack@c-api.service[80275]: INFO cinder.rpc [None req-ba9e9b40-6407-4014-a522-7a1ba5a0ffac None None] Automatically selected cinder-backup objects version 1.39 as minimum service version.
Nov 03 18:57:52 devstack devstack@c-api.service[80276]: WARNING castellan.key_manager [None req-90ec1d0f-74cf-4233-950f-3c0e4446fe55 None None] Deprecation Warning : cinder.keymgr.conf_key_mgr.ConfKeyManager is not a stevedore based driver, trying to load it as a class: stevedore.exception.NoMatches: No 'castellan.drivers' driver found, looking for 'cinder.keymgr.conf_key_mgr.ConfKeyManager'
Nov 03 18:57:52 devstack devstack@c-api.service[80275]: INFO cinder.rpc [None req-ba9e9b40-6407-4014-a522-7a1ba5a0ffac None None] Automatically selected cinder-backup RPC version 2.4 as minimum service version.
Nov 03 18:57:52 devstack devstack@c-api.service[80275]: WARNING stevedore.named [None req-ba9e9b40-6407-4014-a522-7a1ba5a0ffac None None] Could not load cinder.keymgr.conf_key_mgr.ConfKeyManager
Nov 03 18:57:52 devstack devstack@c-api.service[80275]: WARNING castellan.key_manager [None req-ba9e9b40-6407-4014-a522-7a1ba5a0ffac None None] Deprecation Warning : cinder.keymgr.conf_key_mgr.ConfKeyManager is not a stevedore based driver, trying to load it as a class: stevedore.exception.NoMatches: No 'castellan.drivers' driver found, looking for 'cinder.keymgr.conf_key_mgr.ConfKeyManager'
Nov 03 18:57:52 devstack devstack@c-api.service[80276]: WARNING stevedore.named [None req-90ec1d0f-74cf-4233-950f-3c0e4446fe55 None None] Could not load cinder.keymgr.conf_key_mgr.ConfKeyManager
Nov 03 18:57:52 devstack devstack@c-api.service[80276]: WARNING castellan.key_manager [None req-90ec1d0f-74cf-4233-950f-3c0e4446fe55 None None] Deprecation Warning : cinder.keymgr.conf_key_mgr.ConfKeyManager is not a stevedore based driver, trying to load it as a class: stevedore.exception.NoMatches: No 'castellan.drivers' driver found, looking for 'cinder.keymgr.conf_key_mgr.ConfKeyManager'
Nov 03 18:57:52 devstack devstack@c-api.service[80276]: WARNING stevedore.named [None req-90ec1d0f-74cf-4233-950f-3c0e4446fe55 None None] Could not load cinder.keymgr.conf_key_mgr.ConfKeyManager
Nov 03 18:57:52 devstack devstack@c-api.service[80276]: WARNING castellan.key_manager [None req-90ec1d0f-74cf-4233-950f-3c0e4446fe55 None None] Deprecation Warning : cinder.keymgr.conf_key_mgr.ConfKeyManager is not a stevedore based driver, trying to load it as a class: stevedore.exception.NoMatches: No 'castellan.drivers' driver found, looking for 'cinder.keymgr.conf_key_mgr.ConfKeyManager'
Nov 03 18:57:52 devstack devstack@c-api.service[80276]: WARNING stevedore.named [None req-90ec1d0f-74cf-4233-950f-3c0e4446fe55 None None] Could not load cinder.keymgr.conf_key_mgr.ConfKeyManager
Nov 03 18:57:52 devstack devstack@c-api.service[80276]: WARNING castellan.key_manager [None req-90ec1d0f-74cf-4233-950f-3c0e4446fe55 None None] Deprecation Warning : cinder.keymgr.conf_key_mgr.ConfKeyManager is not a stevedore based driver, trying to load it as a class: stevedore.exception.NoMatches: No 'castellan.drivers' driver found, looking for 'cinder.keymgr.conf_key_mgr.ConfKeyManager'
Nov 03 18:57:52 devstack devstack@c-api.service[80275]: WARNING stevedore.named [None req-ba9e9b40-6407-4014-a522-7a1ba5a0ffac None None] Could not load cinder.keymgr.conf_key_mgr.ConfKeyManager
Nov 03 18:57:52 devstack devstack@c-api.service[80276]: WARNING stevedore.named [None req-90ec1d0f-74cf-4233-950f-3c0e4446fe55 None None] Could not load cinder.keymgr.conf_key_mgr.ConfKeyManager
Nov 03 18:57:52 devstack devstack@c-api.service[80275]: WARNING castellan.key_manager [None req-ba9e9b40-6407-4014-a522-7a1ba5a0ffac None None] Deprecation Warning : cinder.keymgr.conf_key_mgr.ConfKeyManager is not a stevedore based driver, trying to load it as a class: stevedore.exception.NoMatches: No 'castellan.drivers' driver found, looking for 'cinder.keymgr.conf_key_mgr.ConfKeyManager'
Nov 03 18:57:52 devstack devstack@c-api.service[80276]: WARNING castellan.key_manager [None req-90ec1d0f-74cf-4233-950f-3c0e4446fe55 None None] Deprecation Warning : cinder.keymgr.conf_key_mgr.ConfKeyManager is not a stevedore based driver, trying to load it as a class: stevedore.exception.NoMatches: No 'castellan.drivers' driver found, looking for 'cinder.keymgr.conf_key_mgr.ConfKeyManager'
Nov 03 18:57:52 devstack devstack@c-api.service[80276]: WARNING stevedore.named [None req-90ec1d0f-74cf-4233-950f-3c0e4446fe55 None None] Could not load cinder.keymgr.conf_key_mgr.ConfKeyManager
Nov 03 18:57:52 devstack devstack@c-api.service[80276]: WARNING castellan.key_manager [None req-90ec1d0f-74cf-4233-950f-3c0e4446fe55 None None] Deprecation Warning : cinder.keymgr.conf_key_mgr.ConfKeyManager is not a stevedore based driver, trying to load it as a class: stevedore.exception.NoMatches: No 'castellan.drivers' driver found, looking for 'cinder.keymgr.conf_key_mgr.ConfKeyManager'
Nov 03 18:57:52 devstack devstack@c-api.service[80275]: WARNING stevedore.named [None req-ba9e9b40-6407-4014-a522-7a1ba5a0ffac None None] Could not load cinder.keymgr.conf_key_mgr.ConfKeyManager
Nov 03 18:57:52 devstack devstack@c-api.service[80275]: WARNING castellan.key_manager [None req-ba9e9b40-6407-4014-a522-7a1ba5a0ffac None None] Deprecation Warning : cinder.keymgr.conf_key_mgr.ConfKeyManager is not a stevedore based driver, trying to load it as a class: stevedore.exception.NoMatches: No 'castellan.drivers' driver found, looking for 'cinder.keymgr.conf_key_mgr.ConfKeyManager'
Nov 03 18:57:52 devstack devstack@c-api.service[80276]: WARNING stevedore.named [None req-90ec1d0f-74cf-4233-950f-3c0e4446fe55 None None] Could not load cinder.keymgr.conf_key_mgr.ConfKeyManager
Nov 03 18:57:52 devstack devstack@c-api.service[80276]: WARNING castellan.key_manager [None req-90ec1d0f-74cf-4233-950f-3c0e4446fe55 None None] Deprecation Warning : cinder.keymgr.conf_key_mgr.ConfKeyManager is not a stevedore based driver, trying to load it as a class: stevedore.exception.NoMatches: No 'castellan.drivers' driver found, looking for 'cinder.keymgr.conf_key_mgr.ConfKeyManager'
Nov 03 18:57:52 devstack devstack@c-api.service[80275]: WARNING stevedore.named [None req-ba9e9b40-6407-4014-a522-7a1ba5a0ffac None None] Could not load cinder.keymgr.conf_key_mgr.ConfKeyManager
Nov 03 18:57:52 devstack devstack@c-api.service[80275]: WARNING castellan.key_manager [None req-ba9e9b40-6407-4014-a522-7a1ba5a0ffac None None] Deprecation Warning : cinder.keymgr.conf_key_mgr.ConfKeyManager is not a stevedore based driver, trying to load it as a class: stevedore.exception.NoMatches: No 'castellan.drivers' driver found, looking for 'cinder.keymgr.conf_key_mgr.ConfKeyManager'
Nov 03 18:57:52 devstack devstack@c-api.service[80276]: WARNING stevedore.named [None req-90ec1d0f-74cf-4233-950f-3c0e4446fe55 None None] Could not load cinder.keymgr.conf_key_mgr.ConfKeyManager
Nov 03 18:57:52 devstack devstack@c-api.service[80276]: WARNING castellan.key_manager [None req-90ec1d0f-74cf-4233-950f-3c0e4446fe55 None None] Deprecation Warning : cinder.keymgr.conf_key_mgr.ConfKeyManager is not a stevedore based driver, trying to load it as a class: stevedore.exception.NoMatches: No 'castellan.drivers' driver found, looking for 'cinder.keymgr.conf_key_mgr.ConfKeyManager'
Nov 03 18:57:52 devstack devstack@c-api.service[80275]: WARNING stevedore.named [None req-ba9e9b40-6407-4014-a522-7a1ba5a0ffac None None] Could not load cinder.keymgr.conf_key_mgr.ConfKeyManager
Nov 03 18:57:52 devstack devstack@c-api.service[80275]: WARNING castellan.key_manager [None req-ba9e9b40-6407-4014-a522-7a1ba5a0ffac None None] Deprecation Warning : cinder.keymgr.conf_key_mgr.ConfKeyManager is not a stevedore based driver, trying to load it as a class: stevedore.exception.NoMatches: No 'castellan.drivers' driver found, looking for 'cinder.keymgr.conf_key_mgr.ConfKeyManager'
Nov 03 18:57:52 devstack devstack@c-api.service[80276]: WARNING stevedore.named [None req-90ec1d0f-74cf-4233-950f-3c0e4446fe55 None None] Could not load cinder.keymgr.conf_key_mgr.ConfKeyManager
Nov 03 18:57:52 devstack devstack@c-api.service[80276]: WARNING castellan.key_manager [None req-90ec1d0f-74cf-4233-950f-3c0e4446fe55 None None] Deprecation Warning : cinder.keymgr.conf_key_mgr.ConfKeyManager is not a stevedore based driver, trying to load it as a class: stevedore.exception.NoMatches: No 'castellan.drivers' driver found, looking for 'cinder.keymgr.conf_key_mgr.ConfKeyManager'
Nov 03 18:57:52 devstack devstack@c-api.service[80276]: WARNING stevedore.named [None req-90ec1d0f-74cf-4233-950f-3c0e4446fe55 None None] Could not load cinder.keymgr.conf_key_mgr.ConfKeyManager
Nov 03 18:57:52 devstack devstack@c-api.service[80276]: WARNING castellan.key_manager [None req-90ec1d0f-74cf-4233-950f-3c0e4446fe55 None None] Deprecation Warning : cinder.keymgr.conf_key_mgr.ConfKeyManager is not a stevedore based driver, trying to load it as a class: stevedore.exception.NoMatches: No 'castellan.drivers' driver found, looking for 'cinder.keymgr.conf_key_mgr.ConfKeyManager'
Nov 03 18:57:52 devstack devstack@c-api.service[80275]: WARNING stevedore.named [None req-ba9e9b40-6407-4014-a522-7a1ba5a0ffac None None] Could not load cinder.keymgr.conf_key_mgr.ConfKeyManager
Nov 03 18:57:52 devstack devstack@c-api.service[80275]: WARNING castellan.key_manager [None req-ba9e9b40-6407-4014-a522-7a1ba5a0ffac None None] Deprecation Warning : cinder.keymgr.conf_key_mgr.ConfKeyManager is not a stevedore based driver, trying to load it as a class: stevedore.exception.NoMatches: No 'castellan.drivers' driver found, looking for 'cinder.keymgr.conf_key_mgr.ConfKeyManager'
Nov 03 18:57:52 devstack devstack@c-api.service[80276]: WARNING stevedore.named [None req-90ec1d0f-74cf-4233-950f-3c0e4446fe55 None None] Could not load cinder.keymgr.conf_key_mgr.ConfKeyManager
