Jun 03 11:55:25 devstack devstack@c-api.service[86414]: DEBUG cinder.api.openstack.wsgi [None req-62cc0e32-81d7-41b7-b81e-b2619c7bc07e tempest-GroupsV320Test-390978163 tempest-GroupsV320Test-390978163-project-member] Calling method 'version_select' {{(pid=86414) _process_stack /opt/stack/cinder/cinder/api/openstack/wsgi.py:878}}
Jun 03 11:55:25 devstack devstack@c-api.service[86414]: DEBUG cinder.api.v3.groups [None req-62cc0e32-81d7-41b7-b81e-b2619c7bc07e tempest-GroupsV320Test-390978163 tempest-GroupsV320Test-390978163-project-member] show called for member cbc1807c-3fdc-4c79-a097-f68f1e4dd40e {{(pid=86414) show /opt/stack/cinder/cinder/api/v3/groups.py:58}}
Jun 03 11:55:25 devstack devstack@c-api.service[86415]: DEBUG cinder.api.middleware.request_id [None req-9fa956cc-8e22-4397-ad46-9b9f36ef142d None None] RequestId filter calling following filter/app {{(pid=86415) _context_setter /opt/stack/cinder/cinder/api/middleware/request_id.py:62}}
Jun 03 11:55:25 devstack devstack@c-api.service[86415]: INFO cinder.api.openstack.wsgi [None req-9fa956cc-8e22-4397-ad46-9b9f36ef142d tempest-AttachVolumeTestJSON-1265919166 tempest-AttachVolumeTestJSON-1265919166-project-member] GET http://192.168.122.187/volume/v3/volumes/0454b651-6718-4d7c-ac8c-df2066d33c5d
Jun 03 11:55:25 devstack devstack@c-api.service[86415]: DEBUG cinder.api.openstack.wsgi [None req-9fa956cc-8e22-4397-ad46-9b9f36ef142d tempest-AttachVolumeTestJSON-1265919166 tempest-AttachVolumeTestJSON-1265919166-project-member] Empty body provided in request {{(pid=86415) get_body /opt/stack/cinder/cinder/api/openstack/wsgi.py:725}}
Jun 03 11:55:25 devstack devstack@c-api.service[86415]: DEBUG cinder.api.openstack.wsgi [None req-9fa956cc-8e22-4397-ad46-9b9f36ef142d tempest-AttachVolumeTestJSON-1265919166 tempest-AttachVolumeTestJSON-1265919166-project-member] Calling method 'show' {{(pid=86415) _process_stack /opt/stack/cinder/cinder/api/openstack/wsgi.py:878}}
Jun 03 11:55:25 devstack devstack@c-api.service[86414]: /opt/stack/data/venv/lib/python3.12/site-packages/oslo_context/context.py:101: DeprecationWarning: Policy enforcement is depending on the value of is_admin. This key is deprecated. Please update your policy file to use the standard policy values.
Jun 03 11:55:25 devstack devstack@c-api.service[86414]: warnings.warn(
Jun 03 11:55:25 devstack devstack@c-api.service[86415]: INFO cinder.api.openstack.wsgi [None req-9fa956cc-8e22-4397-ad46-9b9f36ef142d tempest-AttachVolumeTestJSON-1265919166 tempest-AttachVolumeTestJSON-1265919166-project-member] http://192.168.122.187/volume/v3/volumes/0454b651-6718-4d7c-ac8c-df2066d33c5d returned with HTTP 404
Jun 03 11:55:25 devstack devstack@c-api.service[86415]: [pid: 86415|app: 0|req: 170/344] 192.168.122.187 () {58 vars in 1232 bytes} [Wed Jun 3 11:55:25 2026] GET /volume/v3/volumes/0454b651-6718-4d7c-ac8c-df2066d33c5d => generated 109 bytes in 26 msecs (HTTP/1.1 404) 7 headers in 292 bytes (1 switches on core 0)
Jun 03 11:55:25 devstack devstack@c-api.service[86414]: INFO cinder.api.openstack.wsgi [None req-62cc0e32-81d7-41b7-b81e-b2619c7bc07e tempest-GroupsV320Test-390978163 tempest-GroupsV320Test-390978163-project-member] http://192.168.122.187/volume/v3/groups/cbc1807c-3fdc-4c79-a097-f68f1e4dd40e returned with HTTP 200
Jun 03 11:55:25 devstack devstack@c-api.service[86414]: [pid: 86414|app: 0|req: 175/345] 192.168.122.187 () {60 vars in 1270 bytes} [Wed Jun 3 11:55:25 2026] GET /volume/v3/groups/cbc1807c-3fdc-4c79-a097-f68f1e4dd40e => generated 385 bytes in 49 msecs (HTTP/1.1 200) 7 headers in 286 bytes (1 switches on core 0)
Jun 03 11:55:25 devstack devstack@c-api.service[86415]: DEBUG cinder.api.middleware.request_id [None req-5ba6a30e-d713-4463-b997-df12b68dafb5 None None] RequestId filter calling following filter/app {{(pid=86415) _context_setter /opt/stack/cinder/cinder/api/middleware/request_id.py:62}}
Jun 03 11:55:25 devstack devstack@c-api.service[86415]: INFO cinder.api.openstack.wsgi [None req-5ba6a30e-d713-4463-b997-df12b68dafb5 tempest-GroupsV320Test-1023696780 tempest-GroupsV320Test-1023696780-project-admin] POST http://192.168.122.187/volume/v3/groups/cbc1807c-3fdc-4c79-a097-f68f1e4dd40e/action
Jun 03 11:55:25 devstack devstack@c-api.service[86415]: DEBUG cinder.api.openstack.wsgi [None req-5ba6a30e-d713-4463-b997-df12b68dafb5 tempest-GroupsV320Test-1023696780 tempest-GroupsV320Test-1023696780-project-admin] Action body: b'{"reset_status": {"status": "available"}}' {{(pid=86415) get_method /opt/stack/cinder/cinder/api/openstack/wsgi.py:993}}
Jun 03 11:55:25 devstack devstack@c-api.service[86415]: DEBUG cinder.api.openstack.wsgi [None req-5ba6a30e-d713-4463-b997-df12b68dafb5 tempest-GroupsV320Test-1023696780 tempest-GroupsV320Test-1023696780-project-admin] Action: 'action', calling method: reset_status, body: {"reset_status": {"status": "available"}} {{(pid=86415) _process_stack /opt/stack/cinder/cinder/api/openstack/wsgi.py:876}}
Jun 03 11:55:25 devstack devstack@c-api.service[86415]: DEBUG cinder.api.v3.groups [None req-5ba6a30e-d713-4463-b997-df12b68dafb5 tempest-GroupsV320Test-1023696780 tempest-GroupsV320Test-1023696780-project-admin] Updating group 'cbc1807c-3fdc-4c79-a097-f68f1e4dd40e' with 'available' {{(pid=86415) _reset_status /opt/stack/cinder/cinder/api/v3/groups.py:82}}
Jun 03 11:55:25 devstack devstack@c-api.service[86415]: /opt/stack/data/venv/lib/python3.12/site-packages/oslo_context/context.py:101: DeprecationWarning: Policy enforcement is depending on the value of is_admin. This key is deprecated. Please update your policy file to use the standard policy values.
Jun 03 11:55:25 devstack devstack@c-api.service[86415]: warnings.warn(
Jun 03 11:55:25 devstack devstack@c-api.service[86415]: INFO cinder.api.openstack.wsgi [None req-5ba6a30e-d713-4463-b997-df12b68dafb5 tempest-GroupsV320Test-1023696780 tempest-GroupsV320Test-1023696780-project-admin] http://192.168.122.187/volume/v3/groups/cbc1807c-3fdc-4c79-a097-f68f1e4dd40e/action returned with HTTP 202
Jun 03 11:55:25 devstack devstack@c-api.service[86415]: [pid: 86415|app: 0|req: 171/346] 192.168.122.187 () {62 vars in 1312 bytes} [Wed Jun 3 11:55:25 2026] POST /volume/v3/groups/cbc1807c-3fdc-4c79-a097-f68f1e4dd40e/action => generated 0 bytes in 34 msecs (HTTP/1.1 202) 6 headers in 234 bytes (1 switches on core 0)
Jun 03 11:55:25 devstack devstack@c-api.service[86414]: DEBUG cinder.api.middleware.request_id [None req-a51211dc-63e2-45b2-86f7-65e703b44e8a None None] RequestId filter calling following filter/app {{(pid=86414) _context_setter /opt/stack/cinder/cinder/api/middleware/request_id.py:62}}
Jun 03 11:55:25 devstack devstack@c-api.service[86414]: INFO cinder.api.openstack.wsgi [None req-a51211dc-63e2-45b2-86f7-65e703b44e8a tempest-GroupsV320Test-390978163 tempest-GroupsV320Test-390978163-project-member] GET http://192.168.122.187/volume/v3/groups/cbc1807c-3fdc-4c79-a097-f68f1e4dd40e
Jun 03 11:55:25 devstack devstack@c-api.service[86414]: DEBUG cinder.api.openstack.wsgi [None req-a51211dc-63e2-45b2-86f7-65e703b44e8a tempest-GroupsV320Test-390978163 tempest-GroupsV320Test-390978163-project-member] Empty body provided in request {{(pid=86414) get_body /opt/stack/cinder/cinder/api/openstack/wsgi.py:725}}
Jun 03 11:55:25 devstack devstack@c-api.service[86414]: DEBUG cinder.api.openstack.wsgi [None req-a51211dc-63e2-45b2-86f7-65e703b44e8a tempest-GroupsV320Test-390978163 tempest-GroupsV320Test-390978163-project-member] Calling method 'version_select' {{(pid=86414) _process_stack /opt/stack/cinder/cinder/api/openstack/wsgi.py:878}}
Jun 03 11:55:25 devstack devstack@c-api.service[86414]: DEBUG cinder.api.v3.groups [None req-a51211dc-63e2-45b2-86f7-65e703b44e8a tempest-GroupsV320Test-390978163 tempest-GroupsV320Test-390978163-project-member] show called for member cbc1807c-3fdc-4c79-a097-f68f1e4dd40e {{(pid=86414) show /opt/stack/cinder/cinder/api/v3/groups.py:58}}
Jun 03 11:55:25 devstack devstack@c-api.service[86414]: /opt/stack/data/venv/lib/python3.12/site-packages/oslo_context/context.py:101: DeprecationWarning: Policy enforcement is depending on the value of is_admin. This key is deprecated. Please update your policy file to use the standard policy values.
Jun 03 11:55:25 devstack devstack@c-api.service[86414]: warnings.warn(
Jun 03 11:55:25 devstack devstack@c-api.service[86414]: INFO cinder.api.openstack.wsgi [None req-a51211dc-63e2-45b2-86f7-65e703b44e8a tempest-GroupsV320Test-390978163 tempest-GroupsV320Test-390978163-project-member] http://192.168.122.187/volume/v3/groups/cbc1807c-3fdc-4c79-a097-f68f1e4dd40e returned with HTTP 200
Jun 03 11:55:25 devstack devstack@c-api.service[86414]: [pid: 86414|app: 0|req: 176/347] 192.168.122.187 () {60 vars in 1270 bytes} [Wed Jun 3 11:55:25 2026] GET /volume/v3/groups/cbc1807c-3fdc-4c79-a097-f68f1e4dd40e => generated 389 bytes in 53 msecs (HTTP/1.1 200) 7 headers in 286 bytes (1 switches on core 0)
Jun 03 11:55:25 devstack devstack@c-api.service[86414]: DEBUG cinder.api.middleware.request_id [None req-3a7caf55-2870-471c-909e-d55309a20c53 None None] RequestId filter calling following filter/app {{(pid=86414) _context_setter /opt/stack/cinder/cinder/api/middleware/request_id.py:62}}
Jun 03 11:55:25 devstack devstack@c-api.service[86415]: DEBUG cinder.api.middleware.request_id [None req-c34fcfbf-94e4-4005-99d8-5bc6d8770ee4 None None] RequestId filter calling following filter/app {{(pid=86415) _context_setter /opt/stack/cinder/cinder/api/middleware/request_id.py:62}}
Jun 03 11:55:25 devstack devstack@c-api.service[86414]: INFO cinder.api.openstack.wsgi [None req-3a7caf55-2870-471c-909e-d55309a20c53 tempest-GroupsV320Test-390978163 tempest-GroupsV320Test-390978163-project-member] GET http://192.168.122.187/volume/v3/volumes/detail
Jun 03 11:55:25 devstack devstack@c-api.service[86415]: INFO cinder.api.openstack.wsgi [None req-c34fcfbf-94e4-4005-99d8-5bc6d8770ee4 tempest-AttachVolumeTestJSON-1265919166 tempest-AttachVolumeTestJSON-1265919166-project-member] DELETE http://192.168.122.187/volume/v3/volumes/29495f3e-7450-44d3-bf23-834e82cef934
Jun 03 11:55:25 devstack devstack@c-api.service[86414]: DEBUG cinder.api.openstack.wsgi [None req-3a7caf55-2870-471c-909e-d55309a20c53 tempest-GroupsV320Test-390978163 tempest-GroupsV320Test-390978163-project-member] Empty body provided in request {{(pid=86414) get_body /opt/stack/cinder/cinder/api/openstack/wsgi.py:725}}
Jun 03 11:55:25 devstack devstack@c-api.service[86415]: DEBUG cinder.api.openstack.wsgi [None req-c34fcfbf-94e4-4005-99d8-5bc6d8770ee4 tempest-AttachVolumeTestJSON-1265919166 tempest-AttachVolumeTestJSON-1265919166-project-member] Empty body provided in request {{(pid=86415) get_body /opt/stack/cinder/cinder/api/openstack/wsgi.py:725}}
Jun 03 11:55:25 devstack devstack@c-api.service[86414]: DEBUG cinder.api.openstack.wsgi [None req-3a7caf55-2870-471c-909e-d55309a20c53 tempest-GroupsV320Test-390978163 tempest-GroupsV320Test-390978163-project-member] Calling method 'detail' {{(pid=86414) _process_stack /opt/stack/cinder/cinder/api/openstack/wsgi.py:878}}
Jun 03 11:55:25 devstack devstack@c-api.service[86415]: DEBUG cinder.api.openstack.wsgi [None req-c34fcfbf-94e4-4005-99d8-5bc6d8770ee4 tempest-AttachVolumeTestJSON-1265919166 tempest-AttachVolumeTestJSON-1265919166-project-member] Calling method 'delete' {{(pid=86415) _process_stack /opt/stack/cinder/cinder/api/openstack/wsgi.py:878}}
Jun 03 11:55:25 devstack devstack@c-api.service[86415]: INFO cinder.api.v3.volumes [None req-c34fcfbf-94e4-4005-99d8-5bc6d8770ee4 tempest-AttachVolumeTestJSON-1265919166 tempest-AttachVolumeTestJSON-1265919166-project-member] Delete volume with id: 29495f3e-7450-44d3-bf23-834e82cef934
Jun 03 11:55:25 devstack devstack@c-api.service[86414]: DEBUG cinder.api.api_utils [None req-3a7caf55-2870-471c-909e-d55309a20c53 tempest-GroupsV320Test-390978163 tempest-GroupsV320Test-390978163-project-member] Removing options '' from query. {{(pid=86414) remove_invalid_filter_options /opt/stack/cinder/cinder/api/api_utils.py:81}}
Jun 03 11:55:25 devstack devstack@c-api.service[86414]: /opt/stack/data/venv/lib/python3.12/site-packages/oslo_context/context.py:101: DeprecationWarning: Policy enforcement is depending on the value of is_admin. This key is deprecated. Please update your policy file to use the standard policy values.
Jun 03 11:55:25 devstack devstack@c-api.service[86414]: warnings.warn(
Jun 03 11:55:25 devstack devstack@c-api.service[86414]: DEBUG cinder.volume.api [None req-3a7caf55-2870-471c-909e-d55309a20c53 tempest-GroupsV320Test-390978163 tempest-GroupsV320Test-390978163-project-member] Searching by: MultiDict([('no_migration_targets', True)]). {{(pid=86414) get_all /opt/stack/cinder/cinder/volume/api.py:663}}
Jun 03 11:55:25 devstack devstack@c-api.service[86415]: /opt/stack/data/venv/lib/python3.12/site-packages/oslo_context/context.py:101: DeprecationWarning: Policy enforcement is depending on the value of is_admin. This key is deprecated. Please update your policy file to use the standard policy values.
Jun 03 11:55:25 devstack devstack@c-api.service[86415]: warnings.warn(
Jun 03 11:55:25 devstack devstack@c-api.service[86415]: INFO cinder.volume.api [None req-c34fcfbf-94e4-4005-99d8-5bc6d8770ee4 tempest-AttachVolumeTestJSON-1265919166 tempest-AttachVolumeTestJSON-1265919166-project-member] Volume info retrieved successfully.
Jun 03 11:55:25 devstack devstack@c-api.service[86414]: INFO cinder.volume.api [None req-3a7caf55-2870-471c-909e-d55309a20c53 tempest-GroupsV320Test-390978163 tempest-GroupsV320Test-390978163-project-member] Get all volumes completed successfully.
Jun 03 11:55:25 devstack devstack@c-api.service[86414]: INFO cinder.api.openstack.wsgi [None req-3a7caf55-2870-471c-909e-d55309a20c53 tempest-GroupsV320Test-390978163 tempest-GroupsV320Test-390978163-project-member] http://192.168.122.187/volume/v3/volumes/detail returned with HTTP 200
Jun 03 11:55:25 devstack devstack@c-api.service[86414]: [pid: 86414|app: 0|req: 177/348] 192.168.122.187 () {60 vars in 1183 bytes} [Wed Jun 3 11:55:25 2026] GET /volume/v3/volumes/detail => generated 15 bytes in 69 msecs (HTTP/1.1 200) 7 headers in 285 bytes (1 switches on core 0)
Jun 03 11:55:25 devstack devstack@c-api.service[86415]: INFO cinder.volume.api [None req-c34fcfbf-94e4-4005-99d8-5bc6d8770ee4 tempest-AttachVolumeTestJSON-1265919166 tempest-AttachVolumeTestJSON-1265919166-project-member] Delete volume request issued successfully.
Jun 03 11:55:25 devstack devstack@c-api.service[86415]: INFO cinder.api.openstack.wsgi [None req-c34fcfbf-94e4-4005-99d8-5bc6d8770ee4 tempest-AttachVolumeTestJSON-1265919166 tempest-AttachVolumeTestJSON-1265919166-project-member] http://192.168.122.187/volume/v3/volumes/29495f3e-7450-44d3-bf23-834e82cef934 returned with HTTP 202
Jun 03 11:55:25 devstack devstack@c-api.service[86415]: [pid: 86415|app: 0|req: 172/349] 192.168.122.187 () {58 vars in 1235 bytes} [Wed Jun 3 11:55:25 2026] DELETE /volume/v3/volumes/29495f3e-7450-44d3-bf23-834e82cef934 => generated 0 bytes in 72 msecs (HTTP/1.1 202) 6 headers in 233 bytes (1 switches on core 0)
Jun 03 11:55:25 devstack devstack@c-api.service[86414]: DEBUG cinder.api.middleware.request_id [None req-a94087eb-ab71-48ff-965f-885ab0e3680c None None] RequestId filter calling following filter/app {{(pid=86414) _context_setter /opt/stack/cinder/cinder/api/middleware/request_id.py:62}}
Jun 03 11:55:25 devstack devstack@c-api.service[86414]: INFO cinder.api.openstack.wsgi [None req-a94087eb-ab71-48ff-965f-885ab0e3680c tempest-AttachVolumeTestJSON-1265919166 tempest-AttachVolumeTestJSON-1265919166-project-member] GET http://192.168.122.187/volume/v3/volumes/29495f3e-7450-44d3-bf23-834e82cef934
Jun 03 11:55:25 devstack devstack@c-api.service[86414]: DEBUG cinder.api.openstack.wsgi [None req-a94087eb-ab71-48ff-965f-885ab0e3680c tempest-AttachVolumeTestJSON-1265919166 tempest-AttachVolumeTestJSON-1265919166-project-member] Empty body provided in request {{(pid=86414) get_body /opt/stack/cinder/cinder/api/openstack/wsgi.py:725}}
Jun 03 11:55:25 devstack devstack@c-api.service[86414]: DEBUG cinder.api.openstack.wsgi [None req-a94087eb-ab71-48ff-965f-885ab0e3680c tempest-AttachVolumeTestJSON-1265919166 tempest-AttachVolumeTestJSON-1265919166-project-member] Calling method 'show' {{(pid=86414) _process_stack /opt/stack/cinder/cinder/api/openstack/wsgi.py:878}}
Jun 03 11:55:25 devstack devstack@c-api.service[86415]: DEBUG cinder.api.middleware.request_id [None req-256d946b-fb51-4f51-bd5a-cbea536ca5c9 None None] RequestId filter calling following filter/app {{(pid=86415) _context_setter /opt/stack/cinder/cinder/api/middleware/request_id.py:62}}
Jun 03 11:55:25 devstack devstack@c-api.service[86415]: INFO cinder.api.openstack.wsgi [None req-256d946b-fb51-4f51-bd5a-cbea536ca5c9 tempest-GroupsV320Test-390978163 tempest-GroupsV320Test-390978163-project-member] POST http://192.168.122.187/volume/v3/groups/cbc1807c-3fdc-4c79-a097-f68f1e4dd40e/action
Jun 03 11:55:25 devstack devstack@c-api.service[86415]: DEBUG cinder.api.openstack.wsgi [None req-256d946b-fb51-4f51-bd5a-cbea536ca5c9 tempest-GroupsV320Test-390978163 tempest-GroupsV320Test-390978163-project-member] Action body: b'{"delete": {"delete-volumes": true}}' {{(pid=86415) get_method /opt/stack/cinder/cinder/api/openstack/wsgi.py:993}}
Jun 03 11:55:25 devstack devstack@c-api.service[86415]: DEBUG cinder.api.openstack.wsgi [None req-256d946b-fb51-4f51-bd5a-cbea536ca5c9 tempest-GroupsV320Test-390978163 tempest-GroupsV320Test-390978163-project-member] Action: 'action', calling method: version_select, body: {"delete": {"delete-volumes": true}} {{(pid=86415) _process_stack /opt/stack/cinder/cinder/api/openstack/wsgi.py:876}}
Jun 03 11:55:25 devstack devstack@c-api.service[86415]: DEBUG cinder.api.v3.groups [None req-256d946b-fb51-4f51-bd5a-cbea536ca5c9 tempest-GroupsV320Test-390978163 tempest-GroupsV320Test-390978163-project-member] delete called for group cbc1807c-3fdc-4c79-a097-f68f1e4dd40e {{(pid=86415) _delete /opt/stack/cinder/cinder/api/v3/groups.py:117}}
Jun 03 11:55:25 devstack devstack@c-api.service[86415]: INFO cinder.api.v3.groups [None req-256d946b-fb51-4f51-bd5a-cbea536ca5c9 tempest-GroupsV320Test-390978163 tempest-GroupsV320Test-390978163-project-member] Delete group with id: cbc1807c-3fdc-4c79-a097-f68f1e4dd40e
Jun 03 11:55:25 devstack devstack@c-api.service[86414]: /opt/stack/data/venv/lib/python3.12/site-packages/oslo_context/context.py:101: DeprecationWarning: Policy enforcement is depending on the value of is_admin. This key is deprecated. Please update your policy file to use the standard policy values.
Jun 03 11:55:25 devstack devstack@c-api.service[86414]: warnings.warn(
Jun 03 11:55:25 devstack devstack@c-api.service[86415]: /opt/stack/data/venv/lib/python3.12/site-packages/oslo_context/context.py:101: DeprecationWarning: Policy enforcement is depending on the value of is_admin. This key is deprecated. Please update your policy file to use the standard policy values.
Jun 03 11:55:25 devstack devstack@c-api.service[86415]: warnings.warn(
Jun 03 11:55:25 devstack devstack@c-api.service[86414]: INFO cinder.volume.api [None req-a94087eb-ab71-48ff-965f-885ab0e3680c tempest-AttachVolumeTestJSON-1265919166 tempest-AttachVolumeTestJSON-1265919166-project-member] Volume info retrieved successfully.
Jun 03 11:55:25 devstack devstack@c-api.service[86414]: INFO cinder.api.openstack.wsgi [None req-a94087eb-ab71-48ff-965f-885ab0e3680c tempest-AttachVolumeTestJSON-1265919166 tempest-AttachVolumeTestJSON-1265919166-project-member] http://192.168.122.187/volume/v3/volumes/29495f3e-7450-44d3-bf23-834e82cef934 returned with HTTP 200
Jun 03 11:55:25 devstack devstack@c-api.service[86414]: [pid: 86414|app: 0|req: 178/350] 192.168.122.187 () {58 vars in 1232 bytes} [Wed Jun 3 11:55:25 2026] GET /volume/v3/volumes/29495f3e-7450-44d3-bf23-834e82cef934 => generated 852 bytes in 48 msecs (HTTP/1.1 200) 7 headers in 285 bytes (1 switches on core 0)
Jun 03 11:55:25 devstack devstack@c-api.service[86415]: INFO cinder.api.openstack.wsgi [None req-256d946b-fb51-4f51-bd5a-cbea536ca5c9 tempest-GroupsV320Test-390978163 tempest-GroupsV320Test-390978163-project-member] http://192.168.122.187/volume/v3/groups/cbc1807c-3fdc-4c79-a097-f68f1e4dd40e/action returned with HTTP 202
Jun 03 11:55:25 devstack devstack@c-api.service[86415]: [pid: 86415|app: 0|req: 173/351] 192.168.122.187 () {62 vars in 1312 bytes} [Wed Jun 3 11:55:25 2026] POST /volume/v3/groups/cbc1807c-3fdc-4c79-a097-f68f1e4dd40e/action => generated 0 bytes in 122 msecs (HTTP/1.1 202) 6 headers in 234 bytes (2 switches on core 0)
Jun 03 11:55:25 devstack devstack@c-api.service[86414]: DEBUG cinder.api.middleware.request_id [None req-e01fe0f0-c50c-4c98-9ccd-45dbd413cec1 None None] RequestId filter calling following filter/app {{(pid=86414) _context_setter /opt/stack/cinder/cinder/api/middleware/request_id.py:62}}
Jun 03 11:55:25 devstack devstack@c-api.service[86414]: INFO cinder.api.openstack.wsgi [None req-e01fe0f0-c50c-4c98-9ccd-45dbd413cec1 tempest-GroupsV320Test-390978163 tempest-GroupsV320Test-390978163-project-member] GET http://192.168.122.187/volume/v3/groups/cbc1807c-3fdc-4c79-a097-f68f1e4dd40e
Jun 03 11:55:25 devstack devstack@c-api.service[86414]: DEBUG cinder.api.openstack.wsgi [None req-e01fe0f0-c50c-4c98-9ccd-45dbd413cec1 tempest-GroupsV320Test-390978163 tempest-GroupsV320Test-390978163-project-member] Empty body provided in request {{(pid=86414) get_body /opt/stack/cinder/cinder/api/openstack/wsgi.py:725}}
Jun 03 11:55:25 devstack devstack@c-api.service[86414]: DEBUG cinder.api.openstack.wsgi [None req-e01fe0f0-c50c-4c98-9ccd-45dbd413cec1 tempest-GroupsV320Test-390978163 tempest-GroupsV320Test-390978163-project-member] Calling method 'version_select' {{(pid=86414) _process_stack /opt/stack/cinder/cinder/api/openstack/wsgi.py:878}}
Jun 03 11:55:25 devstack devstack@c-api.service[86414]: DEBUG cinder.api.v3.groups [None req-e01fe0f0-c50c-4c98-9ccd-45dbd413cec1 tempest-GroupsV320Test-390978163 tempest-GroupsV320Test-390978163-project-member] show called for member cbc1807c-3fdc-4c79-a097-f68f1e4dd40e {{(pid=86414) show /opt/stack/cinder/cinder/api/v3/groups.py:58}}
Jun 03 11:55:25 devstack devstack@c-api.service[86414]: /opt/stack/data/venv/lib/python3.12/site-packages/oslo_context/context.py:101: DeprecationWarning: Policy enforcement is depending on the value of is_admin. This key is deprecated. Please update your policy file to use the standard policy values.
Jun 03 11:55:25 devstack devstack@c-api.service[86414]: warnings.warn(
Jun 03 11:55:25 devstack devstack@c-api.service[86414]: INFO cinder.api.openstack.wsgi [None req-e01fe0f0-c50c-4c98-9ccd-45dbd413cec1 tempest-GroupsV320Test-390978163 tempest-GroupsV320Test-390978163-project-member] http://192.168.122.187/volume/v3/groups/cbc1807c-3fdc-4c79-a097-f68f1e4dd40e returned with HTTP 200
Jun 03 11:55:25 devstack devstack@c-api.service[86414]: [pid: 86414|app: 0|req: 179/352] 192.168.122.187 () {60 vars in 1270 bytes} [Wed Jun 3 11:55:25 2026] GET /volume/v3/groups/cbc1807c-3fdc-4c79-a097-f68f1e4dd40e => generated 388 bytes in 42 msecs (HTTP/1.1 200) 7 headers in 286 bytes (1 switches on core 0)
Jun 03 11:55:26 devstack devstack@c-api.service[86415]: DEBUG cinder.api.middleware.request_id [None req-cd7e1881-90fb-43ca-9254-8f8b25379ac8 None None] RequestId filter calling following filter/app {{(pid=86415) _context_setter /opt/stack/cinder/cinder/api/middleware/request_id.py:62}}
Jun 03 11:55:26 devstack devstack@c-api.service[86415]: INFO cinder.api.openstack.wsgi [None req-cd7e1881-90fb-43ca-9254-8f8b25379ac8 tempest-AttachVolumeTestJSON-1265919166 tempest-AttachVolumeTestJSON-1265919166-project-member] GET http://192.168.122.187/volume/v3/volumes/29495f3e-7450-44d3-bf23-834e82cef934
Jun 03 11:55:26 devstack devstack@c-api.service[86415]: DEBUG cinder.api.openstack.wsgi [None req-cd7e1881-90fb-43ca-9254-8f8b25379ac8 tempest-AttachVolumeTestJSON-1265919166 tempest-AttachVolumeTestJSON-1265919166-project-member] Empty body provided in request {{(pid=86415) get_body /opt/stack/cinder/cinder/api/openstack/wsgi.py:725}}
Jun 03 11:55:26 devstack devstack@c-api.service[86415]: DEBUG cinder.api.openstack.wsgi [None req-cd7e1881-90fb-43ca-9254-8f8b25379ac8 tempest-AttachVolumeTestJSON-1265919166 tempest-AttachVolumeTestJSON-1265919166-project-member] Calling method 'show' {{(pid=86415) _process_stack /opt/stack/cinder/cinder/api/openstack/wsgi.py:878}}
Jun 03 11:55:26 devstack devstack@c-api.service[86415]: /opt/stack/data/venv/lib/python3.12/site-packages/oslo_context/context.py:101: DeprecationWarning: Policy enforcement is depending on the value of is_admin. This key is deprecated. Please update your policy file to use the standard policy values.
Jun 03 11:55:26 devstack devstack@c-api.service[86415]: warnings.warn(
Jun 03 11:55:26 devstack devstack@c-api.service[86415]: INFO cinder.volume.api [None req-cd7e1881-90fb-43ca-9254-8f8b25379ac8 tempest-AttachVolumeTestJSON-1265919166 tempest-AttachVolumeTestJSON-1265919166-project-member] Volume info retrieved successfully.
Jun 03 11:55:26 devstack devstack@c-api.service[86415]: INFO cinder.api.openstack.wsgi [None req-cd7e1881-90fb-43ca-9254-8f8b25379ac8 tempest-AttachVolumeTestJSON-1265919166 tempest-AttachVolumeTestJSON-1265919166-project-member] http://192.168.122.187/volume/v3/volumes/29495f3e-7450-44d3-bf23-834e82cef934 returned with HTTP 200
Jun 03 11:55:26 devstack devstack@c-api.service[86415]: [pid: 86415|app: 0|req: 174/353] 192.168.122.187 () {58 vars in 1232 bytes} [Wed Jun 3 11:55:26 2026] GET /volume/v3/volumes/29495f3e-7450-44d3-bf23-834e82cef934 => generated 852 bytes in 36 msecs (HTTP/1.1 200) 7 headers in 285 bytes (1 switches on core 0)
Jun 03 11:55:27 devstack devstack@c-api.service[86414]: DEBUG cinder.api.middleware.request_id [None req-7672ad62-e8b4-4fb7-9ce7-5a8c05d88700 None None] RequestId filter calling following filter/app {{(pid=86414) _context_setter /opt/stack/cinder/cinder/api/middleware/request_id.py:62}}
Jun 03 11:55:27 devstack devstack@c-api.service[86414]: INFO cinder.api.openstack.wsgi [None req-7672ad62-e8b4-4fb7-9ce7-5a8c05d88700 tempest-GroupsV320Test-390978163 tempest-GroupsV320Test-390978163-project-member] GET http://192.168.122.187/volume/v3/groups/cbc1807c-3fdc-4c79-a097-f68f1e4dd40e
Jun 03 11:55:27 devstack devstack@c-api.service[86414]: DEBUG cinder.api.openstack.wsgi [None req-7672ad62-e8b4-4fb7-9ce7-5a8c05d88700 tempest-GroupsV320Test-390978163 tempest-GroupsV320Test-390978163-project-member] Empty body provided in request {{(pid=86414) get_body /opt/stack/cinder/cinder/api/openstack/wsgi.py:725}}
Jun 03 11:55:27 devstack devstack@c-api.service[86414]: DEBUG cinder.api.openstack.wsgi [None req-7672ad62-e8b4-4fb7-9ce7-5a8c05d88700 tempest-GroupsV320Test-390978163 tempest-GroupsV320Test-390978163-project-member] Calling method 'version_select' {{(pid=86414) _process_stack /opt/stack/cinder/cinder/api/openstack/wsgi.py:878}}
Jun 03 11:55:27 devstack devstack@c-api.service[86414]: DEBUG cinder.api.v3.groups [None req-7672ad62-e8b4-4fb7-9ce7-5a8c05d88700 tempest-GroupsV320Test-390978163 tempest-GroupsV320Test-390978163-project-member] show called for member cbc1807c-3fdc-4c79-a097-f68f1e4dd40e {{(pid=86414) show /opt/stack/cinder/cinder/api/v3/groups.py:58}}
Jun 03 11:55:27 devstack devstack@c-api.service[86414]: INFO cinder.api.openstack.wsgi [None req-7672ad62-e8b4-4fb7-9ce7-5a8c05d88700 tempest-GroupsV320Test-390978163 tempest-GroupsV320Test-390978163-project-member] http://192.168.122.187/volume/v3/groups/cbc1807c-3fdc-4c79-a097-f68f1e4dd40e returned with HTTP 404
Jun 03 11:55:27 devstack devstack@c-api.service[86414]: [pid: 86414|app: 0|req: 180/354] 192.168.122.187 () {60 vars in 1270 bytes} [Wed Jun 3 11:55:26 2026] GET /volume/v3/groups/cbc1807c-3fdc-4c79-a097-f68f1e4dd40e => generated 108 bytes in 18 msecs (HTTP/1.1 404) 7 headers in 293 bytes (1 switches on core 0)
Jun 03 11:55:27 devstack devstack@c-api.service[86415]: DEBUG cinder.api.middleware.request_id [None req-f981c529-160d-4b64-b17c-d67ac5d484cd None None] RequestId filter calling following filter/app {{(pid=86415) _context_setter /opt/stack/cinder/cinder/api/middleware/request_id.py:62}}
Jun 03 11:55:27 devstack devstack@c-api.service[86415]: INFO cinder.api.openstack.wsgi [None req-f981c529-160d-4b64-b17c-d67ac5d484cd tempest-GroupsV320Test-1023696780 tempest-GroupsV320Test-1023696780-project-admin] DELETE http://192.168.122.187/volume/v3/group_types/dde2d3e1-e3cf-4b58-a5fa-8f9c1211536f
Jun 03 11:55:27 devstack devstack@c-api.service[86415]: DEBUG cinder.api.openstack.wsgi [None req-f981c529-160d-4b64-b17c-d67ac5d484cd tempest-GroupsV320Test-1023696780 tempest-GroupsV320Test-1023696780-project-admin] Empty body provided in request {{(pid=86415) get_body /opt/stack/cinder/cinder/api/openstack/wsgi.py:725}}
Jun 03 11:55:27 devstack devstack@c-api.service[86415]: DEBUG cinder.api.openstack.wsgi [None req-f981c529-160d-4b64-b17c-d67ac5d484cd tempest-GroupsV320Test-1023696780 tempest-GroupsV320Test-1023696780-project-admin] Calling method 'version_select' {{(pid=86415) _process_stack /opt/stack/cinder/cinder/api/openstack/wsgi.py:878}}
Jun 03 11:55:27 devstack devstack@c-api.service[86414]: DEBUG cinder.api.middleware.request_id [None req-57486d4e-1d45-4fe3-80a8-8c8d47d0d66c None None] RequestId filter calling following filter/app {{(pid=86414) _context_setter /opt/stack/cinder/cinder/api/middleware/request_id.py:62}}
Jun 03 11:55:27 devstack devstack@c-api.service[86414]: INFO cinder.api.openstack.wsgi [None req-57486d4e-1d45-4fe3-80a8-8c8d47d0d66c None None] GET http://192.168.122.187/volume//
Jun 03 11:55:27 devstack devstack@c-api.service[86414]: DEBUG cinder.api.openstack.wsgi [None req-57486d4e-1d45-4fe3-80a8-8c8d47d0d66c None None] Empty body provided in request {{(pid=86414) get_body /opt/stack/cinder/cinder/api/openstack/wsgi.py:725}}
Jun 03 11:55:27 devstack devstack@c-api.service[86414]: DEBUG cinder.api.openstack.wsgi [None req-57486d4e-1d45-4fe3-80a8-8c8d47d0d66c None None] Calling method 'all' {{(pid=86414) _process_stack /opt/stack/cinder/cinder/api/openstack/wsgi.py:878}}
Jun 03 11:55:27 devstack devstack@c-api.service[86414]: INFO cinder.api.openstack.wsgi [None req-57486d4e-1d45-4fe3-80a8-8c8d47d0d66c None None] http://192.168.122.187/volume// returned with HTTP 300
Jun 03 11:55:27 devstack devstack@c-api.service[86415]: INFO cinder.api.openstack.wsgi [None req-f981c529-160d-4b64-b17c-d67ac5d484cd tempest-GroupsV320Test-1023696780 tempest-GroupsV320Test-1023696780-project-admin] http://192.168.122.187/volume/v3/group_types/dde2d3e1-e3cf-4b58-a5fa-8f9c1211536f returned with HTTP 202
Jun 03 11:55:27 devstack devstack@c-api.service[86415]: [pid: 86415|app: 0|req: 175/355] 192.168.122.187 () {60 vars in 1288 bytes} [Wed Jun 3 11:55:27 2026] DELETE /volume/v3/group_types/dde2d3e1-e3cf-4b58-a5fa-8f9c1211536f => generated 0 bytes in 46 msecs (HTTP/1.1 202) 6 headers in 234 bytes (1 switches on core 0)
Jun 03 11:55:27 devstack devstack@c-api.service[86414]: [pid: 86414|app: 0|req: 181/356] 192.168.122.187 () {58 vars in 1317 bytes} [Wed Jun 3 11:55:27 2026] GET /volume/ => generated 390 bytes in 10 msecs (HTTP/1.1 300) 7 headers in 299 bytes (1 switches on core 0)
Jun 03 11:55:27 devstack devstack@c-api.service[86415]: DEBUG cinder.api.middleware.request_id [None req-561c101b-41ca-4f47-8f66-5ebb5d590d92 None None] RequestId filter calling following filter/app {{(pid=86415) _context_setter /opt/stack/cinder/cinder/api/middleware/request_id.py:62}}
Jun 03 11:55:27 devstack devstack@c-api.service[86414]: DEBUG cinder.api.middleware.request_id [req-77046d93-5129-4dce-ae64-3e166cb5ed74 req-73946683-eb2a-49ed-af4d-087e706719e1 None None] RequestId filter calling following filter/app {{(pid=86414) _context_setter /opt/stack/cinder/cinder/api/middleware/request_id.py:62}}
Jun 03 11:55:27 devstack devstack@c-api.service[86415]: INFO cinder.api.openstack.wsgi [None req-561c101b-41ca-4f47-8f66-5ebb5d590d92 tempest-GroupsV320Test-1023696780 tempest-GroupsV320Test-1023696780-project-admin] DELETE http://192.168.122.187/volume/v3/types/f6cd0ec8-1cb5-4a5f-bf98-dd94563c5541
Jun 03 11:55:27 devstack devstack@c-api.service[86415]: DEBUG cinder.api.openstack.wsgi [None req-561c101b-41ca-4f47-8f66-5ebb5d590d92 tempest-GroupsV320Test-1023696780 tempest-GroupsV320Test-1023696780-project-admin] Empty body provided in request {{(pid=86415) get_body /opt/stack/cinder/cinder/api/openstack/wsgi.py:725}}
Jun 03 11:55:27 devstack devstack@c-api.service[86415]: DEBUG cinder.api.openstack.wsgi [None req-561c101b-41ca-4f47-8f66-5ebb5d590d92 tempest-GroupsV320Test-1023696780 tempest-GroupsV320Test-1023696780-project-admin] Calling method '_delete' {{(pid=86415) _process_stack /opt/stack/cinder/cinder/api/openstack/wsgi.py:878}}
Jun 03 11:55:27 devstack devstack@c-api.service[86414]: INFO cinder.api.openstack.wsgi [req-77046d93-5129-4dce-ae64-3e166cb5ed74 req-73946683-eb2a-49ed-af4d-087e706719e1 tempest-AttachVolumeNegativeTest-954122186 tempest-AttachVolumeNegativeTest-954122186-project-member] POST http://192.168.122.187/volume/v3/attachments
Jun 03 11:55:27 devstack devstack@c-api.service[86414]: DEBUG cinder.api.openstack.wsgi [req-77046d93-5129-4dce-ae64-3e166cb5ed74 req-73946683-eb2a-49ed-af4d-087e706719e1 tempest-AttachVolumeNegativeTest-954122186 tempest-AttachVolumeNegativeTest-954122186-project-member] Action: 'create', calling method: version_select, body: {"attachment": {"volume_uuid": "8e4e7721-9856-4093-bb68-f16a2378f98b", "connector": null, "instance_uuid": "79d6176e-9ad6-4c32-b008-b489f4ae117a"}} {{(pid=86414) _process_stack /opt/stack/cinder/cinder/api/openstack/wsgi.py:876}}
Jun 03 11:55:27 devstack devstack@c-api.service[86414]: /opt/stack/data/venv/lib/python3.12/site-packages/oslo_context/context.py:101: DeprecationWarning: Policy enforcement is depending on the value of is_admin. This key is deprecated. Please update your policy file to use the standard policy values.
Jun 03 11:55:27 devstack devstack@c-api.service[86414]: warnings.warn(
Jun 03 11:55:27 devstack devstack@c-api.service[86415]: INFO cinder.api.openstack.wsgi [None req-561c101b-41ca-4f47-8f66-5ebb5d590d92 tempest-GroupsV320Test-1023696780 tempest-GroupsV320Test-1023696780-project-admin] http://192.168.122.187/volume/v3/types/f6cd0ec8-1cb5-4a5f-bf98-dd94563c5541 returned with HTTP 202
Jun 03 11:55:27 devstack devstack@c-api.service[86415]: [pid: 86415|app: 0|req: 176/357] 192.168.122.187 () {58 vars in 1229 bytes} [Wed Jun 3 11:55:27 2026] DELETE /volume/v3/types/f6cd0ec8-1cb5-4a5f-bf98-dd94563c5541 => generated 0 bytes in 85 msecs (HTTP/1.1 202) 6 headers in 233 bytes (1 switches on core 0)
Jun 03 11:55:27 devstack devstack@c-api.service[86415]: DEBUG cinder.api.middleware.request_id [None req-bccb1d69-26f0-48e8-8e64-ae51f39823b0 None None] RequestId filter calling following filter/app {{(pid=86415) _context_setter /opt/stack/cinder/cinder/api/middleware/request_id.py:62}}
Jun 03 11:55:27 devstack devstack@c-api.service[86414]: INFO cinder.api.openstack.wsgi [req-77046d93-5129-4dce-ae64-3e166cb5ed74 req-73946683-eb2a-49ed-af4d-087e706719e1 tempest-AttachVolumeNegativeTest-954122186 tempest-AttachVolumeNegativeTest-954122186-project-member] http://192.168.122.187/volume/v3/attachments returned with HTTP 200
Jun 03 11:55:27 devstack devstack@c-api.service[86414]: [pid: 86414|app: 0|req: 182/358] 192.168.122.187 () {66 vars in 1483 bytes} [Wed Jun 3 11:55:27 2026] POST /volume/v3/attachments => generated 273 bytes in 95 msecs (HTTP/1.1 200) 7 headers in 286 bytes (1 switches on core 0)
Jun 03 11:55:27 devstack devstack@c-api.service[86415]: INFO cinder.api.openstack.wsgi [None req-bccb1d69-26f0-48e8-8e64-ae51f39823b0 tempest-GroupsV320Test-1023696780 tempest-GroupsV320Test-1023696780-project-admin] GET http://192.168.122.187/volume/v3/types/f6cd0ec8-1cb5-4a5f-bf98-dd94563c5541
Jun 03 11:55:27 devstack devstack@c-api.service[86415]: DEBUG cinder.api.openstack.wsgi [None req-bccb1d69-26f0-48e8-8e64-ae51f39823b0 tempest-GroupsV320Test-1023696780 tempest-GroupsV320Test-1023696780-project-admin] Empty body provided in request {{(pid=86415) get_body /opt/stack/cinder/cinder/api/openstack/wsgi.py:725}}
Jun 03 11:55:27 devstack devstack@c-api.service[86415]: DEBUG cinder.api.openstack.wsgi [None req-bccb1d69-26f0-48e8-8e64-ae51f39823b0 tempest-GroupsV320Test-1023696780 tempest-GroupsV320Test-1023696780-project-admin] Calling method 'show' {{(pid=86415) _process_stack /opt/stack/cinder/cinder/api/openstack/wsgi.py:878}}
Jun 03 11:55:27 devstack devstack@c-api.service[86415]: INFO cinder.api.openstack.wsgi [None req-bccb1d69-26f0-48e8-8e64-ae51f39823b0 tempest-GroupsV320Test-1023696780 tempest-GroupsV320Test-1023696780-project-admin] http://192.168.122.187/volume/v3/types/f6cd0ec8-1cb5-4a5f-bf98-dd94563c5541 returned with HTTP 404
Jun 03 11:55:27 devstack devstack@c-api.service[86415]: [pid: 86415|app: 0|req: 177/359] 192.168.122.187 () {58 vars in 1226 bytes} [Wed Jun 3 11:55:27 2026] GET /volume/v3/types/f6cd0ec8-1cb5-4a5f-bf98-dd94563c5541 => generated 114 bytes in 16 msecs (HTTP/1.1 404) 7 headers in 292 bytes (1 switches on core 0)
Jun 03 11:55:27 devstack devstack@c-api.service[86414]: DEBUG cinder.api.middleware.request_id [None req-0547bee1-0339-4fc5-bbd3-0f1f1c81fed1 None None] RequestId filter calling following filter/app {{(pid=86414) _context_setter /opt/stack/cinder/cinder/api/middleware/request_id.py:62}}
Jun 03 11:55:27 devstack devstack@c-api.service[86414]: INFO cinder.api.openstack.wsgi [None req-0547bee1-0339-4fc5-bbd3-0f1f1c81fed1 tempest-AttachVolumeNegativeTest-954122186 tempest-AttachVolumeNegativeTest-954122186-project-member] GET http://192.168.122.187/volume/v3/volumes/8e4e7721-9856-4093-bb68-f16a2378f98b
Jun 03 11:55:27 devstack devstack@c-api.service[86414]: DEBUG cinder.api.openstack.wsgi [None req-0547bee1-0339-4fc5-bbd3-0f1f1c81fed1 tempest-AttachVolumeNegativeTest-954122186 tempest-AttachVolumeNegativeTest-954122186-project-member] Empty body provided in request {{(pid=86414) get_body /opt/stack/cinder/cinder/api/openstack/wsgi.py:725}}
Jun 03 11:55:27 devstack devstack@c-api.service[86414]: DEBUG cinder.api.openstack.wsgi [None req-0547bee1-0339-4fc5-bbd3-0f1f1c81fed1 tempest-AttachVolumeNegativeTest-954122186 tempest-AttachVolumeNegativeTest-954122186-project-member] Calling method 'show' {{(pid=86414) _process_stack /opt/stack/cinder/cinder/api/openstack/wsgi.py:878}}
Jun 03 11:55:27 devstack devstack@c-api.service[86414]: /opt/stack/data/venv/lib/python3.12/site-packages/oslo_context/context.py:101: DeprecationWarning: Policy enforcement is depending on the value of is_admin. This key is deprecated. Please update your policy file to use the standard policy values.
Jun 03 11:55:27 devstack devstack@c-api.service[86414]: warnings.warn(
Jun 03 11:55:27 devstack devstack@c-api.service[86414]: INFO cinder.volume.api [None req-0547bee1-0339-4fc5-bbd3-0f1f1c81fed1 tempest-AttachVolumeNegativeTest-954122186 tempest-AttachVolumeNegativeTest-954122186-project-member] Volume info retrieved successfully.
Jun 03 11:55:27 devstack devstack@c-api.service[86414]: INFO cinder.api.openstack.wsgi [None req-0547bee1-0339-4fc5-bbd3-0f1f1c81fed1 tempest-AttachVolumeNegativeTest-954122186 tempest-AttachVolumeNegativeTest-954122186-project-member] http://192.168.122.187/volume/v3/volumes/8e4e7721-9856-4093-bb68-f16a2378f98b returned with HTTP 200
Jun 03 11:55:27 devstack devstack@c-api.service[86414]: [pid: 86414|app: 0|req: 183/360] 192.168.122.187 () {58 vars in 1232 bytes} [Wed Jun 3 11:55:27 2026] GET /volume/v3/volumes/8e4e7721-9856-4093-bb68-f16a2378f98b => generated 856 bytes in 52 msecs (HTTP/1.1 200) 7 headers in 285 bytes (1 switches on core 0)
Jun 03 11:55:27 devstack devstack@c-api.service[86415]: DEBUG cinder.api.middleware.request_id [None req-34778c8e-c681-4bd4-8170-a5d67a29442a None None] RequestId filter calling following filter/app {{(pid=86415) _context_setter /opt/stack/cinder/cinder/api/middleware/request_id.py:62}}
Jun 03 11:55:27 devstack devstack@c-api.service[86415]: INFO cinder.api.openstack.wsgi [None req-34778c8e-c681-4bd4-8170-a5d67a29442a None None] GET http://192.168.122.187/volume//
Jun 03 11:55:27 devstack devstack@c-api.service[86415]: DEBUG cinder.api.openstack.wsgi [None req-34778c8e-c681-4bd4-8170-a5d67a29442a None None] Empty body provided in request {{(pid=86415) get_body /opt/stack/cinder/cinder/api/openstack/wsgi.py:725}}
Jun 03 11:55:27 devstack devstack@c-api.service[86415]: DEBUG cinder.api.openstack.wsgi [None req-34778c8e-c681-4bd4-8170-a5d67a29442a None None] Calling method 'all' {{(pid=86415) _process_stack /opt/stack/cinder/cinder/api/openstack/wsgi.py:878}}
Jun 03 11:55:27 devstack devstack@c-api.service[86415]: INFO cinder.api.openstack.wsgi [None req-34778c8e-c681-4bd4-8170-a5d67a29442a None None] http://192.168.122.187/volume// returned with HTTP 300
Jun 03 11:55:27 devstack devstack@c-api.service[86415]: [pid: 86415|app: 0|req: 178/361] 192.168.122.187 () {58 vars in 1315 bytes} [Wed Jun 3 11:55:27 2026] GET /volume/ => generated 390 bytes in 5 msecs (HTTP/1.1 300) 7 headers in 299 bytes (1 switches on core 0)
Jun 03 11:55:27 devstack devstack@c-api.service[86414]: DEBUG cinder.api.middleware.request_id [req-77046d93-5129-4dce-ae64-3e166cb5ed74 req-45d370c7-291e-4def-9e8f-002597789a0f None None] RequestId filter calling following filter/app {{(pid=86414) _context_setter /opt/stack/cinder/cinder/api/middleware/request_id.py:62}}
Jun 03 11:55:27 devstack devstack@c-api.service[86414]: INFO cinder.api.openstack.wsgi [req-77046d93-5129-4dce-ae64-3e166cb5ed74 req-45d370c7-291e-4def-9e8f-002597789a0f tempest-AttachVolumeNegativeTest-954122186 tempest-AttachVolumeNegativeTest-954122186-project-member] GET http://192.168.122.187/volume/v3/volumes/8e4e7721-9856-4093-bb68-f16a2378f98b
Jun 03 11:55:27 devstack devstack@c-api.service[86414]: DEBUG cinder.api.openstack.wsgi [req-77046d93-5129-4dce-ae64-3e166cb5ed74 req-45d370c7-291e-4def-9e8f-002597789a0f tempest-AttachVolumeNegativeTest-954122186 tempest-AttachVolumeNegativeTest-954122186-project-member] Empty body provided in request {{(pid=86414) get_body /opt/stack/cinder/cinder/api/openstack/wsgi.py:725}}
Jun 03 11:55:27 devstack devstack@c-api.service[86414]: DEBUG cinder.api.openstack.wsgi [req-77046d93-5129-4dce-ae64-3e166cb5ed74 req-45d370c7-291e-4def-9e8f-002597789a0f tempest-AttachVolumeNegativeTest-954122186 tempest-AttachVolumeNegativeTest-954122186-project-member] Calling method 'show' {{(pid=86414) _process_stack /opt/stack/cinder/cinder/api/openstack/wsgi.py:878}}
Jun 03 11:55:27 devstack devstack@c-api.service[86414]: /opt/stack/data/venv/lib/python3.12/site-packages/oslo_context/context.py:101: DeprecationWarning: Policy enforcement is depending on the value of is_admin. This key is deprecated. Please update your policy file to use the standard policy values.
Jun 03 11:55:27 devstack devstack@c-api.service[86414]: warnings.warn(
Jun 03 11:55:27 devstack devstack@c-api.service[86414]: INFO cinder.volume.api [req-77046d93-5129-4dce-ae64-3e166cb5ed74 req-45d370c7-291e-4def-9e8f-002597789a0f tempest-AttachVolumeNegativeTest-954122186 tempest-AttachVolumeNegativeTest-954122186-project-member] Volume info retrieved successfully.
Jun 03 11:55:27 devstack devstack@c-api.service[86414]: INFO cinder.api.openstack.wsgi [req-77046d93-5129-4dce-ae64-3e166cb5ed74 req-45d370c7-291e-4def-9e8f-002597789a0f tempest-AttachVolumeNegativeTest-954122186 tempest-AttachVolumeNegativeTest-954122186-project-member] http://192.168.122.187/volume/v3/volumes/8e4e7721-9856-4093-bb68-f16a2378f98b returned with HTTP 200
Jun 03 11:55:27 devstack devstack@c-api.service[86414]: [pid: 86414|app: 0|req: 184/362] 192.168.122.187 () {62 vars in 1528 bytes} [Wed Jun 3 11:55:27 2026] GET /volume/v3/volumes/8e4e7721-9856-4093-bb68-f16a2378f98b => generated 1037 bytes in 51 msecs (HTTP/1.1 200) 7 headers in 287 bytes (1 switches on core 0)
Jun 03 11:55:27 devstack devstack@c-api.service[86415]: DEBUG cinder.api.middleware.request_id [req-77046d93-5129-4dce-ae64-3e166cb5ed74 req-654ca07a-9b03-45a3-bdb4-84693784099f None None] RequestId filter calling following filter/app {{(pid=86415) _context_setter /opt/stack/cinder/cinder/api/middleware/request_id.py:62}}
Jun 03 11:55:27 devstack devstack@c-api.service[86415]: INFO cinder.api.openstack.wsgi [req-77046d93-5129-4dce-ae64-3e166cb5ed74 req-654ca07a-9b03-45a3-bdb4-84693784099f tempest-AttachVolumeNegativeTest-954122186 tempest-AttachVolumeNegativeTest-954122186-project-member] PUT http://192.168.122.187/volume/v3/attachments/0f2c0fe7-5a16-4a47-bb72-a515739fa26d
Jun 03 11:55:27 devstack devstack@c-api.service[86415]: DEBUG cinder.api.openstack.wsgi [req-77046d93-5129-4dce-ae64-3e166cb5ed74 req-654ca07a-9b03-45a3-bdb4-84693784099f tempest-AttachVolumeNegativeTest-954122186 tempest-AttachVolumeNegativeTest-954122186-project-member] Action: 'update', calling method: version_select, body: {"attachment": {"connector": {"platform": "x86_64", "os_type": "linux", "ip": "192.168.122.187", "host": "devstack", "multipath": false, "enforce_multipath": true, "initiator": "iqn.2016-04.com.open-iscsi:41ec9cf2c2cb", "do_local_attach": false, "uuid": "e51d0ed5-0776-4376-a81f-1e084ffcb1c6", "system uuid": "96cb3ce2-1e82-4960-9e54-4458903c315b", "nvme_native_multipath": false, "mountpoint": "/dev/vdb"}}} {{(pid=86415) _process_stack /opt/stack/cinder/cinder/api/openstack/wsgi.py:876}}
Jun 03 11:55:27 devstack devstack@c-api.service[86414]: DEBUG cinder.api.middleware.request_id [None req-888ddf46-4ab0-4ac4-b0bb-362c3919145b None None] RequestId filter calling following filter/app {{(pid=86414) _context_setter /opt/stack/cinder/cinder/api/middleware/request_id.py:62}}
Jun 03 11:55:27 devstack devstack@c-api.service[86414]: INFO cinder.api.openstack.wsgi [None req-888ddf46-4ab0-4ac4-b0bb-362c3919145b tempest-AttachVolumeTestJSON-1265919166 tempest-AttachVolumeTestJSON-1265919166-project-member] GET http://192.168.122.187/volume/v3/volumes/29495f3e-7450-44d3-bf23-834e82cef934
Jun 03 11:55:27 devstack devstack@c-api.service[86414]: DEBUG cinder.api.openstack.wsgi [None req-888ddf46-4ab0-4ac4-b0bb-362c3919145b tempest-AttachVolumeTestJSON-1265919166 tempest-AttachVolumeTestJSON-1265919166-project-member] Empty body provided in request {{(pid=86414) get_body /opt/stack/cinder/cinder/api/openstack/wsgi.py:725}}
Jun 03 11:55:27 devstack devstack@c-api.service[86414]: DEBUG cinder.api.openstack.wsgi [None req-888ddf46-4ab0-4ac4-b0bb-362c3919145b tempest-AttachVolumeTestJSON-1265919166 tempest-AttachVolumeTestJSON-1265919166-project-member] Calling method 'show' {{(pid=86414) _process_stack /opt/stack/cinder/cinder/api/openstack/wsgi.py:878}}
Jun 03 11:55:27 devstack devstack@c-api.service[86415]: DEBUG cinder.coordination [req-77046d93-5129-4dce-ae64-3e166cb5ed74 req-654ca07a-9b03-45a3-bdb4-84693784099f tempest-AttachVolumeNegativeTest-954122186 tempest-AttachVolumeNegativeTest-954122186-project-member] Acquiring lock "cinder-attachment_update-8e4e7721-9856-4093-bb68-f16a2378f98b-devstack" by "attachment_update" {{(pid=86415) __acquire /opt/stack/cinder/cinder/coordination.py:138}}
Jun 03 11:55:27 devstack devstack@c-api.service[86414]: INFO cinder.api.openstack.wsgi [None req-888ddf46-4ab0-4ac4-b0bb-362c3919145b tempest-AttachVolumeTestJSON-1265919166 tempest-AttachVolumeTestJSON-1265919166-project-member] http://192.168.122.187/volume/v3/volumes/29495f3e-7450-44d3-bf23-834e82cef934 returned with HTTP 404
Jun 03 11:55:27 devstack devstack@c-api.service[86414]: [pid: 86414|app: 0|req: 185/363] 192.168.122.187 () {58 vars in 1232 bytes} [Wed Jun 3 11:55:27 2026] GET /volume/v3/volumes/29495f3e-7450-44d3-bf23-834e82cef934 => generated 109 bytes in 28 msecs (HTTP/1.1 404) 7 headers in 292 bytes (1 switches on core 0)
Jun 03 11:55:27 devstack devstack@c-api.service[86415]: DEBUG cinder.coordination [req-77046d93-5129-4dce-ae64-3e166cb5ed74 req-654ca07a-9b03-45a3-bdb4-84693784099f tempest-AttachVolumeNegativeTest-954122186 tempest-AttachVolumeNegativeTest-954122186-project-member] Lock "cinder-attachment_update-8e4e7721-9856-4093-bb68-f16a2378f98b-devstack" acquired by "attachment_update" :: waited 0.024s {{(pid=86415) __acquire /opt/stack/cinder/cinder/coordination.py:141}}
Jun 03 11:55:27 devstack devstack@c-api.service[86415]: /opt/stack/data/venv/lib/python3.12/site-packages/oslo_context/context.py:101: DeprecationWarning: Policy enforcement is depending on the value of is_admin. This key is deprecated. Please update your policy file to use the standard policy values.
Jun 03 11:55:27 devstack devstack@c-api.service[86415]: warnings.warn(
Jun 03 11:55:28 devstack devstack@c-api.service[86414]: DEBUG cinder.api.middleware.request_id [None req-c4e51e75-017a-4d88-812c-9b4ce81a5710 None None] RequestId filter calling following filter/app {{(pid=86414) _context_setter /opt/stack/cinder/cinder/api/middleware/request_id.py:62}}
Jun 03 11:55:28 devstack devstack@c-api.service[86414]: INFO cinder.api.openstack.wsgi [None req-c4e51e75-017a-4d88-812c-9b4ce81a5710 tempest-AttachVolumeNegativeTest-954122186 tempest-AttachVolumeNegativeTest-954122186-project-member] GET http://192.168.122.187/volume/v3/volumes/8e4e7721-9856-4093-bb68-f16a2378f98b
Jun 03 11:55:28 devstack devstack@c-api.service[86414]: DEBUG cinder.api.openstack.wsgi [None req-c4e51e75-017a-4d88-812c-9b4ce81a5710 tempest-AttachVolumeNegativeTest-954122186 tempest-AttachVolumeNegativeTest-954122186-project-member] Empty body provided in request {{(pid=86414) get_body /opt/stack/cinder/cinder/api/openstack/wsgi.py:725}}
Jun 03 11:55:28 devstack devstack@c-api.service[86414]: DEBUG cinder.api.openstack.wsgi [None req-c4e51e75-017a-4d88-812c-9b4ce81a5710 tempest-AttachVolumeNegativeTest-954122186 tempest-AttachVolumeNegativeTest-954122186-project-member] Calling method 'show' {{(pid=86414) _process_stack /opt/stack/cinder/cinder/api/openstack/wsgi.py:878}}
