Feb 27 12:29:37 devstack cinder-volume[82706]: DEBUG cinder.volume.manager [None req-643080ff-7c70-4c3b-826a-80613395d3f6 tempest-SnapshotsActionsTest-574517602 None] Task 'cinder.volume.flows.manager.create_volume.OnFailureRescheduleTask;volume:create' (d41f94e4-67d1-4aa2-9b58-b1eaca8009a9) transitioned into state 'SUCCESS' from state 'RUNNING' with result 'None' {{(pid=82706) _task_receiver /opt/stack/data/venv/lib/python3.10/site-packages/taskflow/listeners/logging.py:182}}
Feb 27 12:29:37 devstack cinder-volume[82706]: DEBUG cinder.volume.manager [None req-643080ff-7c70-4c3b-826a-80613395d3f6 tempest-SnapshotsActionsTest-574517602 None] Task 'cinder.volume.flows.manager.create_volume.ExtractVolumeSpecTask;volume:create' (7b48a8ff-4bd1-425b-aed9-50e5bb694f09) transitioned into state 'RUNNING' from state 'PENDING' {{(pid=82706) _task_receiver /opt/stack/data/venv/lib/python3.10/site-packages/taskflow/listeners/logging.py:194}}
Feb 27 12:29:37 devstack cinder-volume[82706]: DEBUG cinder.volume.manager [None req-643080ff-7c70-4c3b-826a-80613395d3f6 tempest-SnapshotsActionsTest-574517602 None] Task 'cinder.volume.flows.manager.create_volume.ExtractVolumeSpecTask;volume:create' (7b48a8ff-4bd1-425b-aed9-50e5bb694f09) transitioned into state 'SUCCESS' from state 'RUNNING' with result '{'status': 'creating', 'type': 'raw', 'volume_id': 'b9e36c52-1b06-4ec5-be8d-f714537839d3', 'volume_name': 'volume-b9e36c52-1b06-4ec5-be8d-f714537839d3', 'volume_size': 1}' {{(pid=82706) _task_receiver /opt/stack/data/venv/lib/python3.10/site-packages/taskflow/listeners/logging.py:182}}
Feb 27 12:29:37 devstack cinder-volume[82706]: DEBUG cinder.volume.manager [None req-643080ff-7c70-4c3b-826a-80613395d3f6 tempest-SnapshotsActionsTest-574517602 None] Task 'cinder.volume.flows.manager.create_volume.NotifyVolumeActionTask;volume:create, create.start' (4aef65b8-183e-4366-bbd5-12c0b5b9f2ae) transitioned into state 'RUNNING' from state 'PENDING' {{(pid=82706) _task_receiver /opt/stack/data/venv/lib/python3.10/site-packages/taskflow/listeners/logging.py:194}}
Feb 27 12:29:37 devstack cinder-volume[82706]: DEBUG cinder.volume.manager [None req-643080ff-7c70-4c3b-826a-80613395d3f6 tempest-SnapshotsActionsTest-574517602 None] Task 'cinder.volume.flows.manager.create_volume.NotifyVolumeActionTask;volume:create, create.start' (4aef65b8-183e-4366-bbd5-12c0b5b9f2ae) transitioned into state 'SUCCESS' from state 'RUNNING' with result 'None' {{(pid=82706) _task_receiver /opt/stack/data/venv/lib/python3.10/site-packages/taskflow/listeners/logging.py:182}}
Feb 27 12:29:37 devstack cinder-volume[82706]: DEBUG cinder.volume.manager [None req-643080ff-7c70-4c3b-826a-80613395d3f6 tempest-SnapshotsActionsTest-574517602 None] Task 'cinder.volume.flows.manager.create_volume.CreateVolumeFromSpecTask;volume:create' (770578e9-6bc1-4d00-b608-b27f441d4c60) transitioned into state 'RUNNING' from state 'PENDING' {{(pid=82706) _task_receiver /opt/stack/data/venv/lib/python3.10/site-packages/taskflow/listeners/logging.py:194}}
Feb 27 12:29:37 devstack cinder-volume[82706]: INFO cinder.volume.flows.manager.create_volume [None req-643080ff-7c70-4c3b-826a-80613395d3f6 tempest-SnapshotsActionsTest-574517602 None] Volume b9e36c52-1b06-4ec5-be8d-f714537839d3: being created as raw with specification: {'status': 'creating', 'volume_name': 'volume-b9e36c52-1b06-4ec5-be8d-f714537839d3', 'volume_size': 1}
Feb 27 12:29:37 devstack cinder-volume[82706]: DEBUG oslo_concurrency.lockutils [None req-643080ff-7c70-4c3b-826a-80613395d3f6 tempest-SnapshotsActionsTest-574517602 None] Acquiring lock "quobyte" by "cinder.volume.drivers.quobyte.QuobyteDriver.create_volume" {{(pid=82706) inner /opt/stack/data/venv/lib/python3.10/site-packages/oslo_concurrency/lockutils.py:506}}
Feb 27 12:29:37 devstack cinder-volume[82706]: DEBUG oslo_concurrency.lockutils [None req-643080ff-7c70-4c3b-826a-80613395d3f6 tempest-SnapshotsActionsTest-574517602 None] Lock "quobyte" acquired by "cinder.volume.drivers.quobyte.QuobyteDriver.create_volume" :: waited 0.000s {{(pid=82706) inner /opt/stack/data/venv/lib/python3.10/site-packages/oslo_concurrency/lockutils.py:519}}
Feb 27 12:29:37 devstack cinder-volume[82706]: DEBUG cinder.volume.drivers.quobyte [None req-643080ff-7c70-4c3b-826a-80613395d3f6 tempest-SnapshotsActionsTest-574517602 None] ==> create_volume: call "{'self': , 'volume': Volume(_name_id=None,admin_metadata=,attach_status='detached',availability_zone='nova',bootable=False,cluster=,cluster_name=None,consistencygroup=,consistencygroup_id=None,created_at=2026-02-27T11:29:37Z,deleted=False,deleted_at=None,display_description=None,display_name='tempest-SnapshotsActionsTest-Volume-557720880',ec2_id=None,encryption_key_id=None,glance_metadata=,group=,group_id=None,host='devstack@QuobyteHD#QuobyteHD',id=b9e36c52-1b06-4ec5-be8d-f714537839d3,launched_at=None,metadata={},migration_status=None,multiattach=False,previous_status=None,project_id='543a9a24fb4d45338e70f00dc9501ee3',provider_auth=None,provider_geometry=None,provider_id=None,provider_location=None,replication_driver_data=None,replication_extended_status=None,replication_status=None,scheduled_at=2026-02-27T11:29:37Z,service_uuid=None,shared_targets=True,size=1,snapshot_id=None,snapshots=,source_volid=None,status='creating',terminated_at=None,updated_at=2026-02-27T11:29:37Z,use_quota=True,user_id='3e3a3eae62c641f1b34ac2786bedab84',volume_attachment=VolumeAttachmentList,volume_type=VolumeType(6f6ba94b-8af4-42c9-9098-c4f16b480934),volume_type_id=6f6ba94b-8af4-42c9-9098-c4f16b480934)}" {{(pid=82706) trace_logging_wrapper /opt/stack/cinder/cinder/volume/volume_utils.py:1498}}
Feb 27 12:29:37 devstack cinder-volume[82706]: DEBUG cinder.volume.drivers.remotefs [None req-643080ff-7c70-4c3b-826a-80613395d3f6 tempest-SnapshotsActionsTest-574517602 None] Creating volume b9e36c52-1b06-4ec5-be8d-f714537839d3 {{(pid=82706) create_volume /opt/stack/cinder/cinder/volume/drivers/remotefs.py:292}}
Feb 27 12:29:37 devstack cinder-volume[82706]: DEBUG oslo_concurrency.lockutils [None req-643080ff-7c70-4c3b-826a-80613395d3f6 tempest-SnapshotsActionsTest-574517602 None] Acquiring lock "quobyte_ensure" by "cinder.volume.drivers.quobyte.QuobyteDriver._ensure_shares_mounted" {{(pid=82706) inner /opt/stack/data/venv/lib/python3.10/site-packages/oslo_concurrency/lockutils.py:506}}
Feb 27 12:29:37 devstack cinder-volume[82706]: DEBUG oslo_concurrency.lockutils [None req-643080ff-7c70-4c3b-826a-80613395d3f6 tempest-SnapshotsActionsTest-574517602 None] Lock "quobyte_ensure" acquired by "cinder.volume.drivers.quobyte.QuobyteDriver._ensure_shares_mounted" :: waited 0.000s {{(pid=82706) inner /opt/stack/data/venv/lib/python3.10/site-packages/oslo_concurrency/lockutils.py:519}}
Feb 27 12:29:37 devstack cinder-volume[82706]: DEBUG cinder.volume.drivers.quobyte [None req-643080ff-7c70-4c3b-826a-80613395d3f6 tempest-SnapshotsActionsTest-574517602 None] Quobyte Volume URL set to: {'osci02.corp.quobyte.com/cinder-vol-123d4491-271b-406d-b7d6-3c28393ef84f': None} {{(pid=82706) _load_shares_config /opt/stack/cinder/cinder/volume/drivers/quobyte.py:617}}
Feb 27 12:29:37 devstack cinder-volume[82706]: DEBUG cinder.volume.drivers.quobyte [None req-643080ff-7c70-4c3b-826a-80613395d3f6 tempest-SnapshotsActionsTest-574517602 None] Available shares ['osci02.corp.quobyte.com/cinder-vol-123d4491-271b-406d-b7d6-3c28393ef84f'] {{(pid=82706) _ensure_shares_mounted /opt/stack/cinder/cinder/volume/drivers/quobyte.py:647}}
Feb 27 12:29:37 devstack cinder-volume[82706]: DEBUG oslo_concurrency.lockutils [None req-643080ff-7c70-4c3b-826a-80613395d3f6 tempest-SnapshotsActionsTest-574517602 None] Lock "quobyte_ensure" "released" by "cinder.volume.drivers.quobyte.QuobyteDriver._ensure_shares_mounted" :: held 0.013s {{(pid=82706) inner /opt/stack/data/venv/lib/python3.10/site-packages/oslo_concurrency/lockutils.py:538}}
Feb 27 12:29:37 devstack cinder-volume[82706]: DEBUG cinder.volume.drivers.quobyte [None req-643080ff-7c70-4c3b-826a-80613395d3f6 tempest-SnapshotsActionsTest-574517602 None] Selected osci02.corp.quobyte.com/cinder-vol-123d4491-271b-406d-b7d6-3c28393ef84f as target Quobyte volume. {{(pid=82706) _find_share /opt/stack/cinder/cinder/volume/drivers/quobyte.py:668}}
Feb 27 12:29:37 devstack cinder-volume[82706]: INFO cinder.volume.drivers.remotefs [None req-643080ff-7c70-4c3b-826a-80613395d3f6 tempest-SnapshotsActionsTest-574517602 None] casted to osci02.corp.quobyte.com/cinder-vol-123d4491-271b-406d-b7d6-3c28393ef84f
Feb 27 12:29:37 devstack cinder-volume[82706]: DEBUG oslo_concurrency.processutils [None req-643080ff-7c70-4c3b-826a-80613395d3f6 tempest-SnapshotsActionsTest-574517602 None] Running cmd (subprocess): sudo cinder-rootwrap /etc/cinder/rootwrap.conf qemu-img create -f qcow2 -o preallocation=metadata /opt/stack/data/cinder/mnt/d35250134584b62cf7b8091be9eae452/volume-b9e36c52-1b06-4ec5-be8d-f714537839d3 1073741824 {{(pid=82706) execute /opt/stack/data/venv/lib/python3.10/site-packages/oslo_concurrency/processutils.py:440}}
Feb 27 12:29:37 devstack sudo[84146]: quobyte : PWD=/ ; USER=root ; COMMAND=/opt/stack/data/venv/bin/cinder-rootwrap /etc/cinder/rootwrap.conf qemu-img create -f qcow2 -o preallocation=metadata /opt/stack/data/cinder/mnt/d35250134584b62cf7b8091be9eae452/volume-b9e36c52-1b06-4ec5-be8d-f714537839d3 1073741824
Feb 27 12:29:37 devstack sudo[84146]: pam_unix(sudo:session): session opened for user root(uid=0) by (uid=1000)
Feb 27 12:29:37 devstack sudo[84146]: pam_unix(sudo:session): session closed for user root
Feb 27 12:29:37 devstack cinder-volume[82706]: DEBUG oslo_concurrency.processutils [None req-643080ff-7c70-4c3b-826a-80613395d3f6 tempest-SnapshotsActionsTest-574517602 None] CMD "sudo cinder-rootwrap /etc/cinder/rootwrap.conf qemu-img create -f qcow2 -o preallocation=metadata /opt/stack/data/cinder/mnt/d35250134584b62cf7b8091be9eae452/volume-b9e36c52-1b06-4ec5-be8d-f714537839d3 1073741824" returned: 0 in 0.661s {{(pid=82706) execute /opt/stack/data/venv/lib/python3.10/site-packages/oslo_concurrency/processutils.py:468}}
Feb 27 12:29:37 devstack cinder-volume[82706]: DEBUG oslo_concurrency.processutils [None req-643080ff-7c70-4c3b-826a-80613395d3f6 tempest-SnapshotsActionsTest-574517602 None] Running cmd (subprocess): sudo cinder-rootwrap /etc/cinder/rootwrap.conf chmod ugo+rw /opt/stack/data/cinder/mnt/d35250134584b62cf7b8091be9eae452/volume-b9e36c52-1b06-4ec5-be8d-f714537839d3 {{(pid=82706) execute /opt/stack/data/venv/lib/python3.10/site-packages/oslo_concurrency/processutils.py:440}}
Feb 27 12:29:37 devstack sudo[84152]: quobyte : PWD=/ ; USER=root ; COMMAND=/opt/stack/data/venv/bin/cinder-rootwrap /etc/cinder/rootwrap.conf chmod ugo+rw /opt/stack/data/cinder/mnt/d35250134584b62cf7b8091be9eae452/volume-b9e36c52-1b06-4ec5-be8d-f714537839d3
Feb 27 12:29:37 devstack sudo[84152]: pam_unix(sudo:session): session opened for user root(uid=0) by (uid=1000)
Feb 27 12:29:38 devstack sudo[84152]: pam_unix(sudo:session): session closed for user root
Feb 27 12:29:38 devstack cinder-volume[82706]: DEBUG oslo_concurrency.processutils [None req-643080ff-7c70-4c3b-826a-80613395d3f6 tempest-SnapshotsActionsTest-574517602 None] CMD "sudo cinder-rootwrap /etc/cinder/rootwrap.conf chmod ugo+rw /opt/stack/data/cinder/mnt/d35250134584b62cf7b8091be9eae452/volume-b9e36c52-1b06-4ec5-be8d-f714537839d3" returned: 0 in 0.463s {{(pid=82706) execute /opt/stack/data/venv/lib/python3.10/site-packages/oslo_concurrency/processutils.py:468}}
Feb 27 12:29:38 devstack cinder-volume[82706]: DEBUG cinder.volume.drivers.quobyte [None req-643080ff-7c70-4c3b-826a-80613395d3f6 tempest-SnapshotsActionsTest-574517602 None] <== create_volume: return (1167ms) {'provider_location': 'osci02.corp.quobyte.com/cinder-vol-123d4491-271b-406d-b7d6-3c28393ef84f'} {{(pid=82706) trace_logging_wrapper /opt/stack/cinder/cinder/volume/volume_utils.py:1523}}
Feb 27 12:29:38 devstack cinder-volume[82706]: DEBUG oslo_concurrency.lockutils [None req-643080ff-7c70-4c3b-826a-80613395d3f6 tempest-SnapshotsActionsTest-574517602 None] Lock "quobyte" "released" by "cinder.volume.drivers.quobyte.QuobyteDriver.create_volume" :: held 1.170s {{(pid=82706) inner /opt/stack/data/venv/lib/python3.10/site-packages/oslo_concurrency/lockutils.py:538}}
Feb 27 12:29:38 devstack cinder-volume[82706]: DEBUG cinder.volume.manager [None req-643080ff-7c70-4c3b-826a-80613395d3f6 tempest-SnapshotsActionsTest-574517602 None] Task 'cinder.volume.flows.manager.create_volume.CreateVolumeFromSpecTask;volume:create' (770578e9-6bc1-4d00-b608-b27f441d4c60) transitioned into state 'SUCCESS' from state 'RUNNING' with result '{'status': 'creating', 'volume_name': 'volume-b9e36c52-1b06-4ec5-be8d-f714537839d3', 'volume_size': 1}' {{(pid=82706) _task_receiver /opt/stack/data/venv/lib/python3.10/site-packages/taskflow/listeners/logging.py:182}}
Feb 27 12:29:38 devstack cinder-volume[82706]: DEBUG cinder.volume.manager [None req-643080ff-7c70-4c3b-826a-80613395d3f6 tempest-SnapshotsActionsTest-574517602 None] Task 'cinder.volume.flows.manager.create_volume.CreateVolumeOnFinishTask;volume:create, create.end' (096e75a4-1662-46d7-96d0-8885741e7bed) transitioned into state 'RUNNING' from state 'PENDING' {{(pid=82706) _task_receiver /opt/stack/data/venv/lib/python3.10/site-packages/taskflow/listeners/logging.py:194}}
Feb 27 12:29:38 devstack cinder-volume[82706]: INFO cinder.volume.flows.manager.create_volume [None req-643080ff-7c70-4c3b-826a-80613395d3f6 tempest-SnapshotsActionsTest-574517602 None] Volume volume-b9e36c52-1b06-4ec5-be8d-f714537839d3 (b9e36c52-1b06-4ec5-be8d-f714537839d3): created successfully
Feb 27 12:29:38 devstack cinder-volume[82706]: DEBUG cinder.volume.manager [None req-643080ff-7c70-4c3b-826a-80613395d3f6 tempest-SnapshotsActionsTest-574517602 None] Task 'cinder.volume.flows.manager.create_volume.CreateVolumeOnFinishTask;volume:create, create.end' (096e75a4-1662-46d7-96d0-8885741e7bed) transitioned into state 'SUCCESS' from state 'RUNNING' with result 'None' {{(pid=82706) _task_receiver /opt/stack/data/venv/lib/python3.10/site-packages/taskflow/listeners/logging.py:182}}
Feb 27 12:29:38 devstack cinder-volume[82706]: DEBUG cinder.volume.manager [None req-643080ff-7c70-4c3b-826a-80613395d3f6 tempest-SnapshotsActionsTest-574517602 None] Flow 'volume_create_manager' (76d450aa-a006-4670-9c6e-5329c4b82555) transitioned into state 'SUCCESS' from state 'RUNNING' {{(pid=82706) _flow_receiver /opt/stack/data/venv/lib/python3.10/site-packages/taskflow/listeners/logging.py:145}}
Feb 27 12:29:38 devstack cinder-volume[82706]: INFO cinder.volume.manager [None req-643080ff-7c70-4c3b-826a-80613395d3f6 tempest-SnapshotsActionsTest-574517602 None] Created volume successfully.
Feb 27 12:29:38 devstack cinder-volume[82706]: DEBUG cinder.coordination [None req-3144d637-2f13-4085-80b4-7d4e5eba5a79 tempest-DeleteServersTestJSON-476402695 None] Acquiring lock "cinder-aa5a4c43-bdcc-4c51-819d-fea53ee4dabc-delete_volume" by "delete_volume" {{(pid=82706) __acquire /opt/stack/cinder/cinder/coordination.py:138}}
Feb 27 12:29:38 devstack cinder-volume[82706]: DEBUG cinder.coordination [None req-3144d637-2f13-4085-80b4-7d4e5eba5a79 tempest-DeleteServersTestJSON-476402695 None] Lock "cinder-aa5a4c43-bdcc-4c51-819d-fea53ee4dabc-delete_volume" acquired by "delete_volume" :: waited 0.016s {{(pid=82706) __acquire /opt/stack/cinder/cinder/coordination.py:141}}
Feb 27 12:29:38 devstack cinder-volume[82706]: DEBUG cinder.coordination [None req-3144d637-2f13-4085-80b4-7d4e5eba5a79 tempest-DeleteServersTestJSON-476402695 None] Acquiring lock "cinder-quobyte-aa5a4c43-bdcc-4c51-819d-fea53ee4dabc" by "delete_volume" {{(pid=82706) __acquire /opt/stack/cinder/cinder/coordination.py:138}}
Feb 27 12:29:38 devstack cinder-volume[82706]: DEBUG cinder.coordination [None req-3144d637-2f13-4085-80b4-7d4e5eba5a79 tempest-DeleteServersTestJSON-476402695 None] Lock "cinder-quobyte-aa5a4c43-bdcc-4c51-819d-fea53ee4dabc" acquired by "delete_volume" :: waited 0.009s {{(pid=82706) __acquire /opt/stack/cinder/cinder/coordination.py:141}}
Feb 27 12:29:38 devstack cinder-volume[82706]: DEBUG oslo.privsep.daemon [-] privsep: reply[0e87234d-966c-4793-8163-52bd813e455a]: (4, 'qcow2') {{(pid=83554) _call_back /opt/stack/data/venv/lib/python3.10/site-packages/oslo_privsep/daemon.py:573}}
Feb 27 12:29:38 devstack cinder-volume[82706]: DEBUG oslo_concurrency.processutils [None req-3144d637-2f13-4085-80b4-7d4e5eba5a79 tempest-DeleteServersTestJSON-476402695 None] Running cmd (subprocess): /opt/stack/data/venv/bin/python3.10 -m oslo_concurrency.prlimit --as=1073741824 --cpu=60 -- sudo cinder-rootwrap /etc/cinder/rootwrap.conf env LC_ALL=C qemu-img info -f qcow2 --output=json --force-share /opt/stack/data/cinder/mnt/d35250134584b62cf7b8091be9eae452/volume-aa5a4c43-bdcc-4c51-819d-fea53ee4dabc {{(pid=82706) execute /opt/stack/data/venv/lib/python3.10/site-packages/oslo_concurrency/processutils.py:440}}
Feb 27 12:29:38 devstack sudo[84155]: quobyte : PWD=/ ; USER=root ; COMMAND=/opt/stack/data/venv/bin/cinder-rootwrap /etc/cinder/rootwrap.conf env LC_ALL=C qemu-img info -f qcow2 --output=json --force-share /opt/stack/data/cinder/mnt/d35250134584b62cf7b8091be9eae452/volume-aa5a4c43-bdcc-4c51-819d-fea53ee4dabc
Feb 27 12:29:38 devstack sudo[84155]: pam_unix(sudo:session): session opened for user root(uid=0) by (uid=1000)
Feb 27 12:29:38 devstack sudo[84155]: pam_unix(sudo:session): session closed for user root
Feb 27 12:29:38 devstack cinder-volume[82706]: DEBUG oslo_concurrency.processutils [None req-3144d637-2f13-4085-80b4-7d4e5eba5a79 tempest-DeleteServersTestJSON-476402695 None] CMD "/opt/stack/data/venv/bin/python3.10 -m oslo_concurrency.prlimit --as=1073741824 --cpu=60 -- sudo cinder-rootwrap /etc/cinder/rootwrap.conf env LC_ALL=C qemu-img info -f qcow2 --output=json --force-share /opt/stack/data/cinder/mnt/d35250134584b62cf7b8091be9eae452/volume-aa5a4c43-bdcc-4c51-819d-fea53ee4dabc" returned: 0 in 0.538s {{(pid=82706) execute /opt/stack/data/venv/lib/python3.10/site-packages/oslo_concurrency/processutils.py:468}}
Feb 27 12:29:38 devstack cinder-volume[82706]: DEBUG oslo_concurrency.processutils [None req-3144d637-2f13-4085-80b4-7d4e5eba5a79 tempest-DeleteServersTestJSON-476402695 None] Running cmd (subprocess): sudo cinder-rootwrap /etc/cinder/rootwrap.conf rm -f /opt/stack/data/cinder/mnt/d35250134584b62cf7b8091be9eae452/volume-aa5a4c43-bdcc-4c51-819d-fea53ee4dabc {{(pid=82706) execute /opt/stack/data/venv/lib/python3.10/site-packages/oslo_concurrency/processutils.py:440}}
Feb 27 12:29:39 devstack sudo[84161]: quobyte : PWD=/ ; USER=root ; COMMAND=/opt/stack/data/venv/bin/cinder-rootwrap /etc/cinder/rootwrap.conf rm -f /opt/stack/data/cinder/mnt/d35250134584b62cf7b8091be9eae452/volume-aa5a4c43-bdcc-4c51-819d-fea53ee4dabc
Feb 27 12:29:39 devstack sudo[84161]: pam_unix(sudo:session): session opened for user root(uid=0) by (uid=1000)
Feb 27 12:29:39 devstack cinder-volume[82706]: DEBUG oslo_concurrency.lockutils [None req-55a8cd53-65c6-4fca-984f-2c45733661ed tempest-SnapshotsActionsTest-574517602 None] Acquiring lock "quobyte" by "cinder.volume.drivers.quobyte.QuobyteDriver.create_snapshot" {{(pid=82706) inner /opt/stack/data/venv/lib/python3.10/site-packages/oslo_concurrency/lockutils.py:506}}
Feb 27 12:29:39 devstack cinder-volume[82706]: DEBUG oslo_concurrency.lockutils [None req-55a8cd53-65c6-4fca-984f-2c45733661ed tempest-SnapshotsActionsTest-574517602 None] Lock "quobyte" acquired by "cinder.volume.drivers.quobyte.QuobyteDriver.create_snapshot" :: waited 0.001s {{(pid=82706) inner /opt/stack/data/venv/lib/python3.10/site-packages/oslo_concurrency/lockutils.py:519}}
Feb 27 12:29:39 devstack cinder-volume[82706]: DEBUG cinder.volume.drivers.remotefs [None req-55a8cd53-65c6-4fca-984f-2c45733661ed tempest-SnapshotsActionsTest-574517602 None] Creating offline snapshot a376a7a0-4e46-4329-a22b-a66e807d08bf of volume b9e36c52-1b06-4ec5-be8d-f714537839d3 {{(pid=82706) _create_snapshot /opt/stack/cinder/cinder/volume/drivers/remotefs.py:1815}}
Feb 27 12:29:39 devstack cinder-volume[82706]: DEBUG oslo.privsep.daemon [-] privsep: reply[5fe31bd7-4e3f-4726-87c9-f8dca3b40c5a]: (4, 'qcow2') {{(pid=83554) _call_back /opt/stack/data/venv/lib/python3.10/site-packages/oslo_privsep/daemon.py:573}}
Feb 27 12:29:39 devstack cinder-volume[82706]: DEBUG oslo_concurrency.processutils [None req-55a8cd53-65c6-4fca-984f-2c45733661ed tempest-SnapshotsActionsTest-574517602 None] Running cmd (subprocess): /opt/stack/data/venv/bin/python3.10 -m oslo_concurrency.prlimit --as=1073741824 --cpu=60 -- sudo cinder-rootwrap /etc/cinder/rootwrap.conf env LC_ALL=C qemu-img info -f qcow2 --output=json --force-share /opt/stack/data/cinder/mnt/d35250134584b62cf7b8091be9eae452/volume-b9e36c52-1b06-4ec5-be8d-f714537839d3 {{(pid=82706) execute /opt/stack/data/venv/lib/python3.10/site-packages/oslo_concurrency/processutils.py:440}}
Feb 27 12:29:39 devstack sudo[84161]: pam_unix(sudo:session): session closed for user root
Feb 27 12:29:39 devstack cinder-volume[82706]: DEBUG oslo_concurrency.processutils [None req-3144d637-2f13-4085-80b4-7d4e5eba5a79 tempest-DeleteServersTestJSON-476402695 None] CMD "sudo cinder-rootwrap /etc/cinder/rootwrap.conf rm -f /opt/stack/data/cinder/mnt/d35250134584b62cf7b8091be9eae452/volume-aa5a4c43-bdcc-4c51-819d-fea53ee4dabc" returned: 0 in 0.559s {{(pid=82706) execute /opt/stack/data/venv/lib/python3.10/site-packages/oslo_concurrency/processutils.py:468}}
Feb 27 12:29:39 devstack cinder-volume[82706]: DEBUG cinder.coordination [None req-3144d637-2f13-4085-80b4-7d4e5eba5a79 tempest-DeleteServersTestJSON-476402695 None] Lock "cinder-quobyte-aa5a4c43-bdcc-4c51-819d-fea53ee4dabc" released by "delete_volume" :: held 1.119s {{(pid=82706) __release /opt/stack/cinder/cinder/coordination.py:152}}
Feb 27 12:29:39 devstack sudo[84164]: quobyte : PWD=/ ; USER=root ; COMMAND=/opt/stack/data/venv/bin/cinder-rootwrap /etc/cinder/rootwrap.conf env LC_ALL=C qemu-img info -f qcow2 --output=json --force-share /opt/stack/data/cinder/mnt/d35250134584b62cf7b8091be9eae452/volume-b9e36c52-1b06-4ec5-be8d-f714537839d3
Feb 27 12:29:39 devstack sudo[84164]: pam_unix(sudo:session): session opened for user root(uid=0) by (uid=1000)
Feb 27 12:29:39 devstack cinder-volume[82706]: DEBUG cinder.quota [None req-3144d637-2f13-4085-80b4-7d4e5eba5a79 tempest-DeleteServersTestJSON-476402695 None] Created reservations ['419ee690-2438-46cd-b168-6211d469edc7', '3c7fa7a7-790d-4b05-a736-9dec96110ad7', 'f7547119-451c-4d6a-aeae-9917695f7d23', '15620a37-cefc-4622-911a-d8f82d20dbfd'] {{(pid=82706) reserve /opt/stack/cinder/cinder/quota.py:752}}
Feb 27 12:29:39 devstack cinder-volume[82706]: DEBUG oslo_concurrency.lockutils [None req-3144d637-2f13-4085-80b4-7d4e5eba5a79 tempest-DeleteServersTestJSON-476402695 None] Acquiring lock "quobyte_ensure" by "cinder.volume.drivers.quobyte.QuobyteDriver._ensure_shares_mounted" {{(pid=82706) inner /opt/stack/data/venv/lib/python3.10/site-packages/oslo_concurrency/lockutils.py:506}}
Feb 27 12:29:39 devstack cinder-volume[82706]: DEBUG oslo_concurrency.lockutils [None req-3144d637-2f13-4085-80b4-7d4e5eba5a79 tempest-DeleteServersTestJSON-476402695 None] Lock "quobyte_ensure" acquired by "cinder.volume.drivers.quobyte.QuobyteDriver._ensure_shares_mounted" :: waited 0.001s {{(pid=82706) inner /opt/stack/data/venv/lib/python3.10/site-packages/oslo_concurrency/lockutils.py:519}}
Feb 27 12:29:39 devstack cinder-volume[82706]: DEBUG cinder.volume.drivers.quobyte [None req-3144d637-2f13-4085-80b4-7d4e5eba5a79 tempest-DeleteServersTestJSON-476402695 None] Quobyte Volume URL set to: {'osci02.corp.quobyte.com/cinder-vol-123d4491-271b-406d-b7d6-3c28393ef84f': None} {{(pid=82706) _load_shares_config /opt/stack/cinder/cinder/volume/drivers/quobyte.py:617}}
Feb 27 12:29:39 devstack cinder-volume[82706]: DEBUG cinder.volume.drivers.quobyte [None req-3144d637-2f13-4085-80b4-7d4e5eba5a79 tempest-DeleteServersTestJSON-476402695 None] Available shares ['osci02.corp.quobyte.com/cinder-vol-123d4491-271b-406d-b7d6-3c28393ef84f'] {{(pid=82706) _ensure_shares_mounted /opt/stack/cinder/cinder/volume/drivers/quobyte.py:647}}
Feb 27 12:29:39 devstack cinder-volume[82706]: DEBUG oslo_concurrency.lockutils [None req-3144d637-2f13-4085-80b4-7d4e5eba5a79 tempest-DeleteServersTestJSON-476402695 None] Lock "quobyte_ensure" "released" by "cinder.volume.drivers.quobyte.QuobyteDriver._ensure_shares_mounted" :: held 0.005s {{(pid=82706) inner /opt/stack/data/venv/lib/python3.10/site-packages/oslo_concurrency/lockutils.py:538}}
Feb 27 12:29:39 devstack cinder-volume[82706]: DEBUG oslo_concurrency.processutils [None req-3144d637-2f13-4085-80b4-7d4e5eba5a79 tempest-DeleteServersTestJSON-476402695 None] Running cmd (subprocess): sudo cinder-rootwrap /etc/cinder/rootwrap.conf df --portability --block-size 1 /opt/stack/data/cinder/mnt/d35250134584b62cf7b8091be9eae452 {{(pid=82706) execute /opt/stack/data/venv/lib/python3.10/site-packages/oslo_concurrency/processutils.py:440}}
Feb 27 12:29:39 devstack sudo[84166]: quobyte : PWD=/ ; USER=root ; COMMAND=/opt/stack/data/venv/bin/cinder-rootwrap /etc/cinder/rootwrap.conf df --portability --block-size 1 /opt/stack/data/cinder/mnt/d35250134584b62cf7b8091be9eae452
Feb 27 12:29:39 devstack sudo[84166]: pam_unix(sudo:session): session opened for user root(uid=0) by (uid=1000)
Feb 27 12:29:40 devstack sudo[84164]: pam_unix(sudo:session): session closed for user root
Feb 27 12:29:40 devstack cinder-volume[82706]: DEBUG oslo_concurrency.processutils [None req-55a8cd53-65c6-4fca-984f-2c45733661ed tempest-SnapshotsActionsTest-574517602 None] CMD "/opt/stack/data/venv/bin/python3.10 -m oslo_concurrency.prlimit --as=1073741824 --cpu=60 -- sudo cinder-rootwrap /etc/cinder/rootwrap.conf env LC_ALL=C qemu-img info -f qcow2 --output=json --force-share /opt/stack/data/cinder/mnt/d35250134584b62cf7b8091be9eae452/volume-b9e36c52-1b06-4ec5-be8d-f714537839d3" returned: 0 in 0.884s {{(pid=82706) execute /opt/stack/data/venv/lib/python3.10/site-packages/oslo_concurrency/processutils.py:468}}
Feb 27 12:29:40 devstack cinder-volume[82706]: DEBUG oslo_concurrency.processutils [None req-55a8cd53-65c6-4fca-984f-2c45733661ed tempest-SnapshotsActionsTest-574517602 None] Running cmd (subprocess): sudo cinder-rootwrap /etc/cinder/rootwrap.conf qemu-img create -f qcow2 -o backing_file=/opt/stack/data/cinder/mnt/d35250134584b62cf7b8091be9eae452/volume-b9e36c52-1b06-4ec5-be8d-f714537839d3,backing_fmt=qcow2 /opt/stack/data/cinder/mnt/d35250134584b62cf7b8091be9eae452/volume-b9e36c52-1b06-4ec5-be8d-f714537839d3.a376a7a0-4e46-4329-a22b-a66e807d08bf 1G {{(pid=82706) execute /opt/stack/data/venv/lib/python3.10/site-packages/oslo_concurrency/processutils.py:440}}
Feb 27 12:29:40 devstack sudo[84199]: quobyte : PWD=/ ; USER=root ; COMMAND=/opt/stack/data/venv/bin/cinder-rootwrap /etc/cinder/rootwrap.conf qemu-img create -f qcow2 -o backing_file=/opt/stack/data/cinder/mnt/d35250134584b62cf7b8091be9eae452/volume-b9e36c52-1b06-4ec5-be8d-f714537839d3,backing_fmt=qcow2 /opt/stack/data/cinder/mnt/d35250134584b62cf7b8091be9eae452/volume-b9e36c52-1b06-4ec5-be8d-f714537839d3.a376a7a0-4e46-4329-a22b-a66e807d08bf 1G
Feb 27 12:29:40 devstack sudo[84199]: pam_unix(sudo:session): session opened for user root(uid=0) by (uid=1000)
Feb 27 12:29:40 devstack sudo[84166]: pam_unix(sudo:session): session closed for user root
Feb 27 12:29:40 devstack cinder-volume[82706]: DEBUG oslo_concurrency.processutils [None req-3144d637-2f13-4085-80b4-7d4e5eba5a79 tempest-DeleteServersTestJSON-476402695 None] CMD "sudo cinder-rootwrap /etc/cinder/rootwrap.conf df --portability --block-size 1 /opt/stack/data/cinder/mnt/d35250134584b62cf7b8091be9eae452" returned: 0 in 0.989s {{(pid=82706) execute /opt/stack/data/venv/lib/python3.10/site-packages/oslo_concurrency/processutils.py:468}}
Feb 27 12:29:40 devstack cinder-volume[82706]: DEBUG cinder.manager [None req-3144d637-2f13-4085-80b4-7d4e5eba5a79 tempest-DeleteServersTestJSON-476402695 None] Notifying Schedulers of capabilities ... {{(pid=82706) _publish_service_capabilities /opt/stack/cinder/cinder/manager.py:202}}
Feb 27 12:29:40 devstack cinder-volume[82706]: INFO cinder.volume.manager [None req-3144d637-2f13-4085-80b4-7d4e5eba5a79 tempest-DeleteServersTestJSON-476402695 None] Deleted volume successfully.
Feb 27 12:29:40 devstack cinder-volume[82706]: DEBUG cinder.coordination [None req-3144d637-2f13-4085-80b4-7d4e5eba5a79 tempest-DeleteServersTestJSON-476402695 None] Lock "cinder-aa5a4c43-bdcc-4c51-819d-fea53ee4dabc-delete_volume" released by "delete_volume" :: held 2.266s {{(pid=82706) __release /opt/stack/cinder/cinder/coordination.py:152}}
Feb 27 12:29:41 devstack sudo[84199]: pam_unix(sudo:session): session closed for user root
Feb 27 12:29:41 devstack cinder-volume[82706]: DEBUG oslo_concurrency.processutils [None req-55a8cd53-65c6-4fca-984f-2c45733661ed tempest-SnapshotsActionsTest-574517602 None] CMD "sudo cinder-rootwrap /etc/cinder/rootwrap.conf qemu-img create -f qcow2 -o backing_file=/opt/stack/data/cinder/mnt/d35250134584b62cf7b8091be9eae452/volume-b9e36c52-1b06-4ec5-be8d-f714537839d3,backing_fmt=qcow2 /opt/stack/data/cinder/mnt/d35250134584b62cf7b8091be9eae452/volume-b9e36c52-1b06-4ec5-be8d-f714537839d3.a376a7a0-4e46-4329-a22b-a66e807d08bf 1G" returned: 0 in 1.159s {{(pid=82706) execute /opt/stack/data/venv/lib/python3.10/site-packages/oslo_concurrency/processutils.py:468}}
Feb 27 12:29:41 devstack cinder-volume[82706]: DEBUG oslo_concurrency.processutils [None req-55a8cd53-65c6-4fca-984f-2c45733661ed tempest-SnapshotsActionsTest-574517602 None] Running cmd (subprocess): sudo cinder-rootwrap /etc/cinder/rootwrap.conf qemu-img rebase -u -b volume-b9e36c52-1b06-4ec5-be8d-f714537839d3 -F qcow2 /opt/stack/data/cinder/mnt/d35250134584b62cf7b8091be9eae452/volume-b9e36c52-1b06-4ec5-be8d-f714537839d3.a376a7a0-4e46-4329-a22b-a66e807d08bf {{(pid=82706) execute /opt/stack/data/venv/lib/python3.10/site-packages/oslo_concurrency/processutils.py:440}}
Feb 27 12:29:41 devstack sudo[84207]: quobyte : PWD=/ ; USER=root ; COMMAND=/opt/stack/data/venv/bin/cinder-rootwrap /etc/cinder/rootwrap.conf qemu-img rebase -u -b volume-b9e36c52-1b06-4ec5-be8d-f714537839d3 -F qcow2 /opt/stack/data/cinder/mnt/d35250134584b62cf7b8091be9eae452/volume-b9e36c52-1b06-4ec5-be8d-f714537839d3.a376a7a0-4e46-4329-a22b-a66e807d08bf
Feb 27 12:29:41 devstack sudo[84207]: pam_unix(sudo:session): session opened for user root(uid=0) by (uid=1000)
Feb 27 12:29:42 devstack sudo[84207]: pam_unix(sudo:session): session closed for user root
Feb 27 12:29:42 devstack cinder-volume[82706]: DEBUG oslo_concurrency.processutils [None req-55a8cd53-65c6-4fca-984f-2c45733661ed tempest-SnapshotsActionsTest-574517602 None] CMD "sudo cinder-rootwrap /etc/cinder/rootwrap.conf qemu-img rebase -u -b volume-b9e36c52-1b06-4ec5-be8d-f714537839d3 -F qcow2 /opt/stack/data/cinder/mnt/d35250134584b62cf7b8091be9eae452/volume-b9e36c52-1b06-4ec5-be8d-f714537839d3.a376a7a0-4e46-4329-a22b-a66e807d08bf" returned: 0 in 0.988s {{(pid=82706) execute /opt/stack/data/venv/lib/python3.10/site-packages/oslo_concurrency/processutils.py:468}}
Feb 27 12:29:42 devstack cinder-volume[82706]: WARNING cinder.volume.drivers.remotefs [None req-55a8cd53-65c6-4fca-984f-2c45733661ed tempest-SnapshotsActionsTest-574517602 None] /opt/stack/data/cinder/mnt/d35250134584b62cf7b8091be9eae452/volume-b9e36c52-1b06-4ec5-be8d-f714537839d3.a376a7a0-4e46-4329-a22b-a66e807d08bf is being set with open permissions: ugo+rw
Feb 27 12:29:42 devstack cinder-volume[82706]: DEBUG oslo_concurrency.processutils [None req-55a8cd53-65c6-4fca-984f-2c45733661ed tempest-SnapshotsActionsTest-574517602 None] Running cmd (subprocess): sudo cinder-rootwrap /etc/cinder/rootwrap.conf chmod ugo+rw /opt/stack/data/cinder/mnt/d35250134584b62cf7b8091be9eae452/volume-b9e36c52-1b06-4ec5-be8d-f714537839d3.a376a7a0-4e46-4329-a22b-a66e807d08bf {{(pid=82706) execute /opt/stack/data/venv/lib/python3.10/site-packages/oslo_concurrency/processutils.py:440}}
Feb 27 12:29:42 devstack sudo[84213]: quobyte : PWD=/ ; USER=root ; COMMAND=/opt/stack/data/venv/bin/cinder-rootwrap /etc/cinder/rootwrap.conf chmod ugo+rw /opt/stack/data/cinder/mnt/d35250134584b62cf7b8091be9eae452/volume-b9e36c52-1b06-4ec5-be8d-f714537839d3.a376a7a0-4e46-4329-a22b-a66e807d08bf
Feb 27 12:29:42 devstack sudo[84213]: pam_unix(sudo:session): session opened for user root(uid=0) by (uid=1000)
Feb 27 12:29:43 devstack sudo[84213]: pam_unix(sudo:session): session closed for user root
Feb 27 12:29:43 devstack cinder-volume[82706]: DEBUG oslo_concurrency.processutils [None req-55a8cd53-65c6-4fca-984f-2c45733661ed tempest-SnapshotsActionsTest-574517602 None] CMD "sudo cinder-rootwrap /etc/cinder/rootwrap.conf chmod ugo+rw /opt/stack/data/cinder/mnt/d35250134584b62cf7b8091be9eae452/volume-b9e36c52-1b06-4ec5-be8d-f714537839d3.a376a7a0-4e46-4329-a22b-a66e807d08bf" returned: 0 in 0.646s {{(pid=82706) execute /opt/stack/data/venv/lib/python3.10/site-packages/oslo_concurrency/processutils.py:468}}
Feb 27 12:29:43 devstack cinder-volume[82706]: DEBUG oslo_concurrency.processutils [None req-55a8cd53-65c6-4fca-984f-2c45733661ed tempest-SnapshotsActionsTest-574517602 None] Running cmd (subprocess): sudo cinder-rootwrap /etc/cinder/rootwrap.conf truncate -s0 /opt/stack/data/cinder/mnt/d35250134584b62cf7b8091be9eae452/volume-b9e36c52-1b06-4ec5-be8d-f714537839d3.info {{(pid=82706) execute /opt/stack/data/venv/lib/python3.10/site-packages/oslo_concurrency/processutils.py:440}}
Feb 27 12:29:43 devstack sudo[84217]: quobyte : PWD=/ ; USER=root ; COMMAND=/opt/stack/data/venv/bin/cinder-rootwrap /etc/cinder/rootwrap.conf truncate -s0 /opt/stack/data/cinder/mnt/d35250134584b62cf7b8091be9eae452/volume-b9e36c52-1b06-4ec5-be8d-f714537839d3.info
Feb 27 12:29:43 devstack sudo[84217]: pam_unix(sudo:session): session opened for user root(uid=0) by (uid=1000)
Feb 27 12:29:43 devstack sudo[84217]: pam_unix(sudo:session): session closed for user root
Feb 27 12:29:43 devstack cinder-volume[82706]: DEBUG oslo_concurrency.processutils [None req-55a8cd53-65c6-4fca-984f-2c45733661ed tempest-SnapshotsActionsTest-574517602 None] CMD "sudo cinder-rootwrap /etc/cinder/rootwrap.conf truncate -s0 /opt/stack/data/cinder/mnt/d35250134584b62cf7b8091be9eae452/volume-b9e36c52-1b06-4ec5-be8d-f714537839d3.info" returned: 0 in 0.765s {{(pid=82706) execute /opt/stack/data/venv/lib/python3.10/site-packages/oslo_concurrency/processutils.py:468}}
Feb 27 12:29:43 devstack cinder-volume[82706]: WARNING cinder.volume.drivers.remotefs [None req-55a8cd53-65c6-4fca-984f-2c45733661ed tempest-SnapshotsActionsTest-574517602 None] /opt/stack/data/cinder/mnt/d35250134584b62cf7b8091be9eae452/volume-b9e36c52-1b06-4ec5-be8d-f714537839d3.info is being set with open permissions: ugo+rw
Feb 27 12:29:43 devstack cinder-volume[82706]: DEBUG oslo_concurrency.processutils [None req-55a8cd53-65c6-4fca-984f-2c45733661ed tempest-SnapshotsActionsTest-574517602 None] Running cmd (subprocess): sudo cinder-rootwrap /etc/cinder/rootwrap.conf chmod ugo+rw /opt/stack/data/cinder/mnt/d35250134584b62cf7b8091be9eae452/volume-b9e36c52-1b06-4ec5-be8d-f714537839d3.info {{(pid=82706) execute /opt/stack/data/venv/lib/python3.10/site-packages/oslo_concurrency/processutils.py:440}}
Feb 27 12:29:43 devstack sudo[84221]: quobyte : PWD=/ ; USER=root ; COMMAND=/opt/stack/data/venv/bin/cinder-rootwrap /etc/cinder/rootwrap.conf chmod ugo+rw /opt/stack/data/cinder/mnt/d35250134584b62cf7b8091be9eae452/volume-b9e36c52-1b06-4ec5-be8d-f714537839d3.info
Feb 27 12:29:43 devstack sudo[84221]: pam_unix(sudo:session): session opened for user root(uid=0) by (uid=1000)
Feb 27 12:29:44 devstack sudo[84221]: pam_unix(sudo:session): session closed for user root
Feb 27 12:29:44 devstack cinder-volume[82706]: DEBUG oslo_concurrency.processutils [None req-55a8cd53-65c6-4fca-984f-2c45733661ed tempest-SnapshotsActionsTest-574517602 None] CMD "sudo cinder-rootwrap /etc/cinder/rootwrap.conf chmod ugo+rw /opt/stack/data/cinder/mnt/d35250134584b62cf7b8091be9eae452/volume-b9e36c52-1b06-4ec5-be8d-f714537839d3.info" returned: 0 in 0.499s {{(pid=82706) execute /opt/stack/data/venv/lib/python3.10/site-packages/oslo_concurrency/processutils.py:468}}
Feb 27 12:29:44 devstack cinder-volume[82706]: DEBUG oslo_concurrency.lockutils [None req-55a8cd53-65c6-4fca-984f-2c45733661ed tempest-SnapshotsActionsTest-574517602 None] Lock "quobyte" "released" by "cinder.volume.drivers.quobyte.QuobyteDriver.create_snapshot" :: held 5.026s {{(pid=82706) inner /opt/stack/data/venv/lib/python3.10/site-packages/oslo_concurrency/lockutils.py:538}}
Feb 27 12:29:44 devstack cinder-volume[82706]: INFO cinder.volume.manager [None req-55a8cd53-65c6-4fca-984f-2c45733661ed tempest-SnapshotsActionsTest-574517602 None] Create snapshot completed successfully
Feb 27 12:29:45 devstack cinder-volume[82706]: DEBUG oslo_concurrency.lockutils [None req-8a7c9cf2-38cd-4581-aee9-8a19d40d7930 tempest-SnapshotsActionsTest-574517602 None] Acquiring lock "quobyte" by "cinder.volume.drivers.quobyte.QuobyteDriver.create_snapshot" {{(pid=82706) inner /opt/stack/data/venv/lib/python3.10/site-packages/oslo_concurrency/lockutils.py:506}}
Feb 27 12:29:45 devstack cinder-volume[82706]: DEBUG oslo_concurrency.lockutils [None req-8a7c9cf2-38cd-4581-aee9-8a19d40d7930 tempest-SnapshotsActionsTest-574517602 None] Lock "quobyte" acquired by "cinder.volume.drivers.quobyte.QuobyteDriver.create_snapshot" :: waited 0.001s {{(pid=82706) inner /opt/stack/data/venv/lib/python3.10/site-packages/oslo_concurrency/lockutils.py:519}}
Feb 27 12:29:45 devstack cinder-volume[82706]: DEBUG cinder.volume.drivers.remotefs [None req-8a7c9cf2-38cd-4581-aee9-8a19d40d7930 tempest-SnapshotsActionsTest-574517602 None] Creating offline snapshot eda9e772-adb7-4a6e-9809-6f3f6aaf08b8 of volume b9e36c52-1b06-4ec5-be8d-f714537839d3 {{(pid=82706) _create_snapshot /opt/stack/cinder/cinder/volume/drivers/remotefs.py:1815}}
Feb 27 12:29:45 devstack cinder-volume[82706]: DEBUG oslo.privsep.daemon [-] privsep: reply[405b77d5-65f1-4127-a9cd-5aecf8f3ac1c]: (4, 'qcow2') {{(pid=83554) _call_back /opt/stack/data/venv/lib/python3.10/site-packages/oslo_privsep/daemon.py:573}}
Feb 27 12:29:45 devstack cinder-volume[82706]: DEBUG oslo_concurrency.processutils [None req-8a7c9cf2-38cd-4581-aee9-8a19d40d7930 tempest-SnapshotsActionsTest-574517602 None] Running cmd (subprocess): /opt/stack/data/venv/bin/python3.10 -m oslo_concurrency.prlimit --as=1073741824 --cpu=60 -- sudo cinder-rootwrap /etc/cinder/rootwrap.conf env LC_ALL=C qemu-img info -f qcow2 --output=json --force-share /opt/stack/data/cinder/mnt/d35250134584b62cf7b8091be9eae452/volume-b9e36c52-1b06-4ec5-be8d-f714537839d3.a376a7a0-4e46-4329-a22b-a66e807d08bf {{(pid=82706) execute /opt/stack/data/venv/lib/python3.10/site-packages/oslo_concurrency/processutils.py:440}}
Feb 27 12:29:45 devstack sudo[84225]: quobyte : PWD=/ ; USER=root ; COMMAND=/opt/stack/data/venv/bin/cinder-rootwrap /etc/cinder/rootwrap.conf env LC_ALL=C qemu-img info -f qcow2 --output=json --force-share /opt/stack/data/cinder/mnt/d35250134584b62cf7b8091be9eae452/volume-b9e36c52-1b06-4ec5-be8d-f714537839d3.a376a7a0-4e46-4329-a22b-a66e807d08bf
Feb 27 12:29:45 devstack sudo[84225]: pam_unix(sudo:session): session opened for user root(uid=0) by (uid=1000)
Feb 27 12:29:46 devstack sudo[84225]: pam_unix(sudo:session): session closed for user root
Feb 27 12:29:46 devstack cinder-volume[82706]: DEBUG oslo_concurrency.processutils [None req-8a7c9cf2-38cd-4581-aee9-8a19d40d7930 tempest-SnapshotsActionsTest-574517602 None] CMD "/opt/stack/data/venv/bin/python3.10 -m oslo_concurrency.prlimit --as=1073741824 --cpu=60 -- sudo cinder-rootwrap /etc/cinder/rootwrap.conf env LC_ALL=C qemu-img info -f qcow2 --output=json --force-share /opt/stack/data/cinder/mnt/d35250134584b62cf7b8091be9eae452/volume-b9e36c52-1b06-4ec5-be8d-f714537839d3.a376a7a0-4e46-4329-a22b-a66e807d08bf" returned: 0 in 0.692s {{(pid=82706) execute /opt/stack/data/venv/lib/python3.10/site-packages/oslo_concurrency/processutils.py:468}}
Feb 27 12:29:46 devstack cinder-volume[82706]: DEBUG cinder.volume.drivers.remotefs [None req-8a7c9cf2-38cd-4581-aee9-8a19d40d7930 tempest-SnapshotsActionsTest-574517602 None] Fetching qemu-img info with special backing_file_template: (/opt/stack/data/cinder/mnt/[0-9a-f]+/)?(volume-b9e36c52-1b06-4ec5-be8d-f714537839d3(.(tmp-snap-)?[0-9a-f-]+)?|volume_from_snapshot_cache/(tmp-snap-)?[0-9a-f-]+(.(child-|parent-)[0-9a-f-]+)?)$ {{(pid=82706) _qemu_img_info_base /opt/stack/cinder/cinder/volume/drivers/remotefs.py:896}}
Feb 27 12:29:46 devstack cinder-volume[82706]: DEBUG oslo_concurrency.processutils [None req-8a7c9cf2-38cd-4581-aee9-8a19d40d7930 tempest-SnapshotsActionsTest-574517602 None] Running cmd (subprocess): sudo cinder-rootwrap /etc/cinder/rootwrap.conf qemu-img create -f qcow2 -o backing_file=/opt/stack/data/cinder/mnt/d35250134584b62cf7b8091be9eae452/volume-b9e36c52-1b06-4ec5-be8d-f714537839d3.a376a7a0-4e46-4329-a22b-a66e807d08bf,backing_fmt=qcow2 /opt/stack/data/cinder/mnt/d35250134584b62cf7b8091be9eae452/volume-b9e36c52-1b06-4ec5-be8d-f714537839d3.eda9e772-adb7-4a6e-9809-6f3f6aaf08b8 1G {{(pid=82706) execute /opt/stack/data/venv/lib/python3.10/site-packages/oslo_concurrency/processutils.py:440}}
Feb 27 12:29:46 devstack sudo[84230]: quobyte : PWD=/ ; USER=root ; COMMAND=/opt/stack/data/venv/bin/cinder-rootwrap /etc/cinder/rootwrap.conf qemu-img create -f qcow2 -o backing_file=/opt/stack/data/cinder/mnt/d35250134584b62cf7b8091be9eae452/volume-b9e36c52-1b06-4ec5-be8d-f714537839d3.a376a7a0-4e46-4329-a22b-a66e807d08bf,backing_fmt=qcow2 /opt/stack/data/cinder/mnt/d35250134584b62cf7b8091be9eae452/volume-b9e36c52-1b06-4ec5-be8d-f714537839d3.eda9e772-adb7-4a6e-9809-6f3f6aaf08b8 1G
Feb 27 12:29:46 devstack sudo[84230]: pam_unix(sudo:session): session opened for user root(uid=0) by (uid=1000)
Feb 27 12:29:47 devstack sudo[84230]: pam_unix(sudo:session): session closed for user root
Feb 27 12:29:47 devstack cinder-volume[82706]: DEBUG oslo_concurrency.processutils [None req-8a7c9cf2-38cd-4581-aee9-8a19d40d7930 tempest-SnapshotsActionsTest-574517602 None] CMD "sudo cinder-rootwrap /etc/cinder/rootwrap.conf qemu-img create -f qcow2 -o backing_file=/opt/stack/data/cinder/mnt/d35250134584b62cf7b8091be9eae452/volume-b9e36c52-1b06-4ec5-be8d-f714537839d3.a376a7a0-4e46-4329-a22b-a66e807d08bf,backing_fmt=qcow2 /opt/stack/data/cinder/mnt/d35250134584b62cf7b8091be9eae452/volume-b9e36c52-1b06-4ec5-be8d-f714537839d3.eda9e772-adb7-4a6e-9809-6f3f6aaf08b8 1G" returned: 0 in 0.952s {{(pid=82706) execute /opt/stack/data/venv/lib/python3.10/site-packages/oslo_concurrency/processutils.py:468}}
Feb 27 12:29:47 devstack cinder-volume[82706]: DEBUG oslo_concurrency.processutils [None req-8a7c9cf2-38cd-4581-aee9-8a19d40d7930 tempest-SnapshotsActionsTest-574517602 None] Running cmd (subprocess): sudo cinder-rootwrap /etc/cinder/rootwrap.conf qemu-img rebase -u -b volume-b9e36c52-1b06-4ec5-be8d-f714537839d3.a376a7a0-4e46-4329-a22b-a66e807d08bf -F qcow2 /opt/stack/data/cinder/mnt/d35250134584b62cf7b8091be9eae452/volume-b9e36c52-1b06-4ec5-be8d-f714537839d3.eda9e772-adb7-4a6e-9809-6f3f6aaf08b8 {{(pid=82706) execute /opt/stack/data/venv/lib/python3.10/site-packages/oslo_concurrency/processutils.py:440}}
Feb 27 12:29:47 devstack sudo[84251]: quobyte : PWD=/ ; USER=root ; COMMAND=/opt/stack/data/venv/bin/cinder-rootwrap /etc/cinder/rootwrap.conf qemu-img rebase -u -b volume-b9e36c52-1b06-4ec5-be8d-f714537839d3.a376a7a0-4e46-4329-a22b-a66e807d08bf -F qcow2 /opt/stack/data/cinder/mnt/d35250134584b62cf7b8091be9eae452/volume-b9e36c52-1b06-4ec5-be8d-f714537839d3.eda9e772-adb7-4a6e-9809-6f3f6aaf08b8
Feb 27 12:29:47 devstack sudo[84251]: pam_unix(sudo:session): session opened for user root(uid=0) by (uid=1000)
Feb 27 12:29:48 devstack sudo[84251]: pam_unix(sudo:session): session closed for user root
Feb 27 12:29:48 devstack cinder-volume[82706]: DEBUG oslo_concurrency.processutils [None req-8a7c9cf2-38cd-4581-aee9-8a19d40d7930 tempest-SnapshotsActionsTest-574517602 None] CMD "sudo cinder-rootwrap /etc/cinder/rootwrap.conf qemu-img rebase -u -b volume-b9e36c52-1b06-4ec5-be8d-f714537839d3.a376a7a0-4e46-4329-a22b-a66e807d08bf -F qcow2 /opt/stack/data/cinder/mnt/d35250134584b62cf7b8091be9eae452/volume-b9e36c52-1b06-4ec5-be8d-f714537839d3.eda9e772-adb7-4a6e-9809-6f3f6aaf08b8" returned: 0 in 1.003s {{(pid=82706) execute /opt/stack/data/venv/lib/python3.10/site-packages/oslo_concurrency/processutils.py:468}}
Feb 27 12:29:48 devstack cinder-volume[82706]: WARNING cinder.volume.drivers.remotefs [None req-8a7c9cf2-38cd-4581-aee9-8a19d40d7930 tempest-SnapshotsActionsTest-574517602 None] /opt/stack/data/cinder/mnt/d35250134584b62cf7b8091be9eae452/volume-b9e36c52-1b06-4ec5-be8d-f714537839d3.eda9e772-adb7-4a6e-9809-6f3f6aaf08b8 is being set with open permissions: ugo+rw
Feb 27 12:29:48 devstack cinder-volume[82706]: DEBUG oslo_concurrency.processutils [None req-8a7c9cf2-38cd-4581-aee9-8a19d40d7930 tempest-SnapshotsActionsTest-574517602 None] Running cmd (subprocess): sudo cinder-rootwrap /etc/cinder/rootwrap.conf chmod ugo+rw /opt/stack/data/cinder/mnt/d35250134584b62cf7b8091be9eae452/volume-b9e36c52-1b06-4ec5-be8d-f714537839d3.eda9e772-adb7-4a6e-9809-6f3f6aaf08b8 {{(pid=82706) execute /opt/stack/data/venv/lib/python3.10/site-packages/oslo_concurrency/processutils.py:440}}
Feb 27 12:29:48 devstack sudo[84296]: quobyte : PWD=/ ; USER=root ; COMMAND=/opt/stack/data/venv/bin/cinder-rootwrap /etc/cinder/rootwrap.conf chmod ugo+rw /opt/stack/data/cinder/mnt/d35250134584b62cf7b8091be9eae452/volume-b9e36c52-1b06-4ec5-be8d-f714537839d3.eda9e772-adb7-4a6e-9809-6f3f6aaf08b8
Feb 27 12:29:48 devstack sudo[84296]: pam_unix(sudo:session): session opened for user root(uid=0) by (uid=1000)
Feb 27 12:29:49 devstack sudo[84296]: pam_unix(sudo:session): session closed for user root
Feb 27 12:29:49 devstack cinder-volume[82706]: DEBUG oslo_concurrency.processutils [None req-8a7c9cf2-38cd-4581-aee9-8a19d40d7930 tempest-SnapshotsActionsTest-574517602 None] CMD "sudo cinder-rootwrap /etc/cinder/rootwrap.conf chmod ugo+rw /opt/stack/data/cinder/mnt/d35250134584b62cf7b8091be9eae452/volume-b9e36c52-1b06-4ec5-be8d-f714537839d3.eda9e772-adb7-4a6e-9809-6f3f6aaf08b8" returned: 0 in 0.934s {{(pid=82706) execute /opt/stack/data/venv/lib/python3.10/site-packages/oslo_concurrency/processutils.py:468}}
Feb 27 12:29:49 devstack cinder-volume[82706]: DEBUG oslo_concurrency.lockutils [None req-8a7c9cf2-38cd-4581-aee9-8a19d40d7930 tempest-SnapshotsActionsTest-574517602 None] Lock "quobyte" "released" by "cinder.volume.drivers.quobyte.QuobyteDriver.create_snapshot" :: held 3.809s {{(pid=82706) inner /opt/stack/data/venv/lib/python3.10/site-packages/oslo_concurrency/lockutils.py:538}}
Feb 27 12:29:49 devstack cinder-volume[82706]: INFO cinder.volume.manager [None req-8a7c9cf2-38cd-4581-aee9-8a19d40d7930 tempest-SnapshotsActionsTest-574517602 None] Create snapshot completed successfully
Feb 27 12:29:49 devstack cinder-volume[82706]: DEBUG cinder.coordination [None req-7ecadfde-92e5-462a-b4b4-9a4e71c80afb tempest-ServerRescueNegativeTestJSON-626804718 None] Acquiring lock "cinder-5bb10ac8-f76b-4a73-b4e1-ba5841112b87-delete_volume" by "delete_volume" {{(pid=82706) __acquire /opt/stack/cinder/cinder/coordination.py:138}}
Feb 27 12:29:49 devstack cinder-volume[82706]: DEBUG cinder.coordination [None req-7ecadfde-92e5-462a-b4b4-9a4e71c80afb tempest-ServerRescueNegativeTestJSON-626804718 None] Lock "cinder-5bb10ac8-f76b-4a73-b4e1-ba5841112b87-delete_volume" acquired by "delete_volume" :: waited 0.036s {{(pid=82706) __acquire /opt/stack/cinder/cinder/coordination.py:141}}
Feb 27 12:29:49 devstack cinder-volume[82706]: DEBUG cinder.coordination [None req-7ecadfde-92e5-462a-b4b4-9a4e71c80afb tempest-ServerRescueNegativeTestJSON-626804718 None] Acquiring lock "cinder-quobyte-5bb10ac8-f76b-4a73-b4e1-ba5841112b87" by "delete_volume" {{(pid=82706) __acquire /opt/stack/cinder/cinder/coordination.py:138}}
Feb 27 12:29:49 devstack cinder-volume[82706]: DEBUG cinder.coordination [None req-7ecadfde-92e5-462a-b4b4-9a4e71c80afb tempest-ServerRescueNegativeTestJSON-626804718 None] Lock "cinder-quobyte-5bb10ac8-f76b-4a73-b4e1-ba5841112b87" acquired by "delete_volume" :: waited 0.014s {{(pid=82706) __acquire /opt/stack/cinder/cinder/coordination.py:141}}
Feb 27 12:29:50 devstack cinder-volume[82706]: DEBUG cinder.coordination [None req-270d918c-3baa-4809-b91d-5bfede1763e7 tempest-SnapshotsActionsTest-324370674 None] Acquiring lock "cinder-eda9e772-adb7-4a6e-9809-6f3f6aaf08b8-delete_snapshot" by "delete_snapshot" {{(pid=82706) __acquire /opt/stack/cinder/cinder/coordination.py:138}}
Feb 27 12:29:50 devstack cinder-volume[82706]: DEBUG cinder.coordination [None req-270d918c-3baa-4809-b91d-5bfede1763e7 tempest-SnapshotsActionsTest-324370674 None] Lock "cinder-eda9e772-adb7-4a6e-9809-6f3f6aaf08b8-delete_snapshot" acquired by "delete_snapshot" :: waited 0.011s {{(pid=82706) __acquire /opt/stack/cinder/cinder/coordination.py:141}}
Feb 27 12:29:50 devstack cinder-volume[82706]: DEBUG cinder.coordination [None req-270d918c-3baa-4809-b91d-5bfede1763e7 tempest-SnapshotsActionsTest-324370674 None] Acquiring lock "cinder-quobyte-b9e36c52-1b06-4ec5-be8d-f714537839d3" by "delete_snapshot" {{(pid=82706) __acquire /opt/stack/cinder/cinder/coordination.py:138}}
Feb 27 12:29:50 devstack cinder-volume[82706]: DEBUG oslo.privsep.daemon [-] privsep: reply[2c45382d-f8c5-4e5c-91f9-649580d32745]: (4, 'qcow2') {{(pid=83554) _call_back /opt/stack/data/venv/lib/python3.10/site-packages/oslo_privsep/daemon.py:573}}
