Aug 17 19:12:37 devstack sudo[99663]: quobyte : PWD=/ ; USER=root ; COMMAND=/opt/stack/data/venv/bin/cinder-rootwrap /etc/cinder/rootwrap.conf truncate -s0 /opt/stack/data/cinder/mnt/4dcaa1c5244b9b0a890ac972bf3d7b46/volume-77607286-6623-4952-92b2-d410ebe01162.info
Aug 17 19:12:37 devstack sudo[99663]: pam_unix(sudo:session): session opened for user root(uid=0) by (uid=1000)
Aug 17 19:12:37 devstack cinder-volume[94597]: INFO cinder.volume.manager [req-840e592a-5d40-430f-9ae3-b2ee3f8bdfe5 req-3ac80e20-0378-45a4-9f5b-db4c6c3751f6 tempest-ServerActionsTestOtherA-1526515988 None] Terminate volume connection completed successfully.
Aug 17 19:12:37 devstack cinder-volume[94597]: DEBUG cinder.volume.manager [req-840e592a-5d40-430f-9ae3-b2ee3f8bdfe5 req-3ac80e20-0378-45a4-9f5b-db4c6c3751f6 tempest-ServerActionsTestOtherA-1526515988 None] Deleting attachment 914fb5d3-0bfa-4e9c-b9a0-55afcb6d5318. {{(pid=94597) attachment_delete /opt/stack/cinder/cinder/volume/manager.py:5055}}
Aug 17 19:12:37 devstack sudo[99663]: pam_unix(sudo:session): session closed for user root
Aug 17 19:12:37 devstack cinder-volume[94597]: DEBUG oslo_concurrency.processutils [None req-7cf2ea82-c0b6-4590-82de-85919e42c11f tempest-GroupSnapshotsTest-1980327385 None] CMD "sudo cinder-rootwrap /etc/cinder/rootwrap.conf truncate -s0 /opt/stack/data/cinder/mnt/4dcaa1c5244b9b0a890ac972bf3d7b46/volume-77607286-6623-4952-92b2-d410ebe01162.info" returned: 0 in 0.689s {{(pid=94597) execute /opt/stack/data/venv/lib/python3.12/site-packages/oslo_concurrency/processutils.py:468}}
Aug 17 19:12:37 devstack cinder-volume[94597]: WARNING cinder.volume.drivers.remotefs [None req-7cf2ea82-c0b6-4590-82de-85919e42c11f tempest-GroupSnapshotsTest-1980327385 None] /opt/stack/data/cinder/mnt/4dcaa1c5244b9b0a890ac972bf3d7b46/volume-77607286-6623-4952-92b2-d410ebe01162.info is being set with open permissions: ugo+rw: NotImplementedError
Aug 17 19:12:37 devstack cinder-volume[94597]: DEBUG oslo_concurrency.processutils [None req-7cf2ea82-c0b6-4590-82de-85919e42c11f tempest-GroupSnapshotsTest-1980327385 None] Running cmd (subprocess): sudo cinder-rootwrap /etc/cinder/rootwrap.conf chmod ugo+rw /opt/stack/data/cinder/mnt/4dcaa1c5244b9b0a890ac972bf3d7b46/volume-77607286-6623-4952-92b2-d410ebe01162.info {{(pid=94597) execute /opt/stack/data/venv/lib/python3.12/site-packages/oslo_concurrency/processutils.py:440}}
Aug 17 19:12:37 devstack sudo[99680]: quobyte : PWD=/ ; USER=root ; COMMAND=/opt/stack/data/venv/bin/cinder-rootwrap /etc/cinder/rootwrap.conf chmod ugo+rw /opt/stack/data/cinder/mnt/4dcaa1c5244b9b0a890ac972bf3d7b46/volume-77607286-6623-4952-92b2-d410ebe01162.info
Aug 17 19:12:37 devstack sudo[99680]: pam_unix(sudo:session): session opened for user root(uid=0) by (uid=1000)
Aug 17 19:12:38 devstack sudo[99680]: pam_unix(sudo:session): session closed for user root
Aug 17 19:12:38 devstack cinder-volume[94597]: DEBUG oslo_concurrency.processutils [None req-7cf2ea82-c0b6-4590-82de-85919e42c11f tempest-GroupSnapshotsTest-1980327385 None] CMD "sudo cinder-rootwrap /etc/cinder/rootwrap.conf chmod ugo+rw /opt/stack/data/cinder/mnt/4dcaa1c5244b9b0a890ac972bf3d7b46/volume-77607286-6623-4952-92b2-d410ebe01162.info" returned: 0 in 0.562s {{(pid=94597) execute /opt/stack/data/venv/lib/python3.12/site-packages/oslo_concurrency/processutils.py:468}}
Aug 17 19:12:38 devstack cinder-volume[94597]: DEBUG oslo_concurrency.lockutils [None req-7cf2ea82-c0b6-4590-82de-85919e42c11f tempest-GroupSnapshotsTest-1980327385 None] Lock "quobyte" "released" by "cinder.volume.drivers.quobyte.QuobyteDriver.create_snapshot" :: held 4.875s {{(pid=94597) inner /opt/stack/data/venv/lib/python3.12/site-packages/oslo_concurrency/lockutils.py:544}}
Aug 17 19:12:38 devstack cinder-volume[94597]: DEBUG oslo_concurrency.lockutils [None req-7cf2ea82-c0b6-4590-82de-85919e42c11f tempest-GroupSnapshotsTest-1980327385 None] Acquiring lock "quobyte" by "cinder.volume.drivers.quobyte.QuobyteDriver.create_snapshot" {{(pid=94597) inner /opt/stack/data/venv/lib/python3.12/site-packages/oslo_concurrency/lockutils.py:512}}
Aug 17 19:12:38 devstack cinder-volume[94597]: DEBUG oslo_concurrency.lockutils [None req-7cf2ea82-c0b6-4590-82de-85919e42c11f tempest-GroupSnapshotsTest-1980327385 None] Lock "quobyte" acquired by "cinder.volume.drivers.quobyte.QuobyteDriver.create_snapshot" :: waited 0.001s {{(pid=94597) inner /opt/stack/data/venv/lib/python3.12/site-packages/oslo_concurrency/lockutils.py:525}}
Aug 17 19:12:38 devstack cinder-volume[94597]: DEBUG cinder.volume.drivers.remotefs [None req-7cf2ea82-c0b6-4590-82de-85919e42c11f tempest-GroupSnapshotsTest-1980327385 None] Creating offline snapshot fb07c1c8-7b56-492a-b53d-d79e574fe7b9 of volume 008ba5d0-7e7c-46de-af36-505acc80a1f1 {{(pid=94597) _create_snapshot /opt/stack/cinder/cinder/volume/drivers/remotefs.py:1816}}
Aug 17 19:12:38 devstack cinder-volume[94597]: DEBUG oslo.privsep.daemon [-] privsep: reply[f0310beb-b6fa-4eb1-9db6-3d8024bc213f]: (4, 'qcow2') {{(pid=95625) _call_back /opt/stack/data/venv/lib/python3.12/site-packages/oslo_privsep/daemon.py:580}}
Aug 17 19:12:38 devstack cinder-volume[94597]: DEBUG oslo_concurrency.processutils [None req-7cf2ea82-c0b6-4590-82de-85919e42c11f tempest-GroupSnapshotsTest-1980327385 None] Running cmd (subprocess): /opt/stack/data/venv/bin/python3.12 -m oslo_concurrency.prlimit --as=1073741824 --cpu=60 -- sudo cinder-rootwrap /etc/cinder/rootwrap.conf env LC_ALL=C qemu-img info -f qcow2 --output=json --force-share /opt/stack/data/cinder/mnt/4dcaa1c5244b9b0a890ac972bf3d7b46/volume-008ba5d0-7e7c-46de-af36-505acc80a1f1 {{(pid=94597) execute /opt/stack/data/venv/lib/python3.12/site-packages/oslo_concurrency/processutils.py:440}}
Aug 17 19:12:38 devstack sudo[99684]: quobyte : PWD=/ ; USER=root ; COMMAND=/opt/stack/data/venv/bin/cinder-rootwrap /etc/cinder/rootwrap.conf env LC_ALL=C qemu-img info -f qcow2 --output=json --force-share /opt/stack/data/cinder/mnt/4dcaa1c5244b9b0a890ac972bf3d7b46/volume-008ba5d0-7e7c-46de-af36-505acc80a1f1
Aug 17 19:12:38 devstack sudo[99684]: pam_unix(sudo:session): session opened for user root(uid=0) by (uid=1000)
Aug 17 19:12:39 devstack sudo[99684]: pam_unix(sudo:session): session closed for user root
Aug 17 19:12:39 devstack cinder-volume[94597]: DEBUG oslo_concurrency.processutils [None req-7cf2ea82-c0b6-4590-82de-85919e42c11f tempest-GroupSnapshotsTest-1980327385 None] CMD "/opt/stack/data/venv/bin/python3.12 -m oslo_concurrency.prlimit --as=1073741824 --cpu=60 -- sudo cinder-rootwrap /etc/cinder/rootwrap.conf env LC_ALL=C qemu-img info -f qcow2 --output=json --force-share /opt/stack/data/cinder/mnt/4dcaa1c5244b9b0a890ac972bf3d7b46/volume-008ba5d0-7e7c-46de-af36-505acc80a1f1" returned: 0 in 0.720s {{(pid=94597) execute /opt/stack/data/venv/lib/python3.12/site-packages/oslo_concurrency/processutils.py:468}}
Aug 17 19:12:39 devstack cinder-volume[94597]: DEBUG oslo_concurrency.processutils [None req-7cf2ea82-c0b6-4590-82de-85919e42c11f tempest-GroupSnapshotsTest-1980327385 None] Running cmd (subprocess): sudo cinder-rootwrap /etc/cinder/rootwrap.conf qemu-img create -f qcow2 -o backing_file=/opt/stack/data/cinder/mnt/4dcaa1c5244b9b0a890ac972bf3d7b46/volume-008ba5d0-7e7c-46de-af36-505acc80a1f1,backing_fmt=qcow2 /opt/stack/data/cinder/mnt/4dcaa1c5244b9b0a890ac972bf3d7b46/volume-008ba5d0-7e7c-46de-af36-505acc80a1f1.fb07c1c8-7b56-492a-b53d-d79e574fe7b9 1G {{(pid=94597) execute /opt/stack/data/venv/lib/python3.12/site-packages/oslo_concurrency/processutils.py:440}}
Aug 17 19:12:39 devstack sudo[99690]: quobyte : PWD=/ ; USER=root ; COMMAND=/opt/stack/data/venv/bin/cinder-rootwrap /etc/cinder/rootwrap.conf qemu-img create -f qcow2 -o backing_file=/opt/stack/data/cinder/mnt/4dcaa1c5244b9b0a890ac972bf3d7b46/volume-008ba5d0-7e7c-46de-af36-505acc80a1f1,backing_fmt=qcow2 /opt/stack/data/cinder/mnt/4dcaa1c5244b9b0a890ac972bf3d7b46/volume-008ba5d0-7e7c-46de-af36-505acc80a1f1.fb07c1c8-7b56-492a-b53d-d79e574fe7b9 1G
Aug 17 19:12:39 devstack sudo[99690]: pam_unix(sudo:session): session opened for user root(uid=0) by (uid=1000)
Aug 17 19:12:39 devstack sudo[99690]: pam_unix(sudo:session): session closed for user root
Aug 17 19:12:39 devstack cinder-volume[94597]: DEBUG oslo_concurrency.processutils [None req-7cf2ea82-c0b6-4590-82de-85919e42c11f tempest-GroupSnapshotsTest-1980327385 None] CMD "sudo cinder-rootwrap /etc/cinder/rootwrap.conf qemu-img create -f qcow2 -o backing_file=/opt/stack/data/cinder/mnt/4dcaa1c5244b9b0a890ac972bf3d7b46/volume-008ba5d0-7e7c-46de-af36-505acc80a1f1,backing_fmt=qcow2 /opt/stack/data/cinder/mnt/4dcaa1c5244b9b0a890ac972bf3d7b46/volume-008ba5d0-7e7c-46de-af36-505acc80a1f1.fb07c1c8-7b56-492a-b53d-d79e574fe7b9 1G" returned: 0 in 0.899s {{(pid=94597) execute /opt/stack/data/venv/lib/python3.12/site-packages/oslo_concurrency/processutils.py:468}}
Aug 17 19:12:39 devstack cinder-volume[94597]: DEBUG oslo_concurrency.processutils [None req-7cf2ea82-c0b6-4590-82de-85919e42c11f tempest-GroupSnapshotsTest-1980327385 None] Running cmd (subprocess): sudo cinder-rootwrap /etc/cinder/rootwrap.conf qemu-img rebase -u -b volume-008ba5d0-7e7c-46de-af36-505acc80a1f1 -F qcow2 /opt/stack/data/cinder/mnt/4dcaa1c5244b9b0a890ac972bf3d7b46/volume-008ba5d0-7e7c-46de-af36-505acc80a1f1.fb07c1c8-7b56-492a-b53d-d79e574fe7b9 {{(pid=94597) execute /opt/stack/data/venv/lib/python3.12/site-packages/oslo_concurrency/processutils.py:440}}
Aug 17 19:12:39 devstack sudo[99696]: quobyte : PWD=/ ; USER=root ; COMMAND=/opt/stack/data/venv/bin/cinder-rootwrap /etc/cinder/rootwrap.conf qemu-img rebase -u -b volume-008ba5d0-7e7c-46de-af36-505acc80a1f1 -F qcow2 /opt/stack/data/cinder/mnt/4dcaa1c5244b9b0a890ac972bf3d7b46/volume-008ba5d0-7e7c-46de-af36-505acc80a1f1.fb07c1c8-7b56-492a-b53d-d79e574fe7b9
Aug 17 19:12:39 devstack sudo[99696]: pam_unix(sudo:session): session opened for user root(uid=0) by (uid=1000)
Aug 17 19:12:40 devstack sudo[99696]: pam_unix(sudo:session): session closed for user root
Aug 17 19:12:40 devstack cinder-volume[94597]: DEBUG oslo_concurrency.processutils [None req-7cf2ea82-c0b6-4590-82de-85919e42c11f tempest-GroupSnapshotsTest-1980327385 None] CMD "sudo cinder-rootwrap /etc/cinder/rootwrap.conf qemu-img rebase -u -b volume-008ba5d0-7e7c-46de-af36-505acc80a1f1 -F qcow2 /opt/stack/data/cinder/mnt/4dcaa1c5244b9b0a890ac972bf3d7b46/volume-008ba5d0-7e7c-46de-af36-505acc80a1f1.fb07c1c8-7b56-492a-b53d-d79e574fe7b9" returned: 0 in 0.539s {{(pid=94597) execute /opt/stack/data/venv/lib/python3.12/site-packages/oslo_concurrency/processutils.py:468}}
Aug 17 19:12:40 devstack cinder-volume[94597]: WARNING cinder.volume.drivers.remotefs [None req-7cf2ea82-c0b6-4590-82de-85919e42c11f tempest-GroupSnapshotsTest-1980327385 None] /opt/stack/data/cinder/mnt/4dcaa1c5244b9b0a890ac972bf3d7b46/volume-008ba5d0-7e7c-46de-af36-505acc80a1f1.fb07c1c8-7b56-492a-b53d-d79e574fe7b9 is being set with open permissions: ugo+rw: NotImplementedError
Aug 17 19:12:40 devstack cinder-volume[94597]: DEBUG oslo_concurrency.processutils [None req-7cf2ea82-c0b6-4590-82de-85919e42c11f tempest-GroupSnapshotsTest-1980327385 None] Running cmd (subprocess): sudo cinder-rootwrap /etc/cinder/rootwrap.conf chmod ugo+rw /opt/stack/data/cinder/mnt/4dcaa1c5244b9b0a890ac972bf3d7b46/volume-008ba5d0-7e7c-46de-af36-505acc80a1f1.fb07c1c8-7b56-492a-b53d-d79e574fe7b9 {{(pid=94597) execute /opt/stack/data/venv/lib/python3.12/site-packages/oslo_concurrency/processutils.py:440}}
Aug 17 19:12:40 devstack sudo[99701]: quobyte : PWD=/ ; USER=root ; COMMAND=/opt/stack/data/venv/bin/cinder-rootwrap /etc/cinder/rootwrap.conf chmod ugo+rw /opt/stack/data/cinder/mnt/4dcaa1c5244b9b0a890ac972bf3d7b46/volume-008ba5d0-7e7c-46de-af36-505acc80a1f1.fb07c1c8-7b56-492a-b53d-d79e574fe7b9
Aug 17 19:12:40 devstack sudo[99701]: pam_unix(sudo:session): session opened for user root(uid=0) by (uid=1000)
Aug 17 19:12:40 devstack sudo[99701]: pam_unix(sudo:session): session closed for user root
Aug 17 19:12:40 devstack cinder-volume[94597]: DEBUG oslo_concurrency.processutils [None req-7cf2ea82-c0b6-4590-82de-85919e42c11f tempest-GroupSnapshotsTest-1980327385 None] CMD "sudo cinder-rootwrap /etc/cinder/rootwrap.conf chmod ugo+rw /opt/stack/data/cinder/mnt/4dcaa1c5244b9b0a890ac972bf3d7b46/volume-008ba5d0-7e7c-46de-af36-505acc80a1f1.fb07c1c8-7b56-492a-b53d-d79e574fe7b9" returned: 0 in 0.326s {{(pid=94597) execute /opt/stack/data/venv/lib/python3.12/site-packages/oslo_concurrency/processutils.py:468}}
Aug 17 19:12:40 devstack cinder-volume[94597]: DEBUG oslo_concurrency.processutils [None req-7cf2ea82-c0b6-4590-82de-85919e42c11f tempest-GroupSnapshotsTest-1980327385 None] Running cmd (subprocess): sudo cinder-rootwrap /etc/cinder/rootwrap.conf truncate -s0 /opt/stack/data/cinder/mnt/4dcaa1c5244b9b0a890ac972bf3d7b46/volume-008ba5d0-7e7c-46de-af36-505acc80a1f1.info {{(pid=94597) execute /opt/stack/data/venv/lib/python3.12/site-packages/oslo_concurrency/processutils.py:440}}
Aug 17 19:12:40 devstack sudo[99713]: quobyte : PWD=/ ; USER=root ; COMMAND=/opt/stack/data/venv/bin/cinder-rootwrap /etc/cinder/rootwrap.conf truncate -s0 /opt/stack/data/cinder/mnt/4dcaa1c5244b9b0a890ac972bf3d7b46/volume-008ba5d0-7e7c-46de-af36-505acc80a1f1.info
Aug 17 19:12:40 devstack sudo[99713]: pam_unix(sudo:session): session opened for user root(uid=0) by (uid=1000)
Aug 17 19:12:40 devstack cinder-volume[94597]: DEBUG oslo_concurrency.lockutils [req-840e592a-5d40-430f-9ae3-b2ee3f8bdfe5 req-58e3190a-7ad8-410b-993c-f04a6b94be4b tempest-ServerActionsTestOtherA-1526515988 None] Acquiring lock "quobyte" by "cinder.volume.drivers.quobyte.QuobyteDriver.initialize_connection" {{(pid=94597) inner /opt/stack/data/venv/lib/python3.12/site-packages/oslo_concurrency/lockutils.py:512}}
Aug 17 19:12:41 devstack sudo[99713]: pam_unix(sudo:session): session closed for user root
Aug 17 19:12:41 devstack cinder-volume[94597]: DEBUG oslo_concurrency.processutils [None req-7cf2ea82-c0b6-4590-82de-85919e42c11f tempest-GroupSnapshotsTest-1980327385 None] CMD "sudo cinder-rootwrap /etc/cinder/rootwrap.conf truncate -s0 /opt/stack/data/cinder/mnt/4dcaa1c5244b9b0a890ac972bf3d7b46/volume-008ba5d0-7e7c-46de-af36-505acc80a1f1.info" returned: 0 in 0.321s {{(pid=94597) execute /opt/stack/data/venv/lib/python3.12/site-packages/oslo_concurrency/processutils.py:468}}
Aug 17 19:12:41 devstack cinder-volume[94597]: WARNING cinder.volume.drivers.remotefs [None req-7cf2ea82-c0b6-4590-82de-85919e42c11f tempest-GroupSnapshotsTest-1980327385 None] /opt/stack/data/cinder/mnt/4dcaa1c5244b9b0a890ac972bf3d7b46/volume-008ba5d0-7e7c-46de-af36-505acc80a1f1.info is being set with open permissions: ugo+rw: NotImplementedError
Aug 17 19:12:41 devstack cinder-volume[94597]: DEBUG oslo_concurrency.processutils [None req-7cf2ea82-c0b6-4590-82de-85919e42c11f tempest-GroupSnapshotsTest-1980327385 None] Running cmd (subprocess): sudo cinder-rootwrap /etc/cinder/rootwrap.conf chmod ugo+rw /opt/stack/data/cinder/mnt/4dcaa1c5244b9b0a890ac972bf3d7b46/volume-008ba5d0-7e7c-46de-af36-505acc80a1f1.info {{(pid=94597) execute /opt/stack/data/venv/lib/python3.12/site-packages/oslo_concurrency/processutils.py:440}}
Aug 17 19:12:41 devstack sudo[99716]: quobyte : PWD=/ ; USER=root ; COMMAND=/opt/stack/data/venv/bin/cinder-rootwrap /etc/cinder/rootwrap.conf chmod ugo+rw /opt/stack/data/cinder/mnt/4dcaa1c5244b9b0a890ac972bf3d7b46/volume-008ba5d0-7e7c-46de-af36-505acc80a1f1.info
Aug 17 19:12:41 devstack sudo[99716]: pam_unix(sudo:session): session opened for user root(uid=0) by (uid=1000)
Aug 17 19:12:41 devstack sudo[99716]: pam_unix(sudo:session): session closed for user root
Aug 17 19:12:41 devstack cinder-volume[94597]: DEBUG oslo_concurrency.processutils [None req-7cf2ea82-c0b6-4590-82de-85919e42c11f tempest-GroupSnapshotsTest-1980327385 None] CMD "sudo cinder-rootwrap /etc/cinder/rootwrap.conf chmod ugo+rw /opt/stack/data/cinder/mnt/4dcaa1c5244b9b0a890ac972bf3d7b46/volume-008ba5d0-7e7c-46de-af36-505acc80a1f1.info" returned: 0 in 0.287s {{(pid=94597) execute /opt/stack/data/venv/lib/python3.12/site-packages/oslo_concurrency/processutils.py:468}}
Aug 17 19:12:41 devstack cinder-volume[94597]: DEBUG oslo_concurrency.lockutils [None req-7cf2ea82-c0b6-4590-82de-85919e42c11f tempest-GroupSnapshotsTest-1980327385 None] Lock "quobyte" "released" by "cinder.volume.drivers.quobyte.QuobyteDriver.create_snapshot" :: held 3.241s {{(pid=94597) inner /opt/stack/data/venv/lib/python3.12/site-packages/oslo_concurrency/lockutils.py:544}}
Aug 17 19:12:41 devstack cinder-volume[94597]: DEBUG oslo_concurrency.lockutils [req-840e592a-5d40-430f-9ae3-b2ee3f8bdfe5 req-58e3190a-7ad8-410b-993c-f04a6b94be4b tempest-ServerActionsTestOtherA-1526515988 None] Lock "quobyte" acquired by "cinder.volume.drivers.quobyte.QuobyteDriver.initialize_connection" :: waited 0.485s {{(pid=94597) inner /opt/stack/data/venv/lib/python3.12/site-packages/oslo_concurrency/lockutils.py:525}}
Aug 17 19:12:41 devstack cinder-volume[94597]: DEBUG oslo_concurrency.lockutils [req-840e592a-5d40-430f-9ae3-b2ee3f8bdfe5 req-58e3190a-7ad8-410b-993c-f04a6b94be4b tempest-ServerActionsTestOtherA-1526515988 None] Lock "quobyte" "released" by "cinder.volume.drivers.quobyte.QuobyteDriver.initialize_connection" :: held 0.021s {{(pid=94597) inner /opt/stack/data/venv/lib/python3.12/site-packages/oslo_concurrency/lockutils.py:544}}
Aug 17 19:12:41 devstack cinder-volume[94597]: DEBUG cinder.volume.manager [req-840e592a-5d40-430f-9ae3-b2ee3f8bdfe5 req-58e3190a-7ad8-410b-993c-f04a6b94be4b tempest-ServerActionsTestOtherA-1526515988 None] Connection info returned from driver {'export': 'osci02.corp.quobyte.com/cinder-vol-29160197-2dea-408d-aeec-55c3969f3b2c', 'name': 'volume-9679c1d7-fd2d-4ec1-bff0-512bbdb7ee74', 'options': None, 'format': 'qcow2', 'qos_specs': None, 'access_mode': 'rw', 'encrypted': False, 'cacheable': False, 'driver_volume_type': 'quobyte', 'mount_point_base': '/opt/stack/data/cinder/mnt', 'attachment_id': 'c8d2d56f-bf62-499c-9c92-84143583ec49', 'enforce_multipath': True} {{(pid=94597) _connection_create /opt/stack/cinder/cinder/volume/manager.py:4924}}
Aug 17 19:12:41 devstack cinder-volume[94597]: INFO cinder.volume.manager [None req-7cf2ea82-c0b6-4590-82de-85919e42c11f tempest-GroupSnapshotsTest-1980327385 None] group_snapshot 57970247-4915-41dc-91a8-64dde168c4ed: created successfully
Aug 17 19:12:41 devstack cinder-volume[94597]: INFO cinder.volume.manager [req-840e592a-5d40-430f-9ae3-b2ee3f8bdfe5 req-58e3190a-7ad8-410b-993c-f04a6b94be4b tempest-ServerActionsTestOtherA-1526515988 None] attachment_update completed successfully.
Aug 17 19:12:42 devstack cinder-volume[94597]: INFO cinder.volume.manager [None req-41bafa41-059c-4b5b-9cbd-184cbf9ede88 tempest-GroupSnapshotsTest-1980327385 None] group_snapshot 57970247-4915-41dc-91a8-64dde168c4ed: deleting
Aug 17 19:12:42 devstack cinder-volume[94597]: DEBUG cinder.volume.manager [None req-41bafa41-059c-4b5b-9cbd-184cbf9ede88 tempest-GroupSnapshotsTest-1980327385 None] group_snapshot 57970247-4915-41dc-91a8-64dde168c4ed: deleting {{(pid=94597) delete_group_snapshot /opt/stack/cinder/cinder/volume/manager.py:4350}}
Aug 17 19:12:42 devstack cinder-volume[94597]: DEBUG cinder.coordination [None req-41bafa41-059c-4b5b-9cbd-184cbf9ede88 tempest-GroupSnapshotsTest-1980327385 None] Acquiring lock "cinder-quobyte-77607286-6623-4952-92b2-d410ebe01162" by "delete_snapshot" {{(pid=94597) __acquire /opt/stack/cinder/cinder/coordination.py:138}}
Aug 17 19:12:42 devstack cinder-volume[94597]: DEBUG cinder.coordination [None req-41bafa41-059c-4b5b-9cbd-184cbf9ede88 tempest-GroupSnapshotsTest-1980327385 None] Lock "cinder-quobyte-77607286-6623-4952-92b2-d410ebe01162" acquired by "delete_snapshot" :: waited 0.041s {{(pid=94597) __acquire /opt/stack/cinder/cinder/coordination.py:141}}
Aug 17 19:12:42 devstack cinder-volume[94597]: DEBUG cinder.coordination [None req-41bafa41-059c-4b5b-9cbd-184cbf9ede88 tempest-GroupSnapshotsTest-1980327385 None] Acquiring lock "cinder-quobyte-6f3479c7-410e-4749-87cd-3c52818cde51" by "_delete_snapshot" {{(pid=94597) __acquire /opt/stack/cinder/cinder/coordination.py:138}}
Aug 17 19:12:42 devstack cinder-volume[94597]: DEBUG cinder.coordination [None req-41bafa41-059c-4b5b-9cbd-184cbf9ede88 tempest-GroupSnapshotsTest-1980327385 None] Lock "cinder-quobyte-6f3479c7-410e-4749-87cd-3c52818cde51" acquired by "_delete_snapshot" :: waited 0.051s {{(pid=94597) __acquire /opt/stack/cinder/cinder/coordination.py:141}}
Aug 17 19:12:42 devstack cinder-volume[94597]: DEBUG cinder.volume.drivers.remotefs [None req-41bafa41-059c-4b5b-9cbd-184cbf9ede88 tempest-GroupSnapshotsTest-1980327385 None] Deleting offline snapshot 6f3479c7-410e-4749-87cd-3c52818cde51 of volume 77607286-6623-4952-92b2-d410ebe01162 {{(pid=94597) _delete_snapshot /opt/stack/cinder/cinder/volume/drivers/remotefs.py:1288}}
Aug 17 19:12:42 devstack cinder-volume[94597]: DEBUG cinder.volume.drivers.remotefs [None req-41bafa41-059c-4b5b-9cbd-184cbf9ede88 tempest-GroupSnapshotsTest-1980327385 None] snapshot_file for this snap is: volume-77607286-6623-4952-92b2-d410ebe01162.6f3479c7-410e-4749-87cd-3c52818cde51 {{(pid=94597) _delete_snapshot /opt/stack/cinder/cinder/volume/drivers/remotefs.py:1317}}
Aug 17 19:12:42 devstack cinder-volume[94597]: DEBUG oslo.privsep.daemon [-] privsep: reply[34e778d6-7168-4e0d-a830-951f01c50386]: (4, 'qcow2') {{(pid=95625) _call_back /opt/stack/data/venv/lib/python3.12/site-packages/oslo_privsep/daemon.py:580}}
Aug 17 19:12:42 devstack cinder-volume[94597]: DEBUG oslo_concurrency.processutils [None req-41bafa41-059c-4b5b-9cbd-184cbf9ede88 tempest-GroupSnapshotsTest-1980327385 None] Running cmd (subprocess): /opt/stack/data/venv/bin/python3.12 -m oslo_concurrency.prlimit --as=1073741824 --cpu=60 -- sudo cinder-rootwrap /etc/cinder/rootwrap.conf env LC_ALL=C qemu-img info -f qcow2 --output=json --force-share /opt/stack/data/cinder/mnt/4dcaa1c5244b9b0a890ac972bf3d7b46/volume-77607286-6623-4952-92b2-d410ebe01162.6f3479c7-410e-4749-87cd-3c52818cde51 {{(pid=94597) execute /opt/stack/data/venv/lib/python3.12/site-packages/oslo_concurrency/processutils.py:440}}
Aug 17 19:12:43 devstack sudo[99821]: quobyte : PWD=/ ; USER=root ; COMMAND=/opt/stack/data/venv/bin/cinder-rootwrap /etc/cinder/rootwrap.conf env LC_ALL=C qemu-img info -f qcow2 --output=json --force-share /opt/stack/data/cinder/mnt/4dcaa1c5244b9b0a890ac972bf3d7b46/volume-77607286-6623-4952-92b2-d410ebe01162.6f3479c7-410e-4749-87cd-3c52818cde51
Aug 17 19:12:43 devstack sudo[99821]: pam_unix(sudo:session): session opened for user root(uid=0) by (uid=1000)
Aug 17 19:12:43 devstack sudo[99821]: pam_unix(sudo:session): session closed for user root
Aug 17 19:12:43 devstack cinder-volume[94597]: DEBUG oslo_concurrency.processutils [None req-41bafa41-059c-4b5b-9cbd-184cbf9ede88 tempest-GroupSnapshotsTest-1980327385 None] CMD "/opt/stack/data/venv/bin/python3.12 -m oslo_concurrency.prlimit --as=1073741824 --cpu=60 -- sudo cinder-rootwrap /etc/cinder/rootwrap.conf env LC_ALL=C qemu-img info -f qcow2 --output=json --force-share /opt/stack/data/cinder/mnt/4dcaa1c5244b9b0a890ac972bf3d7b46/volume-77607286-6623-4952-92b2-d410ebe01162.6f3479c7-410e-4749-87cd-3c52818cde51" returned: 0 in 0.765s {{(pid=94597) execute /opt/stack/data/venv/lib/python3.12/site-packages/oslo_concurrency/processutils.py:468}}
Aug 17 19:12:43 devstack cinder-volume[94597]: DEBUG cinder.volume.drivers.remotefs [None req-41bafa41-059c-4b5b-9cbd-184cbf9ede88 tempest-GroupSnapshotsTest-1980327385 None] Fetching qemu-img info with special backing_file_template: (/opt/stack/data/cinder/mnt/[0-9a-f]+/)?(volume-77607286-6623-4952-92b2-d410ebe01162(.(tmp-snap-)?[0-9a-f-]+)?|volume_from_snapshot_cache/(tmp-snap-)?[0-9a-f-]+(.(child-|parent-)[0-9a-f-]+)?)$ {{(pid=94597) _qemu_img_info_base /opt/stack/cinder/cinder/volume/drivers/remotefs.py:896}}
Aug 17 19:12:43 devstack cinder-volume[94597]: DEBUG oslo.privsep.daemon [-] privsep: reply[e2c8190c-4c01-4e22-a5fa-1133ecc0bd5d]: (4, 'qcow2') {{(pid=95625) _call_back /opt/stack/data/venv/lib/python3.12/site-packages/oslo_privsep/daemon.py:580}}
Aug 17 19:12:43 devstack cinder-volume[94597]: DEBUG oslo_concurrency.processutils [None req-41bafa41-059c-4b5b-9cbd-184cbf9ede88 tempest-GroupSnapshotsTest-1980327385 None] Running cmd (subprocess): /opt/stack/data/venv/bin/python3.12 -m oslo_concurrency.prlimit --as=1073741824 --cpu=60 -- sudo cinder-rootwrap /etc/cinder/rootwrap.conf env LC_ALL=C qemu-img info -f qcow2 --output=json --force-share /opt/stack/data/cinder/mnt/4dcaa1c5244b9b0a890ac972bf3d7b46/volume-77607286-6623-4952-92b2-d410ebe01162 {{(pid=94597) execute /opt/stack/data/venv/lib/python3.12/site-packages/oslo_concurrency/processutils.py:440}}
Aug 17 19:12:43 devstack sudo[100154]: quobyte : PWD=/ ; USER=root ; COMMAND=/opt/stack/data/venv/bin/cinder-rootwrap /etc/cinder/rootwrap.conf env LC_ALL=C qemu-img info -f qcow2 --output=json --force-share /opt/stack/data/cinder/mnt/4dcaa1c5244b9b0a890ac972bf3d7b46/volume-77607286-6623-4952-92b2-d410ebe01162
Aug 17 19:12:43 devstack sudo[100154]: pam_unix(sudo:session): session opened for user root(uid=0) by (uid=1000)
Aug 17 19:12:44 devstack sudo[100154]: pam_unix(sudo:session): session closed for user root
Aug 17 19:12:44 devstack cinder-volume[94597]: DEBUG oslo_concurrency.processutils [None req-41bafa41-059c-4b5b-9cbd-184cbf9ede88 tempest-GroupSnapshotsTest-1980327385 None] CMD "/opt/stack/data/venv/bin/python3.12 -m oslo_concurrency.prlimit --as=1073741824 --cpu=60 -- sudo cinder-rootwrap /etc/cinder/rootwrap.conf env LC_ALL=C qemu-img info -f qcow2 --output=json --force-share /opt/stack/data/cinder/mnt/4dcaa1c5244b9b0a890ac972bf3d7b46/volume-77607286-6623-4952-92b2-d410ebe01162" returned: 0 in 0.432s {{(pid=94597) execute /opt/stack/data/venv/lib/python3.12/site-packages/oslo_concurrency/processutils.py:468}}
Aug 17 19:12:44 devstack cinder-volume[94597]: DEBUG oslo_concurrency.processutils [None req-41bafa41-059c-4b5b-9cbd-184cbf9ede88 tempest-GroupSnapshotsTest-1980327385 None] Running cmd (subprocess): sudo cinder-rootwrap /etc/cinder/rootwrap.conf qemu-img commit -d /opt/stack/data/cinder/mnt/4dcaa1c5244b9b0a890ac972bf3d7b46/volume-77607286-6623-4952-92b2-d410ebe01162.6f3479c7-410e-4749-87cd-3c52818cde51 {{(pid=94597) execute /opt/stack/data/venv/lib/python3.12/site-packages/oslo_concurrency/processutils.py:440}}
Aug 17 19:12:44 devstack sudo[100169]: quobyte : PWD=/ ; USER=root ; COMMAND=/opt/stack/data/venv/bin/cinder-rootwrap /etc/cinder/rootwrap.conf qemu-img commit -d /opt/stack/data/cinder/mnt/4dcaa1c5244b9b0a890ac972bf3d7b46/volume-77607286-6623-4952-92b2-d410ebe01162.6f3479c7-410e-4749-87cd-3c52818cde51
Aug 17 19:12:44 devstack sudo[100169]: pam_unix(sudo:session): session opened for user root(uid=0) by (uid=1000)
Aug 17 19:12:44 devstack sudo[100169]: pam_unix(sudo:session): session closed for user root
Aug 17 19:12:44 devstack cinder-volume[94597]: DEBUG oslo_concurrency.processutils [None req-41bafa41-059c-4b5b-9cbd-184cbf9ede88 tempest-GroupSnapshotsTest-1980327385 None] CMD "sudo cinder-rootwrap /etc/cinder/rootwrap.conf qemu-img commit -d /opt/stack/data/cinder/mnt/4dcaa1c5244b9b0a890ac972bf3d7b46/volume-77607286-6623-4952-92b2-d410ebe01162.6f3479c7-410e-4749-87cd-3c52818cde51" returned: 0 in 0.433s {{(pid=94597) execute /opt/stack/data/venv/lib/python3.12/site-packages/oslo_concurrency/processutils.py:468}}
Aug 17 19:12:44 devstack cinder-volume[94597]: DEBUG oslo_concurrency.processutils [None req-41bafa41-059c-4b5b-9cbd-184cbf9ede88 tempest-GroupSnapshotsTest-1980327385 None] Running cmd (subprocess): sudo cinder-rootwrap /etc/cinder/rootwrap.conf rm -f /opt/stack/data/cinder/mnt/4dcaa1c5244b9b0a890ac972bf3d7b46/volume-77607286-6623-4952-92b2-d410ebe01162.6f3479c7-410e-4749-87cd-3c52818cde51 {{(pid=94597) execute /opt/stack/data/venv/lib/python3.12/site-packages/oslo_concurrency/processutils.py:440}}
Aug 17 19:12:44 devstack sudo[100188]: quobyte : PWD=/ ; USER=root ; COMMAND=/opt/stack/data/venv/bin/cinder-rootwrap /etc/cinder/rootwrap.conf rm -f /opt/stack/data/cinder/mnt/4dcaa1c5244b9b0a890ac972bf3d7b46/volume-77607286-6623-4952-92b2-d410ebe01162.6f3479c7-410e-4749-87cd-3c52818cde51
Aug 17 19:12:44 devstack sudo[100188]: pam_unix(sudo:session): session opened for user root(uid=0) by (uid=1000)
Aug 17 19:12:44 devstack sudo[100188]: pam_unix(sudo:session): session closed for user root
Aug 17 19:12:44 devstack cinder-volume[94597]: DEBUG oslo_concurrency.processutils [None req-41bafa41-059c-4b5b-9cbd-184cbf9ede88 tempest-GroupSnapshotsTest-1980327385 None] CMD "sudo cinder-rootwrap /etc/cinder/rootwrap.conf rm -f /opt/stack/data/cinder/mnt/4dcaa1c5244b9b0a890ac972bf3d7b46/volume-77607286-6623-4952-92b2-d410ebe01162.6f3479c7-410e-4749-87cd-3c52818cde51" returned: 0 in 0.263s {{(pid=94597) execute /opt/stack/data/venv/lib/python3.12/site-packages/oslo_concurrency/processutils.py:468}}
Aug 17 19:12:44 devstack cinder-volume[94597]: DEBUG cinder.coordination [None req-41bafa41-059c-4b5b-9cbd-184cbf9ede88 tempest-GroupSnapshotsTest-1980327385 None] Lock "cinder-quobyte-6f3479c7-410e-4749-87cd-3c52818cde51" released by "_delete_snapshot" :: held 2.098s {{(pid=94597) __release /opt/stack/cinder/cinder/coordination.py:152}}
Aug 17 19:12:44 devstack cinder-volume[94597]: DEBUG cinder.coordination [None req-41bafa41-059c-4b5b-9cbd-184cbf9ede88 tempest-GroupSnapshotsTest-1980327385 None] Lock "cinder-quobyte-77607286-6623-4952-92b2-d410ebe01162" released by "delete_snapshot" :: held 2.159s {{(pid=94597) __release /opt/stack/cinder/cinder/coordination.py:152}}
Aug 17 19:12:44 devstack cinder-volume[94597]: DEBUG cinder.coordination [None req-41bafa41-059c-4b5b-9cbd-184cbf9ede88 tempest-GroupSnapshotsTest-1980327385 None] Acquiring lock "cinder-quobyte-008ba5d0-7e7c-46de-af36-505acc80a1f1" by "delete_snapshot" {{(pid=94597) __acquire /opt/stack/cinder/cinder/coordination.py:138}}
Aug 17 19:12:44 devstack cinder-volume[94597]: DEBUG cinder.coordination [None req-41bafa41-059c-4b5b-9cbd-184cbf9ede88 tempest-GroupSnapshotsTest-1980327385 None] Lock "cinder-quobyte-008ba5d0-7e7c-46de-af36-505acc80a1f1" acquired by "delete_snapshot" :: waited 0.016s {{(pid=94597) __acquire /opt/stack/cinder/cinder/coordination.py:141}}
Aug 17 19:12:44 devstack cinder-volume[94597]: DEBUG cinder.coordination [None req-41bafa41-059c-4b5b-9cbd-184cbf9ede88 tempest-GroupSnapshotsTest-1980327385 None] Acquiring lock "cinder-quobyte-fb07c1c8-7b56-492a-b53d-d79e574fe7b9" by "_delete_snapshot" {{(pid=94597) __acquire /opt/stack/cinder/cinder/coordination.py:138}}
Aug 17 19:12:44 devstack cinder-volume[94597]: DEBUG cinder.coordination [None req-41bafa41-059c-4b5b-9cbd-184cbf9ede88 tempest-GroupSnapshotsTest-1980327385 None] Lock "cinder-quobyte-fb07c1c8-7b56-492a-b53d-d79e574fe7b9" acquired by "_delete_snapshot" :: waited 0.016s {{(pid=94597) __acquire /opt/stack/cinder/cinder/coordination.py:141}}
Aug 17 19:12:44 devstack cinder-volume[94597]: DEBUG cinder.volume.drivers.remotefs [None req-41bafa41-059c-4b5b-9cbd-184cbf9ede88 tempest-GroupSnapshotsTest-1980327385 None] Deleting offline snapshot fb07c1c8-7b56-492a-b53d-d79e574fe7b9 of volume 008ba5d0-7e7c-46de-af36-505acc80a1f1 {{(pid=94597) _delete_snapshot /opt/stack/cinder/cinder/volume/drivers/remotefs.py:1288}}
Aug 17 19:12:44 devstack cinder-volume[94597]: DEBUG cinder.volume.drivers.remotefs [None req-41bafa41-059c-4b5b-9cbd-184cbf9ede88 tempest-GroupSnapshotsTest-1980327385 None] snapshot_file for this snap is: volume-008ba5d0-7e7c-46de-af36-505acc80a1f1.fb07c1c8-7b56-492a-b53d-d79e574fe7b9 {{(pid=94597) _delete_snapshot /opt/stack/cinder/cinder/volume/drivers/remotefs.py:1317}}
Aug 17 19:12:44 devstack cinder-volume[94597]: DEBUG oslo.privsep.daemon [-] privsep: reply[585fbaad-3fe3-4e47-aa4f-cf197bf08dac]: (4, 'qcow2') {{(pid=95625) _call_back /opt/stack/data/venv/lib/python3.12/site-packages/oslo_privsep/daemon.py:580}}
Aug 17 19:12:44 devstack cinder-volume[94597]: DEBUG oslo_concurrency.processutils [None req-41bafa41-059c-4b5b-9cbd-184cbf9ede88 tempest-GroupSnapshotsTest-1980327385 None] Running cmd (subprocess): /opt/stack/data/venv/bin/python3.12 -m oslo_concurrency.prlimit --as=1073741824 --cpu=60 -- sudo cinder-rootwrap /etc/cinder/rootwrap.conf env LC_ALL=C qemu-img info -f qcow2 --output=json --force-share /opt/stack/data/cinder/mnt/4dcaa1c5244b9b0a890ac972bf3d7b46/volume-008ba5d0-7e7c-46de-af36-505acc80a1f1.fb07c1c8-7b56-492a-b53d-d79e574fe7b9 {{(pid=94597) execute /opt/stack/data/venv/lib/python3.12/site-packages/oslo_concurrency/processutils.py:440}}
Aug 17 19:12:45 devstack sudo[100192]: quobyte : PWD=/ ; USER=root ; COMMAND=/opt/stack/data/venv/bin/cinder-rootwrap /etc/cinder/rootwrap.conf env LC_ALL=C qemu-img info -f qcow2 --output=json --force-share /opt/stack/data/cinder/mnt/4dcaa1c5244b9b0a890ac972bf3d7b46/volume-008ba5d0-7e7c-46de-af36-505acc80a1f1.fb07c1c8-7b56-492a-b53d-d79e574fe7b9
Aug 17 19:12:45 devstack sudo[100192]: pam_unix(sudo:session): session opened for user root(uid=0) by (uid=1000)
Aug 17 19:12:45 devstack sudo[100192]: pam_unix(sudo:session): session closed for user root
Aug 17 19:12:45 devstack cinder-volume[94597]: DEBUG oslo_concurrency.processutils [None req-41bafa41-059c-4b5b-9cbd-184cbf9ede88 tempest-GroupSnapshotsTest-1980327385 None] CMD "/opt/stack/data/venv/bin/python3.12 -m oslo_concurrency.prlimit --as=1073741824 --cpu=60 -- sudo cinder-rootwrap /etc/cinder/rootwrap.conf env LC_ALL=C qemu-img info -f qcow2 --output=json --force-share /opt/stack/data/cinder/mnt/4dcaa1c5244b9b0a890ac972bf3d7b46/volume-008ba5d0-7e7c-46de-af36-505acc80a1f1.fb07c1c8-7b56-492a-b53d-d79e574fe7b9" returned: 0 in 0.390s {{(pid=94597) execute /opt/stack/data/venv/lib/python3.12/site-packages/oslo_concurrency/processutils.py:468}}
Aug 17 19:12:45 devstack cinder-volume[94597]: DEBUG cinder.volume.drivers.remotefs [None req-41bafa41-059c-4b5b-9cbd-184cbf9ede88 tempest-GroupSnapshotsTest-1980327385 None] Fetching qemu-img info with special backing_file_template: (/opt/stack/data/cinder/mnt/[0-9a-f]+/)?(volume-008ba5d0-7e7c-46de-af36-505acc80a1f1(.(tmp-snap-)?[0-9a-f-]+)?|volume_from_snapshot_cache/(tmp-snap-)?[0-9a-f-]+(.(child-|parent-)[0-9a-f-]+)?)$ {{(pid=94597) _qemu_img_info_base /opt/stack/cinder/cinder/volume/drivers/remotefs.py:896}}
Aug 17 19:12:45 devstack cinder-volume[94597]: DEBUG oslo_service.periodic_task [None req-69cb7b8e-8e6d-4060-b561-f11221702000 None None] Running periodic task VolumeManager.publish_service_capabilities {{(pid=94597) run_periodic_tasks /opt/stack/data/venv/lib/python3.12/site-packages/oslo_service/periodic_task.py:254}}
Aug 17 19:12:45 devstack cinder-volume[94597]: DEBUG oslo_concurrency.lockutils [None req-69cb7b8e-8e6d-4060-b561-f11221702000 None None] Acquiring lock "quobyte_ensure" by "cinder.volume.drivers.quobyte.QuobyteDriver._ensure_shares_mounted" {{(pid=94597) inner /opt/stack/data/venv/lib/python3.12/site-packages/oslo_concurrency/lockutils.py:512}}
Aug 17 19:12:45 devstack cinder-volume[94597]: DEBUG oslo_concurrency.lockutils [None req-69cb7b8e-8e6d-4060-b561-f11221702000 None None] Lock "quobyte_ensure" acquired by "cinder.volume.drivers.quobyte.QuobyteDriver._ensure_shares_mounted" :: waited 0.001s {{(pid=94597) inner /opt/stack/data/venv/lib/python3.12/site-packages/oslo_concurrency/lockutils.py:525}}
Aug 17 19:12:45 devstack cinder-volume[94597]: DEBUG cinder.volume.drivers.quobyte [None req-69cb7b8e-8e6d-4060-b561-f11221702000 None None] Quobyte Volume URL set to: {'osci02.corp.quobyte.com/cinder-vol-29160197-2dea-408d-aeec-55c3969f3b2c': None} {{(pid=94597) _load_shares_config /opt/stack/cinder/cinder/volume/drivers/quobyte.py:665}}
Aug 17 19:12:45 devstack cinder-volume[94597]: DEBUG cinder.volume.drivers.quobyte [None req-69cb7b8e-8e6d-4060-b561-f11221702000 None None] Available shares ['osci02.corp.quobyte.com/cinder-vol-29160197-2dea-408d-aeec-55c3969f3b2c'] {{(pid=94597) _ensure_shares_mounted /opt/stack/cinder/cinder/volume/drivers/quobyte.py:695}}
Aug 17 19:12:45 devstack cinder-volume[94597]: DEBUG oslo_concurrency.lockutils [None req-69cb7b8e-8e6d-4060-b561-f11221702000 None None] Lock "quobyte_ensure" "released" by "cinder.volume.drivers.quobyte.QuobyteDriver._ensure_shares_mounted" :: held 0.016s {{(pid=94597) inner /opt/stack/data/venv/lib/python3.12/site-packages/oslo_concurrency/lockutils.py:544}}
Aug 17 19:12:45 devstack cinder-volume[94597]: DEBUG oslo_concurrency.processutils [None req-69cb7b8e-8e6d-4060-b561-f11221702000 None None] Running cmd (subprocess): sudo cinder-rootwrap /etc/cinder/rootwrap.conf df --portability --block-size 1 /opt/stack/data/cinder/mnt/4dcaa1c5244b9b0a890ac972bf3d7b46 {{(pid=94597) execute /opt/stack/data/venv/lib/python3.12/site-packages/oslo_concurrency/processutils.py:440}}
Aug 17 19:12:45 devstack cinder-volume[94597]: DEBUG oslo.privsep.daemon [-] privsep: reply[f81f3281-6e7b-4f2a-8355-2fcbf37aa9b1]: (4, 'qcow2') {{(pid=95625) _call_back /opt/stack/data/venv/lib/python3.12/site-packages/oslo_privsep/daemon.py:580}}
Aug 17 19:12:45 devstack cinder-volume[94597]: DEBUG oslo_concurrency.processutils [None req-41bafa41-059c-4b5b-9cbd-184cbf9ede88 tempest-GroupSnapshotsTest-1980327385 None] Running cmd (subprocess): /opt/stack/data/venv/bin/python3.12 -m oslo_concurrency.prlimit --as=1073741824 --cpu=60 -- sudo cinder-rootwrap /etc/cinder/rootwrap.conf env LC_ALL=C qemu-img info -f qcow2 --output=json --force-share /opt/stack/data/cinder/mnt/4dcaa1c5244b9b0a890ac972bf3d7b46/volume-008ba5d0-7e7c-46de-af36-505acc80a1f1 {{(pid=94597) execute /opt/stack/data/venv/lib/python3.12/site-packages/oslo_concurrency/processutils.py:440}}
Aug 17 19:12:45 devstack sudo[100200]: quobyte : PWD=/ ; USER=root ; COMMAND=/opt/stack/data/venv/bin/cinder-rootwrap /etc/cinder/rootwrap.conf df --portability --block-size 1 /opt/stack/data/cinder/mnt/4dcaa1c5244b9b0a890ac972bf3d7b46
Aug 17 19:12:45 devstack sudo[100200]: pam_unix(sudo:session): session opened for user root(uid=0) by (uid=1000)
Aug 17 19:12:45 devstack sudo[100201]: quobyte : PWD=/ ; USER=root ; COMMAND=/opt/stack/data/venv/bin/cinder-rootwrap /etc/cinder/rootwrap.conf env LC_ALL=C qemu-img info -f qcow2 --output=json --force-share /opt/stack/data/cinder/mnt/4dcaa1c5244b9b0a890ac972bf3d7b46/volume-008ba5d0-7e7c-46de-af36-505acc80a1f1
Aug 17 19:12:45 devstack sudo[100201]: pam_unix(sudo:session): session opened for user root(uid=0) by (uid=1000)
Aug 17 19:12:46 devstack sudo[100200]: pam_unix(sudo:session): session closed for user root
Aug 17 19:12:46 devstack cinder-volume[94597]: DEBUG oslo_concurrency.processutils [None req-69cb7b8e-8e6d-4060-b561-f11221702000 None None] CMD "sudo cinder-rootwrap /etc/cinder/rootwrap.conf df --portability --block-size 1 /opt/stack/data/cinder/mnt/4dcaa1c5244b9b0a890ac972bf3d7b46" returned: 0 in 0.734s {{(pid=94597) execute /opt/stack/data/venv/lib/python3.12/site-packages/oslo_concurrency/processutils.py:468}}
Aug 17 19:12:46 devstack cinder-volume[94597]: DEBUG cinder.manager [None req-69cb7b8e-8e6d-4060-b561-f11221702000 None None] Notifying Schedulers of capabilities ... {{(pid=94597) _publish_service_capabilities /opt/stack/cinder/cinder/manager.py:219}}
Aug 17 19:12:46 devstack cinder-volume[94597]: DEBUG oslo_service.periodic_task [None req-69cb7b8e-8e6d-4060-b561-f11221702000 None None] Running periodic task VolumeManager._thread_info {{(pid=94597) run_periodic_tasks /opt/stack/data/venv/lib/python3.12/site-packages/oslo_service/periodic_task.py:254}}
Aug 17 19:12:46 devstack cinder-volume[94597]: DEBUG cinder.volume.manager [None req-69cb7b8e-8e6d-4060-b561-f11221702000 None None] thread count: 28 {{(pid=94597) _thread_info /opt/stack/cinder/cinder/volume/manager.py:5472}}
Aug 17 19:12:46 devstack cinder-volume[94597]: DEBUG cinder.volume.manager [None req-69cb7b8e-8e6d-4060-b561-f11221702000 None None] thread info: [<_MainThread(MainThread, started 124487977103488)>, , , , , , , , , , , , , , , , , , , , , , , , , , , ] {{(pid=94597) _thread_info /opt/stack/cinder/cinder/volume/manager.py:5473}}
Aug 17 19:12:46 devstack sudo[100201]: pam_unix(sudo:session): session closed for user root
Aug 17 19:12:46 devstack cinder-volume[94597]: DEBUG oslo_concurrency.processutils [None req-41bafa41-059c-4b5b-9cbd-184cbf9ede88 tempest-GroupSnapshotsTest-1980327385 None] CMD "/opt/stack/data/venv/bin/python3.12 -m oslo_concurrency.prlimit --as=1073741824 --cpu=60 -- sudo cinder-rootwrap /etc/cinder/rootwrap.conf env LC_ALL=C qemu-img info -f qcow2 --output=json --force-share /opt/stack/data/cinder/mnt/4dcaa1c5244b9b0a890ac972bf3d7b46/volume-008ba5d0-7e7c-46de-af36-505acc80a1f1" returned: 0 in 0.845s {{(pid=94597) execute /opt/stack/data/venv/lib/python3.12/site-packages/oslo_concurrency/processutils.py:468}}
Aug 17 19:12:46 devstack cinder-volume[94597]: DEBUG oslo_concurrency.processutils [None req-41bafa41-059c-4b5b-9cbd-184cbf9ede88 tempest-GroupSnapshotsTest-1980327385 None] Running cmd (subprocess): sudo cinder-rootwrap /etc/cinder/rootwrap.conf qemu-img commit -d /opt/stack/data/cinder/mnt/4dcaa1c5244b9b0a890ac972bf3d7b46/volume-008ba5d0-7e7c-46de-af36-505acc80a1f1.fb07c1c8-7b56-492a-b53d-d79e574fe7b9 {{(pid=94597) execute /opt/stack/data/venv/lib/python3.12/site-packages/oslo_concurrency/processutils.py:440}}
Aug 17 19:12:46 devstack sudo[100208]: quobyte : PWD=/ ; USER=root ; COMMAND=/opt/stack/data/venv/bin/cinder-rootwrap /etc/cinder/rootwrap.conf qemu-img commit -d /opt/stack/data/cinder/mnt/4dcaa1c5244b9b0a890ac972bf3d7b46/volume-008ba5d0-7e7c-46de-af36-505acc80a1f1.fb07c1c8-7b56-492a-b53d-d79e574fe7b9
Aug 17 19:12:46 devstack sudo[100208]: pam_unix(sudo:session): session opened for user root(uid=0) by (uid=1000)
Aug 17 19:12:46 devstack sudo[100208]: pam_unix(sudo:session): session closed for user root
Aug 17 19:12:46 devstack cinder-volume[94597]: DEBUG oslo_concurrency.processutils [None req-41bafa41-059c-4b5b-9cbd-184cbf9ede88 tempest-GroupSnapshotsTest-1980327385 None] CMD "sudo cinder-rootwrap /etc/cinder/rootwrap.conf qemu-img commit -d /opt/stack/data/cinder/mnt/4dcaa1c5244b9b0a890ac972bf3d7b46/volume-008ba5d0-7e7c-46de-af36-505acc80a1f1.fb07c1c8-7b56-492a-b53d-d79e574fe7b9" returned: 0 in 0.390s {{(pid=94597) execute /opt/stack/data/venv/lib/python3.12/site-packages/oslo_concurrency/processutils.py:468}}
Aug 17 19:12:46 devstack cinder-volume[94597]: DEBUG oslo_concurrency.processutils [None req-41bafa41-059c-4b5b-9cbd-184cbf9ede88 tempest-GroupSnapshotsTest-1980327385 None] Running cmd (subprocess): sudo cinder-rootwrap /etc/cinder/rootwrap.conf rm -f /opt/stack/data/cinder/mnt/4dcaa1c5244b9b0a890ac972bf3d7b46/volume-008ba5d0-7e7c-46de-af36-505acc80a1f1.fb07c1c8-7b56-492a-b53d-d79e574fe7b9 {{(pid=94597) execute /opt/stack/data/venv/lib/python3.12/site-packages/oslo_concurrency/processutils.py:440}}
Aug 17 19:12:46 devstack sudo[100213]: quobyte : PWD=/ ; USER=root ; COMMAND=/opt/stack/data/venv/bin/cinder-rootwrap /etc/cinder/rootwrap.conf rm -f /opt/stack/data/cinder/mnt/4dcaa1c5244b9b0a890ac972bf3d7b46/volume-008ba5d0-7e7c-46de-af36-505acc80a1f1.fb07c1c8-7b56-492a-b53d-d79e574fe7b9
Aug 17 19:12:46 devstack sudo[100213]: pam_unix(sudo:session): session opened for user root(uid=0) by (uid=1000)
Aug 17 19:12:46 devstack sudo[100213]: pam_unix(sudo:session): session closed for user root
Aug 17 19:12:46 devstack cinder-volume[94597]: DEBUG oslo_concurrency.processutils [None req-41bafa41-059c-4b5b-9cbd-184cbf9ede88 tempest-GroupSnapshotsTest-1980327385 None] CMD "sudo cinder-rootwrap /etc/cinder/rootwrap.conf rm -f /opt/stack/data/cinder/mnt/4dcaa1c5244b9b0a890ac972bf3d7b46/volume-008ba5d0-7e7c-46de-af36-505acc80a1f1.fb07c1c8-7b56-492a-b53d-d79e574fe7b9" returned: 0 in 0.280s {{(pid=94597) execute /opt/stack/data/venv/lib/python3.12/site-packages/oslo_concurrency/processutils.py:468}}
Aug 17 19:12:46 devstack cinder-volume[94597]: DEBUG cinder.coordination [None req-41bafa41-059c-4b5b-9cbd-184cbf9ede88 tempest-GroupSnapshotsTest-1980327385 None] Lock "cinder-quobyte-fb07c1c8-7b56-492a-b53d-d79e574fe7b9" released by "_delete_snapshot" :: held 2.053s {{(pid=94597) __release /opt/stack/cinder/cinder/coordination.py:152}}
Aug 17 19:12:46 devstack cinder-volume[94597]: DEBUG cinder.coordination [None req-41bafa41-059c-4b5b-9cbd-184cbf9ede88 tempest-GroupSnapshotsTest-1980327385 None] Lock "cinder-quobyte-008ba5d0-7e7c-46de-af36-505acc80a1f1" released by "delete_snapshot" :: held 2.081s {{(pid=94597) __release /opt/stack/cinder/cinder/coordination.py:152}}
Aug 17 19:12:47 devstack cinder-volume[94597]: WARNING cinder.quota [None req-41bafa41-059c-4b5b-9cbd-184cbf9ede88 tempest-GroupSnapshotsTest-1980327385 None] Deprecated: Default quota for resource: gigabytes_tempest-GroupSnapshotsTest-volume-type-1158508791 is set by the default quota flag: quota_gigabytes_tempest-GroupSnapshotsTest-volume-type-1158508791, it is now deprecated. Please use the default quota class for default quota.
Aug 17 19:12:47 devstack cinder-volume[94597]: WARNING cinder.quota [None req-41bafa41-059c-4b5b-9cbd-184cbf9ede88 tempest-GroupSnapshotsTest-1980327385 None] Deprecated: Default quota for resource: snapshots_tempest-GroupSnapshotsTest-volume-type-1158508791 is set by the default quota flag: quota_snapshots_tempest-GroupSnapshotsTest-volume-type-1158508791, it is now deprecated. Please use the default quota class for default quota.
Aug 17 19:12:47 devstack cinder-volume[94597]: DEBUG cinder.quota [None req-41bafa41-059c-4b5b-9cbd-184cbf9ede88 tempest-GroupSnapshotsTest-1980327385 None] Created reservations ['fb95607d-3677-4485-8238-fa954c879f55', '2dba770a-0139-4428-9955-43048f79e8f8', '93e012e2-b0db-401b-a85f-66420d4e8e26', '35df571a-c1b1-4499-a513-8f27cd1b9e35'] {{(pid=94597) reserve /opt/stack/cinder/cinder/quota.py:752}}
Aug 17 19:12:47 devstack cinder-volume[94597]: DEBUG cinder.quota [None req-41bafa41-059c-4b5b-9cbd-184cbf9ede88 tempest-GroupSnapshotsTest-1980327385 None] Created reservations ['7b57aa85-fde7-4704-bec0-c2111ba16a29', 'b3d599df-557d-4386-a9ec-986c01829fa1', 'f1ae3165-cbd6-43c4-a6b1-08918ac635e4', '1e311650-b043-4a57-afa8-67396dafd6d2'] {{(pid=94597) reserve /opt/stack/cinder/cinder/quota.py:752}}
Aug 17 19:12:47 devstack cinder-volume[94597]: INFO cinder.volume.manager [None req-41bafa41-059c-4b5b-9cbd-184cbf9ede88 tempest-GroupSnapshotsTest-1980327385 None] group_snapshot 57970247-4915-41dc-91a8-64dde168c4ed: deleted successfully
Aug 17 19:12:48 devstack cinder-volume[94597]: DEBUG cinder.coordination [None req-f3ecc454-3ef8-40f6-95c6-1079f0ae49a8 tempest-GroupSnapshotsTest-1980327385 None] Acquiring lock "cinder-quobyte-008ba5d0-7e7c-46de-af36-505acc80a1f1" by "delete_volume" {{(pid=94597) __acquire /opt/stack/cinder/cinder/coordination.py:138}}
Aug 17 19:12:48 devstack cinder-volume[94597]: DEBUG cinder.coordination [None req-f3ecc454-3ef8-40f6-95c6-1079f0ae49a8 tempest-GroupSnapshotsTest-1980327385 None] Lock "cinder-quobyte-008ba5d0-7e7c-46de-af36-505acc80a1f1" acquired by "delete_volume" :: waited 0.019s {{(pid=94597) __acquire /opt/stack/cinder/cinder/coordination.py:141}}
Aug 17 19:12:48 devstack cinder-volume[94597]: DEBUG oslo.privsep.daemon [-] privsep: reply[a4367972-0923-4772-ae02-976eb1cac3c9]: (4, 'qcow2') {{(pid=95625) _call_back /opt/stack/data/venv/lib/python3.12/site-packages/oslo_privsep/daemon.py:580}}
Aug 17 19:12:48 devstack cinder-volume[94597]: DEBUG oslo_concurrency.processutils [None req-f3ecc454-3ef8-40f6-95c6-1079f0ae49a8 tempest-GroupSnapshotsTest-1980327385 None] Running cmd (subprocess): /opt/stack/data/venv/bin/python3.12 -m oslo_concurrency.prlimit --as=1073741824 --cpu=60 -- sudo cinder-rootwrap /etc/cinder/rootwrap.conf env LC_ALL=C qemu-img info -f qcow2 --output=json --force-share /opt/stack/data/cinder/mnt/4dcaa1c5244b9b0a890ac972bf3d7b46/volume-008ba5d0-7e7c-46de-af36-505acc80a1f1 {{(pid=94597) execute /opt/stack/data/venv/lib/python3.12/site-packages/oslo_concurrency/processutils.py:440}}
Aug 17 19:12:48 devstack sudo[100221]: quobyte : PWD=/ ; USER=root ; COMMAND=/opt/stack/data/venv/bin/cinder-rootwrap /etc/cinder/rootwrap.conf env LC_ALL=C qemu-img info -f qcow2 --output=json --force-share /opt/stack/data/cinder/mnt/4dcaa1c5244b9b0a890ac972bf3d7b46/volume-008ba5d0-7e7c-46de-af36-505acc80a1f1
Aug 17 19:12:48 devstack sudo[100221]: pam_unix(sudo:session): session opened for user root(uid=0) by (uid=1000)
Aug 17 19:12:49 devstack sudo[100221]: pam_unix(sudo:session): session closed for user root
Aug 17 19:12:49 devstack cinder-volume[94597]: DEBUG oslo_concurrency.processutils [None req-f3ecc454-3ef8-40f6-95c6-1079f0ae49a8 tempest-GroupSnapshotsTest-1980327385 None] CMD "/opt/stack/data/venv/bin/python3.12 -m oslo_concurrency.prlimit --as=1073741824 --cpu=60 -- sudo cinder-rootwrap /etc/cinder/rootwrap.conf env LC_ALL=C qemu-img info -f qcow2 --output=json --force-share /opt/stack/data/cinder/mnt/4dcaa1c5244b9b0a890ac972bf3d7b46/volume-008ba5d0-7e7c-46de-af36-505acc80a1f1" returned: 0 in 0.682s {{(pid=94597) execute /opt/stack/data/venv/lib/python3.12/site-packages/oslo_concurrency/processutils.py:468}}
Aug 17 19:12:49 devstack cinder-volume[94597]: DEBUG oslo_concurrency.processutils [None req-f3ecc454-3ef8-40f6-95c6-1079f0ae49a8 tempest-GroupSnapshotsTest-1980327385 None] Running cmd (subprocess): sudo cinder-rootwrap /etc/cinder/rootwrap.conf rm -f /opt/stack/data/cinder/mnt/4dcaa1c5244b9b0a890ac972bf3d7b46/volume-008ba5d0-7e7c-46de-af36-505acc80a1f1 {{(pid=94597) execute /opt/stack/data/venv/lib/python3.12/site-packages/oslo_concurrency/processutils.py:440}}
Aug 17 19:12:49 devstack sudo[100226]: quobyte : PWD=/ ; USER=root ; COMMAND=/opt/stack/data/venv/bin/cinder-rootwrap /etc/cinder/rootwrap.conf rm -f /opt/stack/data/cinder/mnt/4dcaa1c5244b9b0a890ac972bf3d7b46/volume-008ba5d0-7e7c-46de-af36-505acc80a1f1
Aug 17 19:12:49 devstack sudo[100226]: pam_unix(sudo:session): session opened for user root(uid=0) by (uid=1000)
Aug 17 19:12:49 devstack sudo[100226]: pam_unix(sudo:session): session closed for user root
