Sep 03 14:22:58 devstack cinder-volume[87007]: DEBUG oslo_concurrency.processutils [None req-26e03a1a-f04a-44a1-aa56-cc2cc450ddd2 tempest-VolumeSnapshotQuotasNegativeTestJSON-1494274100 None] Running cmd (subprocess): /opt/stack/data/venv/bin/python3.12 -m oslo_concurrency.prlimit --as=1073741824 --cpu=60 -- sudo cinder-rootwrap /etc/cinder/rootwrap.conf env LC_ALL=C qemu-img info -f qcow2 --output=json --force-share /opt/stack/data/cinder/mnt/f515e4527743d2bf728c5675e81e8d71/volume-e21f3db5-70f8-4f2f-b52f-0d667be3a755 {{(pid=87007) execute /opt/stack/data/venv/lib/python3.12/site-packages/oslo_concurrency/processutils.py:440}}
Sep 03 14:22:58 devstack sudo[93905]: quobyte : PWD=/ ; USER=root ; COMMAND=/opt/stack/data/venv/bin/cinder-rootwrap /etc/cinder/rootwrap.conf env LC_ALL=C qemu-img info -f qcow2 --output=json --force-share /opt/stack/data/cinder/mnt/f515e4527743d2bf728c5675e81e8d71/volume-e21f3db5-70f8-4f2f-b52f-0d667be3a755
Sep 03 14:22:58 devstack sudo[93905]: pam_unix(sudo:session): session opened for user root(uid=0) by (uid=1000)
Sep 03 14:22:58 devstack cinder-volume[87007]: INFO cinder.volume.manager [None req-a6dd0f21-4dbe-48de-8a29-4e01e9809623 tempest-GroupSnapshotsTest-801703735 None] GroupSnapshot f4e49325-d42a-42eb-8792-3ded8f4837e9: creating.
Sep 03 14:22:58 devstack cinder-volume[87007]: DEBUG cinder.volume.manager [None req-a6dd0f21-4dbe-48de-8a29-4e01e9809623 tempest-GroupSnapshotsTest-801703735 None] Group snapshot f4e49325-d42a-42eb-8792-3ded8f4837e9: creating. {{(pid=87007) create_group_snapshot /opt/stack/cinder/cinder/volume/manager.py:4175}}
Sep 03 14:22:58 devstack cinder-volume[87007]: DEBUG oslo_concurrency.lockutils [None req-a6dd0f21-4dbe-48de-8a29-4e01e9809623 tempest-GroupSnapshotsTest-801703735 None] Acquiring lock "quobyte" by "cinder.volume.drivers.quobyte.QuobyteDriver.create_snapshot" {{(pid=87007) inner /opt/stack/data/venv/lib/python3.12/site-packages/oslo_concurrency/lockutils.py:512}}
Sep 03 14:22:59 devstack sudo[93905]: pam_unix(sudo:session): session closed for user root
Sep 03 14:22:59 devstack cinder-volume[87007]: DEBUG oslo_concurrency.processutils [None req-26e03a1a-f04a-44a1-aa56-cc2cc450ddd2 tempest-VolumeSnapshotQuotasNegativeTestJSON-1494274100 None] CMD "/opt/stack/data/venv/bin/python3.12 -m oslo_concurrency.prlimit --as=1073741824 --cpu=60 -- sudo cinder-rootwrap /etc/cinder/rootwrap.conf env LC_ALL=C qemu-img info -f qcow2 --output=json --force-share /opt/stack/data/cinder/mnt/f515e4527743d2bf728c5675e81e8d71/volume-e21f3db5-70f8-4f2f-b52f-0d667be3a755" returned: 0 in 0.486s {{(pid=87007) execute /opt/stack/data/venv/lib/python3.12/site-packages/oslo_concurrency/processutils.py:468}}
Sep 03 14:22:59 devstack cinder-volume[87007]: DEBUG oslo_concurrency.processutils [None req-26e03a1a-f04a-44a1-aa56-cc2cc450ddd2 tempest-VolumeSnapshotQuotasNegativeTestJSON-1494274100 None] Running cmd (subprocess): sudo cinder-rootwrap /etc/cinder/rootwrap.conf qemu-img create -f qcow2 -o backing_file=/opt/stack/data/cinder/mnt/f515e4527743d2bf728c5675e81e8d71/volume-e21f3db5-70f8-4f2f-b52f-0d667be3a755,backing_fmt=qcow2 /opt/stack/data/cinder/mnt/f515e4527743d2bf728c5675e81e8d71/volume-e21f3db5-70f8-4f2f-b52f-0d667be3a755.58164875-3056-4fd4-911c-0f0b11b5d36d 1G {{(pid=87007) execute /opt/stack/data/venv/lib/python3.12/site-packages/oslo_concurrency/processutils.py:440}}
Sep 03 14:22:59 devstack sudo[93912]: quobyte : PWD=/ ; USER=root ; COMMAND=/opt/stack/data/venv/bin/cinder-rootwrap /etc/cinder/rootwrap.conf qemu-img create -f qcow2 -o backing_file=/opt/stack/data/cinder/mnt/f515e4527743d2bf728c5675e81e8d71/volume-e21f3db5-70f8-4f2f-b52f-0d667be3a755,backing_fmt=qcow2 /opt/stack/data/cinder/mnt/f515e4527743d2bf728c5675e81e8d71/volume-e21f3db5-70f8-4f2f-b52f-0d667be3a755.58164875-3056-4fd4-911c-0f0b11b5d36d 1G
Sep 03 14:22:59 devstack sudo[93912]: pam_unix(sudo:session): session opened for user root(uid=0) by (uid=1000)
Sep 03 14:22:59 devstack sudo[93912]: pam_unix(sudo:session): session closed for user root
Sep 03 14:22:59 devstack cinder-volume[87007]: DEBUG oslo_concurrency.processutils [None req-26e03a1a-f04a-44a1-aa56-cc2cc450ddd2 tempest-VolumeSnapshotQuotasNegativeTestJSON-1494274100 None] CMD "sudo cinder-rootwrap /etc/cinder/rootwrap.conf qemu-img create -f qcow2 -o backing_file=/opt/stack/data/cinder/mnt/f515e4527743d2bf728c5675e81e8d71/volume-e21f3db5-70f8-4f2f-b52f-0d667be3a755,backing_fmt=qcow2 /opt/stack/data/cinder/mnt/f515e4527743d2bf728c5675e81e8d71/volume-e21f3db5-70f8-4f2f-b52f-0d667be3a755.58164875-3056-4fd4-911c-0f0b11b5d36d 1G" returned: 0 in 0.574s {{(pid=87007) execute /opt/stack/data/venv/lib/python3.12/site-packages/oslo_concurrency/processutils.py:468}}
Sep 03 14:22:59 devstack cinder-volume[87007]: DEBUG oslo_concurrency.processutils [None req-26e03a1a-f04a-44a1-aa56-cc2cc450ddd2 tempest-VolumeSnapshotQuotasNegativeTestJSON-1494274100 None] Running cmd (subprocess): sudo cinder-rootwrap /etc/cinder/rootwrap.conf qemu-img rebase -u -b volume-e21f3db5-70f8-4f2f-b52f-0d667be3a755 -F qcow2 /opt/stack/data/cinder/mnt/f515e4527743d2bf728c5675e81e8d71/volume-e21f3db5-70f8-4f2f-b52f-0d667be3a755.58164875-3056-4fd4-911c-0f0b11b5d36d {{(pid=87007) execute /opt/stack/data/venv/lib/python3.12/site-packages/oslo_concurrency/processutils.py:440}}
Sep 03 14:22:59 devstack sudo[93957]: quobyte : PWD=/ ; USER=root ; COMMAND=/opt/stack/data/venv/bin/cinder-rootwrap /etc/cinder/rootwrap.conf qemu-img rebase -u -b volume-e21f3db5-70f8-4f2f-b52f-0d667be3a755 -F qcow2 /opt/stack/data/cinder/mnt/f515e4527743d2bf728c5675e81e8d71/volume-e21f3db5-70f8-4f2f-b52f-0d667be3a755.58164875-3056-4fd4-911c-0f0b11b5d36d
Sep 03 14:22:59 devstack sudo[93957]: pam_unix(sudo:session): session opened for user root(uid=0) by (uid=1000)
Sep 03 14:23:00 devstack sudo[93957]: pam_unix(sudo:session): session closed for user root
Sep 03 14:23:00 devstack cinder-volume[87007]: DEBUG oslo_concurrency.processutils [None req-26e03a1a-f04a-44a1-aa56-cc2cc450ddd2 tempest-VolumeSnapshotQuotasNegativeTestJSON-1494274100 None] CMD "sudo cinder-rootwrap /etc/cinder/rootwrap.conf qemu-img rebase -u -b volume-e21f3db5-70f8-4f2f-b52f-0d667be3a755 -F qcow2 /opt/stack/data/cinder/mnt/f515e4527743d2bf728c5675e81e8d71/volume-e21f3db5-70f8-4f2f-b52f-0d667be3a755.58164875-3056-4fd4-911c-0f0b11b5d36d" returned: 0 in 0.517s {{(pid=87007) execute /opt/stack/data/venv/lib/python3.12/site-packages/oslo_concurrency/processutils.py:468}}
Sep 03 14:23:00 devstack cinder-volume[87007]: WARNING cinder.volume.drivers.remotefs [None req-26e03a1a-f04a-44a1-aa56-cc2cc450ddd2 tempest-VolumeSnapshotQuotasNegativeTestJSON-1494274100 None] /opt/stack/data/cinder/mnt/f515e4527743d2bf728c5675e81e8d71/volume-e21f3db5-70f8-4f2f-b52f-0d667be3a755.58164875-3056-4fd4-911c-0f0b11b5d36d is being set with open permissions: ugo+rw
Sep 03 14:23:00 devstack cinder-volume[87007]: DEBUG oslo_concurrency.processutils [None req-26e03a1a-f04a-44a1-aa56-cc2cc450ddd2 tempest-VolumeSnapshotQuotasNegativeTestJSON-1494274100 None] Running cmd (subprocess): sudo cinder-rootwrap /etc/cinder/rootwrap.conf chmod ugo+rw /opt/stack/data/cinder/mnt/f515e4527743d2bf728c5675e81e8d71/volume-e21f3db5-70f8-4f2f-b52f-0d667be3a755.58164875-3056-4fd4-911c-0f0b11b5d36d {{(pid=87007) execute /opt/stack/data/venv/lib/python3.12/site-packages/oslo_concurrency/processutils.py:440}}
Sep 03 14:23:00 devstack sudo[93976]: quobyte : PWD=/ ; USER=root ; COMMAND=/opt/stack/data/venv/bin/cinder-rootwrap /etc/cinder/rootwrap.conf chmod ugo+rw /opt/stack/data/cinder/mnt/f515e4527743d2bf728c5675e81e8d71/volume-e21f3db5-70f8-4f2f-b52f-0d667be3a755.58164875-3056-4fd4-911c-0f0b11b5d36d
Sep 03 14:23:00 devstack sudo[93976]: pam_unix(sudo:session): session opened for user root(uid=0) by (uid=1000)
Sep 03 14:23:00 devstack sudo[93976]: pam_unix(sudo:session): session closed for user root
Sep 03 14:23:00 devstack cinder-volume[87007]: DEBUG oslo_concurrency.processutils [None req-26e03a1a-f04a-44a1-aa56-cc2cc450ddd2 tempest-VolumeSnapshotQuotasNegativeTestJSON-1494274100 None] CMD "sudo cinder-rootwrap /etc/cinder/rootwrap.conf chmod ugo+rw /opt/stack/data/cinder/mnt/f515e4527743d2bf728c5675e81e8d71/volume-e21f3db5-70f8-4f2f-b52f-0d667be3a755.58164875-3056-4fd4-911c-0f0b11b5d36d" returned: 0 in 0.548s {{(pid=87007) execute /opt/stack/data/venv/lib/python3.12/site-packages/oslo_concurrency/processutils.py:468}}
Sep 03 14:23:00 devstack cinder-volume[87007]: DEBUG oslo_concurrency.processutils [None req-26e03a1a-f04a-44a1-aa56-cc2cc450ddd2 tempest-VolumeSnapshotQuotasNegativeTestJSON-1494274100 None] Running cmd (subprocess): sudo cinder-rootwrap /etc/cinder/rootwrap.conf truncate -s0 /opt/stack/data/cinder/mnt/f515e4527743d2bf728c5675e81e8d71/volume-e21f3db5-70f8-4f2f-b52f-0d667be3a755.info {{(pid=87007) execute /opt/stack/data/venv/lib/python3.12/site-packages/oslo_concurrency/processutils.py:440}}
Sep 03 14:23:00 devstack sudo[93993]: quobyte : PWD=/ ; USER=root ; COMMAND=/opt/stack/data/venv/bin/cinder-rootwrap /etc/cinder/rootwrap.conf truncate -s0 /opt/stack/data/cinder/mnt/f515e4527743d2bf728c5675e81e8d71/volume-e21f3db5-70f8-4f2f-b52f-0d667be3a755.info
Sep 03 14:23:00 devstack sudo[93993]: pam_unix(sudo:session): session opened for user root(uid=0) by (uid=1000)
Sep 03 14:23:01 devstack sudo[93993]: pam_unix(sudo:session): session closed for user root
Sep 03 14:23:01 devstack cinder-volume[87007]: DEBUG oslo_concurrency.processutils [None req-26e03a1a-f04a-44a1-aa56-cc2cc450ddd2 tempest-VolumeSnapshotQuotasNegativeTestJSON-1494274100 None] CMD "sudo cinder-rootwrap /etc/cinder/rootwrap.conf truncate -s0 /opt/stack/data/cinder/mnt/f515e4527743d2bf728c5675e81e8d71/volume-e21f3db5-70f8-4f2f-b52f-0d667be3a755.info" returned: 0 in 0.296s {{(pid=87007) execute /opt/stack/data/venv/lib/python3.12/site-packages/oslo_concurrency/processutils.py:468}}
Sep 03 14:23:01 devstack cinder-volume[87007]: WARNING cinder.volume.drivers.remotefs [None req-26e03a1a-f04a-44a1-aa56-cc2cc450ddd2 tempest-VolumeSnapshotQuotasNegativeTestJSON-1494274100 None] /opt/stack/data/cinder/mnt/f515e4527743d2bf728c5675e81e8d71/volume-e21f3db5-70f8-4f2f-b52f-0d667be3a755.info is being set with open permissions: ugo+rw
Sep 03 14:23:01 devstack cinder-volume[87007]: DEBUG oslo_concurrency.processutils [None req-26e03a1a-f04a-44a1-aa56-cc2cc450ddd2 tempest-VolumeSnapshotQuotasNegativeTestJSON-1494274100 None] Running cmd (subprocess): sudo cinder-rootwrap /etc/cinder/rootwrap.conf chmod ugo+rw /opt/stack/data/cinder/mnt/f515e4527743d2bf728c5675e81e8d71/volume-e21f3db5-70f8-4f2f-b52f-0d667be3a755.info {{(pid=87007) execute /opt/stack/data/venv/lib/python3.12/site-packages/oslo_concurrency/processutils.py:440}}
Sep 03 14:23:01 devstack sudo[94001]: quobyte : PWD=/ ; USER=root ; COMMAND=/opt/stack/data/venv/bin/cinder-rootwrap /etc/cinder/rootwrap.conf chmod ugo+rw /opt/stack/data/cinder/mnt/f515e4527743d2bf728c5675e81e8d71/volume-e21f3db5-70f8-4f2f-b52f-0d667be3a755.info
Sep 03 14:23:01 devstack sudo[94001]: pam_unix(sudo:session): session opened for user root(uid=0) by (uid=1000)
Sep 03 14:23:01 devstack sudo[94001]: pam_unix(sudo:session): session closed for user root
Sep 03 14:23:01 devstack cinder-volume[87007]: DEBUG oslo_concurrency.processutils [None req-26e03a1a-f04a-44a1-aa56-cc2cc450ddd2 tempest-VolumeSnapshotQuotasNegativeTestJSON-1494274100 None] CMD "sudo cinder-rootwrap /etc/cinder/rootwrap.conf chmod ugo+rw /opt/stack/data/cinder/mnt/f515e4527743d2bf728c5675e81e8d71/volume-e21f3db5-70f8-4f2f-b52f-0d667be3a755.info" returned: 0 in 0.350s {{(pid=87007) execute /opt/stack/data/venv/lib/python3.12/site-packages/oslo_concurrency/processutils.py:468}}
Sep 03 14:23:01 devstack cinder-volume[87007]: DEBUG oslo_concurrency.lockutils [None req-26e03a1a-f04a-44a1-aa56-cc2cc450ddd2 tempest-VolumeSnapshotQuotasNegativeTestJSON-1494274100 None] Lock "quobyte" "released" by "cinder.volume.drivers.quobyte.QuobyteDriver.create_snapshot" :: held 2.936s {{(pid=87007) inner /opt/stack/data/venv/lib/python3.12/site-packages/oslo_concurrency/lockutils.py:544}}
Sep 03 14:23:01 devstack cinder-volume[87007]: DEBUG oslo_concurrency.lockutils [None req-a6dd0f21-4dbe-48de-8a29-4e01e9809623 tempest-GroupSnapshotsTest-801703735 None] Lock "quobyte" acquired by "cinder.volume.drivers.quobyte.QuobyteDriver.create_snapshot" :: waited 2.679s {{(pid=87007) inner /opt/stack/data/venv/lib/python3.12/site-packages/oslo_concurrency/lockutils.py:525}}
Sep 03 14:23:01 devstack cinder-volume[87007]: DEBUG cinder.volume.drivers.remotefs [None req-a6dd0f21-4dbe-48de-8a29-4e01e9809623 tempest-GroupSnapshotsTest-801703735 None] Creating offline snapshot 3a0dd3aa-ec8a-4e3a-8a35-42bac6388031 of volume 6dfe970a-1f45-4246-b4fa-d8fcf197b17c {{(pid=87007) _create_snapshot /opt/stack/cinder/cinder/volume/drivers/remotefs.py:1816}}
Sep 03 14:23:01 devstack cinder-volume[87007]: INFO cinder.volume.manager [None req-26e03a1a-f04a-44a1-aa56-cc2cc450ddd2 tempest-VolumeSnapshotQuotasNegativeTestJSON-1494274100 None] Create snapshot completed successfully
Sep 03 14:23:01 devstack cinder-volume[87007]: DEBUG oslo.privsep.daemon [-] privsep: reply[274c01d6-69e3-452b-8992-58deed8fad2f]: (4, 'qcow2') {{(pid=88654) _call_back /opt/stack/data/venv/lib/python3.12/site-packages/oslo_privsep/daemon.py:580}}
Sep 03 14:23:01 devstack cinder-volume[87007]: DEBUG oslo_concurrency.processutils [None req-a6dd0f21-4dbe-48de-8a29-4e01e9809623 tempest-GroupSnapshotsTest-801703735 None] Running cmd (subprocess): /opt/stack/data/venv/bin/python3.12 -m oslo_concurrency.prlimit --as=1073741824 --cpu=60 -- sudo cinder-rootwrap /etc/cinder/rootwrap.conf env LC_ALL=C qemu-img info -f qcow2 --output=json --force-share /opt/stack/data/cinder/mnt/f515e4527743d2bf728c5675e81e8d71/volume-6dfe970a-1f45-4246-b4fa-d8fcf197b17c {{(pid=87007) execute /opt/stack/data/venv/lib/python3.12/site-packages/oslo_concurrency/processutils.py:440}}
Sep 03 14:23:01 devstack sudo[94047]: quobyte : PWD=/ ; USER=root ; COMMAND=/opt/stack/data/venv/bin/cinder-rootwrap /etc/cinder/rootwrap.conf env LC_ALL=C qemu-img info -f qcow2 --output=json --force-share /opt/stack/data/cinder/mnt/f515e4527743d2bf728c5675e81e8d71/volume-6dfe970a-1f45-4246-b4fa-d8fcf197b17c
Sep 03 14:23:01 devstack sudo[94047]: pam_unix(sudo:session): session opened for user root(uid=0) by (uid=1000)
Sep 03 14:23:02 devstack sudo[94047]: pam_unix(sudo:session): session closed for user root
Sep 03 14:23:02 devstack cinder-volume[87007]: DEBUG oslo_concurrency.processutils [None req-a6dd0f21-4dbe-48de-8a29-4e01e9809623 tempest-GroupSnapshotsTest-801703735 None] CMD "/opt/stack/data/venv/bin/python3.12 -m oslo_concurrency.prlimit --as=1073741824 --cpu=60 -- sudo cinder-rootwrap /etc/cinder/rootwrap.conf env LC_ALL=C qemu-img info -f qcow2 --output=json --force-share /opt/stack/data/cinder/mnt/f515e4527743d2bf728c5675e81e8d71/volume-6dfe970a-1f45-4246-b4fa-d8fcf197b17c" returned: 0 in 0.604s {{(pid=87007) execute /opt/stack/data/venv/lib/python3.12/site-packages/oslo_concurrency/processutils.py:468}}
Sep 03 14:23:02 devstack cinder-volume[87007]: DEBUG oslo_concurrency.processutils [None req-a6dd0f21-4dbe-48de-8a29-4e01e9809623 tempest-GroupSnapshotsTest-801703735 None] Running cmd (subprocess): sudo cinder-rootwrap /etc/cinder/rootwrap.conf qemu-img create -f qcow2 -o backing_file=/opt/stack/data/cinder/mnt/f515e4527743d2bf728c5675e81e8d71/volume-6dfe970a-1f45-4246-b4fa-d8fcf197b17c,backing_fmt=qcow2 /opt/stack/data/cinder/mnt/f515e4527743d2bf728c5675e81e8d71/volume-6dfe970a-1f45-4246-b4fa-d8fcf197b17c.3a0dd3aa-ec8a-4e3a-8a35-42bac6388031 1G {{(pid=87007) execute /opt/stack/data/venv/lib/python3.12/site-packages/oslo_concurrency/processutils.py:440}}
Sep 03 14:23:02 devstack sudo[94071]: quobyte : PWD=/ ; USER=root ; COMMAND=/opt/stack/data/venv/bin/cinder-rootwrap /etc/cinder/rootwrap.conf qemu-img create -f qcow2 -o backing_file=/opt/stack/data/cinder/mnt/f515e4527743d2bf728c5675e81e8d71/volume-6dfe970a-1f45-4246-b4fa-d8fcf197b17c,backing_fmt=qcow2 /opt/stack/data/cinder/mnt/f515e4527743d2bf728c5675e81e8d71/volume-6dfe970a-1f45-4246-b4fa-d8fcf197b17c.3a0dd3aa-ec8a-4e3a-8a35-42bac6388031 1G
Sep 03 14:23:02 devstack sudo[94071]: pam_unix(sudo:session): session opened for user root(uid=0) by (uid=1000)
Sep 03 14:23:02 devstack cinder-volume[87007]: DEBUG cinder.coordination [None req-9a0140b9-e795-4b12-a861-701d9bb2d37e tempest-VolumeSnapshotQuotasNegativeTestJSON-1494274100 None] Acquiring lock "cinder-58164875-3056-4fd4-911c-0f0b11b5d36d-delete_snapshot" by "delete_snapshot" {{(pid=87007) __acquire /opt/stack/cinder/cinder/coordination.py:138}}
Sep 03 14:23:02 devstack cinder-volume[87007]: DEBUG cinder.coordination [None req-9a0140b9-e795-4b12-a861-701d9bb2d37e tempest-VolumeSnapshotQuotasNegativeTestJSON-1494274100 None] Lock "cinder-58164875-3056-4fd4-911c-0f0b11b5d36d-delete_snapshot" acquired by "delete_snapshot" :: waited 0.023s {{(pid=87007) __acquire /opt/stack/cinder/cinder/coordination.py:141}}
Sep 03 14:23:02 devstack cinder-volume[87007]: DEBUG cinder.coordination [None req-9a0140b9-e795-4b12-a861-701d9bb2d37e tempest-VolumeSnapshotQuotasNegativeTestJSON-1494274100 None] Acquiring lock "cinder-quobyte-e21f3db5-70f8-4f2f-b52f-0d667be3a755" by "delete_snapshot" {{(pid=87007) __acquire /opt/stack/cinder/cinder/coordination.py:138}}
Sep 03 14:23:02 devstack cinder-volume[87007]: DEBUG cinder.coordination [None req-9a0140b9-e795-4b12-a861-701d9bb2d37e tempest-VolumeSnapshotQuotasNegativeTestJSON-1494274100 None] Lock "cinder-quobyte-e21f3db5-70f8-4f2f-b52f-0d667be3a755" acquired by "delete_snapshot" :: waited 0.031s {{(pid=87007) __acquire /opt/stack/cinder/cinder/coordination.py:141}}
Sep 03 14:23:02 devstack cinder-volume[87007]: DEBUG cinder.coordination [None req-9a0140b9-e795-4b12-a861-701d9bb2d37e tempest-VolumeSnapshotQuotasNegativeTestJSON-1494274100 None] Acquiring lock "cinder-quobyte-58164875-3056-4fd4-911c-0f0b11b5d36d" by "_delete_snapshot" {{(pid=87007) __acquire /opt/stack/cinder/cinder/coordination.py:138}}
Sep 03 14:23:02 devstack cinder-volume[87007]: DEBUG cinder.coordination [None req-9a0140b9-e795-4b12-a861-701d9bb2d37e tempest-VolumeSnapshotQuotasNegativeTestJSON-1494274100 None] Lock "cinder-quobyte-58164875-3056-4fd4-911c-0f0b11b5d36d" acquired by "_delete_snapshot" :: waited 0.035s {{(pid=87007) __acquire /opt/stack/cinder/cinder/coordination.py:141}}
Sep 03 14:23:02 devstack cinder-volume[87007]: DEBUG cinder.volume.drivers.remotefs [None req-9a0140b9-e795-4b12-a861-701d9bb2d37e tempest-VolumeSnapshotQuotasNegativeTestJSON-1494274100 None] Deleting offline snapshot 58164875-3056-4fd4-911c-0f0b11b5d36d of volume e21f3db5-70f8-4f2f-b52f-0d667be3a755 {{(pid=87007) _delete_snapshot /opt/stack/cinder/cinder/volume/drivers/remotefs.py:1288}}
Sep 03 14:23:02 devstack cinder-volume[87007]: DEBUG cinder.volume.drivers.remotefs [None req-9a0140b9-e795-4b12-a861-701d9bb2d37e tempest-VolumeSnapshotQuotasNegativeTestJSON-1494274100 None] snapshot_file for this snap is: volume-e21f3db5-70f8-4f2f-b52f-0d667be3a755.58164875-3056-4fd4-911c-0f0b11b5d36d {{(pid=87007) _delete_snapshot /opt/stack/cinder/cinder/volume/drivers/remotefs.py:1317}}
Sep 03 14:23:02 devstack cinder-volume[87007]: DEBUG oslo.privsep.daemon [-] privsep: reply[b076cf97-857c-4d29-b04a-3e6e03703484]: (4, 'qcow2') {{(pid=88654) _call_back /opt/stack/data/venv/lib/python3.12/site-packages/oslo_privsep/daemon.py:580}}
Sep 03 14:23:02 devstack cinder-volume[87007]: DEBUG oslo_concurrency.processutils [None req-9a0140b9-e795-4b12-a861-701d9bb2d37e tempest-VolumeSnapshotQuotasNegativeTestJSON-1494274100 None] Running cmd (subprocess): /opt/stack/data/venv/bin/python3.12 -m oslo_concurrency.prlimit --as=1073741824 --cpu=60 -- sudo cinder-rootwrap /etc/cinder/rootwrap.conf env LC_ALL=C qemu-img info -f qcow2 --output=json --force-share /opt/stack/data/cinder/mnt/f515e4527743d2bf728c5675e81e8d71/volume-e21f3db5-70f8-4f2f-b52f-0d667be3a755.58164875-3056-4fd4-911c-0f0b11b5d36d {{(pid=87007) execute /opt/stack/data/venv/lib/python3.12/site-packages/oslo_concurrency/processutils.py:440}}
Sep 03 14:23:02 devstack sudo[94071]: pam_unix(sudo:session): session closed for user root
Sep 03 14:23:03 devstack cinder-volume[87007]: DEBUG oslo_concurrency.processutils [None req-a6dd0f21-4dbe-48de-8a29-4e01e9809623 tempest-GroupSnapshotsTest-801703735 None] CMD "sudo cinder-rootwrap /etc/cinder/rootwrap.conf qemu-img create -f qcow2 -o backing_file=/opt/stack/data/cinder/mnt/f515e4527743d2bf728c5675e81e8d71/volume-6dfe970a-1f45-4246-b4fa-d8fcf197b17c,backing_fmt=qcow2 /opt/stack/data/cinder/mnt/f515e4527743d2bf728c5675e81e8d71/volume-6dfe970a-1f45-4246-b4fa-d8fcf197b17c.3a0dd3aa-ec8a-4e3a-8a35-42bac6388031 1G" returned: 0 in 0.843s {{(pid=87007) execute /opt/stack/data/venv/lib/python3.12/site-packages/oslo_concurrency/processutils.py:468}}
Sep 03 14:23:03 devstack cinder-volume[87007]: DEBUG oslo_concurrency.processutils [None req-a6dd0f21-4dbe-48de-8a29-4e01e9809623 tempest-GroupSnapshotsTest-801703735 None] Running cmd (subprocess): sudo cinder-rootwrap /etc/cinder/rootwrap.conf qemu-img rebase -u -b volume-6dfe970a-1f45-4246-b4fa-d8fcf197b17c -F qcow2 /opt/stack/data/cinder/mnt/f515e4527743d2bf728c5675e81e8d71/volume-6dfe970a-1f45-4246-b4fa-d8fcf197b17c.3a0dd3aa-ec8a-4e3a-8a35-42bac6388031 {{(pid=87007) execute /opt/stack/data/venv/lib/python3.12/site-packages/oslo_concurrency/processutils.py:440}}
Sep 03 14:23:03 devstack sudo[94099]: quobyte : PWD=/ ; USER=root ; COMMAND=/opt/stack/data/venv/bin/cinder-rootwrap /etc/cinder/rootwrap.conf qemu-img rebase -u -b volume-6dfe970a-1f45-4246-b4fa-d8fcf197b17c -F qcow2 /opt/stack/data/cinder/mnt/f515e4527743d2bf728c5675e81e8d71/volume-6dfe970a-1f45-4246-b4fa-d8fcf197b17c.3a0dd3aa-ec8a-4e3a-8a35-42bac6388031
Sep 03 14:23:03 devstack sudo[94099]: pam_unix(sudo:session): session opened for user root(uid=0) by (uid=1000)
Sep 03 14:23:03 devstack sudo[94094]: quobyte : PWD=/ ; USER=root ; COMMAND=/opt/stack/data/venv/bin/cinder-rootwrap /etc/cinder/rootwrap.conf env LC_ALL=C qemu-img info -f qcow2 --output=json --force-share /opt/stack/data/cinder/mnt/f515e4527743d2bf728c5675e81e8d71/volume-e21f3db5-70f8-4f2f-b52f-0d667be3a755.58164875-3056-4fd4-911c-0f0b11b5d36d
Sep 03 14:23:03 devstack sudo[94094]: pam_unix(sudo:session): session opened for user root(uid=0) by (uid=1000)
Sep 03 14:23:03 devstack sudo[94099]: pam_unix(sudo:session): session closed for user root
Sep 03 14:23:03 devstack cinder-volume[87007]: DEBUG oslo_concurrency.processutils [None req-a6dd0f21-4dbe-48de-8a29-4e01e9809623 tempest-GroupSnapshotsTest-801703735 None] CMD "sudo cinder-rootwrap /etc/cinder/rootwrap.conf qemu-img rebase -u -b volume-6dfe970a-1f45-4246-b4fa-d8fcf197b17c -F qcow2 /opt/stack/data/cinder/mnt/f515e4527743d2bf728c5675e81e8d71/volume-6dfe970a-1f45-4246-b4fa-d8fcf197b17c.3a0dd3aa-ec8a-4e3a-8a35-42bac6388031" returned: 0 in 0.594s {{(pid=87007) execute /opt/stack/data/venv/lib/python3.12/site-packages/oslo_concurrency/processutils.py:468}}
Sep 03 14:23:03 devstack cinder-volume[87007]: WARNING cinder.volume.drivers.remotefs [None req-a6dd0f21-4dbe-48de-8a29-4e01e9809623 tempest-GroupSnapshotsTest-801703735 None] /opt/stack/data/cinder/mnt/f515e4527743d2bf728c5675e81e8d71/volume-6dfe970a-1f45-4246-b4fa-d8fcf197b17c.3a0dd3aa-ec8a-4e3a-8a35-42bac6388031 is being set with open permissions: ugo+rw: NotImplementedError
Sep 03 14:23:03 devstack cinder-volume[87007]: DEBUG oslo_concurrency.processutils [None req-a6dd0f21-4dbe-48de-8a29-4e01e9809623 tempest-GroupSnapshotsTest-801703735 None] Running cmd (subprocess): sudo cinder-rootwrap /etc/cinder/rootwrap.conf chmod ugo+rw /opt/stack/data/cinder/mnt/f515e4527743d2bf728c5675e81e8d71/volume-6dfe970a-1f45-4246-b4fa-d8fcf197b17c.3a0dd3aa-ec8a-4e3a-8a35-42bac6388031 {{(pid=87007) execute /opt/stack/data/venv/lib/python3.12/site-packages/oslo_concurrency/processutils.py:440}}
Sep 03 14:23:03 devstack sudo[94094]: pam_unix(sudo:session): session closed for user root
Sep 03 14:23:03 devstack cinder-volume[87007]: DEBUG oslo_concurrency.processutils [None req-9a0140b9-e795-4b12-a861-701d9bb2d37e tempest-VolumeSnapshotQuotasNegativeTestJSON-1494274100 None] CMD "/opt/stack/data/venv/bin/python3.12 -m oslo_concurrency.prlimit --as=1073741824 --cpu=60 -- sudo cinder-rootwrap /etc/cinder/rootwrap.conf env LC_ALL=C qemu-img info -f qcow2 --output=json --force-share /opt/stack/data/cinder/mnt/f515e4527743d2bf728c5675e81e8d71/volume-e21f3db5-70f8-4f2f-b52f-0d667be3a755.58164875-3056-4fd4-911c-0f0b11b5d36d" returned: 0 in 0.691s {{(pid=87007) execute /opt/stack/data/venv/lib/python3.12/site-packages/oslo_concurrency/processutils.py:468}}
Sep 03 14:23:03 devstack cinder-volume[87007]: DEBUG cinder.volume.drivers.remotefs [None req-9a0140b9-e795-4b12-a861-701d9bb2d37e tempest-VolumeSnapshotQuotasNegativeTestJSON-1494274100 None] Fetching qemu-img info with special backing_file_template: (/opt/stack/data/cinder/mnt/[0-9a-f]+/)?(volume-e21f3db5-70f8-4f2f-b52f-0d667be3a755(.(tmp-snap-)?[0-9a-f-]+)?|volume_from_snapshot_cache/(tmp-snap-)?[0-9a-f-]+(.(child-|parent-)[0-9a-f-]+)?)$ {{(pid=87007) _qemu_img_info_base /opt/stack/cinder/cinder/volume/drivers/remotefs.py:896}}
Sep 03 14:23:03 devstack sudo[94111]: quobyte : PWD=/ ; USER=root ; COMMAND=/opt/stack/data/venv/bin/cinder-rootwrap /etc/cinder/rootwrap.conf chmod ugo+rw /opt/stack/data/cinder/mnt/f515e4527743d2bf728c5675e81e8d71/volume-6dfe970a-1f45-4246-b4fa-d8fcf197b17c.3a0dd3aa-ec8a-4e3a-8a35-42bac6388031
Sep 03 14:23:03 devstack sudo[94111]: pam_unix(sudo:session): session opened for user root(uid=0) by (uid=1000)
Sep 03 14:23:03 devstack cinder-volume[87007]: DEBUG oslo.privsep.daemon [-] privsep: reply[03346e6f-3270-43d2-94bb-279e5a72563f]: (4, 'qcow2') {{(pid=88654) _call_back /opt/stack/data/venv/lib/python3.12/site-packages/oslo_privsep/daemon.py:580}}
Sep 03 14:23:03 devstack cinder-volume[87007]: DEBUG oslo_concurrency.processutils [None req-9a0140b9-e795-4b12-a861-701d9bb2d37e tempest-VolumeSnapshotQuotasNegativeTestJSON-1494274100 None] Running cmd (subprocess): /opt/stack/data/venv/bin/python3.12 -m oslo_concurrency.prlimit --as=1073741824 --cpu=60 -- sudo cinder-rootwrap /etc/cinder/rootwrap.conf env LC_ALL=C qemu-img info -f qcow2 --output=json --force-share /opt/stack/data/cinder/mnt/f515e4527743d2bf728c5675e81e8d71/volume-e21f3db5-70f8-4f2f-b52f-0d667be3a755 {{(pid=87007) execute /opt/stack/data/venv/lib/python3.12/site-packages/oslo_concurrency/processutils.py:440}}
Sep 03 14:23:03 devstack sudo[94113]: quobyte : PWD=/ ; USER=root ; COMMAND=/opt/stack/data/venv/bin/cinder-rootwrap /etc/cinder/rootwrap.conf env LC_ALL=C qemu-img info -f qcow2 --output=json --force-share /opt/stack/data/cinder/mnt/f515e4527743d2bf728c5675e81e8d71/volume-e21f3db5-70f8-4f2f-b52f-0d667be3a755
Sep 03 14:23:03 devstack sudo[94113]: pam_unix(sudo:session): session opened for user root(uid=0) by (uid=1000)
Sep 03 14:23:04 devstack sudo[94111]: pam_unix(sudo:session): session closed for user root
Sep 03 14:23:04 devstack cinder-volume[87007]: DEBUG oslo_concurrency.processutils [None req-a6dd0f21-4dbe-48de-8a29-4e01e9809623 tempest-GroupSnapshotsTest-801703735 None] CMD "sudo cinder-rootwrap /etc/cinder/rootwrap.conf chmod ugo+rw /opt/stack/data/cinder/mnt/f515e4527743d2bf728c5675e81e8d71/volume-6dfe970a-1f45-4246-b4fa-d8fcf197b17c.3a0dd3aa-ec8a-4e3a-8a35-42bac6388031" returned: 0 in 0.504s {{(pid=87007) execute /opt/stack/data/venv/lib/python3.12/site-packages/oslo_concurrency/processutils.py:468}}
Sep 03 14:23:04 devstack cinder-volume[87007]: DEBUG oslo_concurrency.processutils [None req-a6dd0f21-4dbe-48de-8a29-4e01e9809623 tempest-GroupSnapshotsTest-801703735 None] Running cmd (subprocess): sudo cinder-rootwrap /etc/cinder/rootwrap.conf truncate -s0 /opt/stack/data/cinder/mnt/f515e4527743d2bf728c5675e81e8d71/volume-6dfe970a-1f45-4246-b4fa-d8fcf197b17c.info {{(pid=87007) execute /opt/stack/data/venv/lib/python3.12/site-packages/oslo_concurrency/processutils.py:440}}
Sep 03 14:23:04 devstack sudo[94117]: quobyte : PWD=/ ; USER=root ; COMMAND=/opt/stack/data/venv/bin/cinder-rootwrap /etc/cinder/rootwrap.conf truncate -s0 /opt/stack/data/cinder/mnt/f515e4527743d2bf728c5675e81e8d71/volume-6dfe970a-1f45-4246-b4fa-d8fcf197b17c.info
Sep 03 14:23:04 devstack sudo[94117]: pam_unix(sudo:session): session opened for user root(uid=0) by (uid=1000)
Sep 03 14:23:04 devstack sudo[94113]: pam_unix(sudo:session): session closed for user root
Sep 03 14:23:04 devstack cinder-volume[87007]: DEBUG oslo_concurrency.processutils [None req-9a0140b9-e795-4b12-a861-701d9bb2d37e tempest-VolumeSnapshotQuotasNegativeTestJSON-1494274100 None] CMD "/opt/stack/data/venv/bin/python3.12 -m oslo_concurrency.prlimit --as=1073741824 --cpu=60 -- sudo cinder-rootwrap /etc/cinder/rootwrap.conf env LC_ALL=C qemu-img info -f qcow2 --output=json --force-share /opt/stack/data/cinder/mnt/f515e4527743d2bf728c5675e81e8d71/volume-e21f3db5-70f8-4f2f-b52f-0d667be3a755" returned: 0 in 0.747s {{(pid=87007) execute /opt/stack/data/venv/lib/python3.12/site-packages/oslo_concurrency/processutils.py:468}}
Sep 03 14:23:04 devstack cinder-volume[87007]: DEBUG oslo_concurrency.processutils [None req-9a0140b9-e795-4b12-a861-701d9bb2d37e tempest-VolumeSnapshotQuotasNegativeTestJSON-1494274100 None] Running cmd (subprocess): sudo cinder-rootwrap /etc/cinder/rootwrap.conf qemu-img commit -d /opt/stack/data/cinder/mnt/f515e4527743d2bf728c5675e81e8d71/volume-e21f3db5-70f8-4f2f-b52f-0d667be3a755.58164875-3056-4fd4-911c-0f0b11b5d36d {{(pid=87007) execute /opt/stack/data/venv/lib/python3.12/site-packages/oslo_concurrency/processutils.py:440}}
Sep 03 14:23:04 devstack sudo[94122]: quobyte : PWD=/ ; USER=root ; COMMAND=/opt/stack/data/venv/bin/cinder-rootwrap /etc/cinder/rootwrap.conf qemu-img commit -d /opt/stack/data/cinder/mnt/f515e4527743d2bf728c5675e81e8d71/volume-e21f3db5-70f8-4f2f-b52f-0d667be3a755.58164875-3056-4fd4-911c-0f0b11b5d36d
Sep 03 14:23:04 devstack sudo[94122]: pam_unix(sudo:session): session opened for user root(uid=0) by (uid=1000)
Sep 03 14:23:04 devstack sudo[94117]: pam_unix(sudo:session): session closed for user root
Sep 03 14:23:04 devstack cinder-volume[87007]: DEBUG oslo_concurrency.processutils [None req-a6dd0f21-4dbe-48de-8a29-4e01e9809623 tempest-GroupSnapshotsTest-801703735 None] CMD "sudo cinder-rootwrap /etc/cinder/rootwrap.conf truncate -s0 /opt/stack/data/cinder/mnt/f515e4527743d2bf728c5675e81e8d71/volume-6dfe970a-1f45-4246-b4fa-d8fcf197b17c.info" returned: 0 in 0.356s {{(pid=87007) execute /opt/stack/data/venv/lib/python3.12/site-packages/oslo_concurrency/processutils.py:468}}
Sep 03 14:23:04 devstack cinder-volume[87007]: WARNING cinder.volume.drivers.remotefs [None req-a6dd0f21-4dbe-48de-8a29-4e01e9809623 tempest-GroupSnapshotsTest-801703735 None] /opt/stack/data/cinder/mnt/f515e4527743d2bf728c5675e81e8d71/volume-6dfe970a-1f45-4246-b4fa-d8fcf197b17c.info is being set with open permissions: ugo+rw: NotImplementedError
Sep 03 14:23:04 devstack cinder-volume[87007]: DEBUG oslo_concurrency.processutils [None req-a6dd0f21-4dbe-48de-8a29-4e01e9809623 tempest-GroupSnapshotsTest-801703735 None] Running cmd (subprocess): sudo cinder-rootwrap /etc/cinder/rootwrap.conf chmod ugo+rw /opt/stack/data/cinder/mnt/f515e4527743d2bf728c5675e81e8d71/volume-6dfe970a-1f45-4246-b4fa-d8fcf197b17c.info {{(pid=87007) execute /opt/stack/data/venv/lib/python3.12/site-packages/oslo_concurrency/processutils.py:440}}
Sep 03 14:23:04 devstack sudo[94125]: quobyte : PWD=/ ; USER=root ; COMMAND=/opt/stack/data/venv/bin/cinder-rootwrap /etc/cinder/rootwrap.conf chmod ugo+rw /opt/stack/data/cinder/mnt/f515e4527743d2bf728c5675e81e8d71/volume-6dfe970a-1f45-4246-b4fa-d8fcf197b17c.info
Sep 03 14:23:04 devstack sudo[94125]: pam_unix(sudo:session): session opened for user root(uid=0) by (uid=1000)
Sep 03 14:23:05 devstack sudo[94125]: pam_unix(sudo:session): session closed for user root
Sep 03 14:23:05 devstack cinder-volume[87007]: DEBUG oslo_concurrency.processutils [None req-a6dd0f21-4dbe-48de-8a29-4e01e9809623 tempest-GroupSnapshotsTest-801703735 None] CMD "sudo cinder-rootwrap /etc/cinder/rootwrap.conf chmod ugo+rw /opt/stack/data/cinder/mnt/f515e4527743d2bf728c5675e81e8d71/volume-6dfe970a-1f45-4246-b4fa-d8fcf197b17c.info" returned: 0 in 0.459s {{(pid=87007) execute /opt/stack/data/venv/lib/python3.12/site-packages/oslo_concurrency/processutils.py:468}}
Sep 03 14:23:05 devstack sudo[94122]: pam_unix(sudo:session): session closed for user root
Sep 03 14:23:05 devstack cinder-volume[87007]: DEBUG oslo_concurrency.lockutils [None req-a6dd0f21-4dbe-48de-8a29-4e01e9809623 tempest-GroupSnapshotsTest-801703735 None] Lock "quobyte" "released" by "cinder.volume.drivers.quobyte.QuobyteDriver.create_snapshot" :: held 3.559s {{(pid=87007) inner /opt/stack/data/venv/lib/python3.12/site-packages/oslo_concurrency/lockutils.py:544}}
Sep 03 14:23:05 devstack cinder-volume[87007]: DEBUG oslo_concurrency.lockutils [None req-a6dd0f21-4dbe-48de-8a29-4e01e9809623 tempest-GroupSnapshotsTest-801703735 None] Acquiring lock "quobyte" by "cinder.volume.drivers.quobyte.QuobyteDriver.create_snapshot" {{(pid=87007) inner /opt/stack/data/venv/lib/python3.12/site-packages/oslo_concurrency/lockutils.py:512}}
Sep 03 14:23:05 devstack cinder-volume[87007]: DEBUG oslo_concurrency.lockutils [None req-a6dd0f21-4dbe-48de-8a29-4e01e9809623 tempest-GroupSnapshotsTest-801703735 None] Lock "quobyte" acquired by "cinder.volume.drivers.quobyte.QuobyteDriver.create_snapshot" :: waited 0.001s {{(pid=87007) inner /opt/stack/data/venv/lib/python3.12/site-packages/oslo_concurrency/lockutils.py:525}}
Sep 03 14:23:05 devstack cinder-volume[87007]: DEBUG oslo_concurrency.processutils [None req-9a0140b9-e795-4b12-a861-701d9bb2d37e tempest-VolumeSnapshotQuotasNegativeTestJSON-1494274100 None] CMD "sudo cinder-rootwrap /etc/cinder/rootwrap.conf qemu-img commit -d /opt/stack/data/cinder/mnt/f515e4527743d2bf728c5675e81e8d71/volume-e21f3db5-70f8-4f2f-b52f-0d667be3a755.58164875-3056-4fd4-911c-0f0b11b5d36d" returned: 0 in 0.594s {{(pid=87007) execute /opt/stack/data/venv/lib/python3.12/site-packages/oslo_concurrency/processutils.py:468}}
Sep 03 14:23:05 devstack cinder-volume[87007]: DEBUG oslo_concurrency.processutils [None req-9a0140b9-e795-4b12-a861-701d9bb2d37e tempest-VolumeSnapshotQuotasNegativeTestJSON-1494274100 None] Running cmd (subprocess): sudo cinder-rootwrap /etc/cinder/rootwrap.conf rm -f /opt/stack/data/cinder/mnt/f515e4527743d2bf728c5675e81e8d71/volume-e21f3db5-70f8-4f2f-b52f-0d667be3a755.58164875-3056-4fd4-911c-0f0b11b5d36d {{(pid=87007) execute /opt/stack/data/venv/lib/python3.12/site-packages/oslo_concurrency/processutils.py:440}}
Sep 03 14:23:05 devstack cinder-volume[87007]: DEBUG cinder.volume.drivers.remotefs [None req-a6dd0f21-4dbe-48de-8a29-4e01e9809623 tempest-GroupSnapshotsTest-801703735 None] Creating offline snapshot d1f71d2c-f7fa-43f3-9582-16415e8b8e24 of volume 2890ad24-8aaa-4486-bef6-82028eee1608 {{(pid=87007) _create_snapshot /opt/stack/cinder/cinder/volume/drivers/remotefs.py:1816}}
Sep 03 14:23:05 devstack sudo[94131]: quobyte : PWD=/ ; USER=root ; COMMAND=/opt/stack/data/venv/bin/cinder-rootwrap /etc/cinder/rootwrap.conf rm -f /opt/stack/data/cinder/mnt/f515e4527743d2bf728c5675e81e8d71/volume-e21f3db5-70f8-4f2f-b52f-0d667be3a755.58164875-3056-4fd4-911c-0f0b11b5d36d
Sep 03 14:23:05 devstack sudo[94131]: pam_unix(sudo:session): session opened for user root(uid=0) by (uid=1000)
Sep 03 14:23:05 devstack cinder-volume[87007]: DEBUG oslo.privsep.daemon [-] privsep: reply[588547b4-46f7-45e8-bbea-f5144b5535e9]: (4, 'qcow2') {{(pid=88654) _call_back /opt/stack/data/venv/lib/python3.12/site-packages/oslo_privsep/daemon.py:580}}
Sep 03 14:23:05 devstack cinder-volume[87007]: DEBUG oslo_concurrency.processutils [None req-a6dd0f21-4dbe-48de-8a29-4e01e9809623 tempest-GroupSnapshotsTest-801703735 None] Running cmd (subprocess): /opt/stack/data/venv/bin/python3.12 -m oslo_concurrency.prlimit --as=1073741824 --cpu=60 -- sudo cinder-rootwrap /etc/cinder/rootwrap.conf env LC_ALL=C qemu-img info -f qcow2 --output=json --force-share /opt/stack/data/cinder/mnt/f515e4527743d2bf728c5675e81e8d71/volume-2890ad24-8aaa-4486-bef6-82028eee1608 {{(pid=87007) execute /opt/stack/data/venv/lib/python3.12/site-packages/oslo_concurrency/processutils.py:440}}
Sep 03 14:23:05 devstack sudo[94133]: quobyte : PWD=/ ; USER=root ; COMMAND=/opt/stack/data/venv/bin/cinder-rootwrap /etc/cinder/rootwrap.conf env LC_ALL=C qemu-img info -f qcow2 --output=json --force-share /opt/stack/data/cinder/mnt/f515e4527743d2bf728c5675e81e8d71/volume-2890ad24-8aaa-4486-bef6-82028eee1608
Sep 03 14:23:05 devstack sudo[94133]: pam_unix(sudo:session): session opened for user root(uid=0) by (uid=1000)
Sep 03 14:23:05 devstack sudo[94131]: pam_unix(sudo:session): session closed for user root
Sep 03 14:23:05 devstack cinder-volume[87007]: DEBUG oslo_concurrency.processutils [None req-9a0140b9-e795-4b12-a861-701d9bb2d37e tempest-VolumeSnapshotQuotasNegativeTestJSON-1494274100 None] CMD "sudo cinder-rootwrap /etc/cinder/rootwrap.conf rm -f /opt/stack/data/cinder/mnt/f515e4527743d2bf728c5675e81e8d71/volume-e21f3db5-70f8-4f2f-b52f-0d667be3a755.58164875-3056-4fd4-911c-0f0b11b5d36d" returned: 0 in 0.382s {{(pid=87007) execute /opt/stack/data/venv/lib/python3.12/site-packages/oslo_concurrency/processutils.py:468}}
Sep 03 14:23:05 devstack cinder-volume[87007]: DEBUG cinder.coordination [None req-9a0140b9-e795-4b12-a861-701d9bb2d37e tempest-VolumeSnapshotQuotasNegativeTestJSON-1494274100 None] Lock "cinder-quobyte-58164875-3056-4fd4-911c-0f0b11b5d36d" released by "_delete_snapshot" :: held 2.597s {{(pid=87007) __release /opt/stack/cinder/cinder/coordination.py:152}}
Sep 03 14:23:05 devstack cinder-volume[87007]: DEBUG cinder.coordination [None req-9a0140b9-e795-4b12-a861-701d9bb2d37e tempest-VolumeSnapshotQuotasNegativeTestJSON-1494274100 None] Lock "cinder-quobyte-e21f3db5-70f8-4f2f-b52f-0d667be3a755" released by "delete_snapshot" :: held 2.651s {{(pid=87007) __release /opt/stack/cinder/cinder/coordination.py:152}}
Sep 03 14:23:05 devstack cinder-volume[87007]: DEBUG cinder.quota [None req-9a0140b9-e795-4b12-a861-701d9bb2d37e tempest-VolumeSnapshotQuotasNegativeTestJSON-1494274100 None] Created reservations ['3ec3ed7e-984a-49d3-bb33-e54486046a5a', '60b81e73-f69c-4792-adc8-63338e4bb533', 'cc04f656-4eab-44ad-93ea-128b3bdbb3c8', '0d04fa03-acf1-4525-8670-50dc9aa1c8c4'] {{(pid=87007) reserve /opt/stack/cinder/cinder/quota.py:752}}
Sep 03 14:23:05 devstack sudo[94133]: pam_unix(sudo:session): session closed for user root
Sep 03 14:23:05 devstack cinder-volume[87007]: DEBUG oslo_concurrency.processutils [None req-a6dd0f21-4dbe-48de-8a29-4e01e9809623 tempest-GroupSnapshotsTest-801703735 None] CMD "/opt/stack/data/venv/bin/python3.12 -m oslo_concurrency.prlimit --as=1073741824 --cpu=60 -- sudo cinder-rootwrap /etc/cinder/rootwrap.conf env LC_ALL=C qemu-img info -f qcow2 --output=json --force-share /opt/stack/data/cinder/mnt/f515e4527743d2bf728c5675e81e8d71/volume-2890ad24-8aaa-4486-bef6-82028eee1608" returned: 0 in 0.528s {{(pid=87007) execute /opt/stack/data/venv/lib/python3.12/site-packages/oslo_concurrency/processutils.py:468}}
Sep 03 14:23:05 devstack cinder-volume[87007]: DEBUG oslo_concurrency.processutils [None req-a6dd0f21-4dbe-48de-8a29-4e01e9809623 tempest-GroupSnapshotsTest-801703735 None] Running cmd (subprocess): sudo cinder-rootwrap /etc/cinder/rootwrap.conf qemu-img create -f qcow2 -o backing_file=/opt/stack/data/cinder/mnt/f515e4527743d2bf728c5675e81e8d71/volume-2890ad24-8aaa-4486-bef6-82028eee1608,backing_fmt=qcow2 /opt/stack/data/cinder/mnt/f515e4527743d2bf728c5675e81e8d71/volume-2890ad24-8aaa-4486-bef6-82028eee1608.d1f71d2c-f7fa-43f3-9582-16415e8b8e24 1G {{(pid=87007) execute /opt/stack/data/venv/lib/python3.12/site-packages/oslo_concurrency/processutils.py:440}}
Sep 03 14:23:05 devstack cinder-volume[87007]: INFO cinder.volume.manager [None req-9a0140b9-e795-4b12-a861-701d9bb2d37e tempest-VolumeSnapshotQuotasNegativeTestJSON-1494274100 None] Delete snapshot completed successfully.
Sep 03 14:23:05 devstack sudo[94140]: quobyte : PWD=/ ; USER=root ; COMMAND=/opt/stack/data/venv/bin/cinder-rootwrap /etc/cinder/rootwrap.conf qemu-img create -f qcow2 -o backing_file=/opt/stack/data/cinder/mnt/f515e4527743d2bf728c5675e81e8d71/volume-2890ad24-8aaa-4486-bef6-82028eee1608,backing_fmt=qcow2 /opt/stack/data/cinder/mnt/f515e4527743d2bf728c5675e81e8d71/volume-2890ad24-8aaa-4486-bef6-82028eee1608.d1f71d2c-f7fa-43f3-9582-16415e8b8e24 1G
Sep 03 14:23:05 devstack cinder-volume[87007]: DEBUG cinder.coordination [None req-9a0140b9-e795-4b12-a861-701d9bb2d37e tempest-VolumeSnapshotQuotasNegativeTestJSON-1494274100 None] Lock "cinder-58164875-3056-4fd4-911c-0f0b11b5d36d-delete_snapshot" released by "delete_snapshot" :: held 2.874s {{(pid=87007) __release /opt/stack/cinder/cinder/coordination.py:152}}
Sep 03 14:23:05 devstack sudo[94140]: pam_unix(sudo:session): session opened for user root(uid=0) by (uid=1000)
Sep 03 14:23:06 devstack cinder-volume[87007]: DEBUG cinder.coordination [None req-2a50987d-c64c-4f56-88c7-4b5f5abf55c2 tempest-VolumeSnapshotQuotasNegativeTestJSON-1494274100 None] Acquiring lock "cinder-e21f3db5-70f8-4f2f-b52f-0d667be3a755-delete_volume" by "delete_volume" {{(pid=87007) __acquire /opt/stack/cinder/cinder/coordination.py:138}}
Sep 03 14:23:06 devstack cinder-volume[87007]: DEBUG cinder.coordination [None req-2a50987d-c64c-4f56-88c7-4b5f5abf55c2 tempest-VolumeSnapshotQuotasNegativeTestJSON-1494274100 None] Lock "cinder-e21f3db5-70f8-4f2f-b52f-0d667be3a755-delete_volume" acquired by "delete_volume" :: waited 0.029s {{(pid=87007) __acquire /opt/stack/cinder/cinder/coordination.py:141}}
Sep 03 14:23:06 devstack cinder-volume[87007]: DEBUG cinder.coordination [None req-2a50987d-c64c-4f56-88c7-4b5f5abf55c2 tempest-VolumeSnapshotQuotasNegativeTestJSON-1494274100 None] Acquiring lock "cinder-quobyte-e21f3db5-70f8-4f2f-b52f-0d667be3a755" by "delete_volume" {{(pid=87007) __acquire /opt/stack/cinder/cinder/coordination.py:138}}
Sep 03 14:23:06 devstack cinder-volume[87007]: DEBUG cinder.coordination [None req-2a50987d-c64c-4f56-88c7-4b5f5abf55c2 tempest-VolumeSnapshotQuotasNegativeTestJSON-1494274100 None] Lock "cinder-quobyte-e21f3db5-70f8-4f2f-b52f-0d667be3a755" acquired by "delete_volume" :: waited 0.014s {{(pid=87007) __acquire /opt/stack/cinder/cinder/coordination.py:141}}
Sep 03 14:23:06 devstack cinder-volume[87007]: DEBUG oslo.privsep.daemon [-] privsep: reply[d269b14d-4d90-4c16-85a0-2d0c8b1c631d]: (4, 'qcow2') {{(pid=88654) _call_back /opt/stack/data/venv/lib/python3.12/site-packages/oslo_privsep/daemon.py:580}}
Sep 03 14:23:06 devstack cinder-volume[87007]: DEBUG oslo_concurrency.processutils [None req-2a50987d-c64c-4f56-88c7-4b5f5abf55c2 tempest-VolumeSnapshotQuotasNegativeTestJSON-1494274100 None] Running cmd (subprocess): /opt/stack/data/venv/bin/python3.12 -m oslo_concurrency.prlimit --as=1073741824 --cpu=60 -- sudo cinder-rootwrap /etc/cinder/rootwrap.conf env LC_ALL=C qemu-img info -f qcow2 --output=json --force-share /opt/stack/data/cinder/mnt/f515e4527743d2bf728c5675e81e8d71/volume-e21f3db5-70f8-4f2f-b52f-0d667be3a755 {{(pid=87007) execute /opt/stack/data/venv/lib/python3.12/site-packages/oslo_concurrency/processutils.py:440}}
Sep 03 14:23:06 devstack sudo[94140]: pam_unix(sudo:session): session closed for user root
Sep 03 14:23:06 devstack cinder-volume[87007]: DEBUG oslo_concurrency.processutils [None req-a6dd0f21-4dbe-48de-8a29-4e01e9809623 tempest-GroupSnapshotsTest-801703735 None] CMD "sudo cinder-rootwrap /etc/cinder/rootwrap.conf qemu-img create -f qcow2 -o backing_file=/opt/stack/data/cinder/mnt/f515e4527743d2bf728c5675e81e8d71/volume-2890ad24-8aaa-4486-bef6-82028eee1608,backing_fmt=qcow2 /opt/stack/data/cinder/mnt/f515e4527743d2bf728c5675e81e8d71/volume-2890ad24-8aaa-4486-bef6-82028eee1608.d1f71d2c-f7fa-43f3-9582-16415e8b8e24 1G" returned: 0 in 0.735s {{(pid=87007) execute /opt/stack/data/venv/lib/python3.12/site-packages/oslo_concurrency/processutils.py:468}}
Sep 03 14:23:06 devstack cinder-volume[87007]: DEBUG oslo_concurrency.processutils [None req-a6dd0f21-4dbe-48de-8a29-4e01e9809623 tempest-GroupSnapshotsTest-801703735 None] Running cmd (subprocess): sudo cinder-rootwrap /etc/cinder/rootwrap.conf qemu-img rebase -u -b volume-2890ad24-8aaa-4486-bef6-82028eee1608 -F qcow2 /opt/stack/data/cinder/mnt/f515e4527743d2bf728c5675e81e8d71/volume-2890ad24-8aaa-4486-bef6-82028eee1608.d1f71d2c-f7fa-43f3-9582-16415e8b8e24 {{(pid=87007) execute /opt/stack/data/venv/lib/python3.12/site-packages/oslo_concurrency/processutils.py:440}}
Sep 03 14:23:06 devstack sudo[94149]: quobyte : PWD=/ ; USER=root ; COMMAND=/opt/stack/data/venv/bin/cinder-rootwrap /etc/cinder/rootwrap.conf qemu-img rebase -u -b volume-2890ad24-8aaa-4486-bef6-82028eee1608 -F qcow2 /opt/stack/data/cinder/mnt/f515e4527743d2bf728c5675e81e8d71/volume-2890ad24-8aaa-4486-bef6-82028eee1608.d1f71d2c-f7fa-43f3-9582-16415e8b8e24
Sep 03 14:23:06 devstack sudo[94149]: pam_unix(sudo:session): session opened for user root(uid=0) by (uid=1000)
Sep 03 14:23:06 devstack sudo[94148]: quobyte : PWD=/ ; USER=root ; COMMAND=/opt/stack/data/venv/bin/cinder-rootwrap /etc/cinder/rootwrap.conf env LC_ALL=C qemu-img info -f qcow2 --output=json --force-share /opt/stack/data/cinder/mnt/f515e4527743d2bf728c5675e81e8d71/volume-e21f3db5-70f8-4f2f-b52f-0d667be3a755
Sep 03 14:23:06 devstack sudo[94148]: pam_unix(sudo:session): session opened for user root(uid=0) by (uid=1000)
Sep 03 14:23:07 devstack sudo[94149]: pam_unix(sudo:session): session closed for user root
Sep 03 14:23:07 devstack cinder-volume[87007]: DEBUG oslo_concurrency.processutils [None req-a6dd0f21-4dbe-48de-8a29-4e01e9809623 tempest-GroupSnapshotsTest-801703735 None] CMD "sudo cinder-rootwrap /etc/cinder/rootwrap.conf qemu-img rebase -u -b volume-2890ad24-8aaa-4486-bef6-82028eee1608 -F qcow2 /opt/stack/data/cinder/mnt/f515e4527743d2bf728c5675e81e8d71/volume-2890ad24-8aaa-4486-bef6-82028eee1608.d1f71d2c-f7fa-43f3-9582-16415e8b8e24" returned: 0 in 0.731s {{(pid=87007) execute /opt/stack/data/venv/lib/python3.12/site-packages/oslo_concurrency/processutils.py:468}}
Sep 03 14:23:07 devstack cinder-volume[87007]: WARNING cinder.volume.drivers.remotefs [None req-a6dd0f21-4dbe-48de-8a29-4e01e9809623 tempest-GroupSnapshotsTest-801703735 None] /opt/stack/data/cinder/mnt/f515e4527743d2bf728c5675e81e8d71/volume-2890ad24-8aaa-4486-bef6-82028eee1608.d1f71d2c-f7fa-43f3-9582-16415e8b8e24 is being set with open permissions: ugo+rw: NotImplementedError
Sep 03 14:23:07 devstack cinder-volume[87007]: DEBUG oslo_concurrency.processutils [None req-a6dd0f21-4dbe-48de-8a29-4e01e9809623 tempest-GroupSnapshotsTest-801703735 None] Running cmd (subprocess): sudo cinder-rootwrap /etc/cinder/rootwrap.conf chmod ugo+rw /opt/stack/data/cinder/mnt/f515e4527743d2bf728c5675e81e8d71/volume-2890ad24-8aaa-4486-bef6-82028eee1608.d1f71d2c-f7fa-43f3-9582-16415e8b8e24 {{(pid=87007) execute /opt/stack/data/venv/lib/python3.12/site-packages/oslo_concurrency/processutils.py:440}}
Sep 03 14:23:07 devstack sudo[94197]: quobyte : PWD=/ ; USER=root ; COMMAND=/opt/stack/data/venv/bin/cinder-rootwrap /etc/cinder/rootwrap.conf chmod ugo+rw /opt/stack/data/cinder/mnt/f515e4527743d2bf728c5675e81e8d71/volume-2890ad24-8aaa-4486-bef6-82028eee1608.d1f71d2c-f7fa-43f3-9582-16415e8b8e24
Sep 03 14:23:07 devstack sudo[94197]: pam_unix(sudo:session): session opened for user root(uid=0) by (uid=1000)
Sep 03 14:23:07 devstack sudo[94148]: pam_unix(sudo:session): session closed for user root
Sep 03 14:23:07 devstack cinder-volume[87007]: DEBUG oslo_concurrency.processutils [None req-2a50987d-c64c-4f56-88c7-4b5f5abf55c2 tempest-VolumeSnapshotQuotasNegativeTestJSON-1494274100 None] CMD "/opt/stack/data/venv/bin/python3.12 -m oslo_concurrency.prlimit --as=1073741824 --cpu=60 -- sudo cinder-rootwrap /etc/cinder/rootwrap.conf env LC_ALL=C qemu-img info -f qcow2 --output=json --force-share /opt/stack/data/cinder/mnt/f515e4527743d2bf728c5675e81e8d71/volume-e21f3db5-70f8-4f2f-b52f-0d667be3a755" returned: 0 in 0.934s {{(pid=87007) execute /opt/stack/data/venv/lib/python3.12/site-packages/oslo_concurrency/processutils.py:468}}
Sep 03 14:23:07 devstack cinder-volume[87007]: DEBUG oslo_concurrency.processutils [None req-2a50987d-c64c-4f56-88c7-4b5f5abf55c2 tempest-VolumeSnapshotQuotasNegativeTestJSON-1494274100 None] Running cmd (subprocess): sudo cinder-rootwrap /etc/cinder/rootwrap.conf rm -f /opt/stack/data/cinder/mnt/f515e4527743d2bf728c5675e81e8d71/volume-e21f3db5-70f8-4f2f-b52f-0d667be3a755 {{(pid=87007) execute /opt/stack/data/venv/lib/python3.12/site-packages/oslo_concurrency/processutils.py:440}}
Sep 03 14:23:07 devstack sudo[94212]: quobyte : PWD=/ ; USER=root ; COMMAND=/opt/stack/data/venv/bin/cinder-rootwrap /etc/cinder/rootwrap.conf rm -f /opt/stack/data/cinder/mnt/f515e4527743d2bf728c5675e81e8d71/volume-e21f3db5-70f8-4f2f-b52f-0d667be3a755
Sep 03 14:23:07 devstack sudo[94212]: pam_unix(sudo:session): session opened for user root(uid=0) by (uid=1000)
Sep 03 14:23:07 devstack sudo[94212]: pam_unix(sudo:session): session closed for user root
Sep 03 14:23:07 devstack cinder-volume[87007]: DEBUG oslo_concurrency.processutils [None req-2a50987d-c64c-4f56-88c7-4b5f5abf55c2 tempest-VolumeSnapshotQuotasNegativeTestJSON-1494274100 None] CMD "sudo cinder-rootwrap /etc/cinder/rootwrap.conf rm -f /opt/stack/data/cinder/mnt/f515e4527743d2bf728c5675e81e8d71/volume-e21f3db5-70f8-4f2f-b52f-0d667be3a755" returned: 0 in 0.416s {{(pid=87007) execute /opt/stack/data/venv/lib/python3.12/site-packages/oslo_concurrency/processutils.py:468}}
