Nov 13 19:50:35 devstack devstack@g-api.service[73154]: [uWSGI] getting INI configuration from /etc/glance/glance-uwsgi.ini
Nov 13 19:50:35 devstack devstack@g-api.service[73154]: *** Starting uWSGI 2.0.20-debian (64bit) on [Thu Nov 13 19:50:35 2025] ***
Nov 13 19:50:35 devstack devstack@g-api.service[73154]: compiled with version: 11.2.0 on 21 March 2022 11:00:44
Nov 13 19:50:35 devstack devstack@g-api.service[73154]: os: Linux-5.15.0-160-generic #170-Ubuntu SMP Wed Oct 1 10:06:56 UTC 2025
Nov 13 19:50:35 devstack devstack@g-api.service[73154]: nodename: devstack
Nov 13 19:50:35 devstack devstack@g-api.service[73154]: machine: x86_64
Nov 13 19:50:35 devstack devstack@g-api.service[73154]: clock source: unix
Nov 13 19:50:35 devstack devstack@g-api.service[73154]: pcre jit disabled
Nov 13 19:50:35 devstack devstack@g-api.service[73154]: detected number of CPU cores: 4
Nov 13 19:50:35 devstack devstack@g-api.service[73154]: current working directory: /
Nov 13 19:50:35 devstack devstack@g-api.service[73154]: detected binary path: /usr/bin/uwsgi-core
Nov 13 19:50:35 devstack devstack@g-api.service[73154]: your processes number limit is 47376
Nov 13 19:50:35 devstack devstack@g-api.service[73154]: your memory page size is 4096 bytes
Nov 13 19:50:35 devstack devstack@g-api.service[73154]: detected max file descriptor number: 2048
Nov 13 19:50:35 devstack devstack@g-api.service[73154]: lock engine: pthread robust mutexes
Nov 13 19:50:35 devstack devstack@g-api.service[73154]: thunder lock: enabled
Nov 13 19:50:35 devstack devstack@g-api.service[73154]: uwsgi socket 0 bound to TCP address 127.0.0.1:60999 fd 4
Nov 13 19:50:35 devstack devstack@g-api.service[73154]: Python version: 3.10.12 (main, Aug 15 2025, 14:32:43) [GCC 11.4.0]
Nov 13 19:50:35 devstack devstack@g-api.service[73154]: PEP 405 virtualenv detected: /opt/stack/data/venv
Nov 13 19:50:35 devstack devstack@g-api.service[73154]: Set PythonHome to /opt/stack/data/venv
Nov 13 19:50:35 devstack devstack@g-api.service[73154]: Python main interpreter initialized at 0x562a445216a0
Nov 13 19:50:35 devstack devstack@g-api.service[73154]: python threads support enabled
Nov 13 19:50:35 devstack devstack@g-api.service[73154]: your server socket listen backlog is limited to 100 connections
Nov 13 19:50:35 devstack devstack@g-api.service[73154]: your mercy for graceful operations on workers is 80 seconds
Nov 13 19:50:35 devstack devstack@g-api.service[73154]: mapped 403077 bytes (393 KB) for 2 cores
Nov 13 19:50:35 devstack devstack@g-api.service[73154]: *** Operational MODE: preforking ***
Nov 13 19:50:35 devstack devstack@g-api.service[73154]: *** uWSGI is running in multiple interpreter mode ***
Nov 13 19:50:35 devstack devstack@g-api.service[73154]: spawned uWSGI master process (pid: 73154)
Nov 13 19:50:35 devstack devstack@g-api.service[73154]: spawned uWSGI worker 1 (pid: 73159, cores: 1)
Nov 13 19:50:35 devstack devstack@g-api.service[73154]: spawned uWSGI worker 2 (pid: 73161, cores: 1)
Nov 13 19:50:35 devstack devstack@g-api.service[73154]: running "unix_signal:15 gracefully_kill_them_all" (master-start)...
Nov 13 19:50:36 devstack devstack@g-api.service[73161]: INFO glance.async_ [-] Threadpool model set to 'NativeThreadPoolModel'
Nov 13 19:50:36 devstack devstack@g-api.service[73159]: INFO glance.async_ [-] Threadpool model set to 'NativeThreadPoolModel'
Nov 13 19:50:36 devstack devstack@g-api.service[73161]: DEBUG oslo_concurrency.processutils [-] Running cmd (subprocess): grep -F node.session.scan /sbin/iscsiadm {{(pid=73161) execute /opt/stack/data/venv/lib/python3.10/site-packages/oslo_concurrency/processutils.py:349}}
Nov 13 19:50:36 devstack devstack@g-api.service[73159]: DEBUG oslo_concurrency.processutils [-] Running cmd (subprocess): grep -F node.session.scan /sbin/iscsiadm {{(pid=73159) execute /opt/stack/data/venv/lib/python3.10/site-packages/oslo_concurrency/processutils.py:349}}
Nov 13 19:50:36 devstack devstack@g-api.service[73161]: DEBUG oslo_concurrency.processutils [-] CMD "grep -F node.session.scan /sbin/iscsiadm" returned: 0 in 0.009s {{(pid=73161) execute /opt/stack/data/venv/lib/python3.10/site-packages/oslo_concurrency/processutils.py:372}}
Nov 13 19:50:36 devstack devstack@g-api.service[73159]: DEBUG oslo_concurrency.processutils [-] CMD "grep -F node.session.scan /sbin/iscsiadm" returned: 0 in 0.009s {{(pid=73159) execute /opt/stack/data/venv/lib/python3.10/site-packages/oslo_concurrency/processutils.py:372}}
Nov 13 19:50:37 devstack devstack@g-api.service[73159]: DEBUG glance_store.common.attachment_state_manager [-] Initialising _AttachmentStateManager {{(pid=73159) __init__ /opt/stack/data/venv/lib/python3.10/site-packages/glance_store/common/attachment_state_manager.py:86}}
Nov 13 19:50:37 devstack devstack@g-api.service[73161]: DEBUG glance_store.common.attachment_state_manager [-] Initialising _AttachmentStateManager {{(pid=73161) __init__ /opt/stack/data/venv/lib/python3.10/site-packages/glance_store/common/attachment_state_manager.py:86}}
Nov 13 19:50:37 devstack devstack@g-api.service[73159]: DEBUG glance_store.backend [-] Attempting to import store cinder {{(pid=73159) _load_store /opt/stack/data/venv/lib/python3.10/site-packages/glance_store/backend.py:215}}
Nov 13 19:50:37 devstack devstack@g-api.service[73159]: DEBUG glance_store.backend [-] Attempting to import store file {{(pid=73159) _load_store /opt/stack/data/venv/lib/python3.10/site-packages/glance_store/backend.py:215}}
Nov 13 19:50:37 devstack devstack@g-api.service[73159]: DEBUG glance_store.backend [-] Attempting to import store glance.store.cinder.Store {{(pid=73159) _load_store /opt/stack/data/venv/lib/python3.10/site-packages/glance_store/backend.py:215}}
Nov 13 19:50:37 devstack devstack@g-api.service[73159]: DEBUG glance_store.backend [-] Attempting to import store glance.store.filesystem.Store {{(pid=73159) _load_store /opt/stack/data/venv/lib/python3.10/site-packages/glance_store/backend.py:215}}
Nov 13 19:50:37 devstack devstack@g-api.service[73159]: DEBUG glance_store.backend [-] Attempting to import store glance.store.http.Store {{(pid=73159) _load_store /opt/stack/data/venv/lib/python3.10/site-packages/glance_store/backend.py:215}}
Nov 13 19:50:37 devstack devstack@g-api.service[73159]: DEBUG glance_store.backend [-] Attempting to import store glance.store.rbd.Store {{(pid=73159) _load_store /opt/stack/data/venv/lib/python3.10/site-packages/glance_store/backend.py:215}}
Nov 13 19:50:37 devstack devstack@g-api.service[73159]: DEBUG glance_store.backend [-] Attempting to import store glance.store.s3.Store {{(pid=73159) _load_store /opt/stack/data/venv/lib/python3.10/site-packages/glance_store/backend.py:215}}
Nov 13 19:50:37 devstack devstack@g-api.service[73159]: DEBUG glance_store.backend [-] Attempting to import store glance.store.swift.Store {{(pid=73159) _load_store /opt/stack/data/venv/lib/python3.10/site-packages/glance_store/backend.py:215}}
Nov 13 19:50:37 devstack devstack@g-api.service[73159]: DEBUG glance_store.backend [-] Attempting to import store glance.store.vmware_datastore.Store {{(pid=73159) _load_store /opt/stack/data/venv/lib/python3.10/site-packages/glance_store/backend.py:215}}
Nov 13 19:50:37 devstack devstack@g-api.service[73159]: DEBUG glance_store.backend [-] Attempting to import store http {{(pid=73159) _load_store /opt/stack/data/venv/lib/python3.10/site-packages/glance_store/backend.py:215}}
Nov 13 19:50:37 devstack devstack@g-api.service[73159]: DEBUG glance_store.backend [-] Attempting to import store no_conf {{(pid=73159) _load_store /opt/stack/data/venv/lib/python3.10/site-packages/glance_store/backend.py:215}}
Nov 13 19:50:37 devstack devstack@g-api.service[73159]: DEBUG glance_store.backend [-] Attempting to import store rbd {{(pid=73159) _load_store /opt/stack/data/venv/lib/python3.10/site-packages/glance_store/backend.py:215}}
Nov 13 19:50:37 devstack devstack@g-api.service[73159]: DEBUG glance_store.backend [-] Attempting to import store s3 {{(pid=73159) _load_store /opt/stack/data/venv/lib/python3.10/site-packages/glance_store/backend.py:215}}
Nov 13 19:50:37 devstack devstack@g-api.service[73159]: DEBUG glance_store.backend [-] Attempting to import store swift {{(pid=73159) _load_store /opt/stack/data/venv/lib/python3.10/site-packages/glance_store/backend.py:215}}
Nov 13 19:50:37 devstack devstack@g-api.service[73159]: DEBUG glance_store.backend [-] Attempting to import store vmware {{(pid=73159) _load_store /opt/stack/data/venv/lib/python3.10/site-packages/glance_store/backend.py:215}}
Nov 13 19:50:37 devstack devstack@g-api.service[73159]: DEBUG glance_store.backend [-] Registering options for group glance_store {{(pid=73159) register_opts /opt/stack/data/venv/lib/python3.10/site-packages/glance_store/backend.py:144}}
Nov 13 19:50:37 devstack devstack@g-api.service[73159]: DEBUG glance_store.backend [-] Registering options for group glance_store {{(pid=73159) register_opts /opt/stack/data/venv/lib/python3.10/site-packages/glance_store/backend.py:144}}
Nov 13 19:50:37 devstack devstack@g-api.service[73159]: DEBUG glance_store.backend [-] Attempting to import store http {{(pid=73159) _load_store /opt/stack/data/venv/lib/python3.10/site-packages/glance_store/backend.py:215}}
Nov 13 19:50:37 devstack devstack@g-api.service[73159]: DEBUG glance_store.capabilities [-] Store glance_store._drivers.http.Store doesn't support updating dynamic storage capabilities. Please overwrite 'update_capabilities' method of the store to implement updating logics if needed. {{(pid=73159) update_capabilities /opt/stack/data/venv/lib/python3.10/site-packages/glance_store/capabilities.py:91}}
Nov 13 19:50:37 devstack devstack@g-api.service[73159]: DEBUG glance_store.backend [-] Registering store http with schemes ('http', 'https') {{(pid=73159) create_stores /opt/stack/data/venv/lib/python3.10/site-packages/glance_store/backend.py:261}}
Nov 13 19:50:37 devstack devstack@g-api.service[73159]: DEBUG glance_store.driver [-] Late loading location class glance_store._drivers.http.StoreLocation {{(pid=73159) get_store_location_class /opt/stack/data/venv/lib/python3.10/site-packages/glance_store/driver.py:134}}
Nov 13 19:50:37 devstack devstack@g-api.service[73159]: DEBUG glance_store.location [-] Registering scheme http with {'store': , 'location_class': , 'store_entry': 'http'} {{(pid=73159) register_scheme_map /opt/stack/data/venv/lib/python3.10/site-packages/glance_store/location.py:146}}
Nov 13 19:50:37 devstack devstack@g-api.service[73159]: DEBUG glance_store.location [-] Registering scheme https with {'store': , 'location_class': , 'store_entry': 'http'} {{(pid=73159) register_scheme_map /opt/stack/data/venv/lib/python3.10/site-packages/glance_store/location.py:146}}
Nov 13 19:50:37 devstack devstack@g-api.service[73159]: DEBUG glance_store.backend [-] Attempting to import store file {{(pid=73159) _load_store /opt/stack/data/venv/lib/python3.10/site-packages/glance_store/backend.py:215}}
Nov 13 19:50:37 devstack devstack@g-api.service[73161]: DEBUG glance_store.backend [-] Attempting to import store cinder {{(pid=73161) _load_store /opt/stack/data/venv/lib/python3.10/site-packages/glance_store/backend.py:215}}
Nov 13 19:50:37 devstack devstack@g-api.service[73161]: DEBUG glance_store.backend [-] Attempting to import store file {{(pid=73161) _load_store /opt/stack/data/venv/lib/python3.10/site-packages/glance_store/backend.py:215}}
Nov 13 19:50:37 devstack devstack@g-api.service[73159]: DEBUG glance_store.capabilities [-] Store glance_store._drivers.filesystem.Store doesn't support updating dynamic storage capabilities. Please overwrite 'update_capabilities' method of the store to implement updating logics if needed. {{(pid=73159) update_capabilities /opt/stack/data/venv/lib/python3.10/site-packages/glance_store/capabilities.py:91}}
Nov 13 19:50:37 devstack devstack@g-api.service[73161]: DEBUG glance_store.backend [-] Attempting to import store glance.store.cinder.Store {{(pid=73161) _load_store /opt/stack/data/venv/lib/python3.10/site-packages/glance_store/backend.py:215}}
Nov 13 19:50:37 devstack devstack@g-api.service[73161]: DEBUG glance_store.backend [-] Attempting to import store glance.store.filesystem.Store {{(pid=73161) _load_store /opt/stack/data/venv/lib/python3.10/site-packages/glance_store/backend.py:215}}
Nov 13 19:50:37 devstack devstack@g-api.service[73159]: DEBUG glance_store.backend [-] Registering store file with schemes ('file', 'filesystem') {{(pid=73159) create_stores /opt/stack/data/venv/lib/python3.10/site-packages/glance_store/backend.py:261}}
Nov 13 19:50:37 devstack devstack@g-api.service[73161]: DEBUG glance_store.backend [-] Attempting to import store glance.store.http.Store {{(pid=73161) _load_store /opt/stack/data/venv/lib/python3.10/site-packages/glance_store/backend.py:215}}
Nov 13 19:50:37 devstack devstack@g-api.service[73161]: DEBUG glance_store.backend [-] Attempting to import store glance.store.rbd.Store {{(pid=73161) _load_store /opt/stack/data/venv/lib/python3.10/site-packages/glance_store/backend.py:215}}
Nov 13 19:50:37 devstack devstack@g-api.service[73161]: DEBUG glance_store.backend [-] Attempting to import store glance.store.s3.Store {{(pid=73161) _load_store /opt/stack/data/venv/lib/python3.10/site-packages/glance_store/backend.py:215}}
Nov 13 19:50:37 devstack devstack@g-api.service[73159]: DEBUG glance_store.driver [-] Late loading location class glance_store._drivers.filesystem.StoreLocation {{(pid=73159) get_store_location_class /opt/stack/data/venv/lib/python3.10/site-packages/glance_store/driver.py:134}}
Nov 13 19:50:37 devstack devstack@g-api.service[73161]: DEBUG glance_store.backend [-] Attempting to import store glance.store.swift.Store {{(pid=73161) _load_store /opt/stack/data/venv/lib/python3.10/site-packages/glance_store/backend.py:215}}
Nov 13 19:50:37 devstack devstack@g-api.service[73161]: DEBUG glance_store.backend [-] Attempting to import store glance.store.vmware_datastore.Store {{(pid=73161) _load_store /opt/stack/data/venv/lib/python3.10/site-packages/glance_store/backend.py:215}}
Nov 13 19:50:37 devstack devstack@g-api.service[73161]: DEBUG glance_store.backend [-] Attempting to import store http {{(pid=73161) _load_store /opt/stack/data/venv/lib/python3.10/site-packages/glance_store/backend.py:215}}
Nov 13 19:50:37 devstack devstack@g-api.service[73159]: DEBUG glance_store.location [-] Registering scheme file with {'store': , 'location_class': , 'store_entry': 'file'} {{(pid=73159) register_scheme_map /opt/stack/data/venv/lib/python3.10/site-packages/glance_store/location.py:146}}
Nov 13 19:50:37 devstack devstack@g-api.service[73161]: DEBUG glance_store.backend [-] Attempting to import store no_conf {{(pid=73161) _load_store /opt/stack/data/venv/lib/python3.10/site-packages/glance_store/backend.py:215}}
Nov 13 19:50:37 devstack devstack@g-api.service[73161]: DEBUG glance_store.backend [-] Attempting to import store rbd {{(pid=73161) _load_store /opt/stack/data/venv/lib/python3.10/site-packages/glance_store/backend.py:215}}
Nov 13 19:50:37 devstack devstack@g-api.service[73161]: DEBUG glance_store.backend [-] Attempting to import store s3 {{(pid=73161) _load_store /opt/stack/data/venv/lib/python3.10/site-packages/glance_store/backend.py:215}}
Nov 13 19:50:37 devstack devstack@g-api.service[73159]: DEBUG glance_store.location [-] Registering scheme filesystem with {'store': , 'location_class': , 'store_entry': 'file'} {{(pid=73159) register_scheme_map /opt/stack/data/venv/lib/python3.10/site-packages/glance_store/location.py:146}}
Nov 13 19:50:37 devstack devstack@g-api.service[73161]: DEBUG glance_store.backend [-] Attempting to import store swift {{(pid=73161) _load_store /opt/stack/data/venv/lib/python3.10/site-packages/glance_store/backend.py:215}}
Nov 13 19:50:37 devstack devstack@g-api.service[73161]: DEBUG glance_store.backend [-] Attempting to import store vmware {{(pid=73161) _load_store /opt/stack/data/venv/lib/python3.10/site-packages/glance_store/backend.py:215}}
Nov 13 19:50:37 devstack devstack@g-api.service[73161]: DEBUG glance_store.backend [-] Registering options for group glance_store {{(pid=73161) register_opts /opt/stack/data/venv/lib/python3.10/site-packages/glance_store/backend.py:144}}
Nov 13 19:50:37 devstack devstack@g-api.service[73161]: DEBUG glance_store.backend [-] Registering options for group glance_store {{(pid=73161) register_opts /opt/stack/data/venv/lib/python3.10/site-packages/glance_store/backend.py:144}}
Nov 13 19:50:37 devstack devstack@g-api.service[73159]: DEBUG glance.sqlite_migration [-] SQLite caching database not located, skipping migration {{(pid=73159) get_db_path /opt/stack/glance/glance/sqlite_migration.py:68}}
Nov 13 19:50:37 devstack devstack@g-api.service[73159]: WARNING glance.common.wsgi_app [-] Import methods are enabled but staging directory /tmp/staging/ does not exist; Imports will fail!
Nov 13 19:50:37 devstack devstack@g-api.service[73161]: DEBUG glance_store.backend [-] Attempting to import store http {{(pid=73161) _load_store /opt/stack/data/venv/lib/python3.10/site-packages/glance_store/backend.py:215}}
Nov 13 19:50:37 devstack devstack@g-api.service[73161]: DEBUG glance_store.capabilities [-] Store glance_store._drivers.http.Store doesn't support updating dynamic storage capabilities. Please overwrite 'update_capabilities' method of the store to implement updating logics if needed. {{(pid=73161) update_capabilities /opt/stack/data/venv/lib/python3.10/site-packages/glance_store/capabilities.py:91}}
Nov 13 19:50:37 devstack devstack@g-api.service[73161]: DEBUG glance_store.backend [-] Registering store http with schemes ('http', 'https') {{(pid=73161) create_stores /opt/stack/data/venv/lib/python3.10/site-packages/glance_store/backend.py:261}}
Nov 13 19:50:37 devstack devstack@g-api.service[73161]: DEBUG glance_store.driver [-] Late loading location class glance_store._drivers.http.StoreLocation {{(pid=73161) get_store_location_class /opt/stack/data/venv/lib/python3.10/site-packages/glance_store/driver.py:134}}
Nov 13 19:50:37 devstack devstack@g-api.service[73161]: DEBUG glance_store.location [-] Registering scheme http with {'store': , 'location_class': , 'store_entry': 'http'} {{(pid=73161) register_scheme_map /opt/stack/data/venv/lib/python3.10/site-packages/glance_store/location.py:146}}
Nov 13 19:50:37 devstack devstack@g-api.service[73161]: DEBUG glance_store.location [-] Registering scheme https with {'store': , 'location_class': , 'store_entry': 'http'} {{(pid=73161) register_scheme_map /opt/stack/data/venv/lib/python3.10/site-packages/glance_store/location.py:146}}
Nov 13 19:50:37 devstack devstack@g-api.service[73161]: DEBUG glance_store.backend [-] Attempting to import store file {{(pid=73161) _load_store /opt/stack/data/venv/lib/python3.10/site-packages/glance_store/backend.py:215}}
Nov 13 19:50:37 devstack devstack@g-api.service[73161]: DEBUG glance_store.capabilities [-] Store glance_store._drivers.filesystem.Store doesn't support updating dynamic storage capabilities. Please overwrite 'update_capabilities' method of the store to implement updating logics if needed. {{(pid=73161) update_capabilities /opt/stack/data/venv/lib/python3.10/site-packages/glance_store/capabilities.py:91}}
Nov 13 19:50:37 devstack devstack@g-api.service[73161]: DEBUG glance_store.backend [-] Registering store file with schemes ('file', 'filesystem') {{(pid=73161) create_stores /opt/stack/data/venv/lib/python3.10/site-packages/glance_store/backend.py:261}}
Nov 13 19:50:37 devstack devstack@g-api.service[73161]: DEBUG glance_store.driver [-] Late loading location class glance_store._drivers.filesystem.StoreLocation {{(pid=73161) get_store_location_class /opt/stack/data/venv/lib/python3.10/site-packages/glance_store/driver.py:134}}
Nov 13 19:50:37 devstack devstack@g-api.service[73161]: DEBUG glance_store.location [-] Registering scheme file with {'store': , 'location_class': , 'store_entry': 'file'} {{(pid=73161) register_scheme_map /opt/stack/data/venv/lib/python3.10/site-packages/glance_store/location.py:146}}
Nov 13 19:50:37 devstack devstack@g-api.service[73161]: DEBUG glance_store.location [-] Registering scheme filesystem with {'store': , 'location_class': , 'store_entry': 'file'} {{(pid=73161) register_scheme_map /opt/stack/data/venv/lib/python3.10/site-packages/glance_store/location.py:146}}
Nov 13 19:50:37 devstack devstack@g-api.service[73161]: DEBUG glance.sqlite_migration [-] SQLite caching database not located, skipping migration {{(pid=73161) get_db_path /opt/stack/glance/glance/sqlite_migration.py:68}}
Nov 13 19:50:37 devstack devstack@g-api.service[73161]: WARNING glance.common.wsgi_app [-] Import methods are enabled but staging directory /tmp/staging/ does not exist; Imports will fail!
Nov 13 19:50:37 devstack devstack@g-api.service[73159]: DEBUG glance.common.config [None req-263b9bc9-4470-45fe-bd1b-a0de82fedcf8 None None] Loading glance-api-keystone+cachemanagement from /etc/glance/glance-api-paste.ini {{(pid=73159) load_paste_app /opt/stack/glance/glance/common/config.py:750}}
Nov 13 19:50:37 devstack devstack@g-api.service[73161]: DEBUG glance.common.config [None req-a662bf58-7b05-4bc4-b99a-cd9a4113a5d7 None None] Loading glance-api-keystone+cachemanagement from /etc/glance/glance-api-paste.ini {{(pid=73161) load_paste_app /opt/stack/glance/glance/common/config.py:750}}
Nov 13 19:50:38 devstack devstack@g-api.service[73161]: INFO glance.image_cache [None req-a662bf58-7b05-4bc4-b99a-cd9a4113a5d7 None None] Image cache loaded driver 'centralized_db'.
Nov 13 19:50:38 devstack devstack@g-api.service[73159]: INFO glance.image_cache [None req-263b9bc9-4470-45fe-bd1b-a0de82fedcf8 None None] Image cache loaded driver 'centralized_db'.
Nov 13 19:50:38 devstack devstack@g-api.service[73161]: INFO dbcounter [None req-a662bf58-7b05-4bc4-b99a-cd9a4113a5d7 None None] Registered counter for database glance
Nov 13 19:50:38 devstack devstack@g-api.service[73159]: INFO dbcounter [None req-263b9bc9-4470-45fe-bd1b-a0de82fedcf8 None None] Registered counter for database glance
Nov 13 19:50:38 devstack devstack@g-api.service[73161]: DEBUG oslo_db.sqlalchemy.engines [None req-a662bf58-7b05-4bc4-b99a-cd9a4113a5d7 None None] MySQL server mode set to STRICT_TRANS_TABLES,STRICT_ALL_TABLES,NO_ZERO_IN_DATE,NO_ZERO_DATE,ERROR_FOR_DIVISION_BY_ZERO,TRADITIONAL,NO_ENGINE_SUBSTITUTION {{(pid=73161) _check_effective_sql_mode /opt/stack/data/venv/lib/python3.10/site-packages/oslo_db/sqlalchemy/engines.py:397}}
Nov 13 19:50:38 devstack devstack@g-api.service[73159]: DEBUG oslo_db.sqlalchemy.engines [None req-263b9bc9-4470-45fe-bd1b-a0de82fedcf8 None None] MySQL server mode set to STRICT_TRANS_TABLES,STRICT_ALL_TABLES,NO_ZERO_IN_DATE,NO_ZERO_DATE,ERROR_FOR_DIVISION_BY_ZERO,TRADITIONAL,NO_ENGINE_SUBSTITUTION {{(pid=73159) _check_effective_sql_mode /opt/stack/data/venv/lib/python3.10/site-packages/oslo_db/sqlalchemy/engines.py:397}}
Nov 13 19:50:38 devstack devstack@g-api.service[73161]: DEBUG dbcounter [-] [73161] Writer thread running {{(pid=73161) stat_writer /opt/stack/data/venv/lib/python3.10/site-packages/dbcounter.py:102}}
Nov 13 19:50:38 devstack devstack@g-api.service[73159]: DEBUG dbcounter [-] [73159] Writer thread running {{(pid=73159) stat_writer /opt/stack/data/venv/lib/python3.10/site-packages/dbcounter.py:102}}
Nov 13 19:50:38 devstack devstack@g-api.service[73159]: DEBUG glance.image_cache.drivers.centralized_db [None req-263b9bc9-4470-45fe-bd1b-a0de82fedcf8 None None] Node reference is already recorded, ignoring it {{(pid=73159) configure /opt/stack/glance/glance/image_cache/drivers/centralized_db.py:71}}
Nov 13 19:50:38 devstack devstack@g-api.service[73161]: INFO glance.image_cache [None req-a662bf58-7b05-4bc4-b99a-cd9a4113a5d7 None None] Image cache loaded driver 'centralized_db'.
Nov 13 19:50:38 devstack devstack@g-api.service[73159]: INFO glance.image_cache [None req-263b9bc9-4470-45fe-bd1b-a0de82fedcf8 None None] Image cache loaded driver 'centralized_db'.
Nov 13 19:50:38 devstack devstack@g-api.service[73161]: DEBUG glance.image_cache.drivers.centralized_db [None req-a662bf58-7b05-4bc4-b99a-cd9a4113a5d7 None None] Node reference is already recorded, ignoring it {{(pid=73161) configure /opt/stack/glance/glance/image_cache/drivers/centralized_db.py:71}}
Nov 13 19:50:38 devstack devstack@g-api.service[73159]: DEBUG glance.image_cache.drivers.centralized_db [None req-263b9bc9-4470-45fe-bd1b-a0de82fedcf8 None None] Node reference is already recorded, ignoring it {{(pid=73159) configure /opt/stack/glance/glance/image_cache/drivers/centralized_db.py:71}}
Nov 13 19:50:38 devstack devstack@g-api.service[73161]: DEBUG glance.api.v2.cached_images [None req-a662bf58-7b05-4bc4-b99a-cd9a4113a5d7 None None] Started cache worker thread {{(pid=73161) __init__ /opt/stack/glance/glance/api/v2/cached_images.py:69}}
Nov 13 19:50:38 devstack devstack@g-api.service[73161]: INFO glance.image_cache [None req-a662bf58-7b05-4bc4-b99a-cd9a4113a5d7 None None] Image cache loaded driver 'centralized_db'.
Nov 13 19:50:38 devstack devstack@g-api.service[73159]: DEBUG glance.api.v2.cached_images [None req-263b9bc9-4470-45fe-bd1b-a0de82fedcf8 None None] Started cache worker thread {{(pid=73159) __init__ /opt/stack/glance/glance/api/v2/cached_images.py:69}}
Nov 13 19:50:38 devstack devstack@g-api.service[73159]: INFO glance.image_cache [None req-263b9bc9-4470-45fe-bd1b-a0de82fedcf8 None None] Image cache loaded driver 'centralized_db'.
Nov 13 19:50:39 devstack devstack@g-api.service[73161]: DEBUG glance.image_cache.drivers.centralized_db [None req-a662bf58-7b05-4bc4-b99a-cd9a4113a5d7 None None] Node reference is already recorded, ignoring it {{(pid=73161) configure /opt/stack/glance/glance/image_cache/drivers/centralized_db.py:71}}
Nov 13 19:50:39 devstack devstack@g-api.service[73159]: DEBUG glance.image_cache.drivers.centralized_db [None req-263b9bc9-4470-45fe-bd1b-a0de82fedcf8 None None] Node reference is already recorded, ignoring it {{(pid=73159) configure /opt/stack/glance/glance/image_cache/drivers/centralized_db.py:71}}
Nov 13 19:50:39 devstack devstack@g-api.service[73159]: INFO glance.api.middleware.cache_manage [None req-263b9bc9-4470-45fe-bd1b-a0de82fedcf8 None None] Initialized image cache management middleware
Nov 13 19:50:39 devstack devstack@g-api.service[73161]: INFO glance.api.middleware.cache_manage [None req-a662bf58-7b05-4bc4-b99a-cd9a4113a5d7 None None] Initialized image cache management middleware
Nov 13 19:50:39 devstack devstack@g-api.service[73159]: INFO glance.image_cache [None req-263b9bc9-4470-45fe-bd1b-a0de82fedcf8 None None] Image cache loaded driver 'centralized_db'.
Nov 13 19:50:39 devstack devstack@g-api.service[73161]: INFO glance.image_cache [None req-a662bf58-7b05-4bc4-b99a-cd9a4113a5d7 None None] Image cache loaded driver 'centralized_db'.
Nov 13 19:50:39 devstack devstack@g-api.service[73159]: DEBUG glance.image_cache.drivers.centralized_db [None req-263b9bc9-4470-45fe-bd1b-a0de82fedcf8 None None] Node reference is already recorded, ignoring it {{(pid=73159) configure /opt/stack/glance/glance/image_cache/drivers/centralized_db.py:71}}
Nov 13 19:50:39 devstack devstack@g-api.service[73161]: DEBUG glance.image_cache.drivers.centralized_db [None req-a662bf58-7b05-4bc4-b99a-cd9a4113a5d7 None None] Node reference is already recorded, ignoring it {{(pid=73161) configure /opt/stack/glance/glance/image_cache/drivers/centralized_db.py:71}}
Nov 13 19:50:39 devstack devstack@g-api.service[73159]: INFO glance.api.middleware.cache [None req-263b9bc9-4470-45fe-bd1b-a0de82fedcf8 None None] Initialized image cache middleware
Nov 13 19:50:39 devstack devstack@g-api.service[73161]: INFO glance.api.middleware.cache [None req-a662bf58-7b05-4bc4-b99a-cd9a4113a5d7 None None] Initialized image cache middleware
Nov 13 19:50:39 devstack devstack@g-api.service[73159]: WARNING keystonemiddleware.auth_token [None req-263b9bc9-4470-45fe-bd1b-a0de82fedcf8 None None] AuthToken middleware is set with keystone_authtoken.service_token_roles_required set to False. This is backwards compatible but deprecated behaviour. Please set this to True.
Nov 13 19:50:39 devstack devstack@g-api.service[73161]: WARNING keystonemiddleware.auth_token [None req-a662bf58-7b05-4bc4-b99a-cd9a4113a5d7 None None] AuthToken middleware is set with keystone_authtoken.service_token_roles_required set to False. This is backwards compatible but deprecated behaviour. Please set this to True.
Nov 13 19:50:39 devstack devstack@g-api.service[73159]: WARNING keystonemiddleware.auth_token [None req-263b9bc9-4470-45fe-bd1b-a0de82fedcf8 None None] Configuring www_authenticate_uri to point to the public identity endpoint is required; clients may not be able to authenticate against an admin endpoint
Nov 13 19:50:39 devstack devstack@g-api.service[73161]: WARNING keystonemiddleware.auth_token [None req-a662bf58-7b05-4bc4-b99a-cd9a4113a5d7 None None] Configuring www_authenticate_uri to point to the public identity endpoint is required; clients may not be able to authenticate against an admin endpoint
Nov 13 19:50:39 devstack devstack@g-api.service[73159]: DEBUG glance.common.config [None req-263b9bc9-4470-45fe-bd1b-a0de82fedcf8 None None] ******************************************************************************** {{(pid=73159) log_opt_values /opt/stack/data/venv/lib/python3.10/site-packages/oslo_config/cfg.py:2804}}
Nov 13 19:50:39 devstack devstack@g-api.service[73159]: DEBUG glance.common.config [None req-263b9bc9-4470-45fe-bd1b-a0de82fedcf8 None None] Configuration options gathered from: {{(pid=73159) log_opt_values /opt/stack/data/venv/lib/python3.10/site-packages/oslo_config/cfg.py:2805}}
Nov 13 19:50:39 devstack devstack@g-api.service[73159]: DEBUG glance.common.config [None req-263b9bc9-4470-45fe-bd1b-a0de82fedcf8 None None] command line args: [] {{(pid=73159) log_opt_values /opt/stack/data/venv/lib/python3.10/site-packages/oslo_config/cfg.py:2806}}
Nov 13 19:50:39 devstack devstack@g-api.service[73159]: DEBUG glance.common.config [None req-263b9bc9-4470-45fe-bd1b-a0de82fedcf8 None None] config files: ['/etc/glance/glance-image-import.conf', '/etc/glance/glance-api.conf'] {{(pid=73159) log_opt_values /opt/stack/data/venv/lib/python3.10/site-packages/oslo_config/cfg.py:2807}}
Nov 13 19:50:39 devstack devstack@g-api.service[73159]: DEBUG glance.common.config [None req-263b9bc9-4470-45fe-bd1b-a0de82fedcf8 None None] ================================================================================ {{(pid=73159) log_opt_values /opt/stack/data/venv/lib/python3.10/site-packages/oslo_config/cfg.py:2809}}
Nov 13 19:50:39 devstack devstack@g-api.service[73159]: DEBUG glance.common.config [None req-263b9bc9-4470-45fe-bd1b-a0de82fedcf8 None None] allow_anonymous_access = False {{(pid=73159) log_opt_values /opt/stack/data/venv/lib/python3.10/site-packages/oslo_config/cfg.py:2817}}
Nov 13 19:50:39 devstack devstack@g-api.service[73159]: DEBUG glance.common.config [None req-263b9bc9-4470-45fe-bd1b-a0de82fedcf8 None None] api_limit_max = 1000 {{(pid=73159) log_opt_values /opt/stack/data/venv/lib/python3.10/site-packages/oslo_config/cfg.py:2817}}
Nov 13 19:50:39 devstack devstack@g-api.service[73159]: DEBUG glance.common.config [None req-263b9bc9-4470-45fe-bd1b-a0de82fedcf8 None None] backlog = 4096 {{(pid=73159) log_opt_values /opt/stack/data/venv/lib/python3.10/site-packages/oslo_config/cfg.py:2817}}
Nov 13 19:50:39 devstack devstack@g-api.service[73159]: DEBUG glance.common.config [None req-263b9bc9-4470-45fe-bd1b-a0de82fedcf8 None None] bind_host = 0.0.0.0 {{(pid=73159) log_opt_values /opt/stack/data/venv/lib/python3.10/site-packages/oslo_config/cfg.py:2817}}
Nov 13 19:50:39 devstack devstack@g-api.service[73159]: DEBUG glance.common.config [None req-263b9bc9-4470-45fe-bd1b-a0de82fedcf8 None None] bind_port = None {{(pid=73159) log_opt_values /opt/stack/data/venv/lib/python3.10/site-packages/oslo_config/cfg.py:2817}}
Nov 13 19:50:39 devstack devstack@g-api.service[73159]: DEBUG glance.common.config [None req-263b9bc9-4470-45fe-bd1b-a0de82fedcf8 None None] client_socket_timeout = 900 {{(pid=73159) log_opt_values /opt/stack/data/venv/lib/python3.10/site-packages/oslo_config/cfg.py:2817}}
Nov 13 19:50:39 devstack devstack@g-api.service[73159]: DEBUG glance.common.config [None req-263b9bc9-4470-45fe-bd1b-a0de82fedcf8 None None] config_dir = [] {{(pid=73159) log_opt_values /opt/stack/data/venv/lib/python3.10/site-packages/oslo_config/cfg.py:2817}}
Nov 13 19:50:39 devstack devstack@g-api.service[73159]: DEBUG glance.common.config [None req-263b9bc9-4470-45fe-bd1b-a0de82fedcf8 None None] config_file = ['/etc/glance/glance-image-import.conf', '/etc/glance/glance-api.conf'] {{(pid=73159) log_opt_values /opt/stack/data/venv/lib/python3.10/site-packages/oslo_config/cfg.py:2817}}
Nov 13 19:50:39 devstack devstack@g-api.service[73159]: DEBUG glance.common.config [None req-263b9bc9-4470-45fe-bd1b-a0de82fedcf8 None None] config_source = [] {{(pid=73159) log_opt_values /opt/stack/data/venv/lib/python3.10/site-packages/oslo_config/cfg.py:2817}}
Nov 13 19:50:39 devstack devstack@g-api.service[73159]: DEBUG glance.common.config [None req-263b9bc9-4470-45fe-bd1b-a0de82fedcf8 None None] control_exchange = glance {{(pid=73159) log_opt_values /opt/stack/data/venv/lib/python3.10/site-packages/oslo_config/cfg.py:2817}}
Nov 13 19:50:39 devstack devstack@g-api.service[73159]: DEBUG glance.common.config [None req-263b9bc9-4470-45fe-bd1b-a0de82fedcf8 None None] debug = True {{(pid=73159) log_opt_values /opt/stack/data/venv/lib/python3.10/site-packages/oslo_config/cfg.py:2817}}
Nov 13 19:50:39 devstack devstack@g-api.service[73159]: DEBUG glance.common.config [None req-263b9bc9-4470-45fe-bd1b-a0de82fedcf8 None None] default_log_levels = ['amqp=WARN', 'amqplib=WARN', 'boto=WARN', 'qpid=WARN', 'sqlalchemy=WARN', 'suds=INFO', 'oslo.messaging=INFO', 'oslo_messaging=INFO', 'iso8601=WARN', 'requests.packages.urllib3.connectionpool=WARN', 'urllib3.connectionpool=WARN', 'websocket=WARN', 'requests.packages.urllib3.util.retry=WARN', 'urllib3.util.retry=WARN', 'keystonemiddleware=WARN', 'routes.middleware=WARN', 'stevedore=WARN', 'taskflow=WARN', 'keystoneauth=WARN', 'oslo.cache=INFO', 'oslo_policy=INFO', 'dogpile.core.dogpile=INFO'] {{(pid=73159) log_opt_values /opt/stack/data/venv/lib/python3.10/site-packages/oslo_config/cfg.py:2817}}
Nov 13 19:50:39 devstack devstack@g-api.service[73159]: DEBUG glance.common.config [None req-263b9bc9-4470-45fe-bd1b-a0de82fedcf8 None None] default_publisher_id = image.localhost {{(pid=73159) log_opt_values /opt/stack/data/venv/lib/python3.10/site-packages/oslo_config/cfg.py:2817}}
Nov 13 19:50:39 devstack devstack@g-api.service[73159]: DEBUG glance.common.config [None req-263b9bc9-4470-45fe-bd1b-a0de82fedcf8 None None] delayed_delete = False {{(pid=73159) log_opt_values /opt/stack/data/venv/lib/python3.10/site-packages/oslo_config/cfg.py:2817}}
Nov 13 19:50:39 devstack devstack@g-api.service[73159]: DEBUG glance.common.config [None req-263b9bc9-4470-45fe-bd1b-a0de82fedcf8 None None] digest_algorithm = sha256 {{(pid=73159) log_opt_values /opt/stack/data/venv/lib/python3.10/site-packages/oslo_config/cfg.py:2817}}
Nov 13 19:50:39 devstack devstack@g-api.service[73159]: DEBUG glance.common.config [None req-263b9bc9-4470-45fe-bd1b-a0de82fedcf8 None None] disabled_notifications = [] {{(pid=73159) log_opt_values /opt/stack/data/venv/lib/python3.10/site-packages/oslo_config/cfg.py:2817}}
Nov 13 19:50:39 devstack devstack@g-api.service[73159]: DEBUG glance.common.config [None req-263b9bc9-4470-45fe-bd1b-a0de82fedcf8 None None] do_secure_hash = True {{(pid=73159) log_opt_values /opt/stack/data/venv/lib/python3.10/site-packages/oslo_config/cfg.py:2817}}
Nov 13 19:50:39 devstack devstack@g-api.service[73159]: DEBUG glance.common.config [None req-263b9bc9-4470-45fe-bd1b-a0de82fedcf8 None None] enabled_backends = None {{(pid=73159) log_opt_values /opt/stack/data/venv/lib/python3.10/site-packages/oslo_config/cfg.py:2817}}
Nov 13 19:50:39 devstack devstack@g-api.service[73159]: DEBUG glance.common.config [None req-263b9bc9-4470-45fe-bd1b-a0de82fedcf8 None None] enabled_import_methods = ['glance-direct', 'web-download', 'copy-image'] {{(pid=73159) log_opt_values /opt/stack/data/venv/lib/python3.10/site-packages/oslo_config/cfg.py:2817}}
Nov 13 19:50:39 devstack devstack@g-api.service[73159]: DEBUG glance.common.config [None req-263b9bc9-4470-45fe-bd1b-a0de82fedcf8 None None] hashing_algorithm = sha512 {{(pid=73159) log_opt_values /opt/stack/data/venv/lib/python3.10/site-packages/oslo_config/cfg.py:2817}}
Nov 13 19:50:39 devstack devstack@g-api.service[73159]: DEBUG glance.common.config [None req-263b9bc9-4470-45fe-bd1b-a0de82fedcf8 None None] http_keepalive = True {{(pid=73159) log_opt_values /opt/stack/data/venv/lib/python3.10/site-packages/oslo_config/cfg.py:2817}}
Nov 13 19:50:39 devstack devstack@g-api.service[73159]: DEBUG glance.common.config [None req-263b9bc9-4470-45fe-bd1b-a0de82fedcf8 None None] http_retries = 3 {{(pid=73159) log_opt_values /opt/stack/data/venv/lib/python3.10/site-packages/oslo_config/cfg.py:2817}}
Nov 13 19:50:39 devstack devstack@g-api.service[73159]: DEBUG glance.common.config [None req-263b9bc9-4470-45fe-bd1b-a0de82fedcf8 None None] image_cache_dir = /opt/stack/data/glance/cache/ {{(pid=73159) log_opt_values /opt/stack/data/venv/lib/python3.10/site-packages/oslo_config/cfg.py:2817}}
Nov 13 19:50:39 devstack devstack@g-api.service[73159]: DEBUG glance.common.config [None req-263b9bc9-4470-45fe-bd1b-a0de82fedcf8 None None] image_cache_driver = centralized_db {{(pid=73159) log_opt_values /opt/stack/data/venv/lib/python3.10/site-packages/oslo_config/cfg.py:2817}}
Nov 13 19:50:39 devstack devstack@g-api.service[73159]: DEBUG glance.common.config [None req-263b9bc9-4470-45fe-bd1b-a0de82fedcf8 None None] image_cache_max_size = 10737418240 {{(pid=73159) log_opt_values /opt/stack/data/venv/lib/python3.10/site-packages/oslo_config/cfg.py:2817}}
Nov 13 19:50:39 devstack devstack@g-api.service[73159]: DEBUG glance.common.config [None req-263b9bc9-4470-45fe-bd1b-a0de82fedcf8 None None] image_cache_sqlite_db = cache.db {{(pid=73159) log_opt_values /opt/stack/data/venv/lib/python3.10/site-packages/oslo_config/cfg.py:2817}}
Nov 13 19:50:39 devstack devstack@g-api.service[73159]: DEBUG glance.common.config [None req-263b9bc9-4470-45fe-bd1b-a0de82fedcf8 None None] image_cache_stall_time = 86400 {{(pid=73159) log_opt_values /opt/stack/data/venv/lib/python3.10/site-packages/oslo_config/cfg.py:2817}}
Nov 13 19:50:39 devstack devstack@g-api.service[73159]: DEBUG glance.common.config [None req-263b9bc9-4470-45fe-bd1b-a0de82fedcf8 None None] image_location_quota = 10 {{(pid=73159) log_opt_values /opt/stack/data/venv/lib/python3.10/site-packages/oslo_config/cfg.py:2817}}
Nov 13 19:50:39 devstack devstack@g-api.service[73159]: DEBUG glance.common.config [None req-263b9bc9-4470-45fe-bd1b-a0de82fedcf8 None None] image_member_quota = 128 {{(pid=73159) log_opt_values /opt/stack/data/venv/lib/python3.10/site-packages/oslo_config/cfg.py:2817}}
Nov 13 19:50:39 devstack devstack@g-api.service[73159]: DEBUG glance.common.config [None req-263b9bc9-4470-45fe-bd1b-a0de82fedcf8 None None] image_property_quota = 128 {{(pid=73159) log_opt_values /opt/stack/data/venv/lib/python3.10/site-packages/oslo_config/cfg.py:2817}}
Nov 13 19:50:39 devstack devstack@g-api.service[73159]: DEBUG glance.common.config [None req-263b9bc9-4470-45fe-bd1b-a0de82fedcf8 None None] image_size_cap = 1099511627776 {{(pid=73159) log_opt_values /opt/stack/data/venv/lib/python3.10/site-packages/oslo_config/cfg.py:2817}}
Nov 13 19:50:39 devstack devstack@g-api.service[73159]: DEBUG glance.common.config [None req-263b9bc9-4470-45fe-bd1b-a0de82fedcf8 None None] image_tag_quota = 128 {{(pid=73159) log_opt_values /opt/stack/data/venv/lib/python3.10/site-packages/oslo_config/cfg.py:2817}}
Nov 13 19:50:39 devstack devstack@g-api.service[73159]: DEBUG glance.common.config [None req-263b9bc9-4470-45fe-bd1b-a0de82fedcf8 None None] instance_format = [instance: %(uuid)s] {{(pid=73159) log_opt_values /opt/stack/data/venv/lib/python3.10/site-packages/oslo_config/cfg.py:2817}}
Nov 13 19:50:39 devstack devstack@g-api.service[73159]: DEBUG glance.common.config [None req-263b9bc9-4470-45fe-bd1b-a0de82fedcf8 None None] instance_uuid_format = [instance: %(uuid)s] {{(pid=73159) log_opt_values /opt/stack/data/venv/lib/python3.10/site-packages/oslo_config/cfg.py:2817}}
Nov 13 19:50:39 devstack devstack@g-api.service[73159]: DEBUG glance.common.config [None req-263b9bc9-4470-45fe-bd1b-a0de82fedcf8 None None] limit_param_default = 25 {{(pid=73159) log_opt_values /opt/stack/data/venv/lib/python3.10/site-packages/oslo_config/cfg.py:2817}}
Nov 13 19:50:39 devstack devstack@g-api.service[73159]: DEBUG glance.common.config [None req-263b9bc9-4470-45fe-bd1b-a0de82fedcf8 None None] log_color = False {{(pid=73159) log_opt_values /opt/stack/data/venv/lib/python3.10/site-packages/oslo_config/cfg.py:2817}}
Nov 13 19:50:39 devstack devstack@g-api.service[73159]: DEBUG glance.common.config [None req-263b9bc9-4470-45fe-bd1b-a0de82fedcf8 None None] log_config_append = None {{(pid=73159) log_opt_values /opt/stack/data/venv/lib/python3.10/site-packages/oslo_config/cfg.py:2817}}
Nov 13 19:50:39 devstack devstack@g-api.service[73159]: DEBUG glance.common.config [None req-263b9bc9-4470-45fe-bd1b-a0de82fedcf8 None None] log_date_format = %Y-%m-%d %H:%M:%S {{(pid=73159) log_opt_values /opt/stack/data/venv/lib/python3.10/site-packages/oslo_config/cfg.py:2817}}
Nov 13 19:50:39 devstack devstack@g-api.service[73159]: DEBUG glance.common.config [None req-263b9bc9-4470-45fe-bd1b-a0de82fedcf8 None None] log_dir = None {{(pid=73159) log_opt_values /opt/stack/data/venv/lib/python3.10/site-packages/oslo_config/cfg.py:2817}}
Nov 13 19:50:39 devstack devstack@g-api.service[73159]: DEBUG glance.common.config [None req-263b9bc9-4470-45fe-bd1b-a0de82fedcf8 None None] log_file = None {{(pid=73159) log_opt_values /opt/stack/data/venv/lib/python3.10/site-packages/oslo_config/cfg.py:2817}}
Nov 13 19:50:39 devstack devstack@g-api.service[73159]: DEBUG glance.common.config [None req-263b9bc9-4470-45fe-bd1b-a0de82fedcf8 None None] log_rotate_interval = 1 {{(pid=73159) log_opt_values /opt/stack/data/venv/lib/python3.10/site-packages/oslo_config/cfg.py:2817}}
Nov 13 19:50:39 devstack devstack@g-api.service[73159]: DEBUG glance.common.config [None req-263b9bc9-4470-45fe-bd1b-a0de82fedcf8 None None] log_rotate_interval_type = days {{(pid=73159) log_opt_values /opt/stack/data/venv/lib/python3.10/site-packages/oslo_config/cfg.py:2817}}
Nov 13 19:50:39 devstack devstack@g-api.service[73159]: DEBUG glance.common.config [None req-263b9bc9-4470-45fe-bd1b-a0de82fedcf8 None None] log_rotation_type = none {{(pid=73159) log_opt_values /opt/stack/data/venv/lib/python3.10/site-packages/oslo_config/cfg.py:2817}}
Nov 13 19:50:39 devstack devstack@g-api.service[73159]: DEBUG glance.common.config [None req-263b9bc9-4470-45fe-bd1b-a0de82fedcf8 None None] logging_context_format_string = %(color)s%(levelname)s %(name)s [%(global_request_id)s %(request_id)s %(project_name)s %(user_name)s%(color)s] %(instance)s%(color)s%(message)s {{(pid=73159) log_opt_values /opt/stack/data/venv/lib/python3.10/site-packages/oslo_config/cfg.py:2817}}
Nov 13 19:50:39 devstack devstack@g-api.service[73159]: DEBUG glance.common.config [None req-263b9bc9-4470-45fe-bd1b-a0de82fedcf8 None None] logging_debug_format_suffix = {{(pid=%(process)d) %(funcName)s %(pathname)s:%(lineno)d}} {{(pid=73159) log_opt_values /opt/stack/data/venv/lib/python3.10/site-packages/oslo_config/cfg.py:2817}}
Nov 13 19:50:39 devstack devstack@g-api.service[73159]: DEBUG glance.common.config [None req-263b9bc9-4470-45fe-bd1b-a0de82fedcf8 None None] logging_default_format_string = %(color)s%(levelname)s %(name)s [-%(color)s] %(instance)s%(color)s%(message)s {{(pid=73159) log_opt_values /opt/stack/data/venv/lib/python3.10/site-packages/oslo_config/cfg.py:2817}}
Nov 13 19:50:39 devstack devstack@g-api.service[73159]: DEBUG glance.common.config [None req-263b9bc9-4470-45fe-bd1b-a0de82fedcf8 None None] logging_exception_prefix = ERROR %(name)s %(instance)s {{(pid=73159) log_opt_values /opt/stack/data/venv/lib/python3.10/site-packages/oslo_config/cfg.py:2817}}
Nov 13 19:50:39 devstack devstack@g-api.service[73159]: DEBUG glance.common.config [None req-263b9bc9-4470-45fe-bd1b-a0de82fedcf8 None None] logging_user_identity_format = %(user)s %(project)s %(domain)s %(system_scope)s %(user_domain)s %(project_domain)s {{(pid=73159) log_opt_values /opt/stack/data/venv/lib/python3.10/site-packages/oslo_config/cfg.py:2817}}
Nov 13 19:50:39 devstack devstack@g-api.service[73159]: DEBUG glance.common.config [None req-263b9bc9-4470-45fe-bd1b-a0de82fedcf8 None None] max_header_line = 16384 {{(pid=73159) log_opt_values /opt/stack/data/venv/lib/python3.10/site-packages/oslo_config/cfg.py:2817}}
Nov 13 19:50:39 devstack devstack@g-api.service[73159]: DEBUG glance.common.config [None req-263b9bc9-4470-45fe-bd1b-a0de82fedcf8 None None] max_logfile_count = 30 {{(pid=73159) log_opt_values /opt/stack/data/venv/lib/python3.10/site-packages/oslo_config/cfg.py:2817}}
Nov 13 19:50:39 devstack devstack@g-api.service[73159]: DEBUG glance.common.config [None req-263b9bc9-4470-45fe-bd1b-a0de82fedcf8 None None] max_logfile_size_mb = 200 {{(pid=73159) log_opt_values /opt/stack/data/venv/lib/python3.10/site-packages/oslo_config/cfg.py:2817}}
Nov 13 19:50:39 devstack devstack@g-api.service[73159]: DEBUG glance.common.config [None req-263b9bc9-4470-45fe-bd1b-a0de82fedcf8 None None] max_request_id_length = 64 {{(pid=73159) log_opt_values /opt/stack/data/venv/lib/python3.10/site-packages/oslo_config/cfg.py:2817}}
Nov 13 19:50:39 devstack devstack@g-api.service[73159]: DEBUG glance.common.config [None req-263b9bc9-4470-45fe-bd1b-a0de82fedcf8 None None] metadata_encryption_key = **** {{(pid=73159) log_opt_values /opt/stack/data/venv/lib/python3.10/site-packages/oslo_config/cfg.py:2817}}
Nov 13 19:50:39 devstack devstack@g-api.service[73159]: DEBUG glance.common.config [None req-263b9bc9-4470-45fe-bd1b-a0de82fedcf8 None None] node_staging_uri = file:///tmp/staging/ {{(pid=73159) log_opt_values /opt/stack/data/venv/lib/python3.10/site-packages/oslo_config/cfg.py:2817}}
Nov 13 19:50:39 devstack devstack@g-api.service[73159]: DEBUG glance.common.config [None req-263b9bc9-4470-45fe-bd1b-a0de82fedcf8 None None] property_protection_file = None {{(pid=73159) log_opt_values /opt/stack/data/venv/lib/python3.10/site-packages/oslo_config/cfg.py:2817}}
Nov 13 19:50:39 devstack devstack@g-api.service[73159]: DEBUG glance.common.config [None req-263b9bc9-4470-45fe-bd1b-a0de82fedcf8 None None] property_protection_rule_format = roles {{(pid=73159) log_opt_values /opt/stack/data/venv/lib/python3.10/site-packages/oslo_config/cfg.py:2817}}
Nov 13 19:50:39 devstack devstack@g-api.service[73159]: DEBUG glance.common.config [None req-263b9bc9-4470-45fe-bd1b-a0de82fedcf8 None None] public_endpoint = http://192.168.122.226/image {{(pid=73159) log_opt_values /opt/stack/data/venv/lib/python3.10/site-packages/oslo_config/cfg.py:2817}}
Nov 13 19:50:39 devstack devstack@g-api.service[73161]: DEBUG glance.common.config [None req-a662bf58-7b05-4bc4-b99a-cd9a4113a5d7 None None] ******************************************************************************** {{(pid=73161) log_opt_values /opt/stack/data/venv/lib/python3.10/site-packages/oslo_config/cfg.py:2804}}
Nov 13 19:50:39 devstack devstack@g-api.service[73159]: DEBUG glance.common.config [None req-263b9bc9-4470-45fe-bd1b-a0de82fedcf8 None None] publish_errors = False {{(pid=73159) log_opt_values /opt/stack/data/venv/lib/python3.10/site-packages/oslo_config/cfg.py:2817}}
Nov 13 19:50:39 devstack devstack@g-api.service[73159]: DEBUG glance.common.config [None req-263b9bc9-4470-45fe-bd1b-a0de82fedcf8 None None] pydev_worker_debug_host = None {{(pid=73159) log_opt_values /opt/stack/data/venv/lib/python3.10/site-packages/oslo_config/cfg.py:2817}}
Nov 13 19:50:39 devstack devstack@g-api.service[73159]: DEBUG glance.common.config [None req-263b9bc9-4470-45fe-bd1b-a0de82fedcf8 None None] pydev_worker_debug_port = 5678 {{(pid=73159) log_opt_values /opt/stack/data/venv/lib/python3.10/site-packages/oslo_config/cfg.py:2817}}
Nov 13 19:50:39 devstack devstack@g-api.service[73159]: DEBUG glance.common.config [None req-263b9bc9-4470-45fe-bd1b-a0de82fedcf8 None None] rate_limit_burst = 0 {{(pid=73159) log_opt_values /opt/stack/data/venv/lib/python3.10/site-packages/oslo_config/cfg.py:2817}}
Nov 13 19:50:39 devstack devstack@g-api.service[73161]: DEBUG glance.common.config [None req-a662bf58-7b05-4bc4-b99a-cd9a4113a5d7 None None] Configuration options gathered from: {{(pid=73161) log_opt_values /opt/stack/data/venv/lib/python3.10/site-packages/oslo_config/cfg.py:2805}}
Nov 13 19:50:39 devstack devstack@g-api.service[73159]: DEBUG glance.common.config [None req-263b9bc9-4470-45fe-bd1b-a0de82fedcf8 None None] rate_limit_except_level = CRITICAL {{(pid=73159) log_opt_values /opt/stack/data/venv/lib/python3.10/site-packages/oslo_config/cfg.py:2817}}
Nov 13 19:50:39 devstack devstack@g-api.service[73159]: DEBUG glance.common.config [None req-263b9bc9-4470-45fe-bd1b-a0de82fedcf8 None None] rate_limit_interval = 0 {{(pid=73159) log_opt_values /opt/stack/data/venv/lib/python3.10/site-packages/oslo_config/cfg.py:2817}}
Nov 13 19:50:39 devstack devstack@g-api.service[73159]: DEBUG glance.common.config [None req-263b9bc9-4470-45fe-bd1b-a0de82fedcf8 None None] scrub_pool_size = 1 {{(pid=73159) log_opt_values /opt/stack/data/venv/lib/python3.10/site-packages/oslo_config/cfg.py:2817}}
Nov 13 19:50:39 devstack devstack@g-api.service[73159]: DEBUG glance.common.config [None req-263b9bc9-4470-45fe-bd1b-a0de82fedcf8 None None] scrub_time = 0 {{(pid=73159) log_opt_values /opt/stack/data/venv/lib/python3.10/site-packages/oslo_config/cfg.py:2817}}
